[INFO] fetching crate pocx_miner 1.0.5...
[INFO] testing pocx_miner-1.0.5 against 1.100.0-beta.1+cargoflags=--release for beta-release-1.100-2
[INFO] extracting crate pocx_miner 1.0.5 into /workspace/builds/worker-6-tc2/source
[INFO] started tweaking crates.io crate pocx_miner 1.0.5
[INFO] removed 0 missing tests
[INFO] finished tweaking crates.io crate pocx_miner 1.0.5
[INFO] tweaked toml for crates.io crate pocx_miner 1.0.5 written to /workspace/builds/worker-6-tc2/source/Cargo.toml
[INFO] validating manifest of crates.io crate pocx_miner 1.0.5 on toolchain 1.100.0-beta.1
[INFO] running `Command { std: CARGO_HOME="/workspace/cargo-home" RUSTUP_HOME="/workspace/rustup-home" "/workspace/cargo-home/bin/cargo" "+1.100.0-beta.1" "metadata" "--manifest-path" "Cargo.toml" "--no-deps", kill_on_drop: false }`
[INFO] crate crates.io crate pocx_miner 1.0.5 already has a lockfile, it will not be regenerated
[INFO] running `Command { std: CARGO_HOME="/workspace/cargo-home" RUSTUP_HOME="/workspace/rustup-home" "/workspace/cargo-home/bin/cargo" "+1.100.0-beta.1" "fetch" "--manifest-path" "Cargo.toml", kill_on_drop: false }`
[INFO] running `Command { std: "docker" "create" "-v" "/var/lib/crater-agent-workspace/builds/worker-6-tc2/source:/opt/rustwide/workdir:ro,Z" "-v" "/var/lib/crater-agent-workspace/builds/worker-6-tc2/target:/opt/rustwide/target:rw,Z" "-v" "/var/lib/crater-agent-workspace/cargo-home:/opt/rustwide/cargo-home:ro,Z" "-v" "/var/lib/crater-agent-workspace/rustup-home:/opt/rustwide/rustup-home:ro,Z" "-m" "1610612736" "--network" "none" "ghcr.io/rust-lang/crates-build-env/linux@sha256:77db811e55d90add9212f6832c23229e3de5f1c1f9905e8cb07319ea15df73ac" "sleep" "infinity", kill_on_drop: false }`
[INFO] [stdout] 444231f0d7a673edfddd9e7e3ea3c36f5abcf4057d5a21929a7d739cecd00b31
[INFO] running `Command { std: "docker" "start" "444231f0d7a673edfddd9e7e3ea3c36f5abcf4057d5a21929a7d739cecd00b31", kill_on_drop: false }`
[INFO] running `Command { std: "docker" "inspect" "444231f0d7a673edfddd9e7e3ea3c36f5abcf4057d5a21929a7d739cecd00b31", kill_on_drop: false }`
[INFO] running `Command { std: "docker" "exec" "-e" "SOURCE_DIR=/opt/rustwide/workdir" "-e" "CARGO_HOME=/opt/rustwide/cargo-home" "-e" "RUSTUP_HOME=/opt/rustwide/rustup-home" "-e" "CARGO_TARGET_DIR=/opt/rustwide/target" "-w" "/opt/rustwide/workdir" "--user" "0:0" "444231f0d7a673edfddd9e7e3ea3c36f5abcf4057d5a21929a7d739cecd00b31" "/opt/rustwide/cargo-home/bin/cargo" "+1.100.0-beta.1" "metadata" "--no-deps" "--format-version=1", kill_on_drop: false }`
[INFO] running `Command { std: "docker" "inspect" "444231f0d7a673edfddd9e7e3ea3c36f5abcf4057d5a21929a7d739cecd00b31", kill_on_drop: false }`
[INFO] running `Command { std: "docker" "exec" "-e" "SOURCE_DIR=/opt/rustwide/workdir" "-e" "CARGO_HOME=/opt/rustwide/cargo-home" "-e" "RUSTUP_HOME=/opt/rustwide/rustup-home" "-e" "CARGO_TARGET_DIR=/opt/rustwide/target" "-e" "CARGO_INCREMENTAL=0" "-e" "RUST_BACKTRACE=full" "-e" "RUSTFLAGS=--cap-lints=warn" "-e" "RUSTDOCFLAGS=--cap-lints=warn" "-w" "/opt/rustwide/workdir" "--user" "0:0" "444231f0d7a673edfddd9e7e3ea3c36f5abcf4057d5a21929a7d739cecd00b31" "/opt/rustwide/cargo-home/bin/cargo" "+1.100.0-beta.1" "build" "--frozen" "--message-format=json" "--release", kill_on_drop: false }`
[INFO] [stderr]    Compiling libc v0.2.184
[INFO] [stderr]    Compiling smallvec v1.15.1
[INFO] [stderr]    Compiling memchr v2.8.0
[INFO] [stderr]    Compiling syn v2.0.117
[INFO] [stderr]    Compiling futures-sink v0.3.32
[INFO] [stderr]    Compiling cc v1.2.59
[INFO] [stderr]    Compiling futures-io v0.3.32
[INFO] [stderr]    Compiling litemap v0.8.2
[INFO] [stderr]    Compiling futures-channel v0.3.32
[INFO] [stderr]    Compiling writeable v0.6.3
[INFO] [stderr]    Compiling http v1.4.0
[INFO] [stderr]    Compiling zeroize v1.8.2
[INFO] [stderr]    Compiling icu_normalizer_data v2.2.0
[INFO] [stderr]    Compiling icu_properties_data v2.2.0
[INFO] [stderr]    Compiling generic-array v0.14.7
[INFO] [stderr]    Compiling rustls-pki-types v1.14.0
[INFO] [stderr]    Compiling httparse v1.10.1
[INFO] [stderr]    Compiling crossbeam-utils v0.8.21
[INFO] [stderr]    Compiling zerocopy v0.8.48
[INFO] [stderr]    Compiling untrusted v0.9.0
[INFO] [stderr]    Compiling try-lock v0.2.5
[INFO] [stderr]    Compiling tower-service v0.3.3
[INFO] [stderr]    Compiling rustls v0.23.37
[INFO] [stderr]    Compiling http-body v1.0.1
[INFO] [stderr]    Compiling want v0.3.1
[INFO] [stderr]    Compiling block-buffer v0.10.4
[INFO] [stderr]    Compiling parking_lot_core v0.9.12
[INFO] [stderr]    Compiling errno v0.3.14
[INFO] [stderr]    Compiling mio v1.2.0
[INFO] [stderr]    Compiling socket2 v0.6.3
[INFO] [stderr]    Compiling getrandom v0.2.17
[INFO] [stderr]    Compiling signal-hook-registry v1.4.8
[INFO] [stderr]    Compiling ring v0.17.14
[INFO] [stderr]    Compiling parking_lot v0.12.5
[INFO] [stderr]    Compiling getrandom v0.3.4
[INFO] [stderr]    Compiling crypto-common v0.1.7
[INFO] [stderr]    Compiling serde_json v1.0.149
[INFO] [stderr]    Compiling indexmap v2.13.1
[INFO] [stderr]    Compiling digest v0.10.7
[INFO] [stderr]    Compiling rand_core v0.9.5
[INFO] [stderr]    Compiling form_urlencoded v1.2.2
[INFO] [stderr]    Compiling sync_wrapper v1.0.2
[INFO] [stderr]    Compiling tower-layer v0.3.3
[INFO] [stderr]    Compiling bitflags v2.11.0
[INFO] [stderr]    Compiling ipnet v2.12.0
[INFO] [stderr]    Compiling getrandom v0.4.2
[INFO] [stderr]    Compiling sha2 v0.10.9
[INFO] [stderr]    Compiling crossbeam-epoch v0.9.18
[INFO] [stderr]    Compiling webpki-roots v1.0.6
[INFO] [stderr]    Compiling log v0.4.29
[INFO] [stderr]    Compiling iri-string v0.7.12
[INFO] [stderr]    Compiling unsafe-libyaml v0.2.11
[INFO] [stderr]    Compiling destructure_traitobject v0.2.0
[INFO] [stderr]    Compiling unsafe-any-ors v1.0.0
[INFO] [stderr]    Compiling console v0.16.3
[INFO] [stderr]    Compiling synstructure v0.13.2
[INFO] [stderr]    Compiling crossbeam-deque v0.8.6
[INFO] [stderr]    Compiling bs58 v0.5.1
[INFO] [stderr]    Compiling ordered-float v2.10.1
[INFO] [stderr]    Compiling page_size v0.6.0
[INFO] [stderr]    Compiling http-body-util v0.1.3
[INFO] [stderr]    Compiling unit-prefix v0.5.2
[INFO] [stderr]    Compiling bech32 v0.11.1
[INFO] [stderr]    Compiling indicatif v0.18.4
[INFO] [stderr]    Compiling chrono v0.4.44
[INFO] [stderr]    Compiling uuid v1.23.0
[INFO] [stderr]    Compiling pocx_address v1.0.5
[INFO] [stderr]    Compiling zerofrom-derive v0.1.7
[INFO] [stderr]    Compiling yoke-derive v0.8.2
[INFO] [stderr]    Compiling zerovec-derive v0.11.3
[INFO] [stderr]    Compiling displaydoc v0.2.5
[INFO] [stderr]    Compiling tokio-macros v2.7.0
[INFO] [stderr]    Compiling futures-macro v0.3.32
[INFO] [stderr]    Compiling serde_derive v1.0.228
[INFO] [stderr]    Compiling zerofrom v0.1.7
[INFO] [stderr]    Compiling yoke v0.8.2
[INFO] [stderr]    Compiling tokio v1.51.0
[INFO] [stderr]    Compiling zerotrie v0.2.4
[INFO] [stderr]    Compiling zerovec v0.11.6
[INFO] [stderr]    Compiling futures-util v0.3.32
[INFO] [stderr]    Compiling tracing-attributes v0.1.31
[INFO] [stderr]    Compiling tinystr v0.8.3
[INFO] [stderr]    Compiling icu_locale_core v2.2.0
[INFO] [stderr]    Compiling potential_utf v0.1.5
[INFO] [stderr]    Compiling icu_collections v2.2.0
[INFO] [stderr]    Compiling tracing v0.1.44
[INFO] [stderr]    Compiling icu_provider v2.2.0
[INFO] [stderr]    Compiling ppv-lite86 v0.2.21
[INFO] [stderr]    Compiling thiserror-impl v2.0.18
[INFO] [stderr]    Compiling icu_properties v2.2.0
[INFO] [stderr]    Compiling icu_normalizer v2.2.0
[INFO] [stderr]    Compiling serde v1.0.228
[INFO] [stderr]    Compiling rand_chacha v0.9.0
[INFO] [stderr]    Compiling rand v0.9.2
[INFO] [stderr]    Compiling idna_adapter v1.2.1
[INFO] [stderr]    Compiling serde_yaml v0.9.34+deprecated
[INFO] [stderr]    Compiling idna v1.1.0
[INFO] [stderr]    Compiling serde_urlencoded v0.7.1
[INFO] [stderr]    Compiling thiserror v2.0.18
[INFO] [stderr]    Compiling derive_more-impl v2.1.1
[INFO] [stderr]    Compiling serde-value v0.7.0
[INFO] [stderr]    Compiling url v2.5.8
[INFO] [stderr]    Compiling futures-executor v0.3.32
[INFO] [stderr]    Compiling clap_derive v4.6.0
[INFO] [stderr]    Compiling async-trait v0.1.89
[INFO] [stderr]    Compiling rustls-webpki v0.103.13
[INFO] [stderr]    Compiling derive_more v2.1.1
[INFO] [stderr]    Compiling arc-swap v1.9.0
[INFO] [stderr]    Compiling hyper v1.9.0
[INFO] [stderr]    Compiling tower v0.5.3
[INFO] [stderr]    Compiling rayon-core v1.13.0
[INFO] [stderr]    Compiling tower-http v0.6.8
[INFO] [stderr]    Compiling hyper-util v0.1.20
[INFO] [stderr]    Compiling typemap-ors v1.0.0
[INFO] [stderr]    Compiling fs2 v0.4.3
[INFO] [stderr]    Compiling num_cpus v1.17.0
[INFO] [stderr]    Compiling thread-id v5.1.0
[INFO] [stderr]    Compiling filetime v0.2.27
[INFO] [stderr]    Compiling mock_instant v0.6.0
[INFO] [stderr]    Compiling either v1.15.0
[INFO] [stderr]    Compiling unicode-segmentation v1.13.2
[INFO] [stderr]    Compiling humantime v2.3.0
[INFO] [stderr]    Compiling log-mdc v0.1.0
[INFO] [stderr]    Compiling log4rs v1.4.0
[INFO] [stderr]    Compiling rayon v1.11.0
[INFO] [stderr]    Compiling pocx_plotfile v1.0.5
[INFO] [stderr]    Compiling core_affinity v0.8.3
[INFO] [stderr]    Compiling clap v4.6.0
[INFO] [stderr]    Compiling tokio-util v0.7.18
[INFO] [stderr]    Compiling tokio-stream v0.1.18
[INFO] [stderr]    Compiling futures v0.3.32
[INFO] [stderr]    Compiling pocx_hashlib v1.0.5
[INFO] [stderr]    Compiling priority-queue v2.7.0
[INFO] [stderr]    Compiling raw-cpuid v11.6.0
[INFO] [stderr]    Compiling tokio-rustls v0.26.4
[INFO] [stderr]    Compiling hyper-rustls v0.27.7
[INFO] [stderr]    Compiling reqwest v0.12.28
[INFO] [stderr]    Compiling crossbeam-channel v0.5.15
[INFO] [stderr]    Compiling bytesize v2.3.1
[INFO] [stderr]    Compiling pocx_protocol v1.0.5
[INFO] [stderr]    Compiling pocx_miner v1.0.5 (/opt/rustwide/workdir)
[INFO] [stderr] warning: unused dependency `tokio-stream`
[INFO] [stderr]   --> Cargo.toml:89:15
[INFO] [stderr]    |
[INFO] [stderr] 89 | [dependencies.tokio-stream]
[INFO] [stderr]    |               ^^^^^^^^^^^^^
[INFO] [stderr]    |
[INFO] [stderr]    = note: `cargo::unused_dependencies` is set to `warn` by default
[INFO] [stderr] help: consider removing the dependency on `tokio-stream`
[INFO] [stderr] warning: `pocx_miner` (manifest) generated 1 warning
[INFO] [stderr]     Finished `release` profile [optimized] target(s) in 4m 06s
[INFO] running `Command { std: "docker" "inspect" "444231f0d7a673edfddd9e7e3ea3c36f5abcf4057d5a21929a7d739cecd00b31", kill_on_drop: false }`
[INFO] running `Command { std: "docker" "exec" "-e" "SOURCE_DIR=/opt/rustwide/workdir" "-e" "CARGO_HOME=/opt/rustwide/cargo-home" "-e" "RUSTUP_HOME=/opt/rustwide/rustup-home" "-e" "CARGO_TARGET_DIR=/opt/rustwide/target" "-e" "CARGO_INCREMENTAL=0" "-e" "RUST_BACKTRACE=full" "-e" "RUSTFLAGS=--cap-lints=warn" "-e" "RUSTDOCFLAGS=--cap-lints=warn" "-w" "/opt/rustwide/workdir" "--user" "0:0" "444231f0d7a673edfddd9e7e3ea3c36f5abcf4057d5a21929a7d739cecd00b31" "/opt/rustwide/cargo-home/bin/cargo" "+1.100.0-beta.1" "test" "--frozen" "--no-run" "--message-format=json" "--release", kill_on_drop: false }`
[INFO] [stderr]    Compiling zerocopy v0.8.48
[INFO] [stderr]    Compiling zerocopy-derive v0.8.48
[INFO] [stderr]    Compiling serde v1.0.228
[INFO] [stderr]    Compiling bitflags v2.11.0
[INFO] [stderr]    Compiling serde_json v1.0.149
[INFO] [stderr]    Compiling log v0.4.29
[INFO] [stderr]    Compiling ordered-float v2.10.1
[INFO] [stderr]    Compiling chrono v0.4.44
[INFO] [stderr]    Compiling tower-http v0.6.8
[INFO] [stderr]    Compiling rustix v1.1.4
[INFO] [stderr]    Compiling rayon v1.11.0
[INFO] [stderr]    Compiling uuid v1.23.0
[INFO] [stderr]    Compiling url v2.5.8
[INFO] [stderr]    Compiling serde_yaml v0.9.34+deprecated
[INFO] [stderr]    Compiling serde_urlencoded v0.7.1
[INFO] [stderr]    Compiling serde-value v0.7.0
[INFO] [stderr]    Compiling reqwest v0.12.28
[INFO] [stderr]    Compiling fastrand v2.3.0
[INFO] [stderr]    Compiling raw-cpuid v11.6.0
[INFO] [stderr]    Compiling tempfile v3.27.0
[INFO] [stderr]    Compiling regex-automata v0.4.14
[INFO] [stderr]    Compiling pocx_protocol v1.0.5
[INFO] [stderr]    Compiling itertools v0.13.0
[INFO] [stderr]    Compiling wait-timeout v0.2.1
[INFO] [stderr]    Compiling quick-error v1.2.3
[INFO] [stderr]    Compiling bit-vec v0.8.0
[INFO] [stderr]    Compiling bit-set v0.8.0
[INFO] [stderr]    Compiling rusty-fork v0.3.1
[INFO] [stderr]    Compiling plotters v0.3.7
[INFO] [stderr]    Compiling regex v1.12.3
[INFO] [stderr]    Compiling tinytemplate v1.2.1
[INFO] [stderr]    Compiling ppv-lite86 v0.2.21
[INFO] [stderr]    Compiling half v2.7.1
[INFO] [stderr]    Compiling criterion-plot v0.6.0
[INFO] [stderr]    Compiling rand_chacha v0.9.0
[INFO] [stderr]    Compiling ciborium-ll v0.2.2
[INFO] [stderr]    Compiling rand v0.9.2
[INFO] [stderr]    Compiling ciborium v0.2.2
[INFO] [stderr]    Compiling rand_xorshift v0.4.0
[INFO] [stderr]    Compiling unarray v0.1.4
[INFO] [stderr]    Compiling pocx_plotfile v1.0.5
[INFO] [stderr]    Compiling log4rs v1.4.0
[INFO] [stderr]    Compiling proptest v1.11.0
[INFO] [stderr]    Compiling criterion v0.7.0
[INFO] [stderr]    Compiling pocx_miner v1.0.5 (/opt/rustwide/workdir)
[INFO] [stderr]     Finished `release` profile [optimized] target(s) in 2m 56s
[INFO] running `Command { std: "docker" "inspect" "444231f0d7a673edfddd9e7e3ea3c36f5abcf4057d5a21929a7d739cecd00b31", kill_on_drop: false }`
[INFO] running `Command { std: "docker" "exec" "-e" "SOURCE_DIR=/opt/rustwide/workdir" "-e" "CARGO_HOME=/opt/rustwide/cargo-home" "-e" "RUSTUP_HOME=/opt/rustwide/rustup-home" "-e" "CARGO_TARGET_DIR=/opt/rustwide/target" "-e" "CARGO_INCREMENTAL=0" "-e" "RUST_BACKTRACE=full" "-e" "RUSTFLAGS=--cap-lints=warn" "-e" "RUSTDOCFLAGS=--cap-lints=warn" "-w" "/opt/rustwide/workdir" "--user" "0:0" "444231f0d7a673edfddd9e7e3ea3c36f5abcf4057d5a21929a7d739cecd00b31" "/opt/rustwide/cargo-home/bin/cargo" "+1.100.0-beta.1" "test" "--frozen" "--release", kill_on_drop: false }`
[INFO] [stderr]     Finished `release` profile [optimized] target(s) in 0.66s
[INFO] [stderr]      Running unittests src/lib.rs (/opt/rustwide/target/release/build/pocx_miner/ee04748ef773c2c0/out/pocx_miner-ee04748ef773c2c0)
[INFO] [stdout] 
[INFO] [stdout] running 29 tests
[INFO] [stdout] test com::protocol_client::tests::test_conversion_functions ... ok
[INFO] [stdout] test buffer::buffer_tests::buffer_size_validation ... ok
[INFO] [stdout] test config::tests::test_cfg_deserialization ... ok
[INFO] [stdout] test buffer::buffer_tests::buffer_zero_initialization ... ok
[INFO] [stdout] test callback::tests::test_callback_invocation ... ok
[INFO] [stdout] test buffer::buffer_tests::buffer_large_allocation ... ok
[INFO] [stdout] test buffer::buffer_tests::buffer_thread_safety ... ok
[INFO] [stdout] test hasher::tests::test_memory_safety_boundaries ... ok
[INFO] [stdout] test config::tests::test_validate_cfg_filters_invalid_paths ... ok
[INFO] [stdout] test control::tests::test_stop_mechanism ... ok
[INFO] [stdout] test hasher::tests::test_neon_quality_hashing ... ok
[INFO] [stdout] test hasher::tests::test_nonce_count_variations ... ok
[INFO] [stdout] test hasher::tests::test_simd_quality_hashing ... ok
[INFO] [stdout] test hasher::tests::test_quality_calculation_edge_cases ... ok
[INFO] [stdout] test hasher::tests::test_quality_comparison ... ok
[INFO] [stdout] test hasher::tests::test_generation_signature_processing ... ok
[INFO] [stdout] test hasher::tests::test_hex_encoding_roundtrip ... ok
[INFO] [stdout] test hasher::tests::test_quality_hashing ... ok
[INFO] [stdout] test logger::tests::test_to_log_level ... ok
[INFO] [stdout] test shutdown::tests::test_child_token_cancellation ... ok
[INFO] [stdout] test shutdown::tests::test_shutdown_initiation ... ok
[INFO] [stdout] test shutdown::tests::test_task_cancellation_with_select ... ok
[INFO] [stdout] test utils::test::test_thread_pool_with_pinning ... ok
[INFO] [stdout] test utils::test::test_thread_pool_creation ... ok
[INFO] [stdout] test utils::test::test_thread_pool_zero_size ... ok
[INFO] [stdout] test buffer::buffer_tests::buffer_data_access ... ok
[INFO] [stdout] test shutdown::tests::test_thread_registration ... ok
[INFO] [stdout] test shutdown::tests::test_task_registry_spawn ... ok
[INFO] [stdout] test future::prio_retry::tests::test_prio_retry ... ok
[INFO] [stdout] 
[INFO] [stdout] test result: ok. 29 passed; 0 failed; 0 ignored; 0 measured; 0 filtered out; finished in 2.41s
[INFO] [stdout] 
[INFO] [stderr]      Running unittests src/main.rs (/opt/rustwide/target/release/build/pocx_miner/872ebe48775810e1/out/pocx_miner-872ebe48775810e1)
[INFO] [stdout] 
[INFO] [stdout] running 29 tests
[INFO] [stdout] test buffer::buffer_tests::buffer_size_validation ... ok
[INFO] [stdout] test buffer::buffer_tests::buffer_zero_initialization ... ok
[INFO] [stdout] test buffer::buffer_tests::buffer_data_access ... ok
[INFO] [stdout] test buffer::buffer_tests::buffer_thread_safety ... ok
[INFO] [stdout] test buffer::buffer_tests::buffer_large_allocation ... ok
[INFO] [stdout] test com::protocol_client::tests::test_conversion_functions ... ok
[INFO] [stdout] test config::tests::test_cfg_deserialization ... ok
[INFO] [stdout] test callback::tests::test_callback_invocation ... ok
[INFO] [stdout] test config::tests::test_validate_cfg_filters_invalid_paths ... ok
[INFO] [stdout] test hasher::tests::test_neon_quality_hashing ... ok
[INFO] [stdout] test hasher::tests::test_quality_calculation_edge_cases ... ok
[INFO] [stdout] test control::tests::test_stop_mechanism ... ok
[INFO] [stdout] test hasher::tests::test_generation_signature_processing ... ok
[INFO] [stdout] test hasher::tests::test_memory_safety_boundaries ... ok
[INFO] [stdout] test hasher::tests::test_nonce_count_variations ... ok
[INFO] [stdout] test hasher::tests::test_quality_hashing ... ok
[INFO] [stdout] test hasher::tests::test_hex_encoding_roundtrip ... ok
[INFO] [stdout] test hasher::tests::test_quality_comparison ... ok
[INFO] [stdout] test shutdown::tests::test_thread_registration ... ok
[INFO] [stdout] test hasher::tests::test_simd_quality_hashing ... ok
[INFO] [stdout] test logger::tests::test_to_log_level ... ok
[INFO] [stdout] test shutdown::tests::test_child_token_cancellation ... ok
[INFO] [stdout] test shutdown::tests::test_shutdown_initiation ... ok
[INFO] [stdout] test utils::test::test_thread_pool_creation ... ok
[INFO] [stdout] test shutdown::tests::test_task_cancellation_with_select ... ok
[INFO] [stdout] test utils::test::test_thread_pool_with_pinning ... ok
[INFO] [stdout] test utils::test::test_thread_pool_zero_size ... ok
[INFO] [stdout] test shutdown::tests::test_task_registry_spawn ... ok
[INFO] [stdout] test future::prio_retry::tests::test_prio_retry ... ok
[INFO] [stdout] 
[INFO] [stdout] test result: ok. 29 passed; 0 failed; 0 ignored; 0 measured; 0 filtered out; finished in 2.41s
[INFO] [stdout] 
[INFO] [stderr]      Running tests/integration_tests.rs (/opt/rustwide/target/release/build/pocx_miner/885df07bcf1d1833/out/integration_tests-885df07bcf1d1833)
[INFO] [stdout] 
[INFO] [stdout] running 1 test
[INFO] [stdout] test tests::test_miner_invalid_arguments ... FAILED
[INFO] [stderr] error: test failed, to rerun pass `--test integration_tests`
[INFO] [stdout] 
[INFO] [stdout] failures:
[INFO] [stdout] 
[INFO] [stdout] ---- tests::test_miner_invalid_arguments stdout ----
[INFO] [stdout] 
[INFO] [stdout] thread 'tests::test_miner_invalid_arguments' (3444) panicked at tests/integration_tests.rs:23:13:
[INFO] [stdout] Failed to build pocx_miner: error: could not find `Cargo.toml` in `/opt/rustwide` or any parent directory
[INFO] [stdout] 
[INFO] [stdout] stack backtrace:
[INFO] [stdout]    0:     0x585012f69e01 - <<std[617be2ca0a6fd877]::sys::backtrace::BacktraceLock>::print::DisplayBacktrace as core[a373ad73a504971]::fmt::Display>::fmt
[INFO] [stdout]    1:     0x585012f7dcfa - core[a373ad73a504971]::fmt::write
[INFO] [stdout]    2:     0x585012f6e01c - <alloc[2e1b2a31b91974c5]::vec::Vec<u8> as core[a373ad73a504971]::io::write::Write>::write_fmt
[INFO] [stdout]    3:     0x585012f46086 - std[617be2ca0a6fd877]::panicking::default_hook::{closure#0}
[INFO] [stdout]    4:     0x585012f62499 - std[617be2ca0a6fd877]::panicking::default_hook
[INFO] [stdout]    5:     0x585012efe960 - test[aada8e7e76ba119b]::test_main_inner::{closure#0}
[INFO] [stdout]    6:     0x585012f62652 - std[617be2ca0a6fd877]::panicking::panic_with_hook
[INFO] [stdout]    7:     0x585012f46132 - std[617be2ca0a6fd877]::panicking::panic_handler::{closure#0}
[INFO] [stdout]    8:     0x585012f3ee49 - std[617be2ca0a6fd877]::sys::backtrace::__rust_end_short_backtrace::<std[617be2ca0a6fd877]::panicking::panic_handler::{closure#0}, !>
[INFO] [stdout]    9:     0x585012f46d3d - __rustc[ea4f61d10b84890b]::rust_begin_unwind
[INFO] [stdout]   10:     0x585012f7e42c - core[a373ad73a504971]::panicking::panic_fmt
[INFO] [stdout]   11:     0x585012ef16ab - <std[617be2ca0a6fd877]::sync::once::Once>::call_once::<integration_tests[5fadfa366648e58]::tests::get_miner_binary::{closure#0}>::{closure#0}
[INFO] [stdout]   12:     0x585012f4bc69 - <std[617be2ca0a6fd877]::sys::sync::once::futex::Once>::call
[INFO] [stdout]   13:     0x585012ef1c90 - <integration_tests[5fadfa366648e58]::tests::test_miner_invalid_arguments::{closure#0} as core[a373ad73a504971]::ops::function::FnOnce<()>>::call_once
[INFO] [stdout]   14:     0x585012ef1dab - test[aada8e7e76ba119b]::__rust_begin_short_backtrace::<core[a373ad73a504971]::result::Result<(), alloc[2e1b2a31b91974c5]::string::String>, fn() -> core[a373ad73a504971]::result::Result<(), alloc[2e1b2a31b91974c5]::string::String>>
[INFO] [stdout]   15:     0x585012efef85 - test[aada8e7e76ba119b]::run_test::{closure#0}
[INFO] [stdout]   16:     0x585012ef8874 - std[617be2ca0a6fd877]::sys::backtrace::__rust_begin_short_backtrace::<test[aada8e7e76ba119b]::run_test::{closure#1}, ()>
[INFO] [stdout]   17:     0x585012f02012 - <std[617be2ca0a6fd877]::thread::lifecycle::spawn_unchecked<test[aada8e7e76ba119b]::run_test::{closure#1}, ()>::{closure#1} as core[a373ad73a504971]::ops::function::FnOnce<()>>::call_once::{shim:vtable#0}
[INFO] [stdout]   18:     0x585012f6965f - <std[617be2ca0a6fd877]::sys::thread::unix::Thread>::new::thread_start
[INFO] [stdout]   19:     0x762a928b6dfa - <unknown>
[INFO] [stdout]   20:     0x762a9294a3d4 - clone
[INFO] [stdout]   21:                0x0 - <unknown>
[INFO] [stdout] 
[INFO] [stdout] 
[INFO] [stdout] failures:
[INFO] [stdout]     tests::test_miner_invalid_arguments
[INFO] [stdout] 
[INFO] [stdout] test result: FAILED. 0 passed; 1 failed; 0 ignored; 0 measured; 0 filtered out; finished in 0.09s
[INFO] [stdout] 
[INFO] running `Command { std: "docker" "inspect" "444231f0d7a673edfddd9e7e3ea3c36f5abcf4057d5a21929a7d739cecd00b31", kill_on_drop: false }`
[INFO] running `Command { std: "docker" "rm" "-f" "444231f0d7a673edfddd9e7e3ea3c36f5abcf4057d5a21929a7d739cecd00b31", kill_on_drop: false }`
[INFO] [stdout] 444231f0d7a673edfddd9e7e3ea3c36f5abcf4057d5a21929a7d739cecd00b31
