[INFO] fetching crate pocketcasts 0.1.4...
[INFO] testing pocketcasts-0.1.4 against 1.100.0-beta.1+cargoflags=--release for beta-release-1.100-2
[INFO] extracting crate pocketcasts 0.1.4 into /workspace/builds/worker-3-tc2/source
[INFO] started tweaking crates.io crate pocketcasts 0.1.4
[INFO] finished tweaking crates.io crate pocketcasts 0.1.4
[INFO] tweaked toml for crates.io crate pocketcasts 0.1.4 written to /workspace/builds/worker-3-tc2/source/Cargo.toml
[INFO] validating manifest of crates.io crate pocketcasts 0.1.4 on toolchain 1.100.0-beta.1
[INFO] running `Command { std: CARGO_HOME="/workspace/cargo-home" RUSTUP_HOME="/workspace/rustup-home" "/workspace/cargo-home/bin/cargo" "+1.100.0-beta.1" "metadata" "--manifest-path" "Cargo.toml" "--no-deps", kill_on_drop: false }`
[INFO] running `Command { std: CARGO_HOME="/workspace/cargo-home" RUSTUP_HOME="/workspace/rustup-home" "/workspace/cargo-home/bin/cargo" "+1.100.0-beta.1" "generate-lockfile" "--manifest-path" "Cargo.toml", kill_on_drop: false }`
[INFO] [stderr]     Blocking waiting for file lock on package cache
[INFO] [stderr]     Updating crates.io index
[INFO] [stderr]     Blocking waiting for file lock on package cache
[INFO] [stderr]      Locking 191 packages to highest compatible versions
[INFO] [stderr]       Adding h2 v0.2.0-alpha.3 (available: v0.2.7)
[INFO] [stderr]       Adding http-body v0.2.0-alpha.3 (available: v0.2.0)
[INFO] [stderr]       Adding hyper v0.13.0-alpha.4 (available: v0.13.10)
[INFO] [stderr]       Adding hyper-tls v0.4.0-alpha.4 (available: v0.4.3)
[INFO] [stderr]       Adding reqwest v0.10.0-alpha.2 (available: v0.10.10)
[INFO] [stderr]       Adding tokio v0.2.0-alpha.6 (available: v0.2.25)
[INFO] [stderr]       Adding tokio-macros v0.2.0-alpha.6 (available: v0.2.6)
[INFO] [stderr]       Adding tokio-test v0.2.0-alpha.6 (available: v0.2.1)
[INFO] [stderr]       Adding tokio-tls v0.3.0-alpha.6 (available: v0.3.1)
[INFO] [stderr]       Adding tower-make v0.3.0-alpha.2a (available: v0.3.0)
[INFO] [stderr]       Adding tower-service v0.3.0-alpha.2 (available: v0.3.3)
[INFO] [stderr]       Adding wasi v0.10.0+wasi-snapshot-preview1 (available: v0.10.2+wasi-snapshot-preview1)
[INFO] running `Command { std: CARGO_HOME="/workspace/cargo-home" RUSTUP_HOME="/workspace/rustup-home" "/workspace/cargo-home/bin/cargo" "+1.100.0-beta.1" "fetch" "--manifest-path" "Cargo.toml", kill_on_drop: false }`
[INFO] [stderr] warning: `package.homepage` is redundant with `package.repository`
[INFO] [stderr]   --> Cargo.toml:37:12
[INFO] [stderr]    |
[INFO] [stderr] 37 | homepage = "https://git.sr.ht/~fra/pocketcasts-rs"
[INFO] [stderr]    |            ^^^^^^^^^^^^^^^^^^^^^^^^^^^^^^^^^^^^^^^
[INFO] [stderr] ...
[INFO] [stderr] 42 | repository = "https://git.sr.ht/~fra/pocketcasts-rs"
[INFO] [stderr]    |              ---------------------------------------
[INFO] [stderr]    |
[INFO] [stderr]    = note: `cargo::redundant_homepage` is set to `warn` by default
[INFO] [stderr] help: consider removing `package.homepage`
[INFO] [stderr] warning: `pocketcasts` (manifest) generated 1 warning
[INFO] running `Command { std: "docker" "create" "-v" "/var/lib/crater-agent-workspace/builds/worker-3-tc2/source:/opt/rustwide/workdir:ro,Z" "-v" "/var/lib/crater-agent-workspace/builds/worker-3-tc2/target:/opt/rustwide/target:rw,Z" "-v" "/var/lib/crater-agent-workspace/cargo-home:/opt/rustwide/cargo-home:ro,Z" "-v" "/var/lib/crater-agent-workspace/rustup-home:/opt/rustwide/rustup-home:ro,Z" "-m" "1610612736" "--network" "none" "ghcr.io/rust-lang/crates-build-env/linux@sha256:77db811e55d90add9212f6832c23229e3de5f1c1f9905e8cb07319ea15df73ac" "sleep" "infinity", kill_on_drop: false }`
[INFO] [stdout] edcc8dafff8cbcb3f773a3d9845ca5ec10d8ae076a92c481908b362254350433
[INFO] running `Command { std: "docker" "start" "edcc8dafff8cbcb3f773a3d9845ca5ec10d8ae076a92c481908b362254350433", kill_on_drop: false }`
[INFO] running `Command { std: "docker" "inspect" "edcc8dafff8cbcb3f773a3d9845ca5ec10d8ae076a92c481908b362254350433", kill_on_drop: false }`
[INFO] running `Command { std: "docker" "exec" "-e" "SOURCE_DIR=/opt/rustwide/workdir" "-e" "CARGO_HOME=/opt/rustwide/cargo-home" "-e" "RUSTUP_HOME=/opt/rustwide/rustup-home" "-e" "CARGO_TARGET_DIR=/opt/rustwide/target" "-w" "/opt/rustwide/workdir" "--user" "0:0" "edcc8dafff8cbcb3f773a3d9845ca5ec10d8ae076a92c481908b362254350433" "/opt/rustwide/cargo-home/bin/cargo" "+1.100.0-beta.1" "metadata" "--no-deps" "--format-version=1", kill_on_drop: false }`
[INFO] running `Command { std: "docker" "inspect" "edcc8dafff8cbcb3f773a3d9845ca5ec10d8ae076a92c481908b362254350433", kill_on_drop: false }`
[INFO] running `Command { std: "docker" "exec" "-e" "SOURCE_DIR=/opt/rustwide/workdir" "-e" "CARGO_HOME=/opt/rustwide/cargo-home" "-e" "RUSTUP_HOME=/opt/rustwide/rustup-home" "-e" "CARGO_TARGET_DIR=/opt/rustwide/target" "-e" "CARGO_INCREMENTAL=0" "-e" "RUST_BACKTRACE=full" "-e" "RUSTFLAGS=--cap-lints=warn" "-e" "RUSTDOCFLAGS=--cap-lints=warn" "-w" "/opt/rustwide/workdir" "--user" "0:0" "edcc8dafff8cbcb3f773a3d9845ca5ec10d8ae076a92c481908b362254350433" "/opt/rustwide/cargo-home/bin/cargo" "+1.100.0-beta.1" "build" "--frozen" "--message-format=json" "--release", kill_on_drop: false }`
[INFO] [stderr] warning: `package.homepage` is redundant with `package.repository`
[INFO] [stderr]   --> Cargo.toml:37:12
[INFO] [stderr]    |
[INFO] [stderr] 37 | homepage = "https://git.sr.ht/~fra/pocketcasts-rs"
[INFO] [stderr]    |            ^^^^^^^^^^^^^^^^^^^^^^^^^^^^^^^^^^^^^^^
[INFO] [stderr] ...
[INFO] [stderr] 42 | repository = "https://git.sr.ht/~fra/pocketcasts-rs"
[INFO] [stderr]    |              ---------------------------------------
[INFO] [stderr]    |
[INFO] [stderr]    = note: `cargo::redundant_homepage` is set to `warn` by default
[INFO] [stderr] help: consider removing `package.homepage`
[INFO] [stderr] warning: `pocketcasts` (manifest) generated 1 warning
[INFO] [stderr]    Compiling syn v1.0.109
[INFO] [stderr]    Compiling futures-core-preview v0.3.0-alpha.19
[INFO] [stderr]    Compiling maybe-uninit v2.0.0
[INFO] [stderr]    Compiling lazy_static v1.5.1
[INFO] [stderr]    Compiling pin-project-internal v0.4.30
[INFO] [stderr]    Compiling semver-parser v0.7.0
[INFO] [stderr]    Compiling memoffset v0.5.6
[INFO] [stderr]    Compiling crossbeam-utils v0.7.2
[INFO] [stderr]    Compiling futures-sink-preview v0.3.0-alpha.19
[INFO] [stderr]    Compiling crossbeam-epoch v0.8.2
[INFO] [stderr]    Compiling pin-utils v0.1.1
[INFO] [stderr]    Compiling iovec v0.1.4
[INFO] [stderr]    Compiling crossbeam-utils v0.6.6
[INFO] [stderr]    Compiling tracing v0.1.44
[INFO] [stderr]    Compiling net2 v0.2.39
[INFO] [stderr]    Compiling lock_api v0.3.4
[INFO] [stderr]    Compiling itoa v0.4.8
[INFO] [stderr]    Compiling indexmap v1.9.3
[INFO] [stderr]    Compiling bytes v0.4.12
[INFO] [stderr]    Compiling semver v0.9.0
[INFO] [stderr]    Compiling openssl-macros v0.1.1
[INFO] [stderr]    Compiling futures-channel-preview v0.3.0-alpha.19
[INFO] [stderr]    Compiling mio v0.6.23
[INFO] [stderr]    Compiling serde v1.0.229
[INFO] [stderr]    Compiling smallvec v0.6.14
[INFO] [stderr]    Compiling unicase v2.10.0
[INFO] [stderr]    Compiling tower-service v0.3.0-alpha.2
[INFO] [stderr]    Compiling form_urlencoded v1.2.2
[INFO] [stderr]    Compiling time v0.1.45
[INFO] [stderr]    Compiling rustc_version v0.2.3
[INFO] [stderr]    Compiling futures-util-preview v0.3.0-alpha.19
[INFO] [stderr]    Compiling crossbeam-channel v0.3.9
[INFO] [stderr]    Compiling crossbeam-queue v0.1.2
[INFO] [stderr]    Compiling openssl v0.10.81
[INFO] [stderr]    Compiling parking_lot_core v0.6.3
[INFO] [stderr]    Compiling parking_lot v0.9.0
[INFO] [stderr]    Compiling http v0.1.21
[INFO] [stderr]    Compiling string v0.2.1
[INFO] [stderr]    Compiling mime_guess v2.0.5
[INFO] [stderr]    Compiling failure_derive v0.1.8
[INFO] [stderr]    Compiling url v2.5.8
[INFO] [stderr]    Compiling object v0.37.3
[INFO] [stderr]    Compiling dtoa v0.4.8
[INFO] [stderr]    Compiling serde_json v1.0.154
[INFO] [stderr]    Compiling mio-uds v0.6.8
[INFO] [stderr]    Compiling base64 v0.11.0
[INFO] [stderr]    Compiling crossbeam-deque v0.7.4
[INFO] [stderr]    Compiling pin-convert v0.1.0
[INFO] [stderr]    Compiling serde_urlencoded v0.6.1
[INFO] [stderr]    Compiling tokio-sync v0.2.0-alpha.6
[INFO] [stderr]    Compiling tokio-executor v0.2.0-alpha.6
[INFO] [stderr]    Compiling http-body v0.2.0-alpha.3
[INFO] [stderr]    Compiling tokio-timer v0.3.0-alpha.6
[INFO] [stderr]    Compiling synstructure v0.12.6
[INFO] [stderr]    Compiling native-tls v0.2.18
[INFO] [stderr]    Compiling tokio-macros v0.2.0-alpha.6
[INFO] [stderr]    Compiling backtrace v0.3.76
[INFO] [stderr]    Compiling pin-project v0.4.30
[INFO] [stderr]    Compiling tokio-io v0.2.0-alpha.6
[INFO] [stderr]    Compiling failure v0.1.8
[INFO] [stderr]    Compiling tokio-codec v0.2.0-alpha.6
[INFO] [stderr]    Compiling tower-make v0.3.0-alpha.2a
[INFO] [stderr]    Compiling tokio-fs v0.2.0-alpha.6
[INFO] [stderr]    Compiling tokio-tls v0.3.0-alpha.6
[INFO] [stderr]    Compiling tokio-net v0.2.0-alpha.6
[INFO] [stderr]    Compiling h2 v0.2.0-alpha.3
[INFO] [stderr]    Compiling tokio v0.2.0-alpha.6
[INFO] [stderr]    Compiling tokio-test v0.2.0-alpha.6
[INFO] [stderr]    Compiling hyper v0.13.0-alpha.4
[INFO] [stderr]    Compiling hyper-tls v0.4.0-alpha.4
[INFO] [stderr]    Compiling reqwest v0.10.0-alpha.2
[INFO] [stderr]    Compiling pocketcasts v0.1.4 (/opt/rustwide/workdir)
[INFO] [stdout] warning: non-local `impl` definition, `impl` blocks should be written at the same level as their item
[INFO] [stdout]  --> src/error.rs:2:10
[INFO] [stdout]   |
[INFO] [stdout] 2 | #[derive(Fail, Debug)]
[INFO] [stdout]   |          ^---
[INFO] [stdout]   |          |
[INFO] [stdout]   |          `Fail` is not local
[INFO] [stdout]   |          move the `impl` block outside of this constant `_DERIVE_failure_Fail_FOR_PocketcastsError`
[INFO] [stdout] 3 | pub enum PocketcastsError {
[INFO] [stdout]   |          ---------------- `PocketcastsError` is not local
[INFO] [stdout]   |
[INFO] [stdout]   = note: the derive macro `Fail` defines the non-local `impl`, and may need to be changed
[INFO] [stdout]   = note: the derive macro `Fail` may come from an old version of the `failure_derive` crate, try updating your dependency with `cargo update -p failure_derive`
[INFO] [stdout]   = note: an `impl` is never scoped, even when it is nested inside an item, as it may impact type checking outside of that item, which can be the case if neither the trait or the self type are at the same nesting level as the `impl`
[INFO] [stdout]   = note: items in an anonymous const item (`const _: () = { ... }`) are treated as in the same scope as the anonymous const's declaration for the purpose of this lint
[INFO] [stdout]   = note: `#[warn(non_local_definitions)]` on by default
[INFO] [stdout]   = note: this warning originates in the derive macro `Fail` (in Nightly builds, run with -Z macro-backtrace for more info)
[INFO] [stdout] 
[INFO] [stdout] 
[INFO] [stdout] warning: non-local `impl` definition, `impl` blocks should be written at the same level as their item
[INFO] [stdout]  --> src/error.rs:2:10
[INFO] [stdout]   |
[INFO] [stdout] 2 | #[derive(Fail, Debug)]
[INFO] [stdout]   |          ^---
[INFO] [stdout]   |          |
[INFO] [stdout]   |          `Display` is not local
[INFO] [stdout]   |          move the `impl` block outside of this constant `_DERIVE_failure_core_fmt_Display_FOR_PocketcastsError`
[INFO] [stdout] 3 | pub enum PocketcastsError {
[INFO] [stdout]   |          ---------------- `PocketcastsError` is not local
[INFO] [stdout]   |
[INFO] [stdout]   = note: the derive macro `Fail` defines the non-local `impl`, and may need to be changed
[INFO] [stdout]   = note: the derive macro `Fail` may come from an old version of the `failure_derive` crate, try updating your dependency with `cargo update -p failure_derive`
[INFO] [stdout]   = note: an `impl` is never scoped, even when it is nested inside an item, as it may impact type checking outside of that item, which can be the case if neither the trait or the self type are at the same nesting level as the `impl`
[INFO] [stdout]   = note: items in an anonymous const item (`const _: () = { ... }`) are treated as in the same scope as the anonymous const's declaration for the purpose of this lint
[INFO] [stdout]   = note: this warning originates in the derive macro `Fail` (in Nightly builds, run with -Z macro-backtrace for more info)
[INFO] [stdout] 
[INFO] [stdout] 
[INFO] [stderr] warning: unused dependency `dotenv`
[INFO] [stderr]  --> Cargo.toml:1:15
[INFO] [stderr]   |
[INFO] [stderr] 1 | [dependencies.dotenv]
[INFO] [stderr]   |               ^^^^^^^
[INFO] [stderr]   |
[INFO] [stderr]   = note: `cargo::unused_dependencies` is set to `warn` by default
[INFO] [stderr] help: consider removing the dependency on `dotenv`
[INFO] [stderr] warning: unused dependency `tokio-test`
[INFO] [stderr]   --> Cargo.toml:29:15
[INFO] [stderr]    |
[INFO] [stderr] 29 | [dependencies.tokio-test]
[INFO] [stderr]    |               ^^^^^^^^^^^
[INFO] [stderr]    |
[INFO] [stderr] help: consider removing the dependency on `tokio-test`
[INFO] [stderr] warning: `pocketcasts` (manifest) generated 2 warnings
[INFO] [stderr]     Finished `release` profile [optimized] target(s) in 47.32s
[INFO] running `Command { std: "docker" "inspect" "edcc8dafff8cbcb3f773a3d9845ca5ec10d8ae076a92c481908b362254350433", kill_on_drop: false }`
[INFO] running `Command { std: "docker" "exec" "-e" "SOURCE_DIR=/opt/rustwide/workdir" "-e" "CARGO_HOME=/opt/rustwide/cargo-home" "-e" "RUSTUP_HOME=/opt/rustwide/rustup-home" "-e" "CARGO_TARGET_DIR=/opt/rustwide/target" "-e" "CARGO_INCREMENTAL=0" "-e" "RUST_BACKTRACE=full" "-e" "RUSTFLAGS=--cap-lints=warn" "-e" "RUSTDOCFLAGS=--cap-lints=warn" "-w" "/opt/rustwide/workdir" "--user" "0:0" "edcc8dafff8cbcb3f773a3d9845ca5ec10d8ae076a92c481908b362254350433" "/opt/rustwide/cargo-home/bin/cargo" "+1.100.0-beta.1" "test" "--frozen" "--no-run" "--message-format=json" "--release", kill_on_drop: false }`
[INFO] [stderr] warning: `package.homepage` is redundant with `package.repository`
[INFO] [stderr]   --> Cargo.toml:37:12
[INFO] [stderr]    |
[INFO] [stderr] 37 | homepage = "https://git.sr.ht/~fra/pocketcasts-rs"
[INFO] [stderr]    |            ^^^^^^^^^^^^^^^^^^^^^^^^^^^^^^^^^^^^^^^
[INFO] [stderr] ...
[INFO] [stderr] 42 | repository = "https://git.sr.ht/~fra/pocketcasts-rs"
[INFO] [stderr]    |              ---------------------------------------
[INFO] [stderr]    |
[INFO] [stderr]    = note: `cargo::redundant_homepage` is set to `warn` by default
[INFO] [stderr] help: consider removing `package.homepage`
[INFO] [stderr] warning: `pocketcasts` (manifest) generated 1 warning
[INFO] [stderr]    Compiling pocketcasts v0.1.4 (/opt/rustwide/workdir)
[INFO] [stdout] warning: non-local `impl` definition, `impl` blocks should be written at the same level as their item
[INFO] [stdout]  --> src/error.rs:2:10
[INFO] [stdout]   |
[INFO] [stdout] 2 | #[derive(Fail, Debug)]
[INFO] [stdout]   |          ^---
[INFO] [stdout]   |          |
[INFO] [stdout]   |          `Fail` is not local
[INFO] [stdout]   |          move the `impl` block outside of this constant `_DERIVE_failure_Fail_FOR_PocketcastsError`
[INFO] [stdout] 3 | pub enum PocketcastsError {
[INFO] [stdout]   |          ---------------- `PocketcastsError` is not local
[INFO] [stdout]   |
[INFO] [stdout]   = note: the derive macro `Fail` defines the non-local `impl`, and may need to be changed
[INFO] [stdout]   = note: the derive macro `Fail` may come from an old version of the `failure_derive` crate, try updating your dependency with `cargo update -p failure_derive`
[INFO] [stdout]   = note: an `impl` is never scoped, even when it is nested inside an item, as it may impact type checking outside of that item, which can be the case if neither the trait or the self type are at the same nesting level as the `impl`
[INFO] [stdout]   = note: items in an anonymous const item (`const _: () = { ... }`) are treated as in the same scope as the anonymous const's declaration for the purpose of this lint
[INFO] [stdout]   = note: `#[warn(non_local_definitions)]` on by default
[INFO] [stdout]   = note: this warning originates in the derive macro `Fail` (in Nightly builds, run with -Z macro-backtrace for more info)
[INFO] [stdout] 
[INFO] [stdout] 
[INFO] [stdout] warning: non-local `impl` definition, `impl` blocks should be written at the same level as their item
[INFO] [stdout]  --> src/error.rs:2:10
[INFO] [stdout]   |
[INFO] [stdout] 2 | #[derive(Fail, Debug)]
[INFO] [stdout]   |          ^---
[INFO] [stdout]   |          |
[INFO] [stdout]   |          `Display` is not local
[INFO] [stdout]   |          move the `impl` block outside of this constant `_DERIVE_failure_core_fmt_Display_FOR_PocketcastsError`
[INFO] [stdout] 3 | pub enum PocketcastsError {
[INFO] [stdout]   |          ---------------- `PocketcastsError` is not local
[INFO] [stdout]   |
[INFO] [stdout]   = note: the derive macro `Fail` defines the non-local `impl`, and may need to be changed
[INFO] [stdout]   = note: the derive macro `Fail` may come from an old version of the `failure_derive` crate, try updating your dependency with `cargo update -p failure_derive`
[INFO] [stdout]   = note: an `impl` is never scoped, even when it is nested inside an item, as it may impact type checking outside of that item, which can be the case if neither the trait or the self type are at the same nesting level as the `impl`
[INFO] [stdout]   = note: items in an anonymous const item (`const _: () = { ... }`) are treated as in the same scope as the anonymous const's declaration for the purpose of this lint
[INFO] [stdout]   = note: this warning originates in the derive macro `Fail` (in Nightly builds, run with -Z macro-backtrace for more info)
[INFO] [stdout] 
[INFO] [stdout] 
[INFO] [stdout] warning: non-local `impl` definition, `impl` blocks should be written at the same level as their item
[INFO] [stdout]  --> src/error.rs:2:10
[INFO] [stdout]   |
[INFO] [stdout] 2 | #[derive(Fail, Debug)]
[INFO] [stdout]   |          ^---
[INFO] [stdout]   |          |
[INFO] [stdout]   |          `Fail` is not local
[INFO] [stdout]   |          move the `impl` block outside of this constant `_DERIVE_failure_Fail_FOR_PocketcastsError`
[INFO] [stdout] 3 | pub enum PocketcastsError {
[INFO] [stdout]   |          ---------------- `PocketcastsError` is not local
[INFO] [stdout]   |
[INFO] [stdout]   = note: the derive macro `Fail` defines the non-local `impl`, and may need to be changed
[INFO] [stdout]   = note: the derive macro `Fail` may come from an old version of the `failure_derive` crate, try updating your dependency with `cargo update -p failure_derive`
[INFO] [stdout]   = note: an `impl` is never scoped, even when it is nested inside an item, as it may impact type checking outside of that item, which can be the case if neither the trait or the self type are at the same nesting level as the `impl`
[INFO] [stdout]   = note: items in an anonymous const item (`const _: () = { ... }`) are treated as in the same scope as the anonymous const's declaration for the purpose of this lint
[INFO] [stdout]   = note: `#[warn(non_local_definitions)]` on by default
[INFO] [stdout]   = note: this warning originates in the derive macro `Fail` (in Nightly builds, run with -Z macro-backtrace for more info)
[INFO] [stdout] 
[INFO] [stdout] 
[INFO] [stdout] warning: non-local `impl` definition, `impl` blocks should be written at the same level as their item
[INFO] [stdout]  --> src/error.rs:2:10
[INFO] [stdout]   |
[INFO] [stdout] 2 | #[derive(Fail, Debug)]
[INFO] [stdout]   |          ^---
[INFO] [stdout]   |          |
[INFO] [stdout]   |          `Display` is not local
[INFO] [stdout]   |          move the `impl` block outside of this constant `_DERIVE_failure_core_fmt_Display_FOR_PocketcastsError`
[INFO] [stdout] 3 | pub enum PocketcastsError {
[INFO] [stdout]   |          ---------------- `PocketcastsError` is not local
[INFO] [stdout]   |
[INFO] [stdout]   = note: the derive macro `Fail` defines the non-local `impl`, and may need to be changed
[INFO] [stdout]   = note: the derive macro `Fail` may come from an old version of the `failure_derive` crate, try updating your dependency with `cargo update -p failure_derive`
[INFO] [stdout]   = note: an `impl` is never scoped, even when it is nested inside an item, as it may impact type checking outside of that item, which can be the case if neither the trait or the self type are at the same nesting level as the `impl`
[INFO] [stdout]   = note: items in an anonymous const item (`const _: () = { ... }`) are treated as in the same scope as the anonymous const's declaration for the purpose of this lint
[INFO] [stdout]   = note: this warning originates in the derive macro `Fail` (in Nightly builds, run with -Z macro-backtrace for more info)
[INFO] [stdout] 
[INFO] [stdout] 
[INFO] [stderr] warning: unused dependency `dotenv`
[INFO] [stderr]  --> Cargo.toml:1:15
[INFO] [stderr]   |
[INFO] [stderr] 1 | [dependencies.dotenv]
[INFO] [stderr]   |               ^^^^^^^
[INFO] [stderr]   |
[INFO] [stderr]   = note: `cargo::unused_dependencies` is set to `warn` by default
[INFO] [stderr] help: consider removing the dependency on `dotenv`
[INFO] [stderr] help: to still use for development builds, move to `dev-dependencies`
[INFO] [stderr] warning: unused dependency `tokio-test`
[INFO] [stderr]   --> Cargo.toml:29:15
[INFO] [stderr]    |
[INFO] [stderr] 29 | [dependencies.tokio-test]
[INFO] [stderr]    |               ^^^^^^^^^^^
[INFO] [stderr]    |
[INFO] [stderr] help: consider removing the dependency on `tokio-test`
[INFO] [stderr] help: to still use for development builds, move to `dev-dependencies`
[INFO] [stderr] warning: `pocketcasts` (manifest) generated 2 warnings
[INFO] [stderr]     Finished `release` profile [optimized] target(s) in 2.95s
[INFO] running `Command { std: "docker" "inspect" "edcc8dafff8cbcb3f773a3d9845ca5ec10d8ae076a92c481908b362254350433", kill_on_drop: false }`
[INFO] running `Command { std: "docker" "exec" "-e" "SOURCE_DIR=/opt/rustwide/workdir" "-e" "CARGO_HOME=/opt/rustwide/cargo-home" "-e" "RUSTUP_HOME=/opt/rustwide/rustup-home" "-e" "CARGO_TARGET_DIR=/opt/rustwide/target" "-e" "CARGO_INCREMENTAL=0" "-e" "RUST_BACKTRACE=full" "-e" "RUSTFLAGS=--cap-lints=warn" "-e" "RUSTDOCFLAGS=--cap-lints=warn" "-w" "/opt/rustwide/workdir" "--user" "0:0" "edcc8dafff8cbcb3f773a3d9845ca5ec10d8ae076a92c481908b362254350433" "/opt/rustwide/cargo-home/bin/cargo" "+1.100.0-beta.1" "test" "--frozen" "--release", kill_on_drop: false }`
[INFO] [stderr] warning: `package.homepage` is redundant with `package.repository`
[INFO] [stderr]   --> Cargo.toml:37:12
[INFO] [stderr]    |
[INFO] [stderr] 37 | homepage = "https://git.sr.ht/~fra/pocketcasts-rs"
[INFO] [stderr]    |            ^^^^^^^^^^^^^^^^^^^^^^^^^^^^^^^^^^^^^^^
[INFO] [stderr] ...
[INFO] [stderr] 42 | repository = "https://git.sr.ht/~fra/pocketcasts-rs"
[INFO] [stderr]    |              ---------------------------------------
[INFO] [stderr]    |
[INFO] [stderr]    = note: `cargo::redundant_homepage` is set to `warn` by default
[INFO] [stderr] help: consider removing `package.homepage`
[INFO] [stderr] warning: `pocketcasts` (manifest) generated 1 warning
[INFO] [stderr] warning: non-local `impl` definition, `impl` blocks should be written at the same level as their item
[INFO] [stderr]  --> src/error.rs:2:10
[INFO] [stderr]   |
[INFO] [stderr] 2 | #[derive(Fail, Debug)]
[INFO] [stderr]   |          ^---
[INFO] [stderr]   |          |
[INFO] [stderr]   |          `Fail` is not local
[INFO] [stderr]   |          move the `impl` block outside of this constant `_DERIVE_failure_Fail_FOR_PocketcastsError`
[INFO] [stderr] 3 | pub enum PocketcastsError {
[INFO] [stderr]   |          ---------------- `PocketcastsError` is not local
[INFO] [stderr]   |
[INFO] [stderr]   = note: the derive macro `Fail` defines the non-local `impl`, and may need to be changed
[INFO] [stderr]   = note: the derive macro `Fail` may come from an old version of the `failure_derive` crate, try updating your dependency with `cargo update -p failure_derive`
[INFO] [stderr]   = note: an `impl` is never scoped, even when it is nested inside an item, as it may impact type checking outside of that item, which can be the case if neither the trait or the self type are at the same nesting level as the `impl`
[INFO] [stderr]   = note: items in an anonymous const item (`const _: () = { ... }`) are treated as in the same scope as the anonymous const's declaration for the purpose of this lint
[INFO] [stderr]   = note: `#[warn(non_local_definitions)]` on by default
[INFO] [stderr]   = note: this warning originates in the derive macro `Fail` (in Nightly builds, run with -Z macro-backtrace for more info)
[INFO] [stderr] 
[INFO] [stderr] warning: non-local `impl` definition, `impl` blocks should be written at the same level as their item
[INFO] [stderr]  --> src/error.rs:2:10
[INFO] [stderr]   |
[INFO] [stderr] 2 | #[derive(Fail, Debug)]
[INFO] [stderr]   |          ^---
[INFO] [stderr]   |          |
[INFO] [stderr]   |          `Display` is not local
[INFO] [stderr]   |          move the `impl` block outside of this constant `_DERIVE_failure_core_fmt_Display_FOR_PocketcastsError`
[INFO] [stderr] 3 | pub enum PocketcastsError {
[INFO] [stderr]   |          ---------------- `PocketcastsError` is not local
[INFO] [stderr]   |
[INFO] [stderr]   = note: the derive macro `Fail` defines the non-local `impl`, and may need to be changed
[INFO] [stderr]   = note: the derive macro `Fail` may come from an old version of the `failure_derive` crate, try updating your dependency with `cargo update -p failure_derive`
[INFO] [stderr]   = note: an `impl` is never scoped, even when it is nested inside an item, as it may impact type checking outside of that item, which can be the case if neither the trait or the self type are at the same nesting level as the `impl`
[INFO] [stderr]   = note: items in an anonymous const item (`const _: () = { ... }`) are treated as in the same scope as the anonymous const's declaration for the purpose of this lint
[INFO] [stderr]   = note: this warning originates in the derive macro `Fail` (in Nightly builds, run with -Z macro-backtrace for more info)
[INFO] [stderr] 
[INFO] [stderr] warning: `pocketcasts` (lib) generated 2 warnings
[INFO] [stderr] warning: `pocketcasts` (lib test) generated 2 warnings (2 duplicates)
[INFO] [stderr] warning: unused dependency `dotenv`
[INFO] [stderr]  --> Cargo.toml:1:15
[INFO] [stderr]   |
[INFO] [stderr] 1 | [dependencies.dotenv]
[INFO] [stderr]   |               ^^^^^^^
[INFO] [stderr]   |
[INFO] [stderr]   = note: `cargo::unused_dependencies` is set to `warn` by default
[INFO] [stderr] help: consider removing the dependency on `dotenv`
[INFO] [stderr] help: to still use for development builds, move to `dev-dependencies`
[INFO] [stderr] warning: unused dependency `tokio-test`
[INFO] [stderr]   --> Cargo.toml:29:15
[INFO] [stderr]    |
[INFO] [stderr] 29 | [dependencies.tokio-test]
[INFO] [stderr]    |               ^^^^^^^^^^^
[INFO] [stderr]    |
[INFO] [stderr] help: consider removing the dependency on `tokio-test`
[INFO] [stderr] help: to still use for development builds, move to `dev-dependencies`
[INFO] [stderr] warning: `pocketcasts` (manifest) generated 2 warnings
[INFO] [stderr]     Finished `release` profile [optimized] target(s) in 0.19s
[INFO] [stderr]      Running unittests src/lib.rs (/opt/rustwide/target/release/build/pocketcasts/f711a416e0d3e53a/out/pocketcasts-f711a416e0d3e53a)
[INFO] [stderr]      Running tests/test_client.rs (/opt/rustwide/target/release/build/pocketcasts/0627d44e24c63970/out/test_client-0627d44e24c63970)
[INFO] [stdout] 
[INFO] [stdout] running 0 tests
[INFO] [stdout] 
[INFO] [stdout] test result: ok. 0 passed; 0 failed; 0 ignored; 0 measured; 0 filtered out; finished in 0.00s
[INFO] [stdout] 
[INFO] [stdout] 
[INFO] [stdout] running 4 tests
[INFO] [stdout] test test_episode ... FAILED
[INFO] [stdout] test test_new_releases ... FAILED
[INFO] [stdout] test test_subscription_status ... FAILED
[INFO] [stdout] test test_user_podcasts ... FAILED
[INFO] [stdout] 
[INFO] [stdout] failures:
[INFO] [stdout] 
[INFO] [stdout] ---- test_episode stdout ----
[INFO] [stdout] 
[INFO] [stdout] thread 'test_episode' (1591) panicked at tests/test_client.rs:19:42:
[INFO] [stdout] Missing env var PC_EMAIL: NotPresent
[INFO] [stdout] stack backtrace:
[INFO] [stdout]    0:     0x55e76e7c86d1 - <<std[617be2ca0a6fd877]::sys::backtrace::BacktraceLock>::print::DisplayBacktrace as core[a373ad73a504971]::fmt::Display>::fmt
[INFO] [stdout]    1:     0x55e76e7de81a - core[a373ad73a504971]::fmt::write
[INFO] [stdout]    2:     0x55e76e7cce6c - <alloc[2e1b2a31b91974c5]::vec::Vec<u8> as core[a373ad73a504971]::io::write::Write>::write_fmt
[INFO] [stdout]    3:     0x55e76e7a3456 - std[617be2ca0a6fd877]::panicking::default_hook::{closure#0}
[INFO] [stdout]    4:     0x55e76e7c0519 - std[617be2ca0a6fd877]::panicking::default_hook
[INFO] [stdout]    5:     0x55e76e630570 - test[aada8e7e76ba119b]::test_main_inner::{closure#0}
[INFO] [stdout]    6:     0x55e76e7c0842 - std[617be2ca0a6fd877]::panicking::panic_with_hook
[INFO] [stdout]    7:     0x55e76e7a3502 - std[617be2ca0a6fd877]::panicking::panic_handler::{closure#0}
[INFO] [stdout]    8:     0x55e76e79bef9 - std[617be2ca0a6fd877]::sys::backtrace::__rust_end_short_backtrace::<std[617be2ca0a6fd877]::panicking::panic_handler::{closure#0}, !>
[INFO] [stdout]    9:     0x55e76e7a439d - __rustc[ea4f61d10b84890b]::rust_begin_unwind
[INFO] [stdout]   10:     0x55e76e7def7c - core[a373ad73a504971]::panicking::panic_fmt
[INFO] [stdout]   11:     0x55e76e7ded52 - core[a373ad73a504971]::result::unwrap_failed
[INFO] [stdout]   12:     0x55e76e61fc2b - <test_client[1b6451fac09ca9ca]::ClientCredentials>::default
[INFO] [stdout]   13:     0x55e76e60d42f - <tokio_executor[c16d55b87ab8df42]::current_thread::CurrentRunner>::set_spawn::<<tokio_executor[c16d55b87ab8df42]::current_thread::Borrow<tokio_net[6b384bfa684ebc11]::driver::reactor::Handle>>::enter<<tokio_executor[c16d55b87ab8df42]::current_thread::Entered<tokio_timer[591a6035510df16f]::timer::Timer<tokio_net[6b384bfa684ebc11]::driver::reactor::Reactor>>>::block_on<test_client[1b6451fac09ca9ca]::login::{closure#0}>::{closure#0}, core[a373ad73a504971]::task::poll::Poll<std[617be2ca0a6fd877]::sync::poison::mutex::Mutex<pocketcasts[fbaa6ac57ece1873]::client::Pocketcasts>>>::{closure#0}::{closure#0}, core[a373ad73a504971]::task::poll::Poll<std[617be2ca0a6fd877]::sync::poison::mutex::Mutex<pocketcasts[fbaa6ac57ece1873]::client::Pocketcasts>>>
[INFO] [stdout]   14:     0x55e76e60be2f - <tokio_executor[c16d55b87ab8df42]::current_thread::CurrentThread<tokio_timer[591a6035510df16f]::timer::Timer<tokio_net[6b384bfa684ebc11]::driver::reactor::Reactor>>>::block_on::<test_client[1b6451fac09ca9ca]::login::{closure#0}>
[INFO] [stdout]   15:     0x55e76e6209fe - <std[617be2ca0a6fd877]::thread::local::LocalKey<core[a373ad73a504971]::cell::Cell<core[a373ad73a504971]::option::Option<*const tokio_timer[591a6035510df16f]::clock::Clock>>>>::with::<tokio_timer[591a6035510df16f]::clock::with_default<<tokio[33ec0923d4b53269]::runtime::current_thread::runtime::Runtime>::enter<<tokio[33ec0923d4b53269]::runtime::current_thread::runtime::Runtime>::block_on<test_client[1b6451fac09ca9ca]::login::{closure#0}>::{closure#0}, std[617be2ca0a6fd877]::sync::poison::mutex::Mutex<pocketcasts[fbaa6ac57ece1873]::client::Pocketcasts>>::{closure#0}, std[617be2ca0a6fd877]::sync::poison::mutex::Mutex<pocketcasts[fbaa6ac57ece1873]::client::Pocketcasts>>::{closure#0}, std[617be2ca0a6fd877]::sync::poison::mutex::Mutex<pocketcasts[fbaa6ac57ece1873]::client::Pocketcasts>>
[INFO] [stdout]   16:     0x55e76e617864 - <tokio[33ec0923d4b53269]::runtime::current_thread::runtime::Runtime>::enter::<<tokio[33ec0923d4b53269]::runtime::current_thread::runtime::Runtime>::block_on<test_client[1b6451fac09ca9ca]::login::{closure#0}>::{closure#0}, std[617be2ca0a6fd877]::sync::poison::mutex::Mutex<pocketcasts[fbaa6ac57ece1873]::client::Pocketcasts>>
[INFO] [stdout]   17:     0x55e76e61c2d1 - tokio_test[70b393bde413fbe9]::block_on::<test_client[1b6451fac09ca9ca]::login::{closure#0}>
[INFO] [stdout]   18:     0x55e76e61b2a6 - <once_cell[27dfcff84a4435be]::imp::OnceCell<std[617be2ca0a6fd877]::sync::poison::mutex::Mutex<pocketcasts[fbaa6ac57ece1873]::client::Pocketcasts>>>::initialize::<<once_cell[27dfcff84a4435be]::sync::OnceCell<std[617be2ca0a6fd877]::sync::poison::mutex::Mutex<pocketcasts[fbaa6ac57ece1873]::client::Pocketcasts>>>::get_or_init<test_client[1b6451fac09ca9ca]::login>::{closure#0}, <once_cell[27dfcff84a4435be]::sync::OnceCell<_>>::get_or_init::Void>::{closure#0}
[INFO] [stdout]   19:     0x55e76e78af8f - once_cell[27dfcff84a4435be]::imp::initialize_or_wait
[INFO] [stdout]   20:     0x55e76e61a1a2 - <once_cell[27dfcff84a4435be]::imp::OnceCell<std[617be2ca0a6fd877]::sync::poison::mutex::Mutex<pocketcasts[fbaa6ac57ece1873]::client::Pocketcasts>>>::initialize::<<once_cell[27dfcff84a4435be]::sync::OnceCell<std[617be2ca0a6fd877]::sync::poison::mutex::Mutex<pocketcasts[fbaa6ac57ece1873]::client::Pocketcasts>>>::get_or_init<test_client[1b6451fac09ca9ca]::login>::{closure#0}, <once_cell[27dfcff84a4435be]::sync::OnceCell<_>>::get_or_init::Void>
[INFO] [stdout]   21:     0x55e76e61f99c - test_client[1b6451fac09ca9ca]::pocketcasts_client
[INFO] [stdout]   22:     0x55e76e620618 - <test_client[1b6451fac09ca9ca]::test_episode::{closure#0} as core[a373ad73a504971]::ops::function::FnOnce<()>>::call_once
[INFO] [stdout]   23:     0x55e76e6239bb - test[aada8e7e76ba119b]::__rust_begin_short_backtrace::<core[a373ad73a504971]::result::Result<(), alloc[2e1b2a31b91974c5]::string::String>, fn() -> core[a373ad73a504971]::result::Result<(), alloc[2e1b2a31b91974c5]::string::String>>
[INFO] [stdout]   24:     0x55e76e630b95 - test[aada8e7e76ba119b]::run_test::{closure#0}
[INFO] [stdout]   25:     0x55e76e62a484 - std[617be2ca0a6fd877]::sys::backtrace::__rust_begin_short_backtrace::<test[aada8e7e76ba119b]::run_test::{closure#1}, ()>
[INFO] [stdout]   26:     0x55e76e633c22 - <std[617be2ca0a6fd877]::thread::lifecycle::spawn_unchecked<test[aada8e7e76ba119b]::run_test::{closure#1}, ()>::{closure#1} as core[a373ad73a504971]::ops::function::FnOnce<()>>::call_once::{shim:vtable#0}
[INFO] [stdout]   27:     0x55e76e7c7b7f - <std[617be2ca0a6fd877]::sys::thread::unix::Thread>::new::thread_start
[INFO] [stdout]   28:     0x7b6bef2fddfa - <unknown>
[INFO] [stdout]   29:     0x7b6bef3913d4 - clone
[INFO] [stdout]   30:                0x0 - <unknown>
[INFO] [stdout] 
[INFO] [stdout] ---- test_new_releases stdout ----
[INFO] [stdout] 
[INFO] [stdout] thread 'test_new_releases' (1592) panicked at tests/test_client.rs:19:42:
[INFO] [stdout] Missing env var PC_EMAIL: NotPresent
[INFO] [stdout] stack backtrace:
[INFO] [stdout]    0:     0x55e76e7c86d1 - <<std[617be2ca0a6fd877]::sys::backtrace::BacktraceLock>::print::DisplayBacktrace as core[a373ad73a504971]::fmt::Display>::fmt
[INFO] [stdout]    1:     0x55e76e7de81a - core[a373ad73a504971]::fmt::write
[INFO] [stdout]    2:     0x55e76e7cce6c - <alloc[2e1b2a31b91974c5]::vec::Vec<u8> as core[a373ad73a504971]::io::write::Write>::write_fmt
[INFO] [stdout]    3:     0x55e76e7a3456 - std[617be2ca0a6fd877]::panicking::default_hook::{closure#0}
[INFO] [stdout]    4:     0x55e76e7c0519 - std[617be2ca0a6fd877]::panicking::default_hook
[INFO] [stdout]    5:     0x55e76e630570 - test[aada8e7e76ba119b]::test_main_inner::{closure#0}
[INFO] [stdout]    6:     0x55e76e7c0842 - std[617be2ca0a6fd877]::panicking::panic_with_hook
[INFO] [stdout]    7:     0x55e76e7a3502 - std[617be2ca0a6fd877]::panicking::panic_handler::{closure#0}
[INFO] [stdout]    8:     0x55e76e79bef9 - std[617be2ca0a6fd877]::sys::backtrace::__rust_end_short_backtrace::<std[617be2ca0a6fd877]::panicking::panic_handler::{closure#0}, !>
[INFO] [stdout]    9:     0x55e76e7a439d - __rustc[ea4f61d10b84890b]::rust_begin_unwind
[INFO] [stdout]   10:     0x55e76e7def7c - core[a373ad73a504971]::panicking::panic_fmt
[INFO] [stdout]   11:     0x55e76e7ded52 - core[a373ad73a504971]::result::unwrap_failed
[INFO] [stdout]   12:     0x55e76e61fc2b - <test_client[1b6451fac09ca9ca]::ClientCredentials>::default
[INFO] [stdout]   13:     0x55e76e60d42f - <tokio_executor[c16d55b87ab8df42]::current_thread::CurrentRunner>::set_spawn::<<tokio_executor[c16d55b87ab8df42]::current_thread::Borrow<tokio_net[6b384bfa684ebc11]::driver::reactor::Handle>>::enter<<tokio_executor[c16d55b87ab8df42]::current_thread::Entered<tokio_timer[591a6035510df16f]::timer::Timer<tokio_net[6b384bfa684ebc11]::driver::reactor::Reactor>>>::block_on<test_client[1b6451fac09ca9ca]::login::{closure#0}>::{closure#0}, core[a373ad73a504971]::task::poll::Poll<std[617be2ca0a6fd877]::sync::poison::mutex::Mutex<pocketcasts[fbaa6ac57ece1873]::client::Pocketcasts>>>::{closure#0}::{closure#0}, core[a373ad73a504971]::task::poll::Poll<std[617be2ca0a6fd877]::sync::poison::mutex::Mutex<pocketcasts[fbaa6ac57ece1873]::client::Pocketcasts>>>
[INFO] [stdout]   14:     0x55e76e60be2f - <tokio_executor[c16d55b87ab8df42]::current_thread::CurrentThread<tokio_timer[591a6035510df16f]::timer::Timer<tokio_net[6b384bfa684ebc11]::driver::reactor::Reactor>>>::block_on::<test_client[1b6451fac09ca9ca]::login::{closure#0}>
[INFO] [stdout]   15:     0x55e76e6209fe - <std[617be2ca0a6fd877]::thread::local::LocalKey<core[a373ad73a504971]::cell::Cell<core[a373ad73a504971]::option::Option<*const tokio_timer[591a6035510df16f]::clock::Clock>>>>::with::<tokio_timer[591a6035510df16f]::clock::with_default<<tokio[33ec0923d4b53269]::runtime::current_thread::runtime::Runtime>::enter<<tokio[33ec0923d4b53269]::runtime::current_thread::runtime::Runtime>::block_on<test_client[1b6451fac09ca9ca]::login::{closure#0}>::{closure#0}, std[617be2ca0a6fd877]::sync::poison::mutex::Mutex<pocketcasts[fbaa6ac57ece1873]::client::Pocketcasts>>::{closure#0}, std[617be2ca0a6fd877]::sync::poison::mutex::Mutex<pocketcasts[fbaa6ac57ece1873]::client::Pocketcasts>>::{closure#0}, std[617be2ca0a6fd877]::sync::poison::mutex::Mutex<pocketcasts[fbaa6ac57ece1873]::client::Pocketcasts>>
[INFO] [stdout]   16:     0x55e76e617864 - <tokio[33ec0923d4b53269]::runtime::current_thread::runtime::Runtime>::enter::<<tokio[33ec0923d4b53269]::runtime::current_thread::runtime::Runtime>::block_on<test_client[1b6451fac09ca9ca]::login::{closure#0}>::{closure#0}, std[617be2ca0a6fd877]::sync::poison::mutex::Mutex<pocketcasts[fbaa6ac57ece1873]::client::Pocketcasts>>
[INFO] [stdout]   17:     0x55e76e61c2d1 - tokio_test[70b393bde413fbe9]::block_on::<test_client[1b6451fac09ca9ca]::login::{closure#0}>
[INFO] [stdout]   18:     0x55e76e61b2a6 - <once_cell[27dfcff84a4435be]::imp::OnceCell<std[617be2ca0a6fd877]::sync::poison::mutex::Mutex<pocketcasts[fbaa6ac57ece1873]::client::Pocketcasts>>>::initialize::<<once_cell[27dfcff84a4435be]::sync::OnceCell<std[617be2ca0a6fd877]::sync::poison::mutex::Mutex<pocketcasts[fbaa6ac57ece1873]::client::Pocketcasts>>>::get_or_init<test_client[1b6451fac09ca9ca]::login>::{closure#0}, <once_cell[27dfcff84a4435be]::sync::OnceCell<_>>::get_or_init::Void>::{closure#0}
[INFO] [stdout]   19:     0x55e76e78af8f - once_cell[27dfcff84a4435be]::imp::initialize_or_wait
[INFO] [stdout]   20:     0x55e76e61a1a2 - <once_cell[27dfcff84a4435be]::imp::OnceCell<std[617be2ca0a6fd877]::sync::poison::mutex::Mutex<pocketcasts[fbaa6ac57ece1873]::client::Pocketcasts>>>::initialize::<<once_cell[27dfcff84a4435be]::sync::OnceCell<std[617be2ca0a6fd877]::sync::poison::mutex::Mutex<pocketcasts[fbaa6ac57ece1873]::client::Pocketcasts>>>::get_or_init<test_client[1b6451fac09ca9ca]::login>::{closure#0}, <once_cell[27dfcff84a4435be]::sync::OnceCell<_>>::get_or_init::Void>
[INFO] [stdout]   21:     0x55e76e61f99c - test_client[1b6451fac09ca9ca]::pocketcasts_client
[INFO] [stdout]   22:     0x55e76e620698 - <test_client[1b6451fac09ca9ca]::test_new_releases::{closure#0} as core[a373ad73a504971]::ops::function::FnOnce<()>>::call_once
[INFO] [stdout]   23:     0x55e76e6239bb - test[aada8e7e76ba119b]::__rust_begin_short_backtrace::<core[a373ad73a504971]::result::Result<(), alloc[2e1b2a31b91974c5]::string::String>, fn() -> core[a373ad73a504971]::result::Result<(), alloc[2e1b2a31b91974c5]::string::String>>
[INFO] [stdout]   24:     0x55e76e630b95 - test[aada8e7e76ba119b]::run_test::{closure#0}
[INFO] [stdout]   25:     0x55e76e62a484 - std[617be2ca0a6fd877]::sys::backtrace::__rust_begin_short_backtrace::<test[aada8e7e76ba119b]::run_test::{closure#1}, ()>
[INFO] [stdout]   26:     0x55e76e633c22 - <std[617be2ca0a6fd877]::thread::lifecycle::spawn_unchecked<test[aada8e7e76ba119b]::run_test::{closure#1}, ()>::{closure#1} as core[a373ad73a504971]::ops::function::FnOnce<()>>::call_once::{shim:vtable#0}
[INFO] [stdout]   27:     0x55e76e7c7b7f - <std[617be2ca0a6fd877]::sys::thread::unix::Thread>::new::thread_start
[INFO] [stdout]   28:     0x7b6bef2fddfa - <unknown>
[INFO] [stdout]   29:     0x7b6bef3913d4 - clone
[INFO] [stdout]   30:                0x0 - <unknown>
[INFO] [stdout] 
[INFO] [stdout] ---- test_subscription_status stdout ----
[INFO] [stdout] 
[INFO] [stdout] thread 'test_subscription_status' (1593) panicked at tests/test_client.rs:19:42:
[INFO] [stdout] Missing env var PC_EMAIL: NotPresent
[INFO] [stdout] stack backtrace:
[INFO] [stdout]    0:     0x55e76e7c86d1 - <<std[617be2ca0a6fd877]::sys::backtrace::BacktraceLock>::print::DisplayBacktrace as core[a373ad73a504971]::fmt::Display>::fmt
[INFO] [stdout]    1:     0x55e76e7de81a - core[a373ad73a504971]::fmt::write
[INFO] [stdout]    2:     0x55e76e7cce6c - <alloc[2e1b2a31b91974c5]::vec::Vec<u8> as core[a373ad73a504971]::io::write::Write>::write_fmt
[INFO] [stdout]    3:     0x55e76e7a3456 - std[617be2ca0a6fd877]::panicking::default_hook::{closure#0}
[INFO] [stdout]    4:     0x55e76e7c0519 - std[617be2ca0a6fd877]::panicking::default_hook
[INFO] [stdout]    5:     0x55e76e630570 - test[aada8e7e76ba119b]::test_main_inner::{closure#0}
[INFO] [stdout]    6:     0x55e76e7c0842 - std[617be2ca0a6fd877]::panicking::panic_with_hook
[INFO] [stdout]    7:     0x55e76e7a3502 - std[617be2ca0a6fd877]::panicking::panic_handler::{closure#0}
[INFO] [stdout]    8:     0x55e76e79bef9 - std[617be2ca0a6fd877]::sys::backtrace::__rust_end_short_backtrace::<std[617be2ca0a6fd877]::panicking::panic_handler::{closure#0}, !>
[INFO] [stdout]    9:     0x55e76e7a439d - __rustc[ea4f61d10b84890b]::rust_begin_unwind
[INFO] [stdout]   10:     0x55e76e7def7c - core[a373ad73a504971]::panicking::panic_fmt
[INFO] [stdout]   11:     0x55e76e7ded52 - core[a373ad73a504971]::result::unwrap_failed
[INFO] [stdout]   12:     0x55e76e61fc2b - <test_client[1b6451fac09ca9ca]::ClientCredentials>::default
[INFO] [stdout]   13:     0x55e76e60d42f - <tokio_executor[c16d55b87ab8df42]::current_thread::CurrentRunner>::set_spawn::<<tokio_executor[c16d55b87ab8df42]::current_thread::Borrow<tokio_net[6b384bfa684ebc11]::driver::reactor::Handle>>::enter<<tokio_executor[c16d55b87ab8df42]::current_thread::Entered<tokio_timer[591a6035510df16f]::timer::Timer<tokio_net[6b384bfa684ebc11]::driver::reactor::Reactor>>>::block_on<test_client[1b6451fac09ca9ca]::login::{closure#0}>::{closure#0}, core[a373ad73a504971]::task::poll::Poll<std[617be2ca0a6fd877]::sync::poison::mutex::Mutex<pocketcasts[fbaa6ac57ece1873]::client::Pocketcasts>>>::{closure#0}::{closure#0}, core[a373ad73a504971]::task::poll::Poll<std[617be2ca0a6fd877]::sync::poison::mutex::Mutex<pocketcasts[fbaa6ac57ece1873]::client::Pocketcasts>>>
[INFO] [stdout]   14:     0x55e76e60be2f - <tokio_executor[c16d55b87ab8df42]::current_thread::CurrentThread<tokio_timer[591a6035510df16f]::timer::Timer<tokio_net[6b384bfa684ebc11]::driver::reactor::Reactor>>>::block_on::<test_client[1b6451fac09ca9ca]::login::{closure#0}>
[INFO] [stdout]   15:     0x55e76e6209fe - <std[617be2ca0a6fd877]::thread::local::LocalKey<core[a373ad73a504971]::cell::Cell<core[a373ad73a504971]::option::Option<*const tokio_timer[591a6035510df16f]::clock::Clock>>>>::with::<tokio_timer[591a6035510df16f]::clock::with_default<<tokio[33ec0923d4b53269]::runtime::current_thread::runtime::Runtime>::enter<<tokio[33ec0923d4b53269]::runtime::current_thread::runtime::Runtime>::block_on<test_client[1b6451fac09ca9ca]::login::{closure#0}>::{closure#0}, std[617be2ca0a6fd877]::sync::poison::mutex::Mutex<pocketcasts[fbaa6ac57ece1873]::client::Pocketcasts>>::{closure#0}, std[617be2ca0a6fd877]::sync::poison::mutex::Mutex<pocketcasts[fbaa6ac57ece1873]::client::Pocketcasts>>::{closure#0}, std[617be2ca0a6fd877]::sync::poison::mutex::Mutex<pocketcasts[fbaa6ac57ece1873]::client::Pocketcasts>>
[INFO] [stdout]   16:     0x55e76e617864 - <tokio[33ec0923d4b53269]::runtime::current_thread::runtime::Runtime>::enter::<<tokio[33ec0923d4b53269]::runtime::current_thread::runtime::Runtime>::block_on<test_client[1b6451fac09ca9ca]::login::{closure#0}>::{closure#0}, std[617be2ca0a6fd877]::sync::poison::mutex::Mutex<pocketcasts[fbaa6ac57ece1873]::client::Pocketcasts>>
[INFO] [stdout]   17:     0x55e76e61c2d1 - tokio_test[70b393bde413fbe9]::block_on::<test_client[1b6451fac09ca9ca]::login::{closure#0}>
[INFO] [stdout]   18:     0x55e76e61b2a6 - <once_cell[27dfcff84a4435be]::imp::OnceCell<std[617be2ca0a6fd877]::sync::poison::mutex::Mutex<pocketcasts[fbaa6ac57ece1873]::client::Pocketcasts>>>::initialize::<<once_cell[27dfcff84a4435be]::sync::OnceCell<std[617be2ca0a6fd877]::sync::poison::mutex::Mutex<pocketcasts[fbaa6ac57ece1873]::client::Pocketcasts>>>::get_or_init<test_client[1b6451fac09ca9ca]::login>::{closure#0}, <once_cell[27dfcff84a4435be]::sync::OnceCell<_>>::get_or_init::Void>::{closure#0}
[INFO] [stdout]   19:     0x55e76e78af8f - once_cell[27dfcff84a4435be]::imp::initialize_or_wait
[INFO] [stdout]   20:     0x55e76e61a1a2 - <once_cell[27dfcff84a4435be]::imp::OnceCell<std[617be2ca0a6fd877]::sync::poison::mutex::Mutex<pocketcasts[fbaa6ac57ece1873]::client::Pocketcasts>>>::initialize::<<once_cell[27dfcff84a4435be]::sync::OnceCell<std[617be2ca0a6fd877]::sync::poison::mutex::Mutex<pocketcasts[fbaa6ac57ece1873]::client::Pocketcasts>>>::get_or_init<test_client[1b6451fac09ca9ca]::login>::{closure#0}, <once_cell[27dfcff84a4435be]::sync::OnceCell<_>>::get_or_init::Void>
[INFO] [stdout]   21:     0x55e76e61f99c - test_client[1b6451fac09ca9ca]::pocketcasts_client
[INFO] [stdout]   22:     0x55e76e6207ba - <test_client[1b6451fac09ca9ca]::test_subscription_status::{closure#0} as core[a373ad73a504971]::ops::function::FnOnce<()>>::call_once
[INFO] [stdout]   23:     0x55e76e6239bb - test[aada8e7e76ba119b]::__rust_begin_short_backtrace::<core[a373ad73a504971]::result::Result<(), alloc[2e1b2a31b91974c5]::string::String>, fn() -> core[a373ad73a504971]::result::Result<(), alloc[2e1b2a31b91974c5]::string::String>>
[INFO] [stdout]   24:     0x55e76e630b95 - test[aada8e7e76ba119b]::run_test::{closure#0}
[INFO] [stdout]   25:     0x55e76e62a484 - std[617be2ca0a6fd877]::sys::backtrace::__rust_begin_short_backtrace::<test[aada8e7e76ba119b]::run_test::{closure#1}, ()>
[INFO] [stdout]   26:     0x55e76e633c22 - <std[617be2ca0a6fd877]::thread::lifecycle::spawn_unchecked<test[aada8e7e76ba119b]::run_test::{closure#1}, ()>::{closure#1} as core[a373ad73a504971]::ops::function::FnOnce<()>>::call_once::{shim:vtable#0}
[INFO] [stdout]   27:     0x55e76e7c7b7f - <std[617be2ca0a6fd877]::sys::thread::unix::Thread>::new::thread_start
[INFO] [stdout]   28:     0x7b6bef2fddfa - <unknown>
[INFO] [stdout]   29:     0x7b6bef3913d4 - clone
[INFO] [stdout]   30:                0x0 - <unknown>
[INFO] [stdout] 
[INFO] [stdout] ---- test_user_podcasts stdout ----
[INFO] [stdout] 
[INFO] [stdout] thread 'test_user_podcasts' (1594) panicked at tests/test_client.rs:19:42:
[INFO] [stdout] Missing env var PC_EMAIL: NotPresent
[INFO] [stdout] stack backtrace:
[INFO] [stdout]    0:     0x55e76e7c86d1 - <<std[617be2ca0a6fd877]::sys::backtrace::BacktraceLock>::print::DisplayBacktrace as core[a373ad73a504971]::fmt::Display>::fmt
[INFO] [stdout]    1:     0x55e76e7de81a - core[a373ad73a504971]::fmt::write
[INFO] [stdout]    2:     0x55e76e7cce6c - <alloc[2e1b2a31b91974c5]::vec::Vec<u8> as core[a373ad73a504971]::io::write::Write>::write_fmt
[INFO] [stdout]    3:     0x55e76e7a3456 - std[617be2ca0a6fd877]::panicking::default_hook::{closure#0}
[INFO] [stdout]    4:     0x55e76e7c0519 - std[617be2ca0a6fd877]::panicking::default_hook
[INFO] [stdout]    5:     0x55e76e630570 - test[aada8e7e76ba119b]::test_main_inner::{closure#0}
[INFO] [stdout]    6:     0x55e76e7c0842 - std[617be2ca0a6fd877]::panicking::panic_with_hook
[INFO] [stdout]    7:     0x55e76e7a3502 - std[617be2ca0a6fd877]::panicking::panic_handler::{closure#0}
[INFO] [stdout]    8:     0x55e76e79bef9 - std[617be2ca0a6fd877]::sys::backtrace::__rust_end_short_backtrace::<std[617be2ca0a6fd877]::panicking::panic_handler::{closure#0}, !>
[INFO] [stdout]    9:     0x55e76e7a439d - __rustc[ea4f61d10b84890b]::rust_begin_unwind
[INFO] [stdout]   10:     0x55e76e7def7c - core[a373ad73a504971]::panicking::panic_fmt
[INFO] [stdout]   11:     0x55e76e7ded52 - core[a373ad73a504971]::result::unwrap_failed
[INFO] [stdout]   12:     0x55e76e61fc2b - <test_client[1b6451fac09ca9ca]::ClientCredentials>::default
[INFO] [stdout]   13:     0x55e76e60d42f - <tokio_executor[c16d55b87ab8df42]::current_thread::CurrentRunner>::set_spawn::<<tokio_executor[c16d55b87ab8df42]::current_thread::Borrow<tokio_net[6b384bfa684ebc11]::driver::reactor::Handle>>::enter<<tokio_executor[c16d55b87ab8df42]::current_thread::Entered<tokio_timer[591a6035510df16f]::timer::Timer<tokio_net[6b384bfa684ebc11]::driver::reactor::Reactor>>>::block_on<test_client[1b6451fac09ca9ca]::login::{closure#0}>::{closure#0}, core[a373ad73a504971]::task::poll::Poll<std[617be2ca0a6fd877]::sync::poison::mutex::Mutex<pocketcasts[fbaa6ac57ece1873]::client::Pocketcasts>>>::{closure#0}::{closure#0}, core[a373ad73a504971]::task::poll::Poll<std[617be2ca0a6fd877]::sync::poison::mutex::Mutex<pocketcasts[fbaa6ac57ece1873]::client::Pocketcasts>>>
[INFO] [stdout]   14:     0x55e76e60be2f - <tokio_executor[c16d55b87ab8df42]::current_thread::CurrentThread<tokio_timer[591a6035510df16f]::timer::Timer<tokio_net[6b384bfa684ebc11]::driver::reactor::Reactor>>>::block_on::<test_client[1b6451fac09ca9ca]::login::{closure#0}>
[INFO] [stdout]   15:     0x55e76e6209fe - <std[617be2ca0a6fd877]::thread::local::LocalKey<core[a373ad73a504971]::cell::Cell<core[a373ad73a504971]::option::Option<*const tokio_timer[591a6035510df16f]::clock::Clock>>>>::with::<tokio_timer[591a6035510df16f]::clock::with_default<<tokio[33ec0923d4b53269]::runtime::current_thread::runtime::Runtime>::enter<<tokio[33ec0923d4b53269]::runtime::current_thread::runtime::Runtime>::block_on<test_client[1b6451fac09ca9ca]::login::{closure#0}>::{closure#0}, std[617be2ca0a6fd877]::sync::poison::mutex::Mutex<pocketcasts[fbaa6ac57ece1873]::client::Pocketcasts>>::{closure#0}, std[617be2ca0a6fd877]::sync::poison::mutex::Mutex<pocketcasts[fbaa6ac57ece1873]::client::Pocketcasts>>::{closure#0}, std[617be2ca0a6fd877]::sync::poison::mutex::Mutex<pocketcasts[fbaa6ac57ece1873]::client::Pocketcasts>>
[INFO] [stdout]   16:     0x55e76e617864 - <tokio[33ec0923d4b53269]::runtime::current_thread::runtime::Runtime>::enter::<<tokio[33ec0923d4b53269]::runtime::current_thread::runtime::Runtime>::block_on<test_client[1b6451fac09ca9ca]::login::{closure#0}>::{closure#0}, std[617be2ca0a6fd877]::sync::poison::mutex::Mutex<pocketcasts[fbaa6ac57ece1873]::client::Pocketcasts>>
[INFO] [stdout]   17:     0x55e76e61c2d1 - tokio_test[70b393bde413fbe9]::block_on::<test_client[1b6451fac09ca9ca]::login::{closure#0}>
[INFO] [stdout]   18:     0x55e76e61b2a6 - <once_cell[27dfcff84a4435be]::imp::OnceCell<std[617be2ca0a6fd877]::sync::poison::mutex::Mutex<pocketcasts[fbaa6ac57ece1873]::client::Pocketcasts>>>::initialize::<<once_cell[27dfcff84a4435be]::sync::OnceCell<std[617be2ca0a6fd877]::sync::poison::mutex::Mutex<pocketcasts[fbaa6ac57ece1873]::client::Pocketcasts>>>::get_or_init<test_client[1b6451fac09ca9ca]::login>::{closure#0}, <once_cell[27dfcff84a4435be]::sync::OnceCell<_>>::get_or_init::Void>::{closure#0}
[INFO] [stdout]   19:     0x55e76e78af8f - once_cell[27dfcff84a4435be]::imp::initialize_or_wait
[INFO] [stdout]   20:     0x55e76e61a1a2 - <once_cell[27dfcff84a4435be]::imp::OnceCell<std[617be2ca0a6fd877]::sync::poison::mutex::Mutex<pocketcasts[fbaa6ac57ece1873]::client::Pocketcasts>>>::initialize::<<once_cell[27dfcff84a4435be]::sync::OnceCell<std[617be2ca0a6fd877]::sync::poison::mutex::Mutex<pocketcasts[fbaa6ac57ece1873]::client::Pocketcasts>>>::get_or_init<test_client[1b6451fac09ca9ca]::login>::{closure#0}, <once_cell[27dfcff84a4435be]::sync::OnceCell<_>>::get_or_init::Void>
[INFO] [stdout]   21:     0x55e76e61f99c - test_client[1b6451fac09ca9ca]::pocketcasts_client
[INFO] [stdout]   22:     0x55e76e620728 - <test_client[1b6451fac09ca9ca]::test_user_podcasts::{closure#0} as core[a373ad73a504971]::ops::function::FnOnce<()>>::call_once
[INFO] [stdout]   23:     0x55e76e6239bb - test[aada8e7e76ba119b]::__rust_begin_short_backtrace::<core[a373ad73a504971]::result::Result<(), alloc[2e1b2a31b91974c5]::string::String>, fn() -> core[a373ad73a504971]::result::Result<(), alloc[2e1b2a31b91974c5]::string::String>>
[INFO] [stdout]   24:     0x55e76e630b95 - test[aada8e7e76ba119b]::run_test::{closure#0}
[INFO] [stdout]   25:     0x55e76e62a484 - std[617be2ca0a6fd877]::sys::backtrace::__rust_begin_short_backtrace::<test[aada8e7e76ba119b]::run_test::{closure#1}, ()>
[INFO] [stdout]   26:     0x55e76e633c22 - <std[617be2ca0a6fd877]::thread::lifecycle::spawn_unchecked<test[aada8e7e76ba119b]::run_test::{closure#1}, ()>::{closure#1} as core[a373ad73a504971]::ops::function::FnOnce<()>>::call_once::{shim:vtable#0}
[INFO] [stdout]   27:     0x55e76e7c7b7f - <std[617be2ca0a6fd877]::sys::thread::unix::Thread>::new::thread_start
[INFO] [stdout]   28:     0x7b6bef2fddfa - <unknown>
[INFO] [stdout]   29:     0x7b6bef3913d4 - clone
[INFO] [stdout]   30:                0x0 - <unknown>
[INFO] [stdout] 
[INFO] [stdout] 
[INFO] [stdout] failures:
[INFO] [stdout]     test_episode
[INFO] [stdout]     test_new_releases
[INFO] [stdout]     test_subscription_status
[INFO] [stdout]     test_user_podcasts
[INFO] [stdout] 
[INFO] [stdout] test result: FAILED. 0 passed; 4 failed; 0 ignored; 0 measured; 0 filtered out; finished in 0.01s
[INFO] [stdout] 
[INFO] [stderr] error: test failed, to rerun pass `--test test_client`
[INFO] running `Command { std: "docker" "inspect" "edcc8dafff8cbcb3f773a3d9845ca5ec10d8ae076a92c481908b362254350433", kill_on_drop: false }`
[INFO] running `Command { std: "docker" "rm" "-f" "edcc8dafff8cbcb3f773a3d9845ca5ec10d8ae076a92c481908b362254350433", kill_on_drop: false }`
[INFO] [stdout] edcc8dafff8cbcb3f773a3d9845ca5ec10d8ae076a92c481908b362254350433
