[INFO] fetching crate poa-consensus 0.6.0...
[INFO] testing poa-consensus-0.6.0 against 1.100.0-beta.1+cargoflags=--release for beta-release-1.100-2
[INFO] extracting crate poa-consensus 0.6.0 into /workspace/builds/worker-0-tc2/source
[INFO] started tweaking crates.io crate poa-consensus 0.6.0
[INFO] removed 0 missing tests
[INFO] finished tweaking crates.io crate poa-consensus 0.6.0
[INFO] tweaked toml for crates.io crate poa-consensus 0.6.0 written to /workspace/builds/worker-0-tc2/source/Cargo.toml
[INFO] validating manifest of crates.io crate poa-consensus 0.6.0 on toolchain 1.100.0-beta.1
[INFO] running `Command { std: CARGO_HOME="/workspace/cargo-home" RUSTUP_HOME="/workspace/rustup-home" "/workspace/cargo-home/bin/cargo" "+1.100.0-beta.1" "metadata" "--manifest-path" "Cargo.toml" "--no-deps", kill_on_drop: false }`
[INFO] crate crates.io crate poa-consensus 0.6.0 already has a lockfile, it will not be regenerated
[INFO] running `Command { std: CARGO_HOME="/workspace/cargo-home" RUSTUP_HOME="/workspace/rustup-home" "/workspace/cargo-home/bin/cargo" "+1.100.0-beta.1" "fetch" "--manifest-path" "Cargo.toml", kill_on_drop: false }`
[INFO] [stderr] warning: `package.homepage` is redundant with `package.repository`
[INFO] [stderr]   --> Cargo.toml:39:12
[INFO] [stderr]    |
[INFO] [stderr] 39 | homepage = "https://github.com/Psy-Fer/poa-consensus"
[INFO] [stderr]    |            ^^^^^^^^^^^^^^^^^^^^^^^^^^^^^^^^^^^^^^^^^^
[INFO] [stderr] ...
[INFO] [stderr] 44 | repository = "https://github.com/Psy-Fer/poa-consensus"
[INFO] [stderr]    |              ------------------------------------------
[INFO] [stderr]    |
[INFO] [stderr]    = note: `cargo::redundant_homepage` is set to `warn` by default
[INFO] [stderr] help: consider removing `package.homepage`
[INFO] [stderr] warning: `poa-consensus` (manifest) generated 1 warning
[INFO] running `Command { std: "docker" "create" "-v" "/var/lib/crater-agent-workspace/builds/worker-0-tc2/source:/opt/rustwide/workdir:ro,Z" "-v" "/var/lib/crater-agent-workspace/builds/worker-0-tc2/target:/opt/rustwide/target:rw,Z" "-v" "/var/lib/crater-agent-workspace/cargo-home:/opt/rustwide/cargo-home:ro,Z" "-v" "/var/lib/crater-agent-workspace/rustup-home:/opt/rustwide/rustup-home:ro,Z" "-m" "1610612736" "--network" "none" "ghcr.io/rust-lang/crates-build-env/linux@sha256:77db811e55d90add9212f6832c23229e3de5f1c1f9905e8cb07319ea15df73ac" "sleep" "infinity", kill_on_drop: false }`
[INFO] [stdout] fda29d8bb5356869da3e9a3ed5304d58488138ab961bc136a0d09b8a49f53ac7
[INFO] running `Command { std: "docker" "start" "fda29d8bb5356869da3e9a3ed5304d58488138ab961bc136a0d09b8a49f53ac7", kill_on_drop: false }`
[INFO] running `Command { std: "docker" "inspect" "fda29d8bb5356869da3e9a3ed5304d58488138ab961bc136a0d09b8a49f53ac7", kill_on_drop: false }`
[INFO] running `Command { std: "docker" "exec" "-e" "SOURCE_DIR=/opt/rustwide/workdir" "-e" "CARGO_HOME=/opt/rustwide/cargo-home" "-e" "RUSTUP_HOME=/opt/rustwide/rustup-home" "-e" "CARGO_TARGET_DIR=/opt/rustwide/target" "-w" "/opt/rustwide/workdir" "--user" "0:0" "fda29d8bb5356869da3e9a3ed5304d58488138ab961bc136a0d09b8a49f53ac7" "/opt/rustwide/cargo-home/bin/cargo" "+1.100.0-beta.1" "metadata" "--no-deps" "--format-version=1", kill_on_drop: false }`
[INFO] running `Command { std: "docker" "inspect" "fda29d8bb5356869da3e9a3ed5304d58488138ab961bc136a0d09b8a49f53ac7", kill_on_drop: false }`
[INFO] running `Command { std: "docker" "exec" "-e" "SOURCE_DIR=/opt/rustwide/workdir" "-e" "CARGO_HOME=/opt/rustwide/cargo-home" "-e" "RUSTUP_HOME=/opt/rustwide/rustup-home" "-e" "CARGO_TARGET_DIR=/opt/rustwide/target" "-e" "CARGO_INCREMENTAL=0" "-e" "RUST_BACKTRACE=full" "-e" "RUSTFLAGS=--cap-lints=warn" "-e" "RUSTDOCFLAGS=--cap-lints=warn" "-w" "/opt/rustwide/workdir" "--user" "0:0" "fda29d8bb5356869da3e9a3ed5304d58488138ab961bc136a0d09b8a49f53ac7" "/opt/rustwide/cargo-home/bin/cargo" "+1.100.0-beta.1" "build" "--frozen" "--message-format=json" "--release", kill_on_drop: false }`
[INFO] [stderr] warning: `package.homepage` is redundant with `package.repository`
[INFO] [stderr]   --> Cargo.toml:39:12
[INFO] [stderr]    |
[INFO] [stderr] 39 | homepage = "https://github.com/Psy-Fer/poa-consensus"
[INFO] [stderr]    |            ^^^^^^^^^^^^^^^^^^^^^^^^^^^^^^^^^^^^^^^^^^
[INFO] [stderr] ...
[INFO] [stderr] 44 | repository = "https://github.com/Psy-Fer/poa-consensus"
[INFO] [stderr]    |              ------------------------------------------
[INFO] [stderr]    |
[INFO] [stderr]    = note: `cargo::redundant_homepage` is set to `warn` by default
[INFO] [stderr] help: consider removing `package.homepage`
[INFO] [stderr] warning: `poa-consensus` (manifest) generated 1 warning
[INFO] [stderr]    Compiling poa-consensus v0.6.0 (/opt/rustwide/workdir)
[INFO] [stderr]     Finished `release` profile [optimized] target(s) in 4.80s
[INFO] running `Command { std: "docker" "inspect" "fda29d8bb5356869da3e9a3ed5304d58488138ab961bc136a0d09b8a49f53ac7", kill_on_drop: false }`
[INFO] running `Command { std: "docker" "exec" "-e" "SOURCE_DIR=/opt/rustwide/workdir" "-e" "CARGO_HOME=/opt/rustwide/cargo-home" "-e" "RUSTUP_HOME=/opt/rustwide/rustup-home" "-e" "CARGO_TARGET_DIR=/opt/rustwide/target" "-e" "CARGO_INCREMENTAL=0" "-e" "RUST_BACKTRACE=full" "-e" "RUSTFLAGS=--cap-lints=warn" "-e" "RUSTDOCFLAGS=--cap-lints=warn" "-w" "/opt/rustwide/workdir" "--user" "0:0" "fda29d8bb5356869da3e9a3ed5304d58488138ab961bc136a0d09b8a49f53ac7" "/opt/rustwide/cargo-home/bin/cargo" "+1.100.0-beta.1" "test" "--frozen" "--no-run" "--message-format=json" "--release", kill_on_drop: false }`
[INFO] [stderr] warning: `package.homepage` is redundant with `package.repository`
[INFO] [stderr]   --> Cargo.toml:39:12
[INFO] [stderr]    |
[INFO] [stderr] 39 | homepage = "https://github.com/Psy-Fer/poa-consensus"
[INFO] [stderr]    |            ^^^^^^^^^^^^^^^^^^^^^^^^^^^^^^^^^^^^^^^^^^
[INFO] [stderr] ...
[INFO] [stderr] 44 | repository = "https://github.com/Psy-Fer/poa-consensus"
[INFO] [stderr]    |              ------------------------------------------
[INFO] [stderr]    |
[INFO] [stderr]    = note: `cargo::redundant_homepage` is set to `warn` by default
[INFO] [stderr] help: consider removing `package.homepage`
[INFO] [stderr] warning: `poa-consensus` (manifest) generated 1 warning
[INFO] [stderr]    Compiling poa-consensus v0.6.0 (/opt/rustwide/workdir)
[INFO] [stderr]     Finished `release` profile [optimized] target(s) in 10.02s
[INFO] running `Command { std: "docker" "inspect" "fda29d8bb5356869da3e9a3ed5304d58488138ab961bc136a0d09b8a49f53ac7", kill_on_drop: false }`
[INFO] running `Command { std: "docker" "exec" "-e" "SOURCE_DIR=/opt/rustwide/workdir" "-e" "CARGO_HOME=/opt/rustwide/cargo-home" "-e" "RUSTUP_HOME=/opt/rustwide/rustup-home" "-e" "CARGO_TARGET_DIR=/opt/rustwide/target" "-e" "CARGO_INCREMENTAL=0" "-e" "RUST_BACKTRACE=full" "-e" "RUSTFLAGS=--cap-lints=warn" "-e" "RUSTDOCFLAGS=--cap-lints=warn" "-w" "/opt/rustwide/workdir" "--user" "0:0" "fda29d8bb5356869da3e9a3ed5304d58488138ab961bc136a0d09b8a49f53ac7" "/opt/rustwide/cargo-home/bin/cargo" "+1.100.0-beta.1" "test" "--frozen" "--release", kill_on_drop: false }`
[INFO] [stderr] warning: `package.homepage` is redundant with `package.repository`
[INFO] [stderr]   --> Cargo.toml:39:12
[INFO] [stderr]    |
[INFO] [stderr] 39 | homepage = "https://github.com/Psy-Fer/poa-consensus"
[INFO] [stderr]    |            ^^^^^^^^^^^^^^^^^^^^^^^^^^^^^^^^^^^^^^^^^^
[INFO] [stderr] ...
[INFO] [stderr] 44 | repository = "https://github.com/Psy-Fer/poa-consensus"
[INFO] [stderr]    |              ------------------------------------------
[INFO] [stderr]    |
[INFO] [stderr]    = note: `cargo::redundant_homepage` is set to `warn` by default
[INFO] [stderr] help: consider removing `package.homepage`
[INFO] [stderr] warning: `poa-consensus` (manifest) generated 1 warning
[INFO] [stderr]     Finished `release` profile [optimized] target(s) in 0.03s
[INFO] [stderr]      Running unittests src/lib.rs (/opt/rustwide/target/release/build/poa-consensus/1610e8cd270b7966/out/poa_consensus-1610e8cd270b7966)
[INFO] [stdout] 
[INFO] [stdout] running 84 tests
[INFO] [stdout] test analysis::tests::accuracy_cag40_50reads ... ok
[INFO] [stdout] test analysis::tests::accuracy_zero_reads ... ok
[INFO] [stdout] test analysis::tests::allele_fractions_unequal ... ok
[INFO] [stdout] test analysis::tests::ci_empty_is_nan ... ok
[INFO] [stdout] test analysis::tests::ci_identical_values ... ok
[INFO] [stdout] test analysis::tests::accuracy_increases_with_depth ... ok
[INFO] [stdout] test analysis::tests::accuracy_decreases_with_sigma ... ok
[INFO] [stdout] test analysis::tests::confidence_flags_competing_allele ... ok
[INFO] [stdout] test analysis::tests::allele_fractions_zero_total ... ok
[INFO] [stdout] test analysis::tests::ci_narrows_with_more_observations ... ok
[INFO] [stdout] test analysis::tests::confidence_flags_low_coverage ... ok
[INFO] [stdout] test analysis::tests::ci_wider_at_lower_confidence ... ok
[INFO] [stdout] test analysis::tests::erf_known_values ... ok
[INFO] [stdout] test analysis::tests::allele_fractions_sum_to_one ... ok
[INFO] [stdout] test analysis::tests::allele_fractions_equal ... ok
[INFO] [stdout] test analysis::tests::ci_contains_mean ... ok
[INFO] [stdout] test analysis::tests::low_cov_at_ends ... ok
[INFO] [stdout] test analysis::tests::confidence_clean_reads ... ok
[INFO] [stdout] test analysis::tests::accuracy_zero_sigma ... ok
[INFO] [stdout] test analysis::tests::ci_single_is_point ... ok
[INFO] [stdout] test analysis::tests::low_cov_none_below_threshold ... ok
[INFO] [stdout] test analysis::tests::min_coverage_dip ... ok
[INFO] [stdout] test analysis::tests::low_cov_trailing_run ... ok
[INFO] [stdout] test analysis::tests::accuracy_hard_locus ... ok
[INFO] [stdout] test analysis::tests::low_cov_middle_dip ... ok
[INFO] [stdout] test analysis::tests::min_coverage_empty ... ok
[INFO] [stdout] test analysis::tests::minority_arm_above_threshold ... ok
[INFO] [stdout] test analysis::tests::minority_arm_below_threshold ... ok
[INFO] [stdout] test analysis::tests::probit_known_z_scores ... ok
[INFO] [stdout] test analysis::tests::truncation_clean_when_ratio_above_threshold ... ok
[INFO] [stdout] test analysis::tests::returns_first_qualifying_site ... ok
[INFO] [stdout] test analysis::tests::no_bubbles_no_competing_allele ... ok
[INFO] [stdout] test analysis::tests::truncation_fires_when_consensus_too_short ... ok
[INFO] [stdout] test analysis::tests::truncation_message_format ... ok
[INFO] [stdout] test analysis::tests::low_cov_all_below_threshold ... ok
[INFO] [stdout] test analysis::tests::zero_reads_returns_none ... ok
[INFO] [stdout] test flank::tests::empty_repeat_segment_returns_none ... ok
[INFO] [stdout] test analysis::tests::truncation_suppressed_when_median_zero ... ok
[INFO] [stdout] test analysis::tests::min_coverage_uniform ... ok
[INFO] [stdout] test flank::tests::long_20bp_flank_fails_at_seven_mismatches ... ok
[INFO] [stdout] test flank::tests::exact_flanks ... ok
[INFO] [stdout] test flank::tests::gaa_repeat_frda_like_20bp_flanks_with_noise ... ok
[INFO] [stdout] test flank::tests::cag_repeat_10bp_flanks_one_error_each ... ok
[INFO] [stdout] test flank::tests::flank_query_identical_to_repeat_unit_anchors_at_first_occurrence ... ok
[INFO] [stdout] test flank::tests::long_20bp_flank_survives_six_mismatches ... ok
[INFO] [stdout] test flank::tests::flank_ending_in_repeat_unit_anchors_correctly_with_unique_prefix ... ok
[INFO] [stdout] test flank::tests::medium_10bp_flank_fails_at_four_mismatches ... ok
[INFO] [stdout] test flank::tests::medium_10bp_flank_survives_two_mismatches ... ok
[INFO] [stdout] test flank::tests::no_left_flank_returns_none ... ok
[INFO] [stdout] test flank::tests::no_right_flank_returns_none ... ok
[INFO] [stdout] test flank::tests::longer_read_with_flanked_str ... ok
[INFO] [stdout] test flank::tests::noisy_flanks ... ok
[INFO] [stdout] test flank::tests::overlapping_flanks_returns_none ... ok
[INFO] [stdout] test flank::tests::ont_r10_worst_case_20bp_flank_passes ... ok
[INFO] [stdout] test flank::tests::partial_read_5bp_captured_passes_5bp_query ... ok
[INFO] [stdout] test flank::tests::partial_read_10bp_captured_passes_10bp_query_with_one_error ... ok
[INFO] [stdout] test flank::tests::partial_read_5bp_captured_fails_20bp_query ... ok
[INFO] [stdout] test flank::tests::short_5bp_flank_fails_at_two_mismatches ... ok
[INFO] [stdout] test flank::tests::read_shorter_than_flank_returns_none ... ok
[INFO] [stdout] test flank::tests::single_base_flanks ... ok
[INFO] [stdout] test poa2::tests::grid_sweep_consensus_modes ... ignored, grid sweep; run with --ignored --nocapture (one process, avoids per-exec sandbox tax)
[INFO] [stdout] test poa2::tests::probe_homopolymer_dump ... ignored, probe; run with --ignored --nocapture
[INFO] [stdout] test poa2::tests::affine_insert_run_traceback_does_not_mislabel_inserts_as_matches ... ok
[INFO] [stdout] test poa2::tests_mismatch::majority_substitution_over_seed_base ... ok
[INFO] [stdout] test orient::tests::revcomp_roundtrip ... ok
[INFO] [stdout] test poa2::tests_semiglobal::partial_reads_align_to_their_subregion ... ok
[INFO] [stdout] test seed::tests::auto_fallback_to_longest_when_no_cluster ... ok
[INFO] [stdout] test poa2::tests::majority_substitution_wins ... ok
[INFO] [stdout] test orient::tests::auto_orient_flips_only_reverse_reads ... ok
[INFO] [stdout] test seed::tests::auto_ignores_partials_picks_spanning ... ok
[INFO] [stdout] test orient::tests::forward_read_stays_forward ... ok
[INFO] [stdout] test orient::tests::lowercase_forward_read_is_not_flipped ... ok
[INFO] [stdout] test orient::tests::reverse_read_detected ... ok
[INFO] [stdout] test orient::tests::revcomp_known ... ok
[INFO] [stdout] test poa2::tests::majority_mode_forces_msa_column_consensus ... ok
[INFO] [stdout] test poa2::tests::insertion_by_minority_is_dropped ... ok
[INFO] [stdout] test poa2::tests::read_paths_are_consistent_with_coverage ... ok
[INFO] [stdout] test poa2::tests::identical_reads_roundtrip ... ok
[INFO] [stdout] test seed::tests::auto_two_cluster_errors ... ok
[INFO] [stdout] test seed::tests::empty_input_errors ... ok
[INFO] [stdout] test seed::tests::explicit_valid ... ok
[INFO] [stdout] test seed::tests::explicit_out_of_bounds ... ok
[INFO] [stdout] test seed::tests::shortest_picks_min_len ... ok
[INFO] [stdout] test seed::tests::auto_picks_shortest_spanning ... ok
[INFO] [stdout] 
[INFO] [stdout] test result: ok. 82 passed; 0 failed; 2 ignored; 0 measured; 0 filtered out; finished in 0.03s
[INFO] [stdout] 
[INFO] [stderr]      Running tests/accuracy.rs (/opt/rustwide/target/release/build/poa-consensus/c0dd585e9eea607c/out/accuracy-c0dd585e9eea607c)
[INFO] [stdout] 
[INFO] [stdout] running 13 tests
[INFO] [stdout] test str_majority_repeat_count_wins ... ok
[INFO] [stdout] test zero_error_exact_consensus ... ok
[INFO] [stdout] test two_allele_snp_recovery ... ok
[INFO] [stdout] test str_with_errors_majority_length_wins ... ok
[INFO] [stdout] test hifi_error_high_identity ... ok
[INFO] [stdout] test diag_sca4_zfhx3_hap2_seed_sweep ... ok
[INFO] [stdout] test diag_sca4_zfhx3_hap2_padded ... ok
[INFO] [stdout] test frda_gaa_simulated_ont ... ok
[INFO] [stdout] test ont_error_sufficient_depth ... ok
[INFO] [stdout] test diag_sca4_zfhx3_hap2_config_sweep ... ok
[INFO] [stdout] test adaptive_band_graph_size_aware_closes_accuracy_gap ... ok
[INFO] [stdout] test band_width_accuracy_tradeoff ... ok
[INFO] [stderr]      Running tests/analysis_diagnostics.rs (/opt/rustwide/target/release/build/poa-consensus/1d19cf39ecdebd58/out/analysis_diagnostics-1d19cf39ecdebd58)
[INFO] [stdout] test depth_accuracy_curve ... ok
[INFO] [stdout] 
[INFO] [stdout] test result: ok. 13 passed; 0 failed; 0 ignored; 0 measured; 0 filtered out; finished in 0.14s
[INFO] [stdout] 
[INFO] [stdout] 
[INFO] [stdout] running 22 tests
[INFO] [stdout] test diagnose_low_depth_fires_below_threshold_only ... ok
[INFO] [stdout] test credible_interval_single_observation_is_point ... ok
[INFO] [stdout] test diagnose_clean_consensus_is_clean ... ok
[INFO] [stdout] test diagnose_interior_low_support_fires_on_weak_interior_only ... ok
[INFO] [stdout] test diagnose_structural_competing_fires_in_single_allele_mode_only ... ok
[INFO] [stdout] test diagnose_truncation_fires_when_consensus_far_shorter_than_reads ... ok
[INFO] [stdout] test credible_interval_zero_variance_is_point ... ok
[INFO] [stdout] test consensus_fit_ranks_correct_candidate_below_wrong ... ok
[INFO] [stdout] test credible_interval_hand_computed ... ok
[INFO] [stdout] test diagnose_real_shallow_consensus_flags_low_depth ... ok
[INFO] [stdout] test max_accuracy_exact_observations_is_one ... ok
[INFO] [stdout] test diagnose_coverage_gaps_fires_only_with_gaps ... ok
[INFO] [stdout] test max_accuracy_hand_computed_values ... ok
[INFO] [stdout] test graphstats_clean_unanimous_all_fields_pristine ... ok
[INFO] [stdout] test max_accuracy_monotonic_in_depth ... ok
[INFO] [stdout] test max_accuracy_zero_observations_is_zero ... ok
[INFO] [stdout] test graphstats_length_allele_sets_longest_bubble_span ... ok
[INFO] [stdout] test graphstats_delete_disagreement_raises_column_entropy ... ok
[INFO] [stdout] test credible_interval_wider_when_variance_is_wider ... ok
[INFO] [stdout] test credible_interval_empty_is_nan ... ok
[INFO] [stdout] test graphstats_two_allele_snp_raises_bubble_and_entropy ... ok
[INFO] [stdout] test graphstats_noisy_input_raises_single_support_and_variance ... ok
[INFO] [stdout] 
[INFO] [stdout] test result: ok. 22 passed; 0 failed; 0 ignored; 0 measured; 0 filtered out; finished in 0.01s
[INFO] [stdout] 
[INFO] [stdout] 
[INFO] [stderr]      Running tests/api_contract.rs (/opt/rustwide/target/release/build/poa-consensus/ca87cae8e5c02339/out/api_contract-ca87cae8e5c02339)
[INFO] [stdout] running 5 tests
[INFO] [stdout] test empty_input_errors ... ok
[INFO] [stderr]      Running tests/cli.rs (/opt/rustwide/target/release/build/poa-consensus/b2aaffa00ee80c48/out/cli-b2aaffa00ee80c48)
[INFO] [stdout] test global_mode_recovers_clean_consensus ... ok
[INFO] [stdout] test seed_out_of_bounds_errors ... ok
[INFO] [stdout] test global_mode_exact_on_identical_reads ... ok
[INFO] [stdout] test below_min_reads_errors ... ok
[INFO] [stdout] 
[INFO] [stdout] test result: ok. 5 passed; 0 failed; 0 ignored; 0 measured; 0 filtered out; finished in 0.00s
[INFO] [stdout] 
[INFO] [stdout] 
[INFO] [stdout] running 15 tests
[INFO] [stderr] warning: `package.homepage` is redundant with `package.repository`
[INFO] [stderr]   --> Cargo.toml:39:12
[INFO] [stderr]    |
[INFO] [stderr] 39 | homepage = "https://github.com/Psy-Fer/poa-consensus"
[INFO] [stderr]    |            ^^^^^^^^^^^^^^^^^^^^^^^^^^^^^^^^^^^^^^^^^^
[INFO] [stderr] ...
[INFO] [stderr] 44 | repository = "https://github.com/Psy-Fer/poa-consensus"
[INFO] [stderr]    |              ------------------------------------------
[INFO] [stderr]    |
[INFO] [stderr]    = note: `cargo::redundant_homepage` is set to `warn` by default
[INFO] [stderr] help: consider removing `package.homepage`
[INFO] [stderr] warning: `poa-consensus` (manifest) generated 1 warning
[INFO] [stderr] warning: `package.homepage` is redundant with `package.repository`
[INFO] [stderr]   --> Cargo.toml:39:12
[INFO] [stderr]    |
[INFO] [stderr] 39 | homepage = "https://github.com/Psy-Fer/poa-consensus"
[INFO] [stderr]    |            ^^^^^^^^^^^^^^^^^^^^^^^^^^^^^^^^^^^^^^^^^^
[INFO] [stderr] ...
[INFO] [stderr] 44 | repository = "https://github.com/Psy-Fer/poa-consensus"
[INFO] [stderr]    |              ------------------------------------------
[INFO] [stderr]    |
[INFO] [stderr]    = note: `cargo::redundant_homepage` is set to `warn` by default
[INFO] [stderr] help: consider removing `package.homepage`
[INFO] [stderr] warning: `poa-consensus` (manifest) generated 1 warning
[INFO] [stderr] warning: `package.homepage` is redundant with `package.repository`
[INFO] [stderr]   --> Cargo.toml:39:12
[INFO] [stderr]    |
[INFO] [stderr] 39 | homepage = "https://github.com/Psy-Fer/poa-consensus"
[INFO] [stderr]    |            ^^^^^^^^^^^^^^^^^^^^^^^^^^^^^^^^^^^^^^^^^^
[INFO] [stderr] ...
[INFO] [stderr] 44 | repository = "https://github.com/Psy-Fer/poa-consensus"
[INFO] [stderr]    |              ------------------------------------------
[INFO] [stderr]    |
[INFO] [stderr]    = note: `cargo::redundant_homepage` is set to `warn` by default
[INFO] [stderr] help: consider removing `package.homepage`
[INFO] [stderr] warning: `poa-consensus` (manifest) generated 1 warning
[INFO] [stderr] warningwarning: `package.homepage` is redundant with `package.repository`
[INFO] [stderr]   --> Cargo.toml:39:12
[INFO] [stderr]    |
[INFO] [stderr] 39 : `package.homepage` is redundant with `package.repository`
[INFO] [stderr]   --> Cargo.toml:39:12
[INFO] [stderr]    |
[INFO] [stderr] 39 | homepage = "https://github.com/Psy-Fer/poa-consensus"
[INFO] [stderr]    |            ^^^^^^^^^^^^^^^^^^^^^^^^^^^^^^^^^^^^^^^^^^
[INFO] [stderr] ...
[INFO] [stderr] 44 | repository = "https://github.com/Psy-Fer/poa-consensus"
[INFO] [stderr]    |              ------------------------------------------
[INFO] [stderr]    |
[INFO] [stderr]    = note: `cargo::redundant_homepage` is set to `warn` by default
[INFO] [stderr] help: consider removing `package.homepage`
[INFO] [stderr] warning: `poa-consensus` (manifest) generated 1 warning
[INFO] [stderr] | homepage = "https://github.com/Psy-Fer/poa-consensus"
[INFO] [stderr]    |            ^^^^^^^^^^^^^^^^^^^^^^^^^^^^^^^^^^^^^^^^^^
[INFO] [stderr] ...
[INFO] [stderr] 44 | repository = "https://github.com/Psy-Fer/poa-consensus"
[INFO] [stderr]    |              ------------------------------------------
[INFO] [stderr]    |
[INFO] [stderr]    = note: `cargo::redundant_homepage` is set to `warn` by default
[INFO] [stderr] help: consider removing `package.homepage`
[INFO] [stderr] warning: `poa-consensus` (manifest) generated 1 warning
[INFO] [stderr] warning: `package.homepage` is redundant with `package.repository`
[INFO] [stderr]   --> Cargo.toml:39:12
[INFO] [stderr]    |
[INFO] [stderr] 39 | homepage = "https://github.com/Psy-Fer/poa-consensus"
[INFO] [stderr]    |            ^^^^^^^^^^^^^^^^^^^^^^^^^^^^^^^^^^^^^^^^^^
[INFO] [stderr] ...
[INFO] [stderr] 44 | repository = "https://github.com/Psy-Fer/poa-consensus"
[INFO] [stderr]    |              ------------------------------------------
[INFO] [stderr]    |
[INFO] [stderr]    = note: `cargo::redundant_homepage` is set to `warn` by default
[INFO] [stderr] help: consider removing `package.homepage`
[INFO] [stderr] warning: `poa-consensus` (manifest) generated 1 warning
[INFO] [stderr] warning: `package.homepage` is redundant with `package.repository`
[INFO] [stderr]   --> Cargo.toml:39:12
[INFO] [stderr]    |
[INFO] [stderr] 39 | homepage = "https://github.com/Psy-Fer/poa-consensus"
[INFO] [stderr]    |            ^^^^^^^^^^^^^^^^^^^^^^^^^^^^^^^^^^^^^^^^^^
[INFO] [stderr] ...
[INFO] [stderr] 44 | repository = "https://github.com/Psy-Fer/poa-consensus"
[INFO] [stderr]    |              ------------------------------------------
[INFO] [stderr]    |
[INFO] [stderr]    = note: `cargo::redundant_homepage` is set to `warn` by default
[INFO] [stderr] help: consider removing `package.homepage`
[INFO] [stderr] warning: `poa-consensus` (manifest) generated 1 warning
[INFO] [stderr] warning: `package.homepage` is redundant with `package.repository`
[INFO] [stderr]   --> Cargo.toml:39:12
[INFO] [stderr]    |
[INFO] [stderr] 39 | homepage = "https://github.com/Psy-Fer/poa-consensus"
[INFO] [stderr]    |            ^^^^^^^^^^^^^^^^^^^^^^^^^^^^^^^^^^^^^^^^^^
[INFO] [stderr] ...
[INFO] [stderr] 44 | repository = "https://github.com/Psy-Fer/poa-consensus"
[INFO] [stderr]    |              ------------------------------------------
[INFO] [stderr]    |
[INFO] [stderr]    = note: `cargo::redundant_homepage` is set to `warn` by default
[INFO] [stderr] help: consider removing `package.homepage`
[INFO] [stderr] warning: `poa-consensus` (manifest) generated 1 warning
[INFO] [stderr] warning: `package.homepage` is redundant with `package.repository`
[INFO] [stderr]   --> Cargo.toml:39:12
[INFO] [stderr]    |
[INFO] [stderr] 39 | homepage = "https://github.com/Psy-Fer/poa-consensus"
[INFO] [stderr]    |            ^^^^^^^^^^^^^^^^^^^^^^^^^^^^^^^^^^^^^^^^^^
[INFO] [stderr] ...
[INFO] [stderr] 44 | repository = "https://github.com/Psy-Fer/poa-consensus"
[INFO] [stderr]    |              ------------------------------------------
[INFO] [stderr]    |
[INFO] [stderr]    = note: `cargo::redundant_homepage` is set to `warn` by default
[INFO] [stderr] help: consider removing `package.homepage`
[INFO] [stderr] warning: `poa-consensus` (manifest) generated 1 warning
[INFO] [stderr] warning: `package.homepage` is redundant with `package.repository`
[INFO] [stderr]   --> Cargo.toml:39:12
[INFO] [stderr]    |
[INFO] [stderr] 39 | homepage = "https://github.com/Psy-Fer/poa-consensus"
[INFO] [stderr]    |            ^^^^^^^^^^^^^^^^^^^^^^^^^^^^^^^^^^^^^^^^^^
[INFO] [stderr] ...
[INFO] [stderr] 44 | repository = "https://github.com/Psy-Fer/poa-consensus"
[INFO] [stderr]    |              ------------------------------------------
[INFO] [stderr]    |
[INFO] [stderr]    = note: `cargo::redundant_homepage` is set to `warn` by default
[INFO] [stderr] help: consider removing `package.homepage`
[INFO] [stderr] warning: `poa-consensus` (manifest) generated 1 warning
[INFO] [stderr] warning: `package.homepage` is redundant with `package.repository`
[INFO] [stderr]   --> Cargo.toml:39:12
[INFO] [stderr]    |
[INFO] [stderr] 39 | homepage = "https://github.com/Psy-Fer/poa-consensus"
[INFO] [stderr]    |            ^^^^^^^^^^^^^^^^^^^^^^^^^^^^^^^^^^^^^^^^^^
[INFO] [stderr] ...
[INFO] [stderr] 44 | repository = "https://github.com/Psy-Fer/poa-consensus"
[INFO] [stderr]    |              ------------------------------------------
[INFO] [stderr]    |
[INFO] [stderr]    = note: `cargo::redundant_homepage` is set to `warn` by default
[INFO] [stderr] help: consider removing `package.homepage`
[INFO] [stderr] warning: `poa-consensus` (manifest) generated 1 warning
[INFO] [stderr]     Blocking waiting for file lock on build directory
[INFO] [stderr] warning: `package.homepage` is redundant with `package.repository`
[INFO] [stderr]   --> Cargo.toml:39:12
[INFO] [stderr]    |
[INFO] [stderr] 39 | homepage = "https://github.com/Psy-Fer/poa-consensus"
[INFO] [stderr]    |            ^^^^^^^^^^^^^^^^^^^^^^^^^^^^^^^^^^^^^^^^^^
[INFO] [stderr] ...
[INFO] [stderr] 44 | repository = "https://github.com/Psy-Fer/poa-consensus"
[INFO] [stderr]    |              ------------------------------------------
[INFO] [stderr]    |
[INFO] [stderr]    = note: `cargo::redundant_homepage` is set to `warn` by default
[INFO] [stderr] help: consider removing `package.homepage`
[INFO] [stderr] warning: `poa-consensus` (manifest) generated 1 warning
[INFO] [stderr]    Compiling proc-macro2 v1.0.106
[INFO] [stderr]    Compiling crossbeam-utils v0.8.21
[INFO] [stderr]    Compiling unicode-ident v1.0.24
[INFO] [stderr]    Compiling quote v1.0.45
[INFO] [stderr]    Compiling memchr v2.8.0
[INFO] [stderr]    Compiling zlib-rs v0.6.3
[INFO] [stderr]    Compiling utf8parse v0.2.2
[INFO] [stderr]    Compiling bytes v1.11.1
[INFO] [stderr]    Compiling anstyle-query v1.1.5
[INFO] [stderr]    Compiling colorchoice v1.0.5
[INFO] [stderr]    Compiling is_terminal_polyfill v1.70.2
[INFO] [stderr]    Compiling anstyle v1.0.14
[INFO] [stderr]    Compiling strsim v0.11.1
[INFO] [stderr]    Compiling clap_lex v1.1.0
[INFO] [stderr]    Compiling heck v0.5.0
[INFO] [stderr] warning: `package.homepage` is redundant with `package.repository`
[INFO] [stderr]   --> Cargo.toml:39:12
[INFO] [stderr]    |
[INFO] [stderr] 39 | homepage = "https://github.com/Psy-Fer/poa-consensus"
[INFO] [stderr]    |            ^^^^^^^^^^^^^^^^^^^^^^^^^^^^^^^^^^^^^^^^^^
[INFO] [stderr] ...
[INFO] [stderr] 44 | repository = "https://github.com/Psy-Fer/poa-consensus"
[INFO] [stderr]    |              ------------------------------------------
[INFO] [stderr]    |
[INFO] [stderr]    = note: `cargo::redundant_homepage` is set to `warn` by default
[INFO] [stderr] help: consider removing `package.homepage`
[INFO] [stderr] warning: `poa-consensus` (manifest) generated 1 warning
[INFO] [stderr]     Blocking    Blocking waiting for file lock on build directory
[INFO] [stderr]  waiting for file lock on build directory
[INFO] [stderr]     Blocking waiting for file lock on build directory
[INFO] [stderr]     Blocking waiting for file lock on build directory
[INFO] [stderr] warningwarning: `package.homepage` is redundant with `package.repository`
[INFO] [stderr]   --> Cargo.toml:39:12
[INFO] [stderr]    |
[INFO] [stderr] 39 | homepage = "https://github.com/Psy-Fer/poa-consensus"
[INFO] [stderr]    |            ^^^^^^^^^^^^^^^^^^^^^^^^^^^^^^^^^^^^^^^^^^
[INFO] [stderr] ...
[INFO] [stderr] 44 | repository = "https://github.com/Psy-Fer/poa-consensus"
[INFO] [stderr]    |              ------------------------------------------
[INFO] [stderr]    |
[INFO] [stderr]    = note: `cargo::redundant_homepage` is set to `warn` by default
[INFO] [stderr] help: consider removing `package.homepage`
[INFO] [stderr] warning: `poa-consensus` (manifest) generated 1 warning
[INFO] [stderr] : `package.homepage` is redundant with `package.repository`
[INFO] [stderr]   --> Cargo.toml:39:12
[INFO] [stderr]    |
[INFO] [stderr] 39 | homepage = "https://github.com/Psy-Fer/poa-consensus"
[INFO] [stderr]    |            ^^^^^^^^^^^^^^^^^^^^^^^^^^^^^^^^^^^^^^^^^^
[INFO] [stderr] ...
[INFO] [stderr] 44 | repository = "https://github.com/Psy-Fer/poa-consensus"
[INFO] [stderr]    |              ------------------------------------------
[INFO] [stderr]    |
[INFO] [stderr]    = note: `cargo::redundant_homepage` is set to `warn` by default
[INFO] [stderr] help: consider removing `package.homepage`
[INFO] [stderr] warning: `poa-consensus` (manifest) generated 1 warning
[INFO] [stderr]     Blocking waiting for file lock on build directory
[INFO] [stderr]     Blocking waiting for file lock on build directory
[INFO] [stderr]    Compiling anstyle-parse v1.0.0
[INFO] [stderr]     Blocking waiting for file lock on build directory
[INFO] [stderr]     Blocking waiting for file lock on build directory
[INFO] [stderr]     Blocking waiting for file lock on build directory
[INFO] [stderr]     Blocking waiting for file lock on build directory
[INFO] [stderr]     Blocking waiting for file lock on build directory
[INFO] [stderr]     Blocking waiting for file lock on build directory
[INFO] [stderr]     Blocking waiting for file lock on build directory
[INFO] [stderr]    Compiling anstream v1.0.0
[INFO] [stderr]    Compiling clap_builder v4.6.0
[INFO] [stderr]    Compiling crossbeam-channel v0.5.15
[INFO] [stderr]    Compiling bstr v1.12.1
[INFO] [stderr]    Compiling syn v2.0.117
[INFO] [stderr]    Compiling noodles-core v0.19.0
[INFO] [stderr]    Compiling noodles-fastq v0.22.0
[INFO] [stderr]    Compiling clap_derive v4.6.1
[INFO] [stderr]    Compiling flate2 v1.1.9
[INFO] [stderr]    Compiling noodles-bgzf v0.46.0
[INFO] [stderr]    Compiling noodles-fasta v0.60.0
[INFO] [stderr]    Compiling noodles v0.109.0
[INFO] [stderr]    Compiling clap v4.6.1
[INFO] [stderr]    Compiling poa-consensus v0.6.0 (/opt/rustwide/workdir)
[INFO] [stderr]     Finished `dev` profile [unoptimized + debuginfo] target(s) in 13.79s
[INFO] [stdout] test cli_band_header_adaptive ... FAILED
[INFO] [stderr]     Finished `dev` profile [unoptimized + debuginfo] target(s) in 13.81s
[INFO] [stderr]     Finished `dev` profile [unoptimized + debuginfo] target(s) in 13.84s
[INFO] [stdout] test cli_single_record_passthrough ... FAILED
[INFO] [stderr]     Finished `dev` profile [unoptimized + debuginfo] target(s) in 13.85s
[INFO] [stdout] test cli_bad_format_exits_nonzero ... FAILED
[INFO] [stdout] test cli_simple_fasta_consensus ... FAILED
[INFO] [stderr]     Finished `dev` profile [unoptimized + debuginfo] target(s) in 13.84s
[INFO] [stdout] test cli_single_record_below_min_reads_errors ... FAILED
[INFO] [stderr]     Finished `dev` profile [unoptimized + debuginfo] target(s) in 13.84s
[INFO] [stderr]     Finished `dev` profile [unoptimized + debuginfo] target(s) in 13.88s
[INFO] [stdout] test cli_custom_scoring_and_mode_runs ... FAILED
[INFO] [stderr]     Finished `dev` profile [unoptimized + debuginfo] target(s) in 13.89s
[INFO] [stdout] test cli_partial_reads_semi_global ... FAILED
[INFO] [stdout] test cli_empty_input_exits_nonzero ... FAILED
[INFO] [stderr]     Finished `dev` profile [unoptimized + debuginfo] target(s) in 13.90s
[INFO] [stdout] test cli_help_lists_grouped_config ... FAILED
[INFO] [stderr]     Finished `dev` profile [unoptimized + debuginfo] target(s) in 13.79s
[INFO] [stdout] test cli_stdin_input ... FAILED
[INFO] [stderr]     Finished `dev` profile [unoptimized + debuginfo] target(s) in 13.92s
[INFO] [stderr]     Finished `dev` profile [unoptimized + debuginfo] target(s) in 13.94s
[INFO] [stdout] test cli_two_allele_multi_mode ... FAILED
[INFO] [stderr]     Finished `dev` profile [unoptimized + debuginfo] target(s) in 13.96s
[INFO] [stdout] test cli_band_header_fixed ... FAILED
[INFO] [stderr]     Finished `dev` profile [unoptimized + debuginfo] target(s) in 13.95s
[INFO] [stderr]     Finished `dev` profile [unoptimized + debuginfo] target(s) in 13.96s
[INFO] [stdout] test cli_noisy_fasta_recovers_majority ... FAILED
[INFO] [stdout] test cli_simple_fasta_correct_length ... FAILED
[INFO] [stderr] error: test failed, to rerun pass `--test cli`
[INFO] [stdout] test cli_invalid_consensus_mode_exits_nonzero ... FAILED
[INFO] [stdout] 
[INFO] [stdout] failures:
[INFO] [stdout] 
[INFO] [stdout] ---- cli_band_header_adaptive stdout ----
[INFO] [stdout] 
[INFO] [stdout] thread 'cli_band_header_adaptive' (848) panicked at tests/cli.rs:249:10:
[INFO] [stdout] poa-consensus failed to run: Os { code: 2, kind: NotFound, message: "No such file or directory" }
[INFO] [stdout] stack backtrace:
[INFO] [stdout]    0:     0x558d1f61de51 - <<std[617be2ca0a6fd877]::sys::backtrace::BacktraceLock>::print::DisplayBacktrace as core[a373ad73a504971]::fmt::Display>::fmt
[INFO] [stdout]    1:     0x558d1f631fda - core[a373ad73a504971]::fmt::write
[INFO] [stdout]    2:     0x558d1f6222cc - <alloc[2e1b2a31b91974c5]::vec::Vec<u8> as core[a373ad73a504971]::io::write::Write>::write_fmt
[INFO] [stdout]    3:     0x558d1f5f97a6 - std[617be2ca0a6fd877]::panicking::default_hook::{closure#0}
[INFO] [stdout]    4:     0x558d1f6161d9 - std[617be2ca0a6fd877]::panicking::default_hook
[INFO] [stdout]    5:     0x558d1f5b1ae0 - test[aada8e7e76ba119b]::test_main_inner::{closure#0}
[INFO] [stdout]    6:     0x558d1f616392 - std[617be2ca0a6fd877]::panicking::panic_with_hook
[INFO] [stdout]    7:     0x558d1f5f9852 - std[617be2ca0a6fd877]::panicking::panic_handler::{closure#0}
[INFO] [stdout]    8:     0x558d1f5f23d9 - std[617be2ca0a6fd877]::sys::backtrace::__rust_end_short_backtrace::<std[617be2ca0a6fd877]::panicking::panic_handler::{closure#0}, !>
[INFO] [stdout]    9:     0x558d1f5fa45d - __rustc[ea4f61d10b84890b]::rust_begin_unwind
[INFO] [stdout]   10:     0x558d1f63270c - core[a373ad73a504971]::panicking::panic_fmt
[INFO] [stdout]   11:     0x558d1f6324e2 - core[a373ad73a504971]::result::unwrap_failed
[INFO] [stdout]   12:     0x558d1f5a0a7f - <cli[6b4054e1f057007d]::cli_band_header_adaptive::{closure#0} as core[a373ad73a504971]::ops::function::FnOnce<()>>::call_once
[INFO] [stdout]   13:     0x558d1f5a4f2b - test[aada8e7e76ba119b]::__rust_begin_short_backtrace::<core[a373ad73a504971]::result::Result<(), alloc[2e1b2a31b91974c5]::string::String>, fn() -> core[a373ad73a504971]::result::Result<(), alloc[2e1b2a31b91974c5]::string::String>>
[INFO] [stdout]   14:     0x558d1f5b2105 - test[aada8e7e76ba119b]::run_test::{closure#0}
[INFO] [stdout]   15:     0x558d1f5ab9f4 - std[617be2ca0a6fd877]::sys::backtrace::__rust_begin_short_backtrace::<test[aada8e7e76ba119b]::run_test::{closure#1}, ()>
[INFO] [stdout]   16:     0x558d1f5b5192 - <std[617be2ca0a6fd877]::thread::lifecycle::spawn_unchecked<test[aada8e7e76ba119b]::run_test::{closure#1}, ()>::{closure#1} as core[a373ad73a504971]::ops::function::FnOnce<()>>::call_once::{shim:vtable#0}
[INFO] [stdout]   17:     0x558d1f61d39f - <std[617be2ca0a6fd877]::sys::thread::unix::Thread>::new::thread_start
[INFO] [stdout]   18:     0x77102316cdfa - <unknown>
[INFO] [stdout]   19:     0x7710232003d4 - clone
[INFO] [stdout]   20:                0x0 - <unknown>
[INFO] [stdout] 
[INFO] [stdout] ---- cli_single_record_passthrough stdout ----
[INFO] [stdout] 
[INFO] [stdout] thread 'cli_single_record_passthrough' (861) panicked at tests/cli.rs:184:10:
[INFO] [stdout] spawn failed: Os { code: 2, kind: NotFound, message: "No such file or directory" }
[INFO] [stdout] stack backtrace:
[INFO] [stdout]    0:     0x558d1f61de51 - <<std[617be2ca0a6fd877]::sys::backtrace::BacktraceLock>::print::DisplayBacktrace as core[a373ad73a504971]::fmt::Display>::fmt
[INFO] [stdout]    1:     0x558d1f631fda - core[a373ad73a504971]::fmt::write
[INFO] [stdout]    2:     0x558d1f6222cc - <alloc[2e1b2a31b91974c5]::vec::Vec<u8> as core[a373ad73a504971]::io::write::Write>::write_fmt
[INFO] [stdout]    3:     0x558d1f5f97a6 - std[617be2ca0a6fd877]::panicking::default_hook::{closure#0}
[INFO] [stdout]    4:     0x558d1f6161d9 - std[617be2ca0a6fd877]::panicking::default_hook
[INFO] [stdout]    5:     0x558d1f5b1ae0 - test[aada8e7e76ba119b]::test_main_inner::{closure#0}
[INFO] [stdout]    6:     0x558d1f616392 - std[617be2ca0a6fd877]::panicking::panic_with_hook
[INFO] [stdout]    7:     0x558d1f5f9852 - std[617be2ca0a6fd877]::panicking::panic_handler::{closure#0}
[INFO] [stdout]    8:     0x558d1f5f23d9 - std[617be2ca0a6fd877]::sys::backtrace::__rust_end_short_backtrace::<std[617be2ca0a6fd877]::panicking::panic_handler::{closure#0}, !>
[INFO] [stdout]    9:     0x558d1f5fa45d - __rustc[ea4f61d10b84890b]::rust_begin_unwind
[INFO] [stdout]   10:     0x558d1f63270c - core[a373ad73a504971]::panicking::panic_fmt
[INFO] [stdout]   11:     0x558d1f6324e2 - core[a373ad73a504971]::result::unwrap_failed
[INFO] [stdout]   12:     0x558d1f5a296c - <cli[6b4054e1f057007d]::cli_single_record_passthrough::{closure#0} as core[a373ad73a504971]::ops::function::FnOnce<()>>::call_once
[INFO] [stdout]   13:     0x558d1f5a4f2b - test[aada8e7e76ba119b]::__rust_begin_short_backtrace::<core[a373ad73a504971]::result::Result<(), alloc[2e1b2a31b91974c5]::string::String>, fn() -> core[a373ad73a504971]::result::Result<(), alloc[2e1b2a31b91974c5]::string::String>>
[INFO] [stdout]   14:     0x558d1f5b2105 - test[aada8e7e76ba119b]::run_test::{closure#0}
[INFO] [stdout]   15:     0x558d1f5ab9f4 - std[617be2ca0a6fd877]::sys::backtrace::__rust_begin_short_backtrace::<test[aada8e7e76ba119b]::run_test::{closure#1}, ()>
[INFO] [stdout]   16:     0x558d1f5b5192 - <std[617be2ca0a6fd877]::thread::lifecycle::spawn_unchecked<test[aada8e7e76ba119b]::run_test::{closure#1}, ()>::{closure#1} as core[a373ad73a504971]::ops::function::FnOnce<()>>::call_once::{shim:vtable#0}
[INFO] [stdout]   17:     0x558d1f61d39f - <std[617be2ca0a6fd877]::sys::thread::unix::Thread>::new::thread_start
[INFO] [stdout]   18:     0x77102316cdfa - <unknown>
[INFO] [stdout]   19:     0x7710232003d4 - clone
[INFO] [stdout]   20:                0x0 - <unknown>
[INFO] [stdout] 
[INFO] [stdout] ---- cli_bad_format_exits_nonzero stdout ----
[INFO] [stdout] 
[INFO] [stdout] thread 'cli_bad_format_exits_nonzero' (847) panicked at tests/cli.rs:289:10:
[INFO] [stdout] spawn: Os { code: 2, kind: NotFound, message: "No such file or directory" }
[INFO] [stdout] stack backtrace:
[INFO] [stdout]    0:     0x558d1f61de51 - <<std[617be2ca0a6fd877]::sys::backtrace::BacktraceLock>::print::DisplayBacktrace as core[a373ad73a504971]::fmt::Display>::fmt
[INFO] [stdout]    1:     0x558d1f631fda - core[a373ad73a504971]::fmt::write
[INFO] [stdout]    2:     0x558d1f6222cc - <alloc[2e1b2a31b91974c5]::vec::Vec<u8> as core[a373ad73a504971]::io::write::Write>::write_fmt
[INFO] [stdout]    3:     0x558d1f5f97a6 - std[617be2ca0a6fd877]::panicking::default_hook::{closure#0}
[INFO] [stdout]    4:     0x558d1f6161d9 - std[617be2ca0a6fd877]::panicking::default_hook
[INFO] [stdout]    5:     0x558d1f5b1ae0 - test[aada8e7e76ba119b]::test_main_inner::{closure#0}
[INFO] [stdout]    6:     0x558d1f616392 - std[617be2ca0a6fd877]::panicking::panic_with_hook
[INFO] [stdout]    7:     0x558d1f5f9852 - std[617be2ca0a6fd877]::panicking::panic_handler::{closure#0}
[INFO] [stdout]    8:     0x558d1f5f23d9 - std[617be2ca0a6fd877]::sys::backtrace::__rust_end_short_backtrace::<std[617be2ca0a6fd877]::panicking::panic_handler::{closure#0}, !>
[INFO] [stdout]    9:     0x558d1f5fa45d - __rustc[ea4f61d10b84890b]::rust_begin_unwind
[INFO] [stdout]   10:     0x558d1f63270c - core[a373ad73a504971]::panicking::panic_fmt
[INFO] [stdout]   11:     0x558d1f6324e2 - core[a373ad73a504971]::result::unwrap_failed
[INFO] [stdout]   12:     0x558d1f5a1891 - <cli[6b4054e1f057007d]::cli_bad_format_exits_nonzero::{closure#0} as core[a373ad73a504971]::ops::function::FnOnce<()>>::call_once
[INFO] [stdout]   13:     0x558d1f5a4f2b - test[aada8e7e76ba119b]::__rust_begin_short_backtrace::<core[a373ad73a504971]::result::Result<(), alloc[2e1b2a31b91974c5]::string::String>, fn() -> core[a373ad73a504971]::result::Result<(), alloc[2e1b2a31b91974c5]::string::String>>
[INFO] [stdout]   14:     0x558d1f5b2105 - test[aada8e7e76ba119b]::run_test::{closure#0}
[INFO] [stdout]   15:     0x558d1f5ab9f4 - std[617be2ca0a6fd877]::sys::backtrace::__rust_begin_short_backtrace::<test[aada8e7e76ba119b]::run_test::{closure#1}, ()>
[INFO] [stdout]   16:     0x558d1f5b5192 - <std[617be2ca0a6fd877]::thread::lifecycle::spawn_unchecked<test[aada8e7e76ba119b]::run_test::{closure#1}, ()>::{closure#1} as core[a373ad73a504971]::ops::function::FnOnce<()>>::call_once::{shim:vtable#0}
[INFO] [stdout]   17:     0x558d1f61d39f - <std[617be2ca0a6fd877]::sys::thread::unix::Thread>::new::thread_start
[INFO] [stdout]   18:     0x77102316cdfa - <unknown>
[INFO] [stdout]   19:     0x7710232003d4 - clone
[INFO] [stdout]   20:                0x0 - <unknown>
[INFO] [stdout] 
[INFO] [stdout] ---- cli_simple_fasta_consensus stdout ----
[INFO] [stdout] 
[INFO] [stdout] thread 'cli_simple_fasta_consensus' (858) panicked at tests/cli.rs:38:10:
[INFO] [stdout] poa-consensus failed to run: Os { code: 2, kind: NotFound, message: "No such file or directory" }
[INFO] [stdout] stack backtrace:
[INFO] [stdout]    0:     0x558d1f61de51 - <<std[617be2ca0a6fd877]::sys::backtrace::BacktraceLock>::print::DisplayBacktrace as core[a373ad73a504971]::fmt::Display>::fmt
[INFO] [stdout]    1:     0x558d1f631fda - core[a373ad73a504971]::fmt::write
[INFO] [stdout]    2:     0x558d1f6222cc - <alloc[2e1b2a31b91974c5]::vec::Vec<u8> as core[a373ad73a504971]::io::write::Write>::write_fmt
[INFO] [stdout]    3:     0x558d1f5f97a6 - std[617be2ca0a6fd877]::panicking::default_hook::{closure#0}
[INFO] [stdout]    4:     0x558d1f6161d9 - std[617be2ca0a6fd877]::panicking::default_hook
[INFO] [stdout]    5:     0x558d1f5b1ae0 - test[aada8e7e76ba119b]::test_main_inner::{closure#0}
[INFO] [stdout]    6:     0x558d1f616392 - std[617be2ca0a6fd877]::panicking::panic_with_hook
[INFO] [stdout]    7:     0x558d1f5f9852 - std[617be2ca0a6fd877]::panicking::panic_handler::{closure#0}
[INFO] [stdout]    8:     0x558d1f5f23d9 - std[617be2ca0a6fd877]::sys::backtrace::__rust_end_short_backtrace::<std[617be2ca0a6fd877]::panicking::panic_handler::{closure#0}, !>
[INFO] [stdout]    9:     0x558d1f5fa45d - __rustc[ea4f61d10b84890b]::rust_begin_unwind
[INFO] [stdout]   10:     0x558d1f63270c - core[a373ad73a504971]::panicking::panic_fmt
[INFO] [stdout]   11:     0x558d1f6324e2 - core[a373ad73a504971]::result::unwrap_failed
[INFO] [stdout]   12:     0x558d1f5a15a0 - <cli[6b4054e1f057007d]::cli_simple_fasta_consensus::{closure#0} as core[a373ad73a504971]::ops::function::FnOnce<()>>::call_once
[INFO] [stdout]   13:     0x558d1f5a4f2b - test[aada8e7e76ba119b]::__rust_begin_short_backtrace::<core[a373ad73a504971]::result::Result<(), alloc[2e1b2a31b91974c5]::string::String>, fn() -> core[a373ad73a504971]::result::Result<(), alloc[2e1b2a31b91974c5]::string::String>>
[INFO] [stdout]   14:     0x558d1f5b2105 - test[aada8e7e76ba119b]::run_test::{closure#0}
[INFO] [stdout]   15:     0x558d1f5ab9f4 - std[617be2ca0a6fd877]::sys::backtrace::__rust_begin_short_backtrace::<test[aada8e7e76ba119b]::run_test::{closure#1}, ()>
[INFO] [stdout]   16:     0x558d1f5b5192 - <std[617be2ca0a6fd877]::thread::lifecycle::spawn_unchecked<test[aada8e7e76ba119b]::run_test::{closure#1}, ()>::{closure#1} as core[a373ad73a504971]::ops::function::FnOnce<()>>::call_once::{shim:vtable#0}
[INFO] [stdout]   17:     0x558d1f61d39f - <std[617be2ca0a6fd877]::sys::thread::unix::Thread>::new::thread_start
[INFO] [stdout]   18:     0x77102316cdfa - <unknown>
[INFO] [stdout]   19:     0x7710232003d4 - clone
[INFO] [stdout]   20:                0x0 - <unknown>
[INFO] [stdout] 
[INFO] [stdout] ---- cli_single_record_below_min_reads_errors stdout ----
[INFO] [stdout] 
[INFO] [stdout] thread 'cli_single_record_below_min_reads_errors' (860) panicked at tests/cli.rs:208:10:
[INFO] [stdout] spawn failed: Os { code: 2, kind: NotFound, message: "No such file or directory" }
[INFO] [stdout] stack backtrace:
[INFO] [stdout]    0:     0x558d1f61de51 - <<std[617be2ca0a6fd877]::sys::backtrace::BacktraceLock>::print::DisplayBacktrace as core[a373ad73a504971]::fmt::Display>::fmt
[INFO] [stdout]    1:     0x558d1f631fda - core[a373ad73a504971]::fmt::write
[INFO] [stdout]    2:     0x558d1f6222cc - <alloc[2e1b2a31b91974c5]::vec::Vec<u8> as core[a373ad73a504971]::io::write::Write>::write_fmt
[INFO] [stdout]    3:     0x558d1f5f97a6 - std[617be2ca0a6fd877]::panicking::default_hook::{closure#0}
[INFO] [stdout]    4:     0x558d1f6161d9 - std[617be2ca0a6fd877]::panicking::default_hook
[INFO] [stdout]    5:     0x558d1f5b1ae0 - test[aada8e7e76ba119b]::test_main_inner::{closure#0}
[INFO] [stdout]    6:     0x558d1f616392 - std[617be2ca0a6fd877]::panicking::panic_with_hook
[INFO] [stdout]    7:     0x558d1f5f9852 - std[617be2ca0a6fd877]::panicking::panic_handler::{closure#0}
[INFO] [stdout]    8:     0x558d1f5f23d9 - std[617be2ca0a6fd877]::sys::backtrace::__rust_end_short_backtrace::<std[617be2ca0a6fd877]::panicking::panic_handler::{closure#0}, !>
[INFO] [stdout]    9:     0x558d1f5fa45d - __rustc[ea4f61d10b84890b]::rust_begin_unwind
[INFO] [stdout]   10:     0x558d1f63270c - core[a373ad73a504971]::panicking::panic_fmt
[INFO] [stdout]   11:     0x558d1f6324e2 - core[a373ad73a504971]::result::unwrap_failed
[INFO] [stdout]   12:     0x558d1f5a3c51 - <cli[6b4054e1f057007d]::cli_single_record_below_min_reads_errors::{closure#0} as core[a373ad73a504971]::ops::function::FnOnce<()>>::call_once
[INFO] [stdout]   13:     0x558d1f5a4f2b - test[aada8e7e76ba119b]::__rust_begin_short_backtrace::<core[a373ad73a504971]::result::Result<(), alloc[2e1b2a31b91974c5]::string::String>, fn() -> core[a373ad73a504971]::result::Result<(), alloc[2e1b2a31b91974c5]::string::String>>
[INFO] [stdout]   14:     0x558d1f5b2105 - test[aada8e7e76ba119b]::run_test::{closure#0}
[INFO] [stdout]   15:     0x558d1f5ab9f4 - std[617be2ca0a6fd877]::sys::backtrace::__rust_begin_short_backtrace::<test[aada8e7e76ba119b]::run_test::{closure#1}, ()>
[INFO] [stdout]   16:     0x558d1f5b5192 - <std[617be2ca0a6fd877]::thread::lifecycle::spawn_unchecked<test[aada8e7e76ba119b]::run_test::{closure#1}, ()>::{closure#1} as core[a373ad73a504971]::ops::function::FnOnce<()>>::call_once::{shim:vtable#0}
[INFO] [stdout]   17:     0x558d1f61d39f - <std[617be2ca0a6fd877]::sys::thread::unix::Thread>::new::thread_start
[INFO] [stdout]   18:     0x77102316cdfa - <unknown>
[INFO] [stdout]   19:     0x7710232003d4 - clone
[INFO] [stdout]   20:                0x0 - <unknown>
[INFO] [stdout] 
[INFO] [stdout] ---- cli_custom_scoring_and_mode_runs stdout ----
[INFO] [stdout] 
[INFO] [stdout] thread 'cli_custom_scoring_and_mode_runs' (852) panicked at tests/cli.rs:341:10:
[INFO] [stdout] run with custom scoring: Os { code: 2, kind: NotFound, message: "No such file or directory" }
[INFO] [stdout] stack backtrace:
[INFO] [stdout]    0:     0x558d1f61de51 - <<std[617be2ca0a6fd877]::sys::backtrace::BacktraceLock>::print::DisplayBacktrace as core[a373ad73a504971]::fmt::Display>::fmt
[INFO] [stdout]    1:     0x558d1f631fda - core[a373ad73a504971]::fmt::write
[INFO] [stdout]    2:     0x558d1f6222cc - <alloc[2e1b2a31b91974c5]::vec::Vec<u8> as core[a373ad73a504971]::io::write::Write>::write_fmt
[INFO] [stdout]    3:     0x558d1f5f97a6 - std[617be2ca0a6fd877]::panicking::default_hook::{closure#0}
[INFO] [stdout]    4:     0x558d1f6161d9 - std[617be2ca0a6fd877]::panicking::default_hook
[INFO] [stdout]    5:     0x558d1f5b1ae0 - test[aada8e7e76ba119b]::test_main_inner::{closure#0}
[INFO] [stdout]    6:     0x558d1f616392 - std[617be2ca0a6fd877]::panicking::panic_with_hook
[INFO] [stdout]    7:     0x558d1f5f9852 - std[617be2ca0a6fd877]::panicking::panic_handler::{closure#0}
[INFO] [stdout]    8:     0x558d1f5f23d9 - std[617be2ca0a6fd877]::sys::backtrace::__rust_end_short_backtrace::<std[617be2ca0a6fd877]::panicking::panic_handler::{closure#0}, !>
[INFO] [stdout]    9:     0x558d1f5fa45d - __rustc[ea4f61d10b84890b]::rust_begin_unwind
[INFO] [stdout]   10:     0x558d1f63270c - core[a373ad73a504971]::panicking::panic_fmt
[INFO] [stdout]   11:     0x558d1f6324e2 - core[a373ad73a504971]::result::unwrap_failed
[INFO] [stdout]   12:     0x558d1f5a3301 - <cli[6b4054e1f057007d]::cli_custom_scoring_and_mode_runs::{closure#0} as core[a373ad73a504971]::ops::function::FnOnce<()>>::call_once
[INFO] [stdout]   13:     0x558d1f5a4f2b - test[aada8e7e76ba119b]::__rust_begin_short_backtrace::<core[a373ad73a504971]::result::Result<(), alloc[2e1b2a31b91974c5]::string::String>, fn() -> core[a373ad73a504971]::result::Result<(), alloc[2e1b2a31b91974c5]::string::String>>
[INFO] [stdout]   14:     0x558d1f5b2105 - test[aada8e7e76ba119b]::run_test::{closure#0}
[INFO] [stdout]   15:     0x558d1f5ab9f4 - std[617be2ca0a6fd877]::sys::backtrace::__rust_begin_short_backtrace::<test[aada8e7e76ba119b]::run_test::{closure#1}, ()>
[INFO] [stdout]   16:     0x558d1f5b5192 - <std[617be2ca0a6fd877]::thread::lifecycle::spawn_unchecked<test[aada8e7e76ba119b]::run_test::{closure#1}, ()>::{closure#1} as core[a373ad73a504971]::ops::function::FnOnce<()>>::call_once::{shim:vtable#0}
[INFO] [stdout]   17:     0x558d1f61d39f - <std[617be2ca0a6fd877]::sys::thread::unix::Thread>::new::thread_start
[INFO] [stdout]   18:     0x77102316cdfa - <unknown>
[INFO] [stdout]   19:     0x7710232003d4 - clone
[INFO] [stdout]   20:                0x0 - <unknown>
[INFO] [stdout] 
[INFO] [stdout] ---- cli_partial_reads_semi_global stdout ----
[INFO] [stdout] 
[INFO] [stdout] thread 'cli_partial_reads_semi_global' (857) panicked at tests/cli.rs:103:10:
[INFO] [stdout] poa-consensus failed to run: Os { code: 2, kind: NotFound, message: "No such file or directory" }
[INFO] [stdout] stack backtrace:
[INFO] [stdout]    0:     0x558d1f61de51 - <<std[617be2ca0a6fd877]::sys::backtrace::BacktraceLock>::print::DisplayBacktrace as core[a373ad73a504971]::fmt::Display>::fmt
[INFO] [stdout]    1:     0x558d1f631fda - core[a373ad73a504971]::fmt::write
[INFO] [stdout]    2:     0x558d1f6222cc - <alloc[2e1b2a31b91974c5]::vec::Vec<u8> as core[a373ad73a504971]::io::write::Write>::write_fmt
[INFO] [stdout]    3:     0x558d1f5f97a6 - std[617be2ca0a6fd877]::panicking::default_hook::{closure#0}
[INFO] [stdout]    4:     0x558d1f6161d9 - std[617be2ca0a6fd877]::panicking::default_hook
[INFO] [stdout]    5:     0x558d1f5b1ae0 - test[aada8e7e76ba119b]::test_main_inner::{closure#0}
[INFO] [stdout]    6:     0x558d1f616392 - std[617be2ca0a6fd877]::panicking::panic_with_hook
[INFO] [stdout]    7:     0x558d1f5f9852 - std[617be2ca0a6fd877]::panicking::panic_handler::{closure#0}
[INFO] [stdout]    8:     0x558d1f5f23d9 - std[617be2ca0a6fd877]::sys::backtrace::__rust_end_short_backtrace::<std[617be2ca0a6fd877]::panicking::panic_handler::{closure#0}, !>
[INFO] [stdout]    9:     0x558d1f5fa45d - __rustc[ea4f61d10b84890b]::rust_begin_unwind
[INFO] [stdout]   10:     0x558d1f63270c - core[a373ad73a504971]::panicking::panic_fmt
[INFO] [stdout]   11:     0x558d1f6324e2 - core[a373ad73a504971]::result::unwrap_failed
[INFO] [stdout]   12:     0x558d1f5a23c4 - <cli[6b4054e1f057007d]::cli_partial_reads_semi_global::{closure#0} as core[a373ad73a504971]::ops::function::FnOnce<()>>::call_once
[INFO] [stdout]   13:     0x558d1f5a4f2b - test[aada8e7e76ba119b]::__rust_begin_short_backtrace::<core[a373ad73a504971]::result::Result<(), alloc[2e1b2a31b91974c5]::string::String>, fn() -> core[a373ad73a504971]::result::Result<(), alloc[2e1b2a31b91974c5]::string::String>>
[INFO] [stdout]   14:     0x558d1f5b2105 - test[aada8e7e76ba119b]::run_test::{closure#0}
[INFO] [stdout]   15:     0x558d1f5ab9f4 - std[617be2ca0a6fd877]::sys::backtrace::__rust_begin_short_backtrace::<test[aada8e7e76ba119b]::run_test::{closure#1}, ()>
[INFO] [stdout]   16:     0x558d1f5b5192 - <std[617be2ca0a6fd877]::thread::lifecycle::spawn_unchecked<test[aada8e7e76ba119b]::run_test::{closure#1}, ()>::{closure#1} as core[a373ad73a504971]::ops::function::FnOnce<()>>::call_once::{shim:vtable#0}
[INFO] [stdout]   17:     0x558d1f61d39f - <std[617be2ca0a6fd877]::sys::thread::unix::Thread>::new::thread_start
[INFO] [stdout]   18:     0x77102316cdfa - <unknown>
[INFO] [stdout]   19:     0x7710232003d4 - clone
[INFO] [stdout]   20:                0x0 - <unknown>
[INFO] [stdout] 
[INFO] [stdout] ---- cli_empty_input_exits_nonzero stdout ----
[INFO] [stdout] 
[INFO] [stdout] thread 'cli_empty_input_exits_nonzero' (853) panicked at tests/cli.rs:270:10:
[INFO] [stdout] spawn: Os { code: 2, kind: NotFound, message: "No such file or directory" }
[INFO] [stdout] stack backtrace:
[INFO] [stdout]    0:     0x558d1f61de51 - <<std[617be2ca0a6fd877]::sys::backtrace::BacktraceLock>::print::DisplayBacktrace as core[a373ad73a504971]::fmt::Display>::fmt
[INFO] [stdout]    1:     0x558d1f631fda - core[a373ad73a504971]::fmt::write
[INFO] [stdout]    2:     0x558d1f6222cc - <alloc[2e1b2a31b91974c5]::vec::Vec<u8> as core[a373ad73a504971]::io::write::Write>::write_fmt
[INFO] [stdout]    3:     0x558d1f5f97a6 - std[617be2ca0a6fd877]::panicking::default_hook::{closure#0}
[INFO] [stdout]    4:     0x558d1f6161d9 - std[617be2ca0a6fd877]::panicking::default_hook
[INFO] [stdout]    5:     0x558d1f5b1ae0 - test[aada8e7e76ba119b]::test_main_inner::{closure#0}
[INFO] [stdout]    6:     0x558d1f616392 - std[617be2ca0a6fd877]::panicking::panic_with_hook
[INFO] [stdout]    7:     0x558d1f5f9852 - std[617be2ca0a6fd877]::panicking::panic_handler::{closure#0}
[INFO] [stdout]    8:     0x558d1f5f23d9 - std[617be2ca0a6fd877]::sys::backtrace::__rust_end_short_backtrace::<std[617be2ca0a6fd877]::panicking::panic_handler::{closure#0}, !>
[INFO] [stdout]    9:     0x558d1f5fa45d - __rustc[ea4f61d10b84890b]::rust_begin_unwind
[INFO] [stdout]   10:     0x558d1f63270c - core[a373ad73a504971]::panicking::panic_fmt
[INFO] [stdout]   11:     0x558d1f6324e2 - core[a373ad73a504971]::result::unwrap_failed
[INFO] [stdout]   12:     0x558d1f5a1b5d - <cli[6b4054e1f057007d]::cli_empty_input_exits_nonzero::{closure#0} as core[a373ad73a504971]::ops::function::FnOnce<()>>::call_once
[INFO] [stdout]   13:     0x558d1f5a4f2b - test[aada8e7e76ba119b]::__rust_begin_short_backtrace::<core[a373ad73a504971]::result::Result<(), alloc[2e1b2a31b91974c5]::string::String>, fn() -> core[a373ad73a504971]::result::Result<(), alloc[2e1b2a31b91974c5]::string::String>>
[INFO] [stdout]   14:     0x558d1f5b2105 - test[aada8e7e76ba119b]::run_test::{closure#0}
[INFO] [stdout]   15:     0x558d1f5ab9f4 - std[617be2ca0a6fd877]::sys::backtrace::__rust_begin_short_backtrace::<test[aada8e7e76ba119b]::run_test::{closure#1}, ()>
[INFO] [stdout]   16:     0x558d1f5b5192 - <std[617be2ca0a6fd877]::thread::lifecycle::spawn_unchecked<test[aada8e7e76ba119b]::run_test::{closure#1}, ()>::{closure#1} as core[a373ad73a504971]::ops::function::FnOnce<()>>::call_once::{shim:vtable#0}
[INFO] [stdout]   17:     0x558d1f61d39f - <std[617be2ca0a6fd877]::sys::thread::unix::Thread>::new::thread_start
[INFO] [stdout]   18:     0x77102316cdfa - <unknown>
[INFO] [stdout]   19:     0x7710232003d4 - clone
[INFO] [stdout]   20:                0x0 - <unknown>
[INFO] [stdout] 
[INFO] [stdout] ---- cli_help_lists_grouped_config stdout ----
[INFO] [stdout] 
[INFO] [stdout] thread 'cli_help_lists_grouped_config' (854) panicked at tests/cli.rs:301:48:
[INFO] [stdout] run --help: Os { code: 2, kind: NotFound, message: "No such file or directory" }
[INFO] [stdout] stack backtrace:
[INFO] [stdout]    0:     0x558d1f61de51 - <<std[617be2ca0a6fd877]::sys::backtrace::BacktraceLock>::print::DisplayBacktrace as core[a373ad73a504971]::fmt::Display>::fmt
[INFO] [stdout]    1:     0x558d1f631fda - core[a373ad73a504971]::fmt::write
[INFO] [stdout]    2:     0x558d1f6222cc - <alloc[2e1b2a31b91974c5]::vec::Vec<u8> as core[a373ad73a504971]::io::write::Write>::write_fmt
[INFO] [stdout]    3:     0x558d1f5f97a6 - std[617be2ca0a6fd877]::panicking::default_hook::{closure#0}
[INFO] [stdout]    4:     0x558d1f6161d9 - std[617be2ca0a6fd877]::panicking::default_hook
[INFO] [stdout]    5:     0x558d1f5b1ae0 - test[aada8e7e76ba119b]::test_main_inner::{closure#0}
[INFO] [stdout]    6:     0x558d1f616392 - std[617be2ca0a6fd877]::panicking::panic_with_hook
[INFO] [stdout]    7:     0x558d1f5f9852 - std[617be2ca0a6fd877]::panicking::panic_handler::{closure#0}
[INFO] [stdout]    8:     0x558d1f5f23d9 - std[617be2ca0a6fd877]::sys::backtrace::__rust_end_short_backtrace::<std[617be2ca0a6fd877]::panicking::panic_handler::{closure#0}, !>
[INFO] [stdout]    9:     0x558d1f5fa45d - __rustc[ea4f61d10b84890b]::rust_begin_unwind
[INFO] [stdout]   10:     0x558d1f63270c - core[a373ad73a504971]::panicking::panic_fmt
[INFO] [stdout]   11:     0x558d1f6324e2 - core[a373ad73a504971]::result::unwrap_failed
[INFO] [stdout]   12:     0x558d1f5a1f31 - <cli[6b4054e1f057007d]::cli_help_lists_grouped_config::{closure#0} as core[a373ad73a504971]::ops::function::FnOnce<()>>::call_once
[INFO] [stdout]   13:     0x558d1f5a4f2b - test[aada8e7e76ba119b]::__rust_begin_short_backtrace::<core[a373ad73a504971]::result::Result<(), alloc[2e1b2a31b91974c5]::string::String>, fn() -> core[a373ad73a504971]::result::Result<(), alloc[2e1b2a31b91974c5]::string::String>>
[INFO] [stdout]   14:     0x558d1f5b2105 - test[aada8e7e76ba119b]::run_test::{closure#0}
[INFO] [stdout]   15:     0x558d1f5ab9f4 - std[617be2ca0a6fd877]::sys::backtrace::__rust_begin_short_backtrace::<test[aada8e7e76ba119b]::run_test::{closure#1}, ()>
[INFO] [stdout]   16:     0x558d1f5b5192 - <std[617be2ca0a6fd877]::thread::lifecycle::spawn_unchecked<test[aada8e7e76ba119b]::run_test::{closure#1}, ()>::{closure#1} as core[a373ad73a504971]::ops::function::FnOnce<()>>::call_once::{shim:vtable#0}
[INFO] [stdout]   17:     0x558d1f61d39f - <std[617be2ca0a6fd877]::sys::thread::unix::Thread>::new::thread_start
[INFO] [stdout]   18:     0x77102316cdfa - <unknown>
[INFO] [stdout]   19:     0x7710232003d4 - clone
[INFO] [stdout]   20:                0x0 - <unknown>
[INFO] [stdout] 
[INFO] [stdout] ---- cli_stdin_input stdout ----
[INFO] [stdout] 
[INFO] [stdout] thread 'cli_stdin_input' (862) panicked at tests/cli.rs:160:10:
[INFO] [stdout] spawn failed: Os { code: 2, kind: NotFound, message: "No such file or directory" }
[INFO] [stdout] stack backtrace:
[INFO] [stdout]    0:     0x558d1f61de51 - <<std[617be2ca0a6fd877]::sys::backtrace::BacktraceLock>::print::DisplayBacktrace as core[a373ad73a504971]::fmt::Display>::fmt
[INFO] [stdout]    1:     0x558d1f631fda - core[a373ad73a504971]::fmt::write
[INFO] [stdout]    2:     0x558d1f6222cc - <alloc[2e1b2a31b91974c5]::vec::Vec<u8> as core[a373ad73a504971]::io::write::Write>::write_fmt
[INFO] [stdout]    3:     0x558d1f5f97a6 - std[617be2ca0a6fd877]::panicking::default_hook::{closure#0}
[INFO] [stdout]    4:     0x558d1f6161d9 - std[617be2ca0a6fd877]::panicking::default_hook
[INFO] [stdout]    5:     0x558d1f5b1ae0 - test[aada8e7e76ba119b]::test_main_inner::{closure#0}
[INFO] [stdout]    6:     0x558d1f616392 - std[617be2ca0a6fd877]::panicking::panic_with_hook
[INFO] [stdout]    7:     0x558d1f5f9852 - std[617be2ca0a6fd877]::panicking::panic_handler::{closure#0}
[INFO] [stdout]    8:     0x558d1f5f23d9 - std[617be2ca0a6fd877]::sys::backtrace::__rust_end_short_backtrace::<std[617be2ca0a6fd877]::panicking::panic_handler::{closure#0}, !>
[INFO] [stdout]    9:     0x558d1f5fa45d - __rustc[ea4f61d10b84890b]::rust_begin_unwind
[INFO] [stdout]   10:     0x558d1f63270c - core[a373ad73a504971]::panicking::panic_fmt
[INFO] [stdout]   11:     0x558d1f6324e2 - core[a373ad73a504971]::result::unwrap_failed
[INFO] [stdout]   12:     0x558d1f5a0081 - <cli[6b4054e1f057007d]::cli_stdin_input::{closure#0} as core[a373ad73a504971]::ops::function::FnOnce<()>>::call_once
[INFO] [stdout]   13:     0x558d1f5a4f2b - test[aada8e7e76ba119b]::__rust_begin_short_backtrace::<core[a373ad73a504971]::result::Result<(), alloc[2e1b2a31b91974c5]::string::String>, fn() -> core[a373ad73a504971]::result::Result<(), alloc[2e1b2a31b91974c5]::string::String>>
[INFO] [stdout]   14:     0x558d1f5b2105 - test[aada8e7e76ba119b]::run_test::{closure#0}
[INFO] [stdout]   15:     0x558d1f5ab9f4 - std[617be2ca0a6fd877]::sys::backtrace::__rust_begin_short_backtrace::<test[aada8e7e76ba119b]::run_test::{closure#1}, ()>
[INFO] [stdout]   16:     0x558d1f5b5192 - <std[617be2ca0a6fd877]::thread::lifecycle::spawn_unchecked<test[aada8e7e76ba119b]::run_test::{closure#1}, ()>::{closure#1} as core[a373ad73a504971]::ops::function::FnOnce<()>>::call_once::{shim:vtable#0}
[INFO] [stdout]   17:     0x558d1f61d39f - <std[617be2ca0a6fd877]::sys::thread::unix::Thread>::new::thread_start
[INFO] [stdout]   18:     0x77102316cdfa - <unknown>
[INFO] [stdout]   19:     0x7710232003d4 - clone
[INFO] [stdout]   20:                0x0 - <unknown>
[INFO] [stdout] 
[INFO] [stdout] ---- cli_two_allele_multi_mode stdout ----
[INFO] [stdout] 
[INFO] [stdout] thread 'cli_two_allele_multi_mode' (863) panicked at tests/cli.rs:119:10:
[INFO] [stdout] poa-consensus failed to run: Os { code: 2, kind: NotFound, message: "No such file or directory" }
[INFO] [stdout] stack backtrace:
[INFO] [stdout]    0:     0x558d1f61de51 - <<std[617be2ca0a6fd877]::sys::backtrace::BacktraceLock>::print::DisplayBacktrace as core[a373ad73a504971]::fmt::Display>::fmt
[INFO] [stdout]    1:     0x558d1f631fda - core[a373ad73a504971]::fmt::write
[INFO] [stdout]    2:     0x558d1f6222cc - <alloc[2e1b2a31b91974c5]::vec::Vec<u8> as core[a373ad73a504971]::io::write::Write>::write_fmt
[INFO] [stdout]    3:     0x558d1f5f97a6 - std[617be2ca0a6fd877]::panicking::default_hook::{closure#0}
[INFO] [stdout]    4:     0x558d1f6161d9 - std[617be2ca0a6fd877]::panicking::default_hook
[INFO] [stdout]    5:     0x558d1f5b1ae0 - test[aada8e7e76ba119b]::test_main_inner::{closure#0}
[INFO] [stdout]    6:     0x558d1f616392 - std[617be2ca0a6fd877]::panicking::panic_with_hook
[INFO] [stdout]    7:     0x558d1f5f9852 - std[617be2ca0a6fd877]::panicking::panic_handler::{closure#0}
[INFO] [stdout]    8:     0x558d1f5f23d9 - std[617be2ca0a6fd877]::sys::backtrace::__rust_end_short_backtrace::<std[617be2ca0a6fd877]::panicking::panic_handler::{closure#0}, !>
[INFO] [stdout]    9:     0x558d1f5fa45d - __rustc[ea4f61d10b84890b]::rust_begin_unwind
[INFO] [stdout]   10:     0x558d1f63270c - core[a373ad73a504971]::panicking::panic_fmt
[INFO] [stdout]   11:     0x558d1f6324e2 - core[a373ad73a504971]::result::unwrap_failed
[INFO] [stdout]   12:     0x558d1f5a10df - <cli[6b4054e1f057007d]::cli_two_allele_multi_mode::{closure#0} as core[a373ad73a504971]::ops::function::FnOnce<()>>::call_once
[INFO] [stdout]   13:     0x558d1f5a4f2b - test[aada8e7e76ba119b]::__rust_begin_short_backtrace::<core[a373ad73a504971]::result::Result<(), alloc[2e1b2a31b91974c5]::string::String>, fn() -> core[a373ad73a504971]::result::Result<(), alloc[2e1b2a31b91974c5]::string::String>>
[INFO] [stdout]   14:     0x558d1f5b2105 - test[aada8e7e76ba119b]::run_test::{closure#0}
[INFO] [stdout]   15:     0x558d1f5ab9f4 - std[617be2ca0a6fd877]::sys::backtrace::__rust_begin_short_backtrace::<test[aada8e7e76ba119b]::run_test::{closure#1}, ()>
[INFO] [stdout]   16:     0x558d1f5b5192 - <std[617be2ca0a6fd877]::thread::lifecycle::spawn_unchecked<test[aada8e7e76ba119b]::run_test::{closure#1}, ()>::{closure#1} as core[a373ad73a504971]::ops::function::FnOnce<()>>::call_once::{shim:vtable#0}
[INFO] [stdout]   17:     0x558d1f61d39f - <std[617be2ca0a6fd877]::sys::thread::unix::Thread>::new::thread_start
[INFO] [stdout]   18:     0x77102316cdfa - <unknown>
[INFO] [stdout]   19:     0x7710232003d4 - clone
[INFO] [stdout]   20:                0x0 - <unknown>
[INFO] [stdout] 
[INFO] [stdout] ---- cli_band_header_fixed stdout ----
[INFO] [stdout] 
[INFO] [stdout] thread 'cli_band_header_fixed' (851) panicked at tests/cli.rs:232:10:
[INFO] [stdout] poa-consensus failed to run: Os { code: 2, kind: NotFound, message: "No such file or directory" }
[INFO] [stdout] stack backtrace:
[INFO] [stdout]    0:     0x558d1f61de51 - <<std[617be2ca0a6fd877]::sys::backtrace::BacktraceLock>::print::DisplayBacktrace as core[a373ad73a504971]::fmt::Display>::fmt
[INFO] [stdout]    1:     0x558d1f631fda - core[a373ad73a504971]::fmt::write
[INFO] [stdout]    2:     0x558d1f6222cc - <alloc[2e1b2a31b91974c5]::vec::Vec<u8> as core[a373ad73a504971]::io::write::Write>::write_fmt
[INFO] [stdout]    3:     0x558d1f5f97a6 - std[617be2ca0a6fd877]::panicking::default_hook::{closure#0}
[INFO] [stdout]    4:     0x558d1f6161d9 - std[617be2ca0a6fd877]::panicking::default_hook
[INFO] [stdout]    5:     0x558d1f5b1ae0 - test[aada8e7e76ba119b]::test_main_inner::{closure#0}
[INFO] [stdout]    6:     0x558d1f616392 - std[617be2ca0a6fd877]::panicking::panic_with_hook
[INFO] [stdout]    7:     0x558d1f5f9852 - std[617be2ca0a6fd877]::panicking::panic_handler::{closure#0}
[INFO] [stdout]    8:     0x558d1f5f23d9 - std[617be2ca0a6fd877]::sys::backtrace::__rust_end_short_backtrace::<std[617be2ca0a6fd877]::panicking::panic_handler::{closure#0}, !>
[INFO] [stdout]    9:     0x558d1f5fa45d - __rustc[ea4f61d10b84890b]::rust_begin_unwind
[INFO] [stdout]   10:     0x558d1f63270c - core[a373ad73a504971]::panicking::panic_fmt
[INFO] [stdout]   11:     0x558d1f6324e2 - core[a373ad73a504971]::result::unwrap_failed
[INFO] [stdout]   12:     0x558d1f5a062c - <cli[6b4054e1f057007d]::cli_band_header_fixed::{closure#0} as core[a373ad73a504971]::ops::function::FnOnce<()>>::call_once
[INFO] [stdout]   13:     0x558d1f5a4f2b - test[aada8e7e76ba119b]::__rust_begin_short_backtrace::<core[a373ad73a504971]::result::Result<(), alloc[2e1b2a31b91974c5]::string::String>, fn() -> core[a373ad73a504971]::result::Result<(), alloc[2e1b2a31b91974c5]::string::String>>
[INFO] [stdout]   14:     0x558d1f5b2105 - test[aada8e7e76ba119b]::run_test::{closure#0}
[INFO] [stdout]   15:     0x558d1f5ab9f4 - std[617be2ca0a6fd877]::sys::backtrace::__rust_begin_short_backtrace::<test[aada8e7e76ba119b]::run_test::{closure#1}, ()>
[INFO] [stdout]   16:     0x558d1f5b5192 - <std[617be2ca0a6fd877]::thread::lifecycle::spawn_unchecked<test[aada8e7e76ba119b]::run_test::{closure#1}, ()>::{closure#1} as core[a373ad73a504971]::ops::function::FnOnce<()>>::call_once::{shim:vtable#0}
[INFO] [stdout]   17:     0x558d1f61d39f - <std[617be2ca0a6fd877]::sys::thread::unix::Thread>::new::thread_start
[INFO] [stdout]   18:     0x77102316cdfa - <unknown>
[INFO] [stdout]   19:     0x7710232003d4 - clone
[INFO] [stdout]   20:                0x0 - <unknown>
[INFO] [stdout] 
[INFO] [stdout] ---- cli_noisy_fasta_recovers_majority stdout ----
[INFO] [stdout] 
[INFO] [stdout] thread 'cli_noisy_fasta_recovers_majority' (856) panicked at tests/cli.rs:84:10:
[INFO] [stdout] poa-consensus failed to run: Os { code: 2, kind: NotFound, message: "No such file or directory" }
[INFO] [stdout] stack backtrace:
[INFO] [stdout]    0:     0x558d1f61de51 - <<std[617be2ca0a6fd877]::sys::backtrace::BacktraceLock>::print::DisplayBacktrace as core[a373ad73a504971]::fmt::Display>::fmt
[INFO] [stdout]    1:     0x558d1f631fda - core[a373ad73a504971]::fmt::write
[INFO] [stdout]    2:     0x558d1f6222cc - <alloc[2e1b2a31b91974c5]::vec::Vec<u8> as core[a373ad73a504971]::io::write::Write>::write_fmt
[INFO] [stdout]    3:     0x558d1f5f97a6 - std[617be2ca0a6fd877]::panicking::default_hook::{closure#0}
[INFO] [stdout]    4:     0x558d1f6161d9 - std[617be2ca0a6fd877]::panicking::default_hook
[INFO] [stdout]    5:     0x558d1f5b1ae0 - test[aada8e7e76ba119b]::test_main_inner::{closure#0}
[INFO] [stdout]    6:     0x558d1f616392 - std[617be2ca0a6fd877]::panicking::panic_with_hook
[INFO] [stdout]    7:     0x558d1f5f9852 - std[617be2ca0a6fd877]::panicking::panic_handler::{closure#0}
[INFO] [stdout]    8:     0x558d1f5f23d9 - std[617be2ca0a6fd877]::sys::backtrace::__rust_end_short_backtrace::<std[617be2ca0a6fd877]::panicking::panic_handler::{closure#0}, !>
[INFO] [stdout]    9:     0x558d1f5fa45d - __rustc[ea4f61d10b84890b]::rust_begin_unwind
[INFO] [stdout]   10:     0x558d1f63270c - core[a373ad73a504971]::panicking::panic_fmt
[INFO] [stdout]   11:     0x558d1f6324e2 - core[a373ad73a504971]::result::unwrap_failed
[INFO] [stdout]   12:     0x558d1f5a37d2 - <cli[6b4054e1f057007d]::cli_noisy_fasta_recovers_majority::{closure#0} as core[a373ad73a504971]::ops::function::FnOnce<()>>::call_once
[INFO] [stdout]   13:     0x558d1f5a4f2b - test[aada8e7e76ba119b]::__rust_begin_short_backtrace::<core[a373ad73a504971]::result::Result<(), alloc[2e1b2a31b91974c5]::string::String>, fn() -> core[a373ad73a504971]::result::Result<(), alloc[2e1b2a31b91974c5]::string::String>>
[INFO] [stdout]   14:     0x558d1f5b2105 - test[aada8e7e76ba119b]::run_test::{closure#0}
[INFO] [stdout]   15:     0x558d1f5ab9f4 - std[617be2ca0a6fd877]::sys::backtrace::__rust_begin_short_backtrace::<test[aada8e7e76ba119b]::run_test::{closure#1}, ()>
[INFO] [stdout]   16:     0x558d1f5b5192 - <std[617be2ca0a6fd877]::thread::lifecycle::spawn_unchecked<test[aada8e7e76ba119b]::run_test::{closure#1}, ()>::{closure#1} as core[a373ad73a504971]::ops::function::FnOnce<()>>::call_once::{shim:vtable#0}
[INFO] [stdout]   17:     0x558d1f61d39f - <std[617be2ca0a6fd877]::sys::thread::unix::Thread>::new::thread_start
[INFO] [stdout]   18:     0x77102316cdfa - <unknown>
[INFO] [stdout]   19:     0x7710232003d4 - clone
[INFO] [stdout]   20:                0x0 - <unknown>
[INFO] [stdout] 
[INFO] [stdout] ---- cli_simple_fasta_correct_length stdout ----
[INFO] [stdout] 
[INFO] [stdout] thread 'cli_simple_fasta_correct_length' (859) panicked at tests/cli.rs:70:10:
[INFO] [stdout] poa-consensus failed to run: Os { code: 2, kind: NotFound, message: "No such file or directory" }
[INFO] [stdout] stack backtrace:
[INFO] [stdout]    0:     0x558d1f61de51 - <<std[617be2ca0a6fd877]::sys::backtrace::BacktraceLock>::print::DisplayBacktrace as core[a373ad73a504971]::fmt::Display>::fmt
[INFO] [stdout]    1:     0x558d1f631fda - core[a373ad73a504971]::fmt::write
[INFO] [stdout]    2:     0x558d1f6222cc - <alloc[2e1b2a31b91974c5]::vec::Vec<u8> as core[a373ad73a504971]::io::write::Write>::write_fmt
[INFO] [stdout]    3:     0x558d1f5f97a6 - std[617be2ca0a6fd877]::panicking::default_hook::{closure#0}
[INFO] [stdout]    4:     0x558d1f6161d9 - std[617be2ca0a6fd877]::panicking::default_hook
[INFO] [stdout]    5:     0x558d1f5b1ae0 - test[aada8e7e76ba119b]::test_main_inner::{closure#0}
[INFO] [stdout]    6:     0x558d1f616392 - std[617be2ca0a6fd877]::panicking::panic_with_hook
[INFO] [stdout]    7:     0x558d1f5f9852 - std[617be2ca0a6fd877]::panicking::panic_handler::{closure#0}
[INFO] [stdout]    8:     0x558d1f5f23d9 - std[617be2ca0a6fd877]::sys::backtrace::__rust_end_short_backtrace::<std[617be2ca0a6fd877]::panicking::panic_handler::{closure#0}, !>
[INFO] [stdout]    9:     0x558d1f5fa45d - __rustc[ea4f61d10b84890b]::rust_begin_unwind
[INFO] [stdout]   10:     0x558d1f63270c - core[a373ad73a504971]::panicking::panic_fmt
[INFO] [stdout]   11:     0x558d1f6324e2 - core[a373ad73a504971]::result::unwrap_failed
[INFO] [stdout]   12:     0x558d1f5a2efb - <cli[6b4054e1f057007d]::cli_simple_fasta_correct_length::{closure#0} as core[a373ad73a504971]::ops::function::FnOnce<()>>::call_once
[INFO] [stdout]   13:     0x558d1f5a4f2b - test[aada8e7e76ba119b]::__rust_begin_short_backtrace::<core[a373ad73a504971]::result::Result<(), alloc[2e1b2a31b91974c5]::string::String>, fn() -> core[a373ad73a504971]::result::Result<(), alloc[2e1b2a31b91974c5]::string::String>>
[INFO] [stdout]   14:     0x558d1f5b2105 - test[aada8e7e76ba119b]::run_test::{closure#0}
[INFO] [stdout]   15:     0x558d1f5ab9f4 - std[617be2ca0a6fd877]::sys::backtrace::__rust_begin_short_backtrace::<test[aada8e7e76ba119b]::run_test::{closure#1}, ()>
[INFO] [stdout]   16:     0x558d1f5b5192 - <std[617be2ca0a6fd877]::thread::lifecycle::spawn_unchecked<test[aada8e7e76ba119b]::run_test::{closure#1}, ()>::{closure#1} as core[a373ad73a504971]::ops::function::FnOnce<()>>::call_once::{shim:vtable#0}
[INFO] [stdout]   17:     0x558d1f61d39f - <std[617be2ca0a6fd877]::sys::thread::unix::Thread>::new::thread_start
[INFO] [stdout]   18:     0x77102316cdfa - <unknown>
[INFO] [stdout]   19:     0x7710232003d4 - clone
[INFO] [stdout]   20:                0x0 - <unknown>
[INFO] [stdout] 
[INFO] [stdout] ---- cli_invalid_consensus_mode_exits_nonzero stdout ----
[INFO] [stdout] 
[INFO] [stdout] thread 'cli_invalid_consensus_mode_exits_nonzero' (855) panicked at tests/cli.rs:361:10:
[INFO] [stdout] run with bad mode: Os { code: 2, kind: NotFound, message: "No such file or directory" }
[INFO] [stdout] stack backtrace:
[INFO] [stdout]    0:     0x558d1f61de51 - <<std[617be2ca0a6fd877]::sys::backtrace::BacktraceLock>::print::DisplayBacktrace as core[a373ad73a504971]::fmt::Display>::fmt
[INFO] [stdout]    1:     0x558d1f631fda - core[a373ad73a504971]::fmt::write
[INFO] [stdout]    2:     0x558d1f6222cc - <alloc[2e1b2a31b91974c5]::vec::Vec<u8> as core[a373ad73a504971]::io::write::Write>::write_fmt
[INFO] [stdout]    3:     0x558d1f5f97a6 - std[617be2ca0a6fd877]::panicking::default_hook::{closure#0}
[INFO] [stdout]    4:     0x558d1f6161d9 - std[617be2ca0a6fd877]::panicking::default_hook
[INFO] [stdout]    5:     0x558d1f5b1ae0 - test[aada8e7e76ba119b]::test_main_inner::{closure#0}
[INFO] [stdout]    6:     0x558d1f616392 - std[617be2ca0a6fd877]::panicking::panic_with_hook
[INFO] [stdout]    7:     0x558d1f5f9852 - std[617be2ca0a6fd877]::panicking::panic_handler::{closure#0}
[INFO] [stdout]    8:     0x558d1f5f23d9 - std[617be2ca0a6fd877]::sys::backtrace::__rust_end_short_backtrace::<std[617be2ca0a6fd877]::panicking::panic_handler::{closure#0}, !>
[INFO] [stdout]    9:     0x558d1f5fa45d - __rustc[ea4f61d10b84890b]::rust_begin_unwind
[INFO] [stdout]   10:     0x558d1f63270c - core[a373ad73a504971]::panicking::panic_fmt
[INFO] [stdout]   11:     0x558d1f6324e2 - core[a373ad73a504971]::result::unwrap_failed
[INFO] [stdout]   12:     0x558d1f5a3a29 - <cli[6b4054e1f057007d]::cli_invalid_consensus_mode_exits_nonzero::{closure#0} as core[a373ad73a504971]::ops::function::FnOnce<()>>::call_once
[INFO] [stdout]   13:     0x558d1f5a4f2b - test[aada8e7e76ba119b]::__rust_begin_short_backtrace::<core[a373ad73a504971]::result::Result<(), alloc[2e1b2a31b91974c5]::string::String>, fn() -> core[a373ad73a504971]::result::Result<(), alloc[2e1b2a31b91974c5]::string::String>>
[INFO] [stdout]   14:     0x558d1f5b2105 - test[aada8e7e76ba119b]::run_test::{closure#0}
[INFO] [stdout]   15:     0x558d1f5ab9f4 - std[617be2ca0a6fd877]::sys::backtrace::__rust_begin_short_backtrace::<test[aada8e7e76ba119b]::run_test::{closure#1}, ()>
[INFO] [stdout]   16:     0x558d1f5b5192 - <std[617be2ca0a6fd877]::thread::lifecycle::spawn_unchecked<test[aada8e7e76ba119b]::run_test::{closure#1}, ()>::{closure#1} as core[a373ad73a504971]::ops::function::FnOnce<()>>::call_once::{shim:vtable#0}
[INFO] [stdout]   17:     0x558d1f61d39f - <std[617be2ca0a6fd877]::sys::thread::unix::Thread>::new::thread_start
[INFO] [stdout]   18:     0x77102316cdfa - <unknown>
[INFO] [stdout]   19:     0x7710232003d4 - clone
[INFO] [stdout]   20:                0x0 - <unknown>
[INFO] [stdout] 
[INFO] [stdout] 
[INFO] [stdout] failures:
[INFO] [stdout]     cli_bad_format_exits_nonzero
[INFO] [stdout]     cli_band_header_adaptive
[INFO] [stdout]     cli_band_header_fixed
[INFO] [stdout]     cli_custom_scoring_and_mode_runs
[INFO] [stdout]     cli_empty_input_exits_nonzero
[INFO] [stdout]     cli_help_lists_grouped_config
[INFO] [stdout]     cli_invalid_consensus_mode_exits_nonzero
[INFO] [stdout]     cli_noisy_fasta_recovers_majority
[INFO] [stdout]     cli_partial_reads_semi_global
[INFO] [stdout]     cli_simple_fasta_consensus
[INFO] [stdout]     cli_simple_fasta_correct_length
[INFO] [stdout]     cli_single_record_below_min_reads_errors
[INFO] [stdout]     cli_single_record_passthrough
[INFO] [stdout]     cli_stdin_input
[INFO] [stdout]     cli_two_allele_multi_mode
[INFO] [stdout] 
[INFO] [stdout] test result: FAILED. 0 passed; 15 failed; 0 ignored; 0 measured; 0 filtered out; finished in 14.04s
[INFO] [stdout] 
[INFO] running `Command { std: "docker" "inspect" "fda29d8bb5356869da3e9a3ed5304d58488138ab961bc136a0d09b8a49f53ac7", kill_on_drop: false }`
[INFO] running `Command { std: "docker" "rm" "-f" "fda29d8bb5356869da3e9a3ed5304d58488138ab961bc136a0d09b8a49f53ac7", kill_on_drop: false }`
[INFO] [stdout] fda29d8bb5356869da3e9a3ed5304d58488138ab961bc136a0d09b8a49f53ac7
