[INFO] fetching crate pnut-cli 0.2.1...
[INFO] testing pnut-cli-0.2.1 against 1.100.0-beta.1+cargoflags=--release for beta-release-1.100-2
[INFO] extracting crate pnut-cli 0.2.1 into /workspace/builds/worker-5-tc2/source
[INFO] started tweaking crates.io crate pnut-cli 0.2.1
[INFO] removed 0 missing tests
[INFO] finished tweaking crates.io crate pnut-cli 0.2.1
[INFO] tweaked toml for crates.io crate pnut-cli 0.2.1 written to /workspace/builds/worker-5-tc2/source/Cargo.toml
[INFO] validating manifest of crates.io crate pnut-cli 0.2.1 on toolchain 1.100.0-beta.1
[INFO] running `Command { std: CARGO_HOME="/workspace/cargo-home" RUSTUP_HOME="/workspace/rustup-home" "/workspace/cargo-home/bin/cargo" "+1.100.0-beta.1" "metadata" "--manifest-path" "Cargo.toml" "--no-deps", kill_on_drop: false }`
[INFO] crate crates.io crate pnut-cli 0.2.1 already has a lockfile, it will not be regenerated
[INFO] running `Command { std: CARGO_HOME="/workspace/cargo-home" RUSTUP_HOME="/workspace/rustup-home" "/workspace/cargo-home/bin/cargo" "+1.100.0-beta.1" "fetch" "--manifest-path" "Cargo.toml", kill_on_drop: false }`
[INFO] [stderr] warning: `package.homepage` is redundant with `package.repository`
[INFO] [stderr]   --> Cargo.toml:38:12
[INFO] [stderr]    |
[INFO] [stderr] 38 | homepage = "https://github.com/mikedanese/pnut"
[INFO] [stderr]    |            ^^^^^^^^^^^^^^^^^^^^^^^^^^^^^^^^^^^^
[INFO] [stderr] ...
[INFO] [stderr] 43 | repository = "https://github.com/mikedanese/pnut"
[INFO] [stderr]    |              ------------------------------------
[INFO] [stderr]    |
[INFO] [stderr]    = note: `cargo::redundant_homepage` is set to `warn` by default
[INFO] [stderr] help: consider removing `package.homepage`
[INFO] [stderr] warning: `pnut-cli` (manifest) generated 1 warning
[INFO] running `Command { std: "docker" "create" "-v" "/var/lib/crater-agent-workspace/builds/worker-5-tc2/source:/opt/rustwide/workdir:ro,Z" "-v" "/var/lib/crater-agent-workspace/builds/worker-5-tc2/target:/opt/rustwide/target:rw,Z" "-v" "/var/lib/crater-agent-workspace/cargo-home:/opt/rustwide/cargo-home:ro,Z" "-v" "/var/lib/crater-agent-workspace/rustup-home:/opt/rustwide/rustup-home:ro,Z" "-m" "1610612736" "--network" "none" "ghcr.io/rust-lang/crates-build-env/linux@sha256:77db811e55d90add9212f6832c23229e3de5f1c1f9905e8cb07319ea15df73ac" "sleep" "infinity", kill_on_drop: false }`
[INFO] [stdout] 1177df0775bce3272dfc38f5f957587c9a7639c6f5ad3d93543a4fe8fb15121a
[INFO] running `Command { std: "docker" "start" "1177df0775bce3272dfc38f5f957587c9a7639c6f5ad3d93543a4fe8fb15121a", kill_on_drop: false }`
[INFO] running `Command { std: "docker" "inspect" "1177df0775bce3272dfc38f5f957587c9a7639c6f5ad3d93543a4fe8fb15121a", kill_on_drop: false }`
[INFO] running `Command { std: "docker" "exec" "-e" "SOURCE_DIR=/opt/rustwide/workdir" "-e" "CARGO_HOME=/opt/rustwide/cargo-home" "-e" "RUSTUP_HOME=/opt/rustwide/rustup-home" "-e" "CARGO_TARGET_DIR=/opt/rustwide/target" "-w" "/opt/rustwide/workdir" "--user" "0:0" "1177df0775bce3272dfc38f5f957587c9a7639c6f5ad3d93543a4fe8fb15121a" "/opt/rustwide/cargo-home/bin/cargo" "+1.100.0-beta.1" "metadata" "--no-deps" "--format-version=1", kill_on_drop: false }`
[INFO] running `Command { std: "docker" "inspect" "1177df0775bce3272dfc38f5f957587c9a7639c6f5ad3d93543a4fe8fb15121a", kill_on_drop: false }`
[INFO] running `Command { std: "docker" "exec" "-e" "SOURCE_DIR=/opt/rustwide/workdir" "-e" "CARGO_HOME=/opt/rustwide/cargo-home" "-e" "RUSTUP_HOME=/opt/rustwide/rustup-home" "-e" "CARGO_TARGET_DIR=/opt/rustwide/target" "-e" "CARGO_INCREMENTAL=0" "-e" "RUST_BACKTRACE=full" "-e" "RUSTFLAGS=--cap-lints=warn" "-e" "RUSTDOCFLAGS=--cap-lints=warn" "-w" "/opt/rustwide/workdir" "--user" "0:0" "1177df0775bce3272dfc38f5f957587c9a7639c6f5ad3d93543a4fe8fb15121a" "/opt/rustwide/cargo-home/bin/cargo" "+1.100.0-beta.1" "build" "--frozen" "--message-format=json" "--release", kill_on_drop: false }`
[INFO] [stderr] warning: `package.homepage` is redundant with `package.repository`
[INFO] [stderr]   --> Cargo.toml:38:12
[INFO] [stderr]    |
[INFO] [stderr] 38 | homepage = "https://github.com/mikedanese/pnut"
[INFO] [stderr]    |            ^^^^^^^^^^^^^^^^^^^^^^^^^^^^^^^^^^^^
[INFO] [stderr] ...
[INFO] [stderr] 43 | repository = "https://github.com/mikedanese/pnut"
[INFO] [stderr]    |              ------------------------------------
[INFO] [stderr]    |
[INFO] [stderr]    = note: `cargo::redundant_homepage` is set to `warn` by default
[INFO] [stderr] help: consider removing `package.homepage`
[INFO] [stderr] warning: `pnut-cli` (manifest) generated 1 warning
[INFO] [stderr]    Compiling libc v0.2.184
[INFO] [stderr]    Compiling pest v2.8.6
[INFO] [stderr]    Compiling memoffset v0.9.1
[INFO] [stderr]    Compiling nix v0.31.2
[INFO] [stderr]    Compiling winnow v1.0.1
[INFO] [stderr]    Compiling toml_writer v1.1.1+spec-1.1.0
[INFO] [stderr]    Compiling bumpalo v3.20.2
[INFO] [stderr]    Compiling toml_datetime v1.1.1+spec-1.1.0
[INFO] [stderr]    Compiling serde_spanned v1.1.1
[INFO] [stderr]    Compiling enumflags2_derive v0.7.12
[INFO] [stderr]    Compiling clap_derive v4.6.0
[INFO] [stderr]    Compiling serde v1.0.228
[INFO] [stderr]    Compiling enumflags2 v0.7.12
[INFO] [stderr]    Compiling toml_parser v1.1.2+spec-1.1.0
[INFO] [stderr]    Compiling toml v1.1.2+spec-1.1.0
[INFO] [stderr]    Compiling pest_meta v2.8.6
[INFO] [stderr]    Compiling clap v4.6.0
[INFO] [stderr]    Compiling landlock v0.4.4
[INFO] [stderr]    Compiling pnut-child v0.2.1
[INFO] [stderr]    Compiling caps v0.5.6
[INFO] [stderr]    Compiling pest_generator v2.8.6
[INFO] [stderr]    Compiling pest_derive v2.8.6
[INFO] [stderr]    Compiling kafel v0.2.1
[INFO] [stderr]    Compiling pnut v0.2.1
[INFO] [stderr]    Compiling pnut-cli v0.2.1 (/opt/rustwide/workdir)
[INFO] [stderr]     Finished `release` profile [optimized] target(s) in 24.03s
[INFO] [stderr] warning: the following packages contain code that will be rejected by a future version of Rust: nix v0.31.2
[INFO] [stderr] note: to see what the problems were, use the option `--future-incompat-report`, or run `cargo report future-incompatibilities --id 4`
[INFO] running `Command { std: "docker" "inspect" "1177df0775bce3272dfc38f5f957587c9a7639c6f5ad3d93543a4fe8fb15121a", kill_on_drop: false }`
[INFO] running `Command { std: "docker" "exec" "-e" "SOURCE_DIR=/opt/rustwide/workdir" "-e" "CARGO_HOME=/opt/rustwide/cargo-home" "-e" "RUSTUP_HOME=/opt/rustwide/rustup-home" "-e" "CARGO_TARGET_DIR=/opt/rustwide/target" "-e" "CARGO_INCREMENTAL=0" "-e" "RUST_BACKTRACE=full" "-e" "RUSTFLAGS=--cap-lints=warn" "-e" "RUSTDOCFLAGS=--cap-lints=warn" "-w" "/opt/rustwide/workdir" "--user" "0:0" "1177df0775bce3272dfc38f5f957587c9a7639c6f5ad3d93543a4fe8fb15121a" "/opt/rustwide/cargo-home/bin/cargo" "+1.100.0-beta.1" "test" "--frozen" "--no-run" "--message-format=json" "--release", kill_on_drop: false }`
[INFO] [stderr] warning: `package.homepage` is redundant with `package.repository`
[INFO] [stderr]   --> Cargo.toml:38:12
[INFO] [stderr]    |
[INFO] [stderr] 38 | homepage = "https://github.com/mikedanese/pnut"
[INFO] [stderr]    |            ^^^^^^^^^^^^^^^^^^^^^^^^^^^^^^^^^^^^
[INFO] [stderr] ...
[INFO] [stderr] 43 | repository = "https://github.com/mikedanese/pnut"
[INFO] [stderr]    |              ------------------------------------
[INFO] [stderr]    |
[INFO] [stderr]    = note: `cargo::redundant_homepage` is set to `warn` by default
[INFO] [stderr] help: consider removing `package.homepage`
[INFO] [stderr] warning: `pnut-cli` (manifest) generated 1 warning
[INFO] [stderr]    Compiling nix v0.31.2
[INFO] [stderr]    Compiling getrandom v0.4.2
[INFO] [stderr]    Compiling tempfile v3.27.0
[INFO] [stderr]    Compiling pnut v0.2.1
[INFO] [stderr]    Compiling pnut-cli v0.2.1 (/opt/rustwide/workdir)
[INFO] [stderr]     Finished `release` profile [optimized] target(s) in 18.01s
[INFO] [stderr] warning: the following packages contain code that will be rejected by a future version of Rust: nix v0.31.2
[INFO] [stderr] note: to see what the problems were, use the option `--future-incompat-report`, or run `cargo report future-incompatibilities --id 4`
[INFO] running `Command { std: "docker" "inspect" "1177df0775bce3272dfc38f5f957587c9a7639c6f5ad3d93543a4fe8fb15121a", kill_on_drop: false }`
[INFO] running `Command { std: "docker" "exec" "-e" "SOURCE_DIR=/opt/rustwide/workdir" "-e" "CARGO_HOME=/opt/rustwide/cargo-home" "-e" "RUSTUP_HOME=/opt/rustwide/rustup-home" "-e" "CARGO_TARGET_DIR=/opt/rustwide/target" "-e" "CARGO_INCREMENTAL=0" "-e" "RUST_BACKTRACE=full" "-e" "RUSTFLAGS=--cap-lints=warn" "-e" "RUSTDOCFLAGS=--cap-lints=warn" "-w" "/opt/rustwide/workdir" "--user" "0:0" "1177df0775bce3272dfc38f5f957587c9a7639c6f5ad3d93543a4fe8fb15121a" "/opt/rustwide/cargo-home/bin/cargo" "+1.100.0-beta.1" "test" "--frozen" "--release", kill_on_drop: false }`
[INFO] [stderr] warning: `package.homepage` is redundant with `package.repository`
[INFO] [stderr]   --> Cargo.toml:38:12
[INFO] [stderr]    |
[INFO] [stderr] 38 | homepage = "https://github.com/mikedanese/pnut"
[INFO] [stderr]    |            ^^^^^^^^^^^^^^^^^^^^^^^^^^^^^^^^^^^^
[INFO] [stderr] ...
[INFO] [stderr] 43 | repository = "https://github.com/mikedanese/pnut"
[INFO] [stderr]    |              ------------------------------------
[INFO] [stderr]    |
[INFO] [stderr]    = note: `cargo::redundant_homepage` is set to `warn` by default
[INFO] [stderr] help: consider removing `package.homepage`
[INFO] [stderr] warning: `pnut-cli` (manifest) generated 1 warning
[INFO] [stderr]     Finished `release` profile [optimized] target(s) in 0.36s
[INFO] [stderr] warning: the following packages contain code that will be rejected by a future version of Rust: nix v0.31.2
[INFO] [stderr] note: to see what the problems were, use the option `--future-incompat-report`, or run `cargo report future-incompatibilities --id 4`
[INFO] [stderr]      Running unittests src/main.rs (/opt/rustwide/target/release/build/pnut-cli/0408217cd185f0e3/out/pnut-0408217cd185f0e3)
[INFO] [stdout] 
[INFO] [stdout] running 0 tests
[INFO] [stderr]      Running tests/caps_network.rs (/opt/rustwide/target/release/build/pnut-cli/898b8e8835514e7a/out/caps_network-898b8e8835514e7a)
[INFO] [stdout] 
[INFO] [stdout] test result: ok. 0 passed; 0 failed; 0 ignored; 0 measured; 0 filtered out; finished in 0.00s
[INFO] [stdout] 
[INFO] [stdout] 
[INFO] [stdout] running 9 tests
[INFO] [stdout] test adversarial_caps_empty_keep_drops_all ... FAILED
[INFO] [stdout] test adversarial_caps_cannot_reacquire_after_drop ... FAILED
[INFO] [stdout] test adversarial_net_false_inherits_host ... FAILED
[INFO] [stdout] test adversarial_all_four_features_combined ... FAILED
[INFO] [stdout] test adversarial_caps_invalid_name_error ... ok
[INFO] [stdout] test adversarial_net_loopback_functional ... FAILED
[INFO] [stdout] test adversarial_caps_omitted_inherits_all ... FAILED
[INFO] [stdout] test adversarial_caps_keep_one_retains_only_that ... FAILED
[INFO] [stdout] test adversarial_net_no_external_access ... FAILED
[INFO] [stdout] 
[INFO] [stdout] failures:
[INFO] [stdout] 
[INFO] [stdout] ---- adversarial_caps_empty_keep_drops_all stdout ----
[INFO] [stdout] 
[INFO] [stdout] thread 'adversarial_caps_empty_keep_drops_all' (1353) panicked at tests/caps_network.rs:172:5:
[INFO] [stdout] stderr: pnut: clone: clone3 failed: Function not implemented (os error 38): Function not implemented (os error 38)
[INFO] [stdout] 
[INFO] [stdout] stack backtrace:
[INFO] [stdout]    0:     0x5b45d3a0bcf1 - <<std[617be2ca0a6fd877]::sys::backtrace::BacktraceLock>::print::DisplayBacktrace as core[a373ad73a504971]::fmt::Display>::fmt
[INFO] [stdout]    1:     0x5b45d3a1ff1a - core[a373ad73a504971]::fmt::write
[INFO] [stdout]    2:     0x5b45d3a1016c - <alloc[2e1b2a31b91974c5]::vec::Vec<u8> as core[a373ad73a504971]::io::write::Write>::write_fmt
[INFO] [stdout]    3:     0x5b45d39e6bc6 - std[617be2ca0a6fd877]::panicking::default_hook::{closure#0}
[INFO] [stdout]    4:     0x5b45d3a03a89 - std[617be2ca0a6fd877]::panicking::default_hook
[INFO] [stdout]    5:     0x5b45d399f2b0 - test[aada8e7e76ba119b]::test_main_inner::{closure#0}
[INFO] [stdout]    6:     0x5b45d3a03c42 - std[617be2ca0a6fd877]::panicking::panic_with_hook
[INFO] [stdout]    7:     0x5b45d39e6c72 - std[617be2ca0a6fd877]::panicking::panic_handler::{closure#0}
[INFO] [stdout]    8:     0x5b45d39df869 - std[617be2ca0a6fd877]::sys::backtrace::__rust_end_short_backtrace::<std[617be2ca0a6fd877]::panicking::panic_handler::{closure#0}, !>
[INFO] [stdout]    9:     0x5b45d39e787d - __rustc[ea4f61d10b84890b]::rust_begin_unwind
[INFO] [stdout]   10:     0x5b45d3a2064c - core[a373ad73a504971]::panicking::panic_fmt
[INFO] [stdout]   11:     0x5b45d398fb43 - <caps_network[4c6536836c597fea]::adversarial_caps_empty_keep_drops_all::{closure#0} as core[a373ad73a504971]::ops::function::FnOnce<()>>::call_once
[INFO] [stdout]   12:     0x5b45d39926fb - test[aada8e7e76ba119b]::__rust_begin_short_backtrace::<core[a373ad73a504971]::result::Result<(), alloc[2e1b2a31b91974c5]::string::String>, fn() -> core[a373ad73a504971]::result::Result<(), alloc[2e1b2a31b91974c5]::string::String>>
[INFO] [stdout]   13:     0x5b45d399f8d5 - test[aada8e7e76ba119b]::run_test::{closure#0}
[INFO] [stdout]   14:     0x5b45d39991c4 - std[617be2ca0a6fd877]::sys::backtrace::__rust_begin_short_backtrace::<test[aada8e7e76ba119b]::run_test::{closure#1}, ()>
[INFO] [stdout]   15:     0x5b45d39a2962 - <std[617be2ca0a6fd877]::thread::lifecycle::spawn_unchecked<test[aada8e7e76ba119b]::run_test::{closure#1}, ()>::{closure#1} as core[a373ad73a504971]::ops::function::FnOnce<()>>::call_once::{shim:vtable#0}
[INFO] [stdout]   16:     0x5b45d3a0b36f - <std[617be2ca0a6fd877]::sys::thread::unix::Thread>::new::thread_start
[INFO] [stdout]   17:     0x719ab8309dfa - <unknown>
[INFO] [stdout]   18:     0x719ab839d3d4 - clone
[INFO] [stdout]   19:                0x0 - <unknown>
[INFO] [stdout] 
[INFO] [stdout] ---- adversarial_caps_cannot_reacquire_after_drop stdout ----
[INFO] [stdout] 
[INFO] [stdout] thread 'adversarial_caps_cannot_reacquire_after_drop' (1352) panicked at tests/caps_network.rs:607:5:
[INFO] [stdout] should not be able to re-acquire dropped capabilities.
[INFO] [stdout] stdout: 
[INFO] [stdout] stderr: pnut: clone: clone3 failed: Function not implemented (os error 38): Function not implemented (os error 38)
[INFO] [stdout] 
[INFO] [stdout] stack backtrace:
[INFO] [stdout]    0:     0x5b45d3a0bcf1 - <<std[617be2ca0a6fd877]::sys::backtrace::BacktraceLock>::print::DisplayBacktrace as core[a373ad73a504971]::fmt::Display>::fmt
[INFO] [stdout]    1:     0x5b45d3a1ff1a - core[a373ad73a504971]::fmt::write
[INFO] [stdout]    2:     0x5b45d3a1016c - <alloc[2e1b2a31b91974c5]::vec::Vec<u8> as core[a373ad73a504971]::io::write::Write>::write_fmt
[INFO] [stdout]    3:     0x5b45d39e6bc6 - std[617be2ca0a6fd877]::panicking::default_hook::{closure#0}
[INFO] [stdout]    4:     0x5b45d3a03a89 - std[617be2ca0a6fd877]::panicking::default_hook
[INFO] [stdout]    5:     0x5b45d399f2b0 - test[aada8e7e76ba119b]::test_main_inner::{closure#0}
[INFO] [stdout]    6:     0x5b45d3a03c42 - std[617be2ca0a6fd877]::panicking::panic_with_hook
[INFO] [stdout]    7:     0x5b45d39e6c72 - std[617be2ca0a6fd877]::panicking::panic_handler::{closure#0}
[INFO] [stdout]    8:     0x5b45d39df869 - std[617be2ca0a6fd877]::sys::backtrace::__rust_end_short_backtrace::<std[617be2ca0a6fd877]::panicking::panic_handler::{closure#0}, !>
[INFO] [stdout]    9:     0x5b45d39e787d - __rustc[ea4f61d10b84890b]::rust_begin_unwind
[INFO] [stdout]   10:     0x5b45d3a2064c - core[a373ad73a504971]::panicking::panic_fmt
[INFO] [stdout]   11:     0x5b45d3990ed7 - <caps_network[4c6536836c597fea]::adversarial_caps_cannot_reacquire_after_drop::{closure#0} as core[a373ad73a504971]::ops::function::FnOnce<()>>::call_once
[INFO] [stdout]   12:     0x5b45d39926fb - test[aada8e7e76ba119b]::__rust_begin_short_backtrace::<core[a373ad73a504971]::result::Result<(), alloc[2e1b2a31b91974c5]::string::String>, fn() -> core[a373ad73a504971]::result::Result<(), alloc[2e1b2a31b91974c5]::string::String>>
[INFO] [stdout]   13:     0x5b45d399f8d5 - test[aada8e7e76ba119b]::run_test::{closure#0}
[INFO] [stdout]   14:     0x5b45d39991c4 - std[617be2ca0a6fd877]::sys::backtrace::__rust_begin_short_backtrace::<test[aada8e7e76ba119b]::run_test::{closure#1}, ()>
[INFO] [stdout]   15:     0x5b45d39a2962 - <std[617be2ca0a6fd877]::thread::lifecycle::spawn_unchecked<test[aada8e7e76ba119b]::run_test::{closure#1}, ()>::{closure#1} as core[a373ad73a504971]::ops::function::FnOnce<()>>::call_once::{shim:vtable#0}
[INFO] [stdout]   16:     0x5b45d3a0b36f - <std[617be2ca0a6fd877]::sys::thread::unix::Thread>::new::thread_start
[INFO] [stdout]   17:     0x719ab8309dfa - <unknown>
[INFO] [stdout]   18:     0x719ab839d3d4 - clone
[INFO] [stdout]   19:                0x0 - <unknown>
[INFO] [stdout] 
[INFO] [stdout] ---- adversarial_net_false_inherits_host stdout ----
[INFO] [stdout] 
[INFO] [stdout] thread 'adversarial_net_false_inherits_host' (1357) panicked at tests/caps_network.rs:372:5:
[INFO] [stdout] host network should be inherited.
[INFO] [stdout] stdout: 
[INFO] [stdout] stderr: pnut: clone: clone3 failed: Function not implemented (os error 38): Function not implemented (os error 38)
[INFO] [stdout] 
[INFO] [stdout] stack backtrace:
[INFO] [stdout]    0:     0x5b45d3a0bcf1 - <<std[617be2ca0a6fd877]::sys::backtrace::BacktraceLock>::print::DisplayBacktrace as core[a373ad73a504971]::fmt::Display>::fmt
[INFO] [stdout]    1:     0x5b45d3a1ff1a - core[a373ad73a504971]::fmt::write
[INFO] [stdout]    2:     0x5b45d3a1016c - <alloc[2e1b2a31b91974c5]::vec::Vec<u8> as core[a373ad73a504971]::io::write::Write>::write_fmt
[INFO] [stdout]    3:     0x5b45d39e6bc6 - std[617be2ca0a6fd877]::panicking::default_hook::{closure#0}
[INFO] [stdout]    4:     0x5b45d3a03a89 - std[617be2ca0a6fd877]::panicking::default_hook
[INFO] [stdout]    5:     0x5b45d399f2b0 - test[aada8e7e76ba119b]::test_main_inner::{closure#0}
[INFO] [stdout]    6:     0x5b45d3a03c42 - std[617be2ca0a6fd877]::panicking::panic_with_hook
[INFO] [stdout]    7:     0x5b45d39e6c72 - std[617be2ca0a6fd877]::panicking::panic_handler::{closure#0}
[INFO] [stdout]    8:     0x5b45d39df869 - std[617be2ca0a6fd877]::sys::backtrace::__rust_end_short_backtrace::<std[617be2ca0a6fd877]::panicking::panic_handler::{closure#0}, !>
[INFO] [stdout]    9:     0x5b45d39e787d - __rustc[ea4f61d10b84890b]::rust_begin_unwind
[INFO] [stdout]   10:     0x5b45d3a2064c - core[a373ad73a504971]::panicking::panic_fmt
[INFO] [stdout]   11:     0x5b45d398f37f - <caps_network[4c6536836c597fea]::adversarial_net_false_inherits_host::{closure#0} as core[a373ad73a504971]::ops::function::FnOnce<()>>::call_once
[INFO] [stdout]   12:     0x5b45d39926fb - test[aada8e7e76ba119b]::__rust_begin_short_backtrace::<core[a373ad73a504971]::result::Result<(), alloc[2e1b2a31b91974c5]::string::String>, fn() -> core[a373ad73a504971]::result::Result<(), alloc[2e1b2a31b91974c5]::string::String>>
[INFO] [stdout]   13:     0x5b45d399f8d5 - test[aada8e7e76ba119b]::run_test::{closure#0}
[INFO] [stdout]   14:     0x5b45d39991c4 - std[617be2ca0a6fd877]::sys::backtrace::__rust_begin_short_backtrace::<test[aada8e7e76ba119b]::run_test::{closure#1}, ()>
[INFO] [stdout]   15:     0x5b45d39a2962 - <std[617be2ca0a6fd877]::thread::lifecycle::spawn_unchecked<test[aada8e7e76ba119b]::run_test::{closure#1}, ()>::{closure#1} as core[a373ad73a504971]::ops::function::FnOnce<()>>::call_once::{shim:vtable#0}
[INFO] [stdout]   16:     0x5b45d3a0b36f - <std[617be2ca0a6fd877]::sys::thread::unix::Thread>::new::thread_start
[INFO] [stdout]   17:     0x719ab8309dfa - <unknown>
[INFO] [stdout]   18:     0x719ab839d3d4 - clone
[INFO] [stdout]   19:                0x0 - <unknown>
[INFO] [stdout] 
[INFO] [stdout] ---- adversarial_all_four_features_combined stdout ----
[INFO] [stdout] 
[INFO] [stdout] thread 'adversarial_all_four_features_combined' (1351) panicked at tests/caps_network.rs:537:5:
[INFO] [stdout] all four features should work together.
[INFO] [stdout] stdout: 
[INFO] [stdout] stderr: pnut: clone: clone3 failed: Function not implemented (os error 38): Function not implemented (os error 38)
[INFO] [stdout] 
[INFO] [stdout] stack backtrace:
[INFO] [stdout]    0:     0x5b45d3a0bcf1 - <<std[617be2ca0a6fd877]::sys::backtrace::BacktraceLock>::print::DisplayBacktrace as core[a373ad73a504971]::fmt::Display>::fmt
[INFO] [stdout]    1:     0x5b45d3a1ff1a - core[a373ad73a504971]::fmt::write
[INFO] [stdout]    2:     0x5b45d3a1016c - <alloc[2e1b2a31b91974c5]::vec::Vec<u8> as core[a373ad73a504971]::io::write::Write>::write_fmt
[INFO] [stdout]    3:     0x5b45d39e6bc6 - std[617be2ca0a6fd877]::panicking::default_hook::{closure#0}
[INFO] [stdout]    4:     0x5b45d3a03a89 - std[617be2ca0a6fd877]::panicking::default_hook
[INFO] [stdout]    5:     0x5b45d399f2b0 - test[aada8e7e76ba119b]::test_main_inner::{closure#0}
[INFO] [stdout]    6:     0x5b45d3a03c42 - std[617be2ca0a6fd877]::panicking::panic_with_hook
[INFO] [stdout]    7:     0x5b45d39e6c72 - std[617be2ca0a6fd877]::panicking::panic_handler::{closure#0}
[INFO] [stdout]    8:     0x5b45d39df869 - std[617be2ca0a6fd877]::sys::backtrace::__rust_end_short_backtrace::<std[617be2ca0a6fd877]::panicking::panic_handler::{closure#0}, !>
[INFO] [stdout]    9:     0x5b45d39e787d - __rustc[ea4f61d10b84890b]::rust_begin_unwind
[INFO] [stdout]   10:     0x5b45d3a2064c - core[a373ad73a504971]::panicking::panic_fmt
[INFO] [stdout]   11:     0x5b45d39904a4 - <caps_network[4c6536836c597fea]::adversarial_all_four_features_combined::{closure#0} as core[a373ad73a504971]::ops::function::FnOnce<()>>::call_once
[INFO] [stdout]   12:     0x5b45d39926fb - test[aada8e7e76ba119b]::__rust_begin_short_backtrace::<core[a373ad73a504971]::result::Result<(), alloc[2e1b2a31b91974c5]::string::String>, fn() -> core[a373ad73a504971]::result::Result<(), alloc[2e1b2a31b91974c5]::string::String>>
[INFO] [stdout]   13:     0x5b45d399f8d5 - test[aada8e7e76ba119b]::run_test::{closure#0}
[INFO] [stdout]   14:     0x5b45d39991c4 - std[617be2ca0a6fd877]::sys::backtrace::__rust_begin_short_backtrace::<test[aada8e7e76ba119b]::run_test::{closure#1}, ()>
[INFO] [stdout]   15:     0x5b45d39a2962 - <std[617be2ca0a6fd877]::thread::lifecycle::spawn_unchecked<test[aada8e7e76ba119b]::run_test::{closure#1}, ()>::{closure#1} as core[a373ad73a504971]::ops::function::FnOnce<()>>::call_once::{shim:vtable#0}
[INFO] [stdout]   16:     0x5b45d3a0b36f - <std[617be2ca0a6fd877]::sys::thread::unix::Thread>::new::thread_start
[INFO] [stdout]   17:     0x719ab8309dfa - <unknown>
[INFO] [stdout]   18:     0x719ab839d3d4 - clone
[INFO] [stdout]   19:                0x0 - <unknown>
[INFO] [stdout] 
[INFO] [stdout] ---- adversarial_net_loopback_functional stdout ----
[INFO] [stdout] 
[INFO] [stdout] thread 'adversarial_net_loopback_functional' (1358) panicked at tests/caps_network.rs:301:5:
[INFO] [stdout] loopback should be functional in net namespace.
[INFO] [stdout] stdout: 
[INFO] [stdout] stderr: pnut: clone: clone3 failed: Function not implemented (os error 38): Function not implemented (os error 38)
[INFO] [stdout] 
[INFO] [stdout] stack backtrace:
[INFO] [stdout]    0:     0x5b45d3a0bcf1 - <<std[617be2ca0a6fd877]::sys::backtrace::BacktraceLock>::print::DisplayBacktrace as core[a373ad73a504971]::fmt::Display>::fmt
[INFO] [stdout]    1:     0x5b45d3a1ff1a - core[a373ad73a504971]::fmt::write
[INFO] [stdout]    2:     0x5b45d3a1016c - <alloc[2e1b2a31b91974c5]::vec::Vec<u8> as core[a373ad73a504971]::io::write::Write>::write_fmt
[INFO] [stdout]    3:     0x5b45d39e6bc6 - std[617be2ca0a6fd877]::panicking::default_hook::{closure#0}
[INFO] [stdout]    4:     0x5b45d3a03a89 - std[617be2ca0a6fd877]::panicking::default_hook
[INFO] [stdout]    5:     0x5b45d399f2b0 - test[aada8e7e76ba119b]::test_main_inner::{closure#0}
[INFO] [stdout]    6:     0x5b45d3a03c42 - std[617be2ca0a6fd877]::panicking::panic_with_hook
[INFO] [stdout]    7:     0x5b45d39e6c72 - std[617be2ca0a6fd877]::panicking::panic_handler::{closure#0}
[INFO] [stdout]    8:     0x5b45d39df869 - std[617be2ca0a6fd877]::sys::backtrace::__rust_end_short_backtrace::<std[617be2ca0a6fd877]::panicking::panic_handler::{closure#0}, !>
[INFO] [stdout]    9:     0x5b45d39e787d - __rustc[ea4f61d10b84890b]::rust_begin_unwind
[INFO] [stdout]   10:     0x5b45d3a2064c - core[a373ad73a504971]::panicking::panic_fmt
[INFO] [stdout]   11:     0x5b45d398f6df - <caps_network[4c6536836c597fea]::adversarial_net_loopback_functional::{closure#0} as core[a373ad73a504971]::ops::function::FnOnce<()>>::call_once
[INFO] [stdout]   12:     0x5b45d39926fb - test[aada8e7e76ba119b]::__rust_begin_short_backtrace::<core[a373ad73a504971]::result::Result<(), alloc[2e1b2a31b91974c5]::string::String>, fn() -> core[a373ad73a504971]::result::Result<(), alloc[2e1b2a31b91974c5]::string::String>>
[INFO] [stdout]   13:     0x5b45d399f8d5 - test[aada8e7e76ba119b]::run_test::{closure#0}
[INFO] [stdout]   14:     0x5b45d39991c4 - std[617be2ca0a6fd877]::sys::backtrace::__rust_begin_short_backtrace::<test[aada8e7e76ba119b]::run_test::{closure#1}, ()>
[INFO] [stdout]   15:     0x5b45d39a2962 - <std[617be2ca0a6fd877]::thread::lifecycle::spawn_unchecked<test[aada8e7e76ba119b]::run_test::{closure#1}, ()>::{closure#1} as core[a373ad73a504971]::ops::function::FnOnce<()>>::call_once::{shim:vtable#0}
[INFO] [stdout]   16:     0x5b45d3a0b36f - <std[617be2ca0a6fd877]::sys::thread::unix::Thread>::new::thread_start
[INFO] [stdout]   17:     0x719ab8309dfa - <unknown>
[INFO] [stdout]   18:     0x719ab839d3d4 - clone
[INFO] [stdout]   19:                0x0 - <unknown>
[INFO] [stdout] 
[INFO] [stdout] ---- adversarial_caps_omitted_inherits_all stdout ----
[INFO] [stdout] 
[INFO] [stdout] thread 'adversarial_caps_omitted_inherits_all' (1356) panicked at tests/caps_network.rs:243:5:
[INFO] [stdout] stderr: pnut: clone: clone3 failed: Function not implemented (os error 38): Function not implemented (os error 38)
[INFO] [stdout] 
[INFO] [stdout] stack backtrace:
[INFO] [stdout]    0:     0x5b45d3a0bcf1 - <<std[617be2ca0a6fd877]::sys::backtrace::BacktraceLock>::print::DisplayBacktrace as core[a373ad73a504971]::fmt::Display>::fmt
[INFO] [stdout]    1:     0x5b45d3a1ff1a - core[a373ad73a504971]::fmt::write
[INFO] [stdout]    2:     0x5b45d3a1016c - <alloc[2e1b2a31b91974c5]::vec::Vec<u8> as core[a373ad73a504971]::io::write::Write>::write_fmt
[INFO] [stdout]    3:     0x5b45d39e6bc6 - std[617be2ca0a6fd877]::panicking::default_hook::{closure#0}
[INFO] [stdout]    4:     0x5b45d3a03a89 - std[617be2ca0a6fd877]::panicking::default_hook
[INFO] [stdout]    5:     0x5b45d399f2b0 - test[aada8e7e76ba119b]::test_main_inner::{closure#0}
[INFO] [stdout]    6:     0x5b45d3a03c42 - std[617be2ca0a6fd877]::panicking::panic_with_hook
[INFO] [stdout]    7:     0x5b45d39e6c72 - std[617be2ca0a6fd877]::panicking::panic_handler::{closure#0}
[INFO] [stdout]    8:     0x5b45d39df869 - std[617be2ca0a6fd877]::sys::backtrace::__rust_end_short_backtrace::<std[617be2ca0a6fd877]::panicking::panic_handler::{closure#0}, !>
[INFO] [stdout]    9:     0x5b45d39e787d - __rustc[ea4f61d10b84890b]::rust_begin_unwind
[INFO] [stdout]   10:     0x5b45d3a2064c - core[a373ad73a504971]::panicking::panic_fmt
[INFO] [stdout]   11:     0x5b45d39900ce - <caps_network[4c6536836c597fea]::adversarial_caps_omitted_inherits_all::{closure#0} as core[a373ad73a504971]::ops::function::FnOnce<()>>::call_once
[INFO] [stdout]   12:     0x5b45d39926fb - test[aada8e7e76ba119b]::__rust_begin_short_backtrace::<core[a373ad73a504971]::result::Result<(), alloc[2e1b2a31b91974c5]::string::String>, fn() -> core[a373ad73a504971]::result::Result<(), alloc[2e1b2a31b91974c5]::string::String>>
[INFO] [stdout]   13:     0x5b45d399f8d5 - test[aada8e7e76ba119b]::run_test::{closure#0}
[INFO] [stdout]   14:     0x5b45d39991c4 - std[617be2ca0a6fd877]::sys::backtrace::__rust_begin_short_backtrace::<test[aada8e7e76ba119b]::run_test::{closure#1}, ()>
[INFO] [stdout]   15:     0x5b45d39a2962 - <std[617be2ca0a6fd877]::thread::lifecycle::spawn_unchecked<test[aada8e7e76ba119b]::run_test::{closure#1}, ()>::{closure#1} as core[a373ad73a504971]::ops::function::FnOnce<()>>::call_once::{shim:vtable#0}
[INFO] [stdout]   16:     0x5b45d3a0b36f - <std[617be2ca0a6fd877]::sys::thread::unix::Thread>::new::thread_start
[INFO] [stdout]   17:     0x719ab8309dfa - <unknown>
[INFO] [stdout]   18:     0x719ab839d3d4 - clone
[INFO] [stdout]   19:                0x0 - <unknown>
[INFO] [stdout] 
[INFO] [stdout] ---- adversarial_caps_keep_one_retains_only_that stdout ----
[INFO] [stdout] 
[INFO] [stdout] thread 'adversarial_caps_keep_one_retains_only_that' (1355) panicked at tests/caps_network.rs:210:5:
[INFO] [stdout] stderr: pnut: clone: clone3 failed: Function not implemented (os error 38): Function not implemented (os error 38)
[INFO] [stdout] 
[INFO] [stdout] stack backtrace:
[INFO] [stdout]    0:     0x5b45d3a0bcf1 - <<std[617be2ca0a6fd877]::sys::backtrace::BacktraceLock>::print::DisplayBacktrace as core[a373ad73a504971]::fmt::Display>::fmt
[INFO] [stdout]    1:     0x5b45d3a1ff1a - core[a373ad73a504971]::fmt::write
[INFO] [stdout]    2:     0x5b45d3a1016c - <alloc[2e1b2a31b91974c5]::vec::Vec<u8> as core[a373ad73a504971]::io::write::Write>::write_fmt
[INFO] [stdout]    3:     0x5b45d39e6bc6 - std[617be2ca0a6fd877]::panicking::default_hook::{closure#0}
[INFO] [stdout]    4:     0x5b45d3a03a89 - std[617be2ca0a6fd877]::panicking::default_hook
[INFO] [stdout]    5:     0x5b45d399f2b0 - test[aada8e7e76ba119b]::test_main_inner::{closure#0}
[INFO] [stdout]    6:     0x5b45d3a03c42 - std[617be2ca0a6fd877]::panicking::panic_with_hook
[INFO] [stdout]    7:     0x5b45d39e6c72 - std[617be2ca0a6fd877]::panicking::panic_handler::{closure#0}
[INFO] [stdout]    8:     0x5b45d39df869 - std[617be2ca0a6fd877]::sys::backtrace::__rust_end_short_backtrace::<std[617be2ca0a6fd877]::panicking::panic_handler::{closure#0}, !>
[INFO] [stdout]    9:     0x5b45d39e787d - __rustc[ea4f61d10b84890b]::rust_begin_unwind
[INFO] [stdout]   10:     0x5b45d3a2064c - core[a373ad73a504971]::panicking::panic_fmt
[INFO] [stdout]   11:     0x5b45d3990a82 - <caps_network[4c6536836c597fea]::adversarial_caps_keep_one_retains_only_that::{closure#0} as core[a373ad73a504971]::ops::function::FnOnce<()>>::call_once
[INFO] [stdout]   12:     0x5b45d39926fb - test[aada8e7e76ba119b]::__rust_begin_short_backtrace::<core[a373ad73a504971]::result::Result<(), alloc[2e1b2a31b91974c5]::string::String>, fn() -> core[a373ad73a504971]::result::Result<(), alloc[2e1b2a31b91974c5]::string::String>>
[INFO] [stdout]   13:     0x5b45d399f8d5 - test[aada8e7e76ba119b]::run_test::{closure#0}
[INFO] [stdout]   14:     0x5b45d39991c4 - std[617be2ca0a6fd877]::sys::backtrace::__rust_begin_short_backtrace::<test[aada8e7e76ba119b]::run_test::{closure#1}, ()>
[INFO] [stdout]   15:     0x5b45d39a2962 - <std[617be2ca0a6fd877]::thread::lifecycle::spawn_unchecked<test[aada8e7e76ba119b]::run_test::{closure#1}, ()>::{closure#1} as core[a373ad73a504971]::ops::function::FnOnce<()>>::call_once::{shim:vtable#0}
[INFO] [stdout]   16:     0x5b45d3a0b36f - <std[617be2ca0a6fd877]::sys::thread::unix::Thread>::new::thread_start
[INFO] [stdout]   17:     0x719ab8309dfa - <unknown>
[INFO] [stdout]   18:     0x719ab839d3d4 - clone
[INFO] [stdout]   19:                0x0 - <unknown>
[INFO] [stdout] 
[INFO] [stdout] ---- adversarial_net_no_external_access stdout ----
[INFO] [stdout] 
[INFO] [stdout] thread 'adversarial_net_no_external_access' (1359) panicked at tests/caps_network.rs:339:5:
[INFO] [stdout] external network should be blocked in new net namespace.
[INFO] [stdout] stdout: 
[INFO] [stdout] stderr: pnut: clone: clone3 failed: Function not implemented (os error 38): Function not implemented (os error 38)
[INFO] [stdout] 
[INFO] [stdout] stack backtrace:
[INFO] [stdout]    0:     0x5b45d3a0bcf1 - <<std[617be2ca0a6fd877]::sys::backtrace::BacktraceLock>::print::DisplayBacktrace as core[a373ad73a504971]::fmt::Display>::fmt
[INFO] [stdout]    1:     0x5b45d3a1ff1a - core[a373ad73a504971]::fmt::write
[INFO] [stdout]    2:     0x5b45d3a1016c - <alloc[2e1b2a31b91974c5]::vec::Vec<u8> as core[a373ad73a504971]::io::write::Write>::write_fmt
[INFO] [stdout]    3:     0x5b45d39e6bc6 - std[617be2ca0a6fd877]::panicking::default_hook::{closure#0}
[INFO] [stdout]    4:     0x5b45d3a03a89 - std[617be2ca0a6fd877]::panicking::default_hook
[INFO] [stdout]    5:     0x5b45d399f2b0 - test[aada8e7e76ba119b]::test_main_inner::{closure#0}
[INFO] [stdout]    6:     0x5b45d3a03c42 - std[617be2ca0a6fd877]::panicking::panic_with_hook
[INFO] [stdout]    7:     0x5b45d39e6c72 - std[617be2ca0a6fd877]::panicking::panic_handler::{closure#0}
[INFO] [stdout]    8:     0x5b45d39df869 - std[617be2ca0a6fd877]::sys::backtrace::__rust_end_short_backtrace::<std[617be2ca0a6fd877]::panicking::panic_handler::{closure#0}, !>
[INFO] [stdout]    9:     0x5b45d39e787d - __rustc[ea4f61d10b84890b]::rust_begin_unwind
[INFO] [stdout]   10:     0x5b45d3a2064c - core[a373ad73a504971]::panicking::panic_fmt
[INFO] [stdout]   11:     0x5b45d398ec0f - <caps_network[4c6536836c597fea]::adversarial_net_no_external_access::{closure#0} as core[a373ad73a504971]::ops::function::FnOnce<()>>::call_once
[INFO] [stdout]   12:     0x5b45d39926fb - test[aada8e7e76ba119b]::__rust_begin_short_backtrace::<core[a373ad73a504971]::result::Result<(), alloc[2e1b2a31b91974c5]::string::String>, fn() -> core[a373ad73a504971]::result::Result<(), alloc[2e1b2a31b91974c5]::string::String>>
[INFO] [stdout]   13:     0x5b45d399f8d5 - test[aada8e7e76ba119b]::run_test::{closure#0}
[INFO] [stdout]   14:     0x5b45d39991c4 - std[617be2ca0a6fd877]::sys::backtrace::__rust_begin_short_backtrace::<test[aada8e7e76ba119b]::run_test::{closure#1}, ()>
[INFO] [stdout]   15:     0x5b45d39a2962 - <std[617be2ca0a6fd877]::thread::lifecycle::spawn_unchecked<test[aada8e7e76ba119b]::run_test::{closure#1}, ()>::{closure#1} as core[a373ad73a504971]::ops::function::FnOnce<()>>::call_once::{shim:vtable#0}
[INFO] [stdout]   16:     0x5b45d3a0b36f - <std[617be2ca0a6fd877]::sys::thread::unix::Thread>::new::thread_start
[INFO] [stdout]   17:     0x719ab8309dfa - <unknown>
[INFO] [stdout]   18:     0x719ab839d3d4 - clone
[INFO] [stdout]   19:                0x0 - <unknown>
[INFO] [stdout] 
[INFO] [stdout] 
[INFO] [stdout] failures:
[INFO] [stdout]     adversarial_all_four_features_combined
[INFO] [stdout]     adversarial_caps_cannot_reacquire_after_drop
[INFO] [stdout]     adversarial_caps_empty_keep_drops_all
[INFO] [stdout]     adversarial_caps_keep_one_retains_only_that
[INFO] [stdout]     adversarial_caps_omitted_inherits_all
[INFO] [stderr] error: test failed, to rerun pass `--test caps_network`
[INFO] [stdout]     adversarial_net_false_inherits_host
[INFO] [stdout]     adversarial_net_loopback_functional
[INFO] [stdout]     adversarial_net_no_external_access
[INFO] [stdout] 
[INFO] [stdout] test result: FAILED. 1 passed; 8 failed; 0 ignored; 0 measured; 0 filtered out; finished in 0.02s
[INFO] [stdout] 
[INFO] running `Command { std: "docker" "inspect" "1177df0775bce3272dfc38f5f957587c9a7639c6f5ad3d93543a4fe8fb15121a", kill_on_drop: false }`
[INFO] running `Command { std: "docker" "rm" "-f" "1177df0775bce3272dfc38f5f957587c9a7639c6f5ad3d93543a4fe8fb15121a", kill_on_drop: false }`
[INFO] [stdout] 1177df0775bce3272dfc38f5f957587c9a7639c6f5ad3d93543a4fe8fb15121a
