[INFO] fetching crate pngprism 0.6.0...
[INFO] testing pngprism-0.6.0 against 1.99.0-beta.8+cargoflags=--release for beta-release-1.100-2
[INFO] extracting crate pngprism 0.6.0 into /workspace/builds/worker-7-tc1/source
[INFO] removed /workspace/builds/worker-7-tc1/source/rust-toolchain.toml
[INFO] started tweaking crates.io crate pngprism 0.6.0
[INFO] removed 0 missing examples
[INFO] removed 0 missing tests
[INFO] finished tweaking crates.io crate pngprism 0.6.0
[INFO] tweaked toml for crates.io crate pngprism 0.6.0 written to /workspace/builds/worker-7-tc1/source/Cargo.toml
[INFO] validating manifest of crates.io crate pngprism 0.6.0 on toolchain 1.99.0-beta.8
[INFO] running `Command { std: CARGO_HOME="/workspace/cargo-home" RUSTUP_HOME="/workspace/rustup-home" "/workspace/cargo-home/bin/cargo" "+1.99.0-beta.8" "metadata" "--manifest-path" "Cargo.toml" "--no-deps", kill_on_drop: false }`
[INFO] crate crates.io crate pngprism 0.6.0 already has a lockfile, it will not be regenerated
[INFO] running `Command { std: CARGO_HOME="/workspace/cargo-home" RUSTUP_HOME="/workspace/rustup-home" "/workspace/cargo-home/bin/cargo" "+1.99.0-beta.8" "fetch" "--manifest-path" "Cargo.toml", kill_on_drop: false }`
[INFO] [stderr]  Downloading crates ...
[INFO] [stderr]   Downloaded clap v4.6.2
[INFO] [stderr]   Downloaded libz-sys v1.1.20
[INFO] running `Command { std: "docker" "create" "-v" "/var/lib/crater-agent-workspace/builds/worker-7-tc1/source:/opt/rustwide/workdir:ro,Z" "-v" "/var/lib/crater-agent-workspace/builds/worker-7-tc1/target:/opt/rustwide/target:rw,Z" "-v" "/var/lib/crater-agent-workspace/cargo-home:/opt/rustwide/cargo-home:ro,Z" "-v" "/var/lib/crater-agent-workspace/rustup-home:/opt/rustwide/rustup-home:ro,Z" "-m" "1610612736" "--network" "none" "ghcr.io/rust-lang/crates-build-env/linux@sha256:77db811e55d90add9212f6832c23229e3de5f1c1f9905e8cb07319ea15df73ac" "sleep" "infinity", kill_on_drop: false }`
[INFO] [stdout] 4a5e3afa6f6d0f5aa2d2216d30e58af3a0f78f7da92b4d26a708ccf0ca582aa0
[INFO] running `Command { std: "docker" "start" "4a5e3afa6f6d0f5aa2d2216d30e58af3a0f78f7da92b4d26a708ccf0ca582aa0", kill_on_drop: false }`
[INFO] running `Command { std: "docker" "inspect" "4a5e3afa6f6d0f5aa2d2216d30e58af3a0f78f7da92b4d26a708ccf0ca582aa0", kill_on_drop: false }`
[INFO] running `Command { std: "docker" "exec" "-e" "SOURCE_DIR=/opt/rustwide/workdir" "-e" "CARGO_HOME=/opt/rustwide/cargo-home" "-e" "RUSTUP_HOME=/opt/rustwide/rustup-home" "-e" "CARGO_TARGET_DIR=/opt/rustwide/target" "-w" "/opt/rustwide/workdir" "--user" "0:0" "4a5e3afa6f6d0f5aa2d2216d30e58af3a0f78f7da92b4d26a708ccf0ca582aa0" "/opt/rustwide/cargo-home/bin/cargo" "+1.99.0-beta.8" "metadata" "--no-deps" "--format-version=1", kill_on_drop: false }`
[INFO] running `Command { std: "docker" "inspect" "4a5e3afa6f6d0f5aa2d2216d30e58af3a0f78f7da92b4d26a708ccf0ca582aa0", kill_on_drop: false }`
[INFO] running `Command { std: "docker" "exec" "-e" "SOURCE_DIR=/opt/rustwide/workdir" "-e" "CARGO_HOME=/opt/rustwide/cargo-home" "-e" "RUSTUP_HOME=/opt/rustwide/rustup-home" "-e" "CARGO_TARGET_DIR=/opt/rustwide/target" "-e" "CARGO_INCREMENTAL=0" "-e" "RUST_BACKTRACE=full" "-e" "RUSTFLAGS=--cap-lints=warn" "-e" "RUSTDOCFLAGS=--cap-lints=warn" "-w" "/opt/rustwide/workdir" "--user" "0:0" "4a5e3afa6f6d0f5aa2d2216d30e58af3a0f78f7da92b4d26a708ccf0ca582aa0" "/opt/rustwide/cargo-home/bin/cargo" "+1.99.0-beta.8" "build" "--frozen" "--message-format=json" "--release", kill_on_drop: false }`
[INFO] [stderr]    Compiling cc v1.2.67
[INFO] [stderr]    Compiling libz-sys v1.1.20
[INFO] [stderr]    Compiling flate2 v1.1.9
[INFO] [stderr]    Compiling pngprism v0.6.0 (/opt/rustwide/workdir)
[INFO] [stderr]     Finished `release` profile [optimized] target(s) in 17.22s
[INFO] running `Command { std: "docker" "inspect" "4a5e3afa6f6d0f5aa2d2216d30e58af3a0f78f7da92b4d26a708ccf0ca582aa0", kill_on_drop: false }`
[INFO] running `Command { std: "docker" "exec" "-e" "SOURCE_DIR=/opt/rustwide/workdir" "-e" "CARGO_HOME=/opt/rustwide/cargo-home" "-e" "RUSTUP_HOME=/opt/rustwide/rustup-home" "-e" "CARGO_TARGET_DIR=/opt/rustwide/target" "-e" "CARGO_INCREMENTAL=0" "-e" "RUST_BACKTRACE=full" "-e" "RUSTFLAGS=--cap-lints=warn" "-e" "RUSTDOCFLAGS=--cap-lints=warn" "-w" "/opt/rustwide/workdir" "--user" "0:0" "4a5e3afa6f6d0f5aa2d2216d30e58af3a0f78f7da92b4d26a708ccf0ca582aa0" "/opt/rustwide/cargo-home/bin/cargo" "+1.99.0-beta.8" "test" "--frozen" "--no-run" "--message-format=json" "--release", kill_on_drop: false }`
[INFO] [stderr]    Compiling zerocopy v0.8.54
[INFO] [stderr]    Compiling either v1.16.0
[INFO] [stderr]    Compiling alloca v0.4.0
[INFO] [stderr]    Compiling syn v2.0.119
[INFO] [stderr]    Compiling syn v3.0.0
[INFO] [stderr]    Compiling crossbeam-epoch v0.9.20
[INFO] [stderr]    Compiling regex-automata v0.4.16
[INFO] [stderr]    Compiling clap_builder v4.6.2
[INFO] [stderr]    Compiling page_size v0.6.0
[INFO] [stderr]    Compiling serde_json v1.0.150
[INFO] [stderr]    Compiling itertools v0.13.0
[INFO] [stderr]    Compiling crossbeam-deque v0.8.7
[INFO] [stderr]    Compiling rayon-core v1.13.0
[INFO] [stderr]    Compiling rayon v1.12.0
[INFO] [stderr]    Compiling serde_derive v1.0.229
[INFO] [stderr]    Compiling criterion-plot v0.8.2
[INFO] [stderr]    Compiling clap v4.6.2
[INFO] [stderr]    Compiling regex v1.13.1
[INFO] [stderr]    Compiling zerocopy-derive v0.8.54
[INFO] [stderr]    Compiling serde v1.0.229
[INFO] [stderr]    Compiling tinytemplate v1.2.1
[INFO] [stderr]    Compiling half v2.7.1
[INFO] [stderr]    Compiling ciborium-ll v0.2.2
[INFO] [stderr]    Compiling ciborium v0.2.2
[INFO] [stderr]    Compiling criterion v0.8.2
[INFO] [stderr]    Compiling pngprism v0.6.0 (/opt/rustwide/workdir)
[INFO] [stderr]     Finished `release` profile [optimized] target(s) in 56.53s
[INFO] running `Command { std: "docker" "inspect" "4a5e3afa6f6d0f5aa2d2216d30e58af3a0f78f7da92b4d26a708ccf0ca582aa0", kill_on_drop: false }`
[INFO] running `Command { std: "docker" "exec" "-e" "SOURCE_DIR=/opt/rustwide/workdir" "-e" "CARGO_HOME=/opt/rustwide/cargo-home" "-e" "RUSTUP_HOME=/opt/rustwide/rustup-home" "-e" "CARGO_TARGET_DIR=/opt/rustwide/target" "-e" "CARGO_INCREMENTAL=0" "-e" "RUST_BACKTRACE=full" "-e" "RUSTFLAGS=--cap-lints=warn" "-e" "RUSTDOCFLAGS=--cap-lints=warn" "-w" "/opt/rustwide/workdir" "--user" "0:0" "4a5e3afa6f6d0f5aa2d2216d30e58af3a0f78f7da92b4d26a708ccf0ca582aa0" "/opt/rustwide/cargo-home/bin/cargo" "+1.99.0-beta.8" "test" "--frozen" "--release", kill_on_drop: false }`
[INFO] [stderr]     Finished `release` profile [optimized] target(s) in 0.08s
[INFO] [stderr]      Running unittests src/lib.rs (/opt/rustwide/target/release/deps/pngprism-840827b9f7a2cade)
[INFO] [stdout] 
[INFO] [stdout] running 98 tests
[INFO] [stdout] test dither::tests::parse_strength_exact_ratios ... ok
[INFO] [stdout] test dither::tests::stub_and_uniform_full_strength_are_byte_equivalent ... ok
[INFO] [stdout] test dither::tests::adaptive_unit_strength_is_zero_when_all_classes_are_neutral ... ok
[INFO] [stdout] test dither::tests::adaptive_unit_strength_reduces_banding_over_banding_plus_grain ... ok
[INFO] [stdout] test dither::tests::round_div_signed_half_away_from_zero ... ok
[INFO] [stdout] test dither::tests::modified_bluenoise_mask_fails_before_parsing ... ok
[INFO] [stdout] test dither::tests::nearest_remap_respects_alpha_zones ... ok
[INFO] [stdout] test error::tests::display_preserves_message_bytes_for_every_kind ... ok
[INFO] [stdout] test dither::tests::embedded_bluenoise_payloads_match_frozen_pins ... ok
[INFO] [stdout] test dither::tests::floyd_steinberg_is_deterministic ... ok
[INFO] [stdout] test error::tests::io_conversion_is_typed_without_rewriting_the_source_message ... ok
[INFO] [stdout] test dither::tests::committed_bluenoise_masks_pass_frozen_sha256_pins ... ok
[INFO] [stdout] test error::tests::tuple_conversions_preserve_kind_and_message ... ok
[INFO] [stdout] test dither::tests::parse_strength_rejects_out_of_range_and_garbage ... ok
[INFO] [stdout] test pack::tests::bit_depth_thresholds ... ok
[INFO] [stdout] test dither::tests::luma_bluenoise_indices_match_python_oracle_vector ... ok
[INFO] [stdout] test pack::tests::seam_transparent_front_is_applicable_and_safe ... ok
[INFO] [stdout] test pack::tests::index_row_packs_msb_first ... ok
[INFO] [stdout] test pack::tests::cleanup_removes_unused_and_duplicate_entries ... ok
[INFO] [stdout] test dither::tests::zero_strength_luma_bluenoise_is_nearest_remap ... ok
[INFO] [stdout] test pack::tests::zlib_runtime_version_is_observable ... ok
[INFO] [stdout] test pack::tests::filter_none_is_identity_first_row ... ok
[INFO] [stdout] test pack::tests::zopflipng_falls_back_to_path_in_order ... ok
[INFO] [stdout] test pack::tests::zopflipng_ignores_empty_path_entries ... ok
[INFO] [stdout] test pack::tests::zopflipng_empty_override_defers_to_path ... ok
[INFO] [stdout] test pack::tests::pack_v1_fast_produces_decodable_identity ... ok
[INFO] [stdout] test pack::tests::paeth_predictor ... ok
[INFO] [stdout] test pack::tests::seam_emit_is_never_larger_than_the_baseline ... ok
[INFO] [stdout] test parallel::tests::shard_ranges_are_complete_disjoint_and_balanced ... ok
[INFO] [stdout] test pack::tests::zopflipng_override_wins_and_is_not_existence_checked ... ok
[INFO] [stdout] test pack::tests::zopflipng_prefers_the_in_tree_pinned_build_over_path ... ok
[INFO] [stdout] test pack::tests::zopflipng_resolution_fails_when_absent_everywhere ... ok
[INFO] [stdout] test pack::zprobe::tests::deflater_init_succeeds_with_the_queried_version ... ok
[INFO] [stdout] test png::tests::bad_crc ... ok
[INFO] [stdout] test png::tests::all_opaque_palette_emits_no_trns ... ok
[INFO] [stdout] test png::tests::active_max_pixels_defaults_to_the_constant ... ok
[INFO] [stdout] test pack::zprobe::tests::memlevel8_matches_flate2_level9 ... ok
[INFO] [stdout] test pack::zprobe::tests::runtime_version_is_observable ... ok
[INFO] [stdout] test parallel::tests::zero_threads_is_rejected ... ok
[INFO] [stdout] test png::tests::bad_signature ... ok
[INFO] [stdout] test png::tests::decompressed_length_mismatch_rejected ... ok
[INFO] [stdout] test png::tests::gray_trns_binary_alpha ... ok
[INFO] [stdout] test png::tests::interlace_method_2_rejected ... ok
[INFO] [stdout] test png::tests::invalid_filter_type_rejected ... ok
[INFO] [stdout] test png::tests::missing_plte_rejected_for_palette ... ok
[INFO] [stdout] test png::tests::output_is_deterministic ... ok
[INFO] [stdout] test png::tests::palette_4bit_indices ... ok
[INFO] [stdout] test png::tests::chunk_layout ... ok
[INFO] [stdout] test png::tests::crc32_goldens ... ok
[INFO] [stdout] test png::tests::palette_trns_defaults_to_255_beyond_trns_length ... ok
[INFO] [stdout] test png::tests::mid_trns_trims_trailing_opaque_entries ... ok
[INFO] [stdout] test png::tests::palette_index_out_of_range_rejected ... ok
[INFO] [stdout] test png::tests::py_bytes_repr_matches_python ... ok
[INFO] [stdout] test png::tests::resource_limit_boundaries_are_inclusive_without_allocating_images ... ok
[INFO] [stdout] test png::tests::palette_without_trns_is_fully_opaque ... ok
[INFO] [stdout] test png::tests::round16_boundaries ... ok
[INFO] [stdout] test png::tests::trailing_garbage_after_iend ... ok
[INFO] [stdout] test png::tests::round_trip_preserves_palette_and_indices ... ok
[INFO] [stdout] test png::tests::unknown_ancillary_chunk_is_ignored ... ok
[INFO] [stdout] test png::tests::unpack_2bit_msb_first_with_padding ... ok
[INFO] [stdout] test png::tests::gama_and_iccp_recorded_never_applied ... ok
[INFO] [stdout] test png::tests::gray_trns_matches_source_sample_before_rounding ... ok
[INFO] [stdout] test png::tests::max_pixels_override_is_a_hard_bound_up_and_down ... ok
[INFO] [stdout] test png::tests::unpack_1bit_msb_first ... ok
[INFO] [stdout] test png::tests::unknown_critical_chunk_rejected ... ok
[INFO] [stdout] test png::tests::truecolor_trns_binary_alpha ... ok
[INFO] [stdout] test png::tests::truncated_deflate_stream ... ok
[INFO] [stdout] test png::tests::truncated_idat ... ok
[INFO] [stdout] test png::tests::writer_rejects_invalid_arguments ... ok
[INFO] [stdout] test quant::capacity_rebalance_tests::weighted_residual_fill_reaches_cap_without_duplicates ... ok
[INFO] [stdout] test quant::capacity_rebalance_tests::weighted_residual_prefers_higher_occupancy_at_equal_distance ... ok
[INFO] [stdout] test quant::capacity_rebalance_tests::weighted_residual_fill_is_deterministic ... ok
[INFO] [stdout] test quant::guard_predicate_tests::guard_matches_oracle_on_the_exact_boundary_family ... ok
[INFO] [stdout] test quant::guard_predicate_tests::guard_fires_only_with_essentially_no_opaque_pixels ... ok
[INFO] [stdout] test png::tests::truecolor16_trns_matches_source_samples ... ok
[INFO] [stdout] test quant::capacity_rebalance_tests::weighted_residual_fill_never_adds_second_transparent_entry ... ok
[INFO] [stdout] test quant::guard_predicate_tests::guard_matches_oracle_over_small_and_structured_inputs ... ok
[INFO] [stdout] test quant::oklab_tests::oklab_centroid_matches_python_half_boundary ... ok
[INFO] [stdout] test quant::oklab_tests::nearest_oklab_entry_keeps_first_equal_distance ... ok
[INFO] [stdout] test pack::tests::trial_zlib_matches_frozen_python_oracle ... ok
[INFO] [stdout] test pack::tests::spawn_with_timeout_returns_status_when_process_exits_in_time ... ok
[INFO] [stdout] test quant::oklab_tests::oklab_distance_uses_python_pow_rounding ... ok
[INFO] [stdout] test quant::oklab_tests::explicit_srgb_candidate_is_the_default_candidate ... ok
[INFO] [stdout] test quant::oklab_tests::oklab_forward_transform_matches_python_binary64_bits ... ok
[INFO] [stdout] test quant::oklab_tests::oklab_premultiplication_matches_python_binary64_bits ... ok
[INFO] [stdout] test sha256::tests::sha256_empty_vector_matches_fips_180_4 ... ok
[INFO] [stdout] test sha256::tests::sha256_abc_vector_matches_fips_180_4 ... ok
[INFO] [stdout] test png::tests::unpack_4bit_msb_first_with_padding ... ok
[INFO] [stdout] test quant::parallelism_tests::concentrated_excess_exercises_mixed_m1_merge ... ok
[INFO] [stdout] test quant::oklab_tests::collapsed_preclip_does_not_claim_the_exact_path ... ok
[INFO] [stdout] test pack::tests::spawn_with_timeout_kills_a_process_that_outlives_the_deadline ... ok
[INFO] [stdout] test pack::tests::drain_async_exits_promptly_after_abandon_against_a_continuous_writer ... ok
[INFO] [stdout] test quant::parallelism_tests::distributed_excess_requires_m2_after_locally_exact_shards ... ok
[INFO] [stdout] test quant::parallelism_tests::parallel_schedule_race_soak_is_byte_stable ... ok
[INFO] [stdout] test quant::parallelism_tests::srgb_candidate_twins_cover_refinement_and_remap_schedules ... ok
[INFO] [stdout] test pack::tests::spawn_with_timeout_returns_promptly_even_if_a_descendant_keeps_the_pipe_open ... ok
[INFO] [stdout] test pack::tests::spawn_with_timeout_bounds_memory_and_time_against_a_continuous_writer ... ok
[INFO] [stdout] test quant::parallelism_tests::histogram_twins_vary_shards_and_merge_order_at_spill_edges ... ok
[INFO] [stdout] 
[INFO] [stdout] test result: ok. 98 passed; 0 failed; 0 ignored; 0 measured; 0 filtered out; finished in 2.79s
[INFO] [stdout] 
[INFO] [stderr]      Running unittests src/main.rs (/opt/rustwide/target/release/deps/pngprism-0a5810a561fee7c6)
[INFO] [stdout] 
[INFO] [stdout] running 5 tests
[INFO] [stdout] test tests::error_kind_exit_code_mapping_is_exhaustive ... ok
[INFO] [stdout] test tests::merge_order_parser_is_explicit_and_deterministic ... ok
[INFO] [stdout] test tests::python_integer_parser_matches_decimal_syntax_and_overflow_classes ... ok
[INFO] [stdout] test tests::staged_output_applies_confidential_mode_before_candidate_write ... ok
[INFO] [stdout] test tests::python_integer_parser_accepts_every_unicode_16_decimal_block ... ok
[INFO] [stderr]      Running tests/adversarial_suite.rs (/opt/rustwide/target/release/deps/adversarial_suite-f8aa80f8c8a179eb)
[INFO] [stdout] 
[INFO] [stdout] test result: ok. 5 passed; 0 failed; 0 ignored; 0 measured; 0 filtered out; finished in 0.00s
[INFO] [stdout] 
[INFO] [stdout] 
[INFO] [stdout] running 15 tests
[INFO] [stdout] test structured::dither_functions_reject_dimension_mismatches_without_panicking ... ok
[INFO] [stdout] test structured::write_indexed_png_rejects_degenerate_input_without_panicking ... ok
[INFO] [stdout] test structured::pack_indexed_png_rejects_degenerate_input_without_panicking ... ok
[INFO] [stdout] test pngsuite_negative_fixtures_never_panic_and_always_err ... ok
[INFO] [stdout] test structured::quantize_candidate_rejects_extreme_colors_without_panicking ... ok
[INFO] [stdout] test structured::parse_dither_strength_rejects_garbage_without_panicking ... ok
[INFO] [stdout] test truncation_sweep_never_panics ... ok
[INFO] [stdout] test structured::quantize_png_rejects_bad_paths_and_options_without_panicking ... ok
[INFO] [stdout] test crafted_corpus_never_panics_and_always_errs ... ok
[INFO] [stdout] test byte_flip_sweep_never_panics ... ok
[INFO] [stdout] test structured::floyd_steinberg_rejects_non_positive_strength_denominator_without_panicking ... ok
[INFO] [stdout] test structured::quantize_candidate_rejects_invalid_color_space_without_panicking ... ok
[INFO] [stdout] test structured::quantize_candidate_rejects_invalid_hidden_rgb_policy_without_panicking ... ok
[INFO] [stdout] test structured::quantize_functions_handle_inconsistent_decoded_image_without_panicking ... ok
[INFO] [stdout] test full_pipeline_never_panics_on_malformed_png_files ... ok
[INFO] [stdout] 
[INFO] [stdout] test result: ok. 15 passed; 0 failed; 0 ignored; 0 measured; 0 filtered out; finished in 0.02s
[INFO] [stdout] 
[INFO] [stderr]      Running tests/caps.rs (/opt/rustwide/target/release/deps/caps-76ebde31d87f7259)
[INFO] [stdout] 
[INFO] [stdout] running 9 tests
[INFO] [stdout] test allocation_cap_rejects_absurd_ihdr_dims_before_allocating ... ok
[INFO] [stdout] test allocation_cap_holds_under_mutation_across_all_giant_dims_seeds ... FAILED
[INFO] [stdout] test time_cap_whole_seed_corpus_decodes_without_hang_or_panic ... FAILED
[INFO] [stdout] test compressed_input_cap_rejects_valid_sparse_png_before_payload_read ... ok
[INFO] [stdout] test cap_fixtures_are_present ... FAILED
[INFO] [stdout] test amplification_cap_rejects_oversized_deflate_stream_fast ... ok
[INFO] [stdout] test max_pixels_flag_invalid_values_reject_identically_both_impls ... ok
[INFO] [stdout] test max_pixels_flag_admission_knob_is_a_hard_bound_both_impls ... ok
[INFO] [stdout] test absolute_resource_ceilings_reject_valid_exact_streams_before_heavy_work ... ok
[INFO] [stdout] 
[INFO] [stdout] failures:
[INFO] [stdout] 
[INFO] [stdout] ---- allocation_cap_holds_under_mutation_across_all_giant_dims_seeds stdout ----
[INFO] [stdout] 
[INFO] [stdout] thread 'allocation_cap_holds_under_mutation_across_all_giant_dims_seeds' (7409) panicked at tests/caps.rs:467:29:
[INFO] [stdout] read /opt/rustwide/workdir/fuzz/corpus/decode_png: No such file or directory (os error 2)
[INFO] [stdout] stack backtrace:
[INFO] [stdout]    0:     0x588a6913ffa1 - <<std[70759c8f55707aa4]::sys::backtrace::BacktraceLock>::print::DisplayBacktrace as core[df12db4294e9bfd3]::fmt::Display>::fmt
[INFO] [stdout]    1:     0x588a6915531a - core[df12db4294e9bfd3]::fmt::write
[INFO] [stdout]    2:     0x588a691449ec - <alloc[2182bb758b4b3781]::vec::Vec<u8> as core[df12db4294e9bfd3]::io::write::Write>::write_fmt
[INFO] [stdout]    3:     0x588a6911a1c6 - std[70759c8f55707aa4]::panicking::default_hook::{closure#0}
[INFO] [stdout]    4:     0x588a691377f9 - std[70759c8f55707aa4]::panicking::default_hook
[INFO] [stdout]    5:     0x588a690be860 - test[9d35eded1c95d3be]::test_main_inner::<test[9d35eded1c95d3be]::test_main_static::{closure#0}>::{closure#0}
[INFO] [stdout]    6:     0x588a691379b2 - std[70759c8f55707aa4]::panicking::panic_with_hook
[INFO] [stdout]    7:     0x588a6911a272 - std[70759c8f55707aa4]::panicking::panic_handler::{closure#0}
[INFO] [stdout]    8:     0x588a69112ca9 - std[70759c8f55707aa4]::sys::backtrace::__rust_end_short_backtrace::<std[70759c8f55707aa4]::panicking::panic_handler::{closure#0}, !>
[INFO] [stdout]    9:     0x588a6911ae6d - __rustc[8fa7c3cbc660c2b3]::rust_begin_unwind
[INFO] [stdout]   10:     0x588a69155a4c - core[df12db4294e9bfd3]::panicking::panic_fmt
[INFO] [stdout]   11:     0x588a690a5b79 - caps[9e43d43b70a32b13]::allocation_cap_holds_under_mutation_across_all_giant_dims_seeds::{closure#0}
[INFO] [stdout]   12:     0x588a690aab0d - <caps[9e43d43b70a32b13]::allocation_cap_holds_under_mutation_across_all_giant_dims_seeds::{closure#0} as core[df12db4294e9bfd3]::ops::function::FnOnce<()>>::call_once
[INFO] [stdout]   13:     0x588a690b1b4b - test[9d35eded1c95d3be]::__rust_begin_short_backtrace::<core[df12db4294e9bfd3]::result::Result<(), alloc[2182bb758b4b3781]::string::String>, fn() -> core[df12db4294e9bfd3]::result::Result<(), alloc[2182bb758b4b3781]::string::String>>
[INFO] [stdout]   14:     0x588a690bf1b5 - test[9d35eded1c95d3be]::run_test::{closure#0}
[INFO] [stdout]   15:     0x588a690b8a74 - std[70759c8f55707aa4]::sys::backtrace::__rust_begin_short_backtrace::<test[9d35eded1c95d3be]::run_test::{closure#1}, ()>
[INFO] [stdout]   16:     0x588a690c2312 - <std[70759c8f55707aa4]::thread::lifecycle::spawn_unchecked<test[9d35eded1c95d3be]::run_test::{closure#1}, ()>::{closure#1} as core[df12db4294e9bfd3]::ops::function::FnOnce<()>>::call_once::{shim:vtable#0}
[INFO] [stdout]   17:     0x588a6913f369 - <std[70759c8f55707aa4]::sys::thread::unix::Thread>::new::thread_start
[INFO] [stdout]   18:     0x7376432f1dfa - <unknown>
[INFO] [stdout]   19:     0x7376433853d4 - clone
[INFO] [stdout]   20:                0x0 - <unknown>
[INFO] [stdout] 
[INFO] [stdout] ---- time_cap_whole_seed_corpus_decodes_without_hang_or_panic stdout ----
[INFO] [stdout] 
[INFO] [stdout] thread 'time_cap_whole_seed_corpus_decodes_without_hang_or_panic' (7416) panicked at tests/caps.rs:546:29:
[INFO] [stdout] read /opt/rustwide/workdir/fuzz/corpus/decode_png: No such file or directory (os error 2)
[INFO] [stdout] stack backtrace:
[INFO] [stdout]    0:     0x588a6913ffa1 - <<std[70759c8f55707aa4]::sys::backtrace::BacktraceLock>::print::DisplayBacktrace as core[df12db4294e9bfd3]::fmt::Display>::fmt
[INFO] [stdout]    1:     0x588a6915531a - core[df12db4294e9bfd3]::fmt::write
[INFO] [stdout]    2:     0x588a691449ec - <alloc[2182bb758b4b3781]::vec::Vec<u8> as core[df12db4294e9bfd3]::io::write::Write>::write_fmt
[INFO] [stdout]    3:     0x588a6911a1c6 - std[70759c8f55707aa4]::panicking::default_hook::{closure#0}
[INFO] [stdout]    4:     0x588a691377f9 - std[70759c8f55707aa4]::panicking::default_hook
[INFO] [stdout]    5:     0x588a690be860 - test[9d35eded1c95d3be]::test_main_inner::<test[9d35eded1c95d3be]::test_main_static::{closure#0}>::{closure#0}
[INFO] [stdout]    6:     0x588a691379b2 - std[70759c8f55707aa4]::panicking::panic_with_hook
[INFO] [stdout]    7:     0x588a6911a272 - std[70759c8f55707aa4]::panicking::panic_handler::{closure#0}
[INFO] [stdout]    8:     0x588a69112ca9 - std[70759c8f55707aa4]::sys::backtrace::__rust_end_short_backtrace::<std[70759c8f55707aa4]::panicking::panic_handler::{closure#0}, !>
[INFO] [stdout]    9:     0x588a6911ae6d - __rustc[8fa7c3cbc660c2b3]::rust_begin_unwind
[INFO] [stdout]   10:     0x588a69155a4c - core[df12db4294e9bfd3]::panicking::panic_fmt
[INFO] [stdout]   11:     0x588a690a59b9 - caps[9e43d43b70a32b13]::time_cap_whole_seed_corpus_decodes_without_hang_or_panic::{closure#0}
[INFO] [stdout]   12:     0x588a690a7f69 - <caps[9e43d43b70a32b13]::time_cap_whole_seed_corpus_decodes_without_hang_or_panic::{closure#0} as core[df12db4294e9bfd3]::ops::function::FnOnce<()>>::call_once
[INFO] [stdout]   13:     0x588a690b1b4b - test[9d35eded1c95d3be]::__rust_begin_short_backtrace::<core[df12db4294e9bfd3]::result::Result<(), alloc[2182bb758b4b3781]::string::String>, fn() -> core[df12db4294e9bfd3]::result::Result<(), alloc[2182bb758b4b3781]::string::String>>
[INFO] [stdout]   14:     0x588a690bf1b5 - test[9d35eded1c95d3be]::run_test::{closure#0}
[INFO] [stdout]   15:     0x588a690b8a74 - std[70759c8f55707aa4]::sys::backtrace::__rust_begin_short_backtrace::<test[9d35eded1c95d3be]::run_test::{closure#1}, ()>
[INFO] [stdout]   16:     0x588a690c2312 - <std[70759c8f55707aa4]::thread::lifecycle::spawn_unchecked<test[9d35eded1c95d3be]::run_test::{closure#1}, ()>::{closure#1} as core[df12db4294e9bfd3]::ops::function::FnOnce<()>>::call_once::{shim:vtable#0}
[INFO] [stdout]   17:     0x588a6913f369 - <std[70759c8f55707aa4]::sys::thread::unix::Thread>::new::thread_start
[INFO] [stdout]   18:     0x7376432f1dfa - <unknown>
[INFO] [stdout]   19:     0x7376433853d4 - clone
[INFO] [stdout]   20:                0x0 - <unknown>
[INFO] [stdout] 
[INFO] [stdout] ---- cap_fixtures_are_present stdout ----
[INFO] [stdout] 
[INFO] [stdout] thread 'cap_fixtures_are_present' (7412) panicked at tests/caps.rs:596:5:
[INFO] [stdout] missing fuzz seed corpus dir
[INFO] [stdout] stack backtrace:
[INFO] [stdout]    0:     0x588a6913ffa1 - <<std[70759c8f55707aa4]::sys::backtrace::BacktraceLock>::print::DisplayBacktrace as core[df12db4294e9bfd3]::fmt::Display>::fmt
[INFO] [stdout]    1:     0x588a6915531a - core[df12db4294e9bfd3]::fmt::write
[INFO] [stdout]    2:     0x588a691449ec - <alloc[2182bb758b4b3781]::vec::Vec<u8> as core[df12db4294e9bfd3]::io::write::Write>::write_fmt
[INFO] [stdout]    3:     0x588a6911a1c6 - std[70759c8f55707aa4]::panicking::default_hook::{closure#0}
[INFO] [stdout]    4:     0x588a691377f9 - std[70759c8f55707aa4]::panicking::default_hook
[INFO] [stdout]    5:     0x588a690be860 - test[9d35eded1c95d3be]::test_main_inner::<test[9d35eded1c95d3be]::test_main_static::{closure#0}>::{closure#0}
[INFO] [stdout]    6:     0x588a691379b2 - std[70759c8f55707aa4]::panicking::panic_with_hook
[INFO] [stdout]    7:     0x588a6911a2a4 - std[70759c8f55707aa4]::panicking::panic_handler::{closure#0}
[INFO] [stdout]    8:     0x588a69112ca9 - std[70759c8f55707aa4]::sys::backtrace::__rust_end_short_backtrace::<std[70759c8f55707aa4]::panicking::panic_handler::{closure#0}, !>
[INFO] [stdout]    9:     0x588a6911ae6d - __rustc[8fa7c3cbc660c2b3]::rust_begin_unwind
[INFO] [stdout]   10:     0x588a69155a4c - core[df12db4294e9bfd3]::panicking::panic_fmt
[INFO] [stdout]   11:     0x588a690a719d - <caps[9e43d43b70a32b13]::cap_fixtures_are_present::{closure#0} as core[df12db4294e9bfd3]::ops::function::FnOnce<()>>::call_once
[INFO] [stdout]   12:     0x588a690b1b4b - test[9d35eded1c95d3be]::__rust_begin_short_backtrace::<core[df12db4294e9bfd3]::result::Result<(), alloc[2182bb758b4b3781]::string::String>, fn() -> core[df12db4294e9bfd3]::result::Result<(), alloc[2182bb758b4b3781]::string::String>>
[INFO] [stdout]   13:     0x588a690bf1b5 - test[9d35eded1c95d3be]::run_test::{closure#0}
[INFO] [stdout]   14:     0x588a690b8a74 - std[70759c8f55707aa4]::sys::backtrace::__rust_begin_short_backtrace::<test[9d35eded1c95d3be]::run_test::{closure#1}, ()>
[INFO] [stdout]   15:     0x588a690c2312 - <std[70759c8f55707aa4]::thread::lifecycle::spawn_unchecked<test[9d35eded1c95d3be]::run_test::{closure#1}, ()>::{closure#1} as core[df12db4294e9bfd3]::ops::function::FnOnce<()>>::call_once::{shim:vtable#0}
[INFO] [stdout]   16:     0x588a6913f369 - <std[70759c8f55707aa4]::sys::thread::unix::Thread>::new::thread_start
[INFO] [stdout]   17:     0x7376432f1dfa - <unknown>
[INFO] [stdout]   18:     0x7376433853d4 - clone
[INFO] [stdout]   19:                0x0 - <unknown>
[INFO] [stdout] 
[INFO] [stdout] 
[INFO] [stdout] failures:
[INFO] [stdout]     allocation_cap_holds_under_mutation_across_all_giant_dims_seeds
[INFO] [stdout]     cap_fixtures_are_present
[INFO] [stdout]     time_cap_whole_seed_corpus_decodes_without_hang_or_panic
[INFO] [stdout] 
[INFO] [stdout] test result: FAILED. 6 passed; 3 failed; 0 ignored; 0 measured; 0 filtered out; finished in 4.43s
[INFO] [stdout] 
[INFO] [stderr] error: test failed, to rerun pass `--test caps`
[INFO] running `Command { std: "docker" "inspect" "4a5e3afa6f6d0f5aa2d2216d30e58af3a0f78f7da92b4d26a708ccf0ca582aa0", kill_on_drop: false }`
[INFO] running `Command { std: "docker" "rm" "-f" "4a5e3afa6f6d0f5aa2d2216d30e58af3a0f78f7da92b4d26a708ccf0ca582aa0", kill_on_drop: false }`
[INFO] [stdout] 4a5e3afa6f6d0f5aa2d2216d30e58af3a0f78f7da92b4d26a708ccf0ca582aa0
