[INFO] fetching crate png 0.18.1...
[INFO] testing png-0.18.1 against 1.100.0-beta.1+cargoflags=--release for beta-release-1.100-2
[INFO] extracting crate png 0.18.1 into /workspace/builds/worker-6-tc2/source
[INFO] started tweaking crates.io crate png 0.18.1
[INFO] removed 0 missing examples
[INFO] finished tweaking crates.io crate png 0.18.1
[INFO] tweaked toml for crates.io crate png 0.18.1 written to /workspace/builds/worker-6-tc2/source/Cargo.toml
[INFO] validating manifest of crates.io crate png 0.18.1 on toolchain 1.100.0-beta.1
[INFO] running `Command { std: CARGO_HOME="/workspace/cargo-home" RUSTUP_HOME="/workspace/rustup-home" "/workspace/cargo-home/bin/cargo" "+1.100.0-beta.1" "metadata" "--manifest-path" "Cargo.toml" "--no-deps", kill_on_drop: false }`
[INFO] crate crates.io crate png 0.18.1 already has a lockfile, it will not be regenerated
[INFO] running `Command { std: CARGO_HOME="/workspace/cargo-home" RUSTUP_HOME="/workspace/rustup-home" "/workspace/cargo-home/bin/cargo" "+1.100.0-beta.1" "fetch" "--manifest-path" "Cargo.toml", kill_on_drop: false }`
[INFO] running `Command { std: "docker" "create" "-v" "/var/lib/crater-agent-workspace/builds/worker-6-tc2/source:/opt/rustwide/workdir:ro,Z" "-v" "/var/lib/crater-agent-workspace/builds/worker-6-tc2/target:/opt/rustwide/target:rw,Z" "-v" "/var/lib/crater-agent-workspace/cargo-home:/opt/rustwide/cargo-home:ro,Z" "-v" "/var/lib/crater-agent-workspace/rustup-home:/opt/rustwide/rustup-home:ro,Z" "-m" "1610612736" "--network" "none" "ghcr.io/rust-lang/crates-build-env/linux@sha256:77db811e55d90add9212f6832c23229e3de5f1c1f9905e8cb07319ea15df73ac" "sleep" "infinity", kill_on_drop: false }`
[INFO] [stdout] 75e7c45843e45c41b623794e84cc7b31087c8cc2230f49f82db6446dff3b0163
[INFO] running `Command { std: "docker" "start" "75e7c45843e45c41b623794e84cc7b31087c8cc2230f49f82db6446dff3b0163", kill_on_drop: false }`
[INFO] running `Command { std: "docker" "inspect" "75e7c45843e45c41b623794e84cc7b31087c8cc2230f49f82db6446dff3b0163", kill_on_drop: false }`
[INFO] running `Command { std: "docker" "exec" "-e" "SOURCE_DIR=/opt/rustwide/workdir" "-e" "CARGO_HOME=/opt/rustwide/cargo-home" "-e" "RUSTUP_HOME=/opt/rustwide/rustup-home" "-e" "CARGO_TARGET_DIR=/opt/rustwide/target" "-w" "/opt/rustwide/workdir" "--user" "0:0" "75e7c45843e45c41b623794e84cc7b31087c8cc2230f49f82db6446dff3b0163" "/opt/rustwide/cargo-home/bin/cargo" "+1.100.0-beta.1" "metadata" "--no-deps" "--format-version=1", kill_on_drop: false }`
[INFO] running `Command { std: "docker" "inspect" "75e7c45843e45c41b623794e84cc7b31087c8cc2230f49f82db6446dff3b0163", kill_on_drop: false }`
[INFO] running `Command { std: "docker" "exec" "-e" "SOURCE_DIR=/opt/rustwide/workdir" "-e" "CARGO_HOME=/opt/rustwide/cargo-home" "-e" "RUSTUP_HOME=/opt/rustwide/rustup-home" "-e" "CARGO_TARGET_DIR=/opt/rustwide/target" "-e" "CARGO_INCREMENTAL=0" "-e" "RUST_BACKTRACE=full" "-e" "RUSTFLAGS=--cap-lints=warn" "-e" "RUSTDOCFLAGS=--cap-lints=warn" "-w" "/opt/rustwide/workdir" "--user" "0:0" "75e7c45843e45c41b623794e84cc7b31087c8cc2230f49f82db6446dff3b0163" "/opt/rustwide/cargo-home/bin/cargo" "+1.100.0-beta.1" "build" "--frozen" "--message-format=json" "--release", kill_on_drop: false }`
[INFO] [stderr]    Compiling miniz_oxide v0.8.9
[INFO] [stderr]    Compiling crc32fast v1.5.0
[INFO] [stderr]    Compiling flate2 v1.1.2
[INFO] [stderr]    Compiling png v0.18.1 (/opt/rustwide/workdir)
[INFO] [stderr]     Finished `release` profile [optimized] target(s) in 3.97s
[INFO] running `Command { std: "docker" "inspect" "75e7c45843e45c41b623794e84cc7b31087c8cc2230f49f82db6446dff3b0163", kill_on_drop: false }`
[INFO] running `Command { std: "docker" "exec" "-e" "SOURCE_DIR=/opt/rustwide/workdir" "-e" "CARGO_HOME=/opt/rustwide/cargo-home" "-e" "RUSTUP_HOME=/opt/rustwide/rustup-home" "-e" "CARGO_TARGET_DIR=/opt/rustwide/target" "-e" "CARGO_INCREMENTAL=0" "-e" "RUST_BACKTRACE=full" "-e" "RUSTFLAGS=--cap-lints=warn" "-e" "RUSTDOCFLAGS=--cap-lints=warn" "-w" "/opt/rustwide/workdir" "--user" "0:0" "75e7c45843e45c41b623794e84cc7b31087c8cc2230f49f82db6446dff3b0163" "/opt/rustwide/cargo-home/bin/cargo" "+1.100.0-beta.1" "test" "--frozen" "--no-run" "--message-format=json" "--release", kill_on_drop: false }`
[INFO] [stderr]    Compiling libc v0.2.175
[INFO] [stderr]    Compiling zerocopy v0.8.26
[INFO] [stderr]    Compiling getrandom v0.3.3
[INFO] [stderr]    Compiling anstyle v1.0.11
[INFO] [stderr]    Compiling anstyle-query v1.1.4
[INFO] [stderr]    Compiling proc-macro2 v1.0.101
[INFO] [stderr]    Compiling serde_json v1.0.143
[INFO] [stderr]    Compiling half v2.6.0
[INFO] [stderr]    Compiling memchr v2.7.5
[INFO] [stderr]    Compiling clap_lex v0.7.5
[INFO] [stderr]    Compiling regex-syntax v0.8.6
[INFO] [stderr]    Compiling criterion-plot v0.6.0
[INFO] [stderr]    Compiling approx v0.5.1
[INFO] [stderr]    Compiling glob v0.3.3
[INFO] [stderr]    Compiling quote v1.0.40
[INFO] [stderr]    Compiling anstream v0.6.20
[INFO] [stderr]    Compiling ciborium-ll v0.2.2
[INFO] [stderr]    Compiling syn v2.0.106
[INFO] [stderr]    Compiling clap_builder v4.5.47
[INFO] [stderr]    Compiling rand_core v0.9.3
[INFO] [stderr]    Compiling regex-automata v0.4.10
[INFO] [stderr]    Compiling ppv-lite86 v0.2.21
[INFO] [stderr]    Compiling rand_chacha v0.9.0
[INFO] [stderr]    Compiling rand v0.9.2
[INFO] [stderr]    Compiling serde_derive v1.0.219
[INFO] [stderr]    Compiling clap_derive v4.5.47
[INFO] [stderr]    Compiling regex v1.11.2
[INFO] [stderr]    Compiling clap v4.5.47
[INFO] [stderr]    Compiling serde v1.0.219
[INFO] [stderr]    Compiling ciborium v0.2.2
[INFO] [stderr]    Compiling tinytemplate v1.2.1
[INFO] [stderr]    Compiling criterion v0.7.0
[INFO] [stderr]    Compiling png v0.18.1 (/opt/rustwide/workdir)
[INFO] [stderr]     Finished `release` profile [optimized] target(s) in 51.42s
[INFO] running `Command { std: "docker" "inspect" "75e7c45843e45c41b623794e84cc7b31087c8cc2230f49f82db6446dff3b0163", kill_on_drop: false }`
[INFO] running `Command { std: "docker" "exec" "-e" "SOURCE_DIR=/opt/rustwide/workdir" "-e" "CARGO_HOME=/opt/rustwide/cargo-home" "-e" "RUSTUP_HOME=/opt/rustwide/rustup-home" "-e" "CARGO_TARGET_DIR=/opt/rustwide/target" "-e" "CARGO_INCREMENTAL=0" "-e" "RUST_BACKTRACE=full" "-e" "RUSTFLAGS=--cap-lints=warn" "-e" "RUSTDOCFLAGS=--cap-lints=warn" "-w" "/opt/rustwide/workdir" "--user" "0:0" "75e7c45843e45c41b623794e84cc7b31087c8cc2230f49f82db6446dff3b0163" "/opt/rustwide/cargo-home/bin/cargo" "+1.100.0-beta.1" "test" "--frozen" "--release", kill_on_drop: false }`
[INFO] [stderr]     Finished `release` profile [optimized] target(s) in 0.10s
[INFO] [stderr]      Running unittests src/lib.rs (/opt/rustwide/target/release/build/png/cfa44118932de298/out/png-cfa44118932de298)
[INFO] [stdout] 
[INFO] [stdout] running 84 tests
[INFO] [stdout] test decoder::interlace_info::test::empty ... ok
[INFO] [stdout] test adam7::tests::test_expand_pass_splat_1bpp ... ok
[INFO] [stdout] test decoder::interlace_info::test::null ... ok
[INFO] [stdout] test decoder::interlace_info::test::adam7 ... ok
[INFO] [stdout] test decoder::stream::tests::test_duplicate_actl_chunk ... ok
[INFO] [stdout] test decoder::stream::tests::test_fdat_chunk_without_idat ... ok
[INFO] [stdout] test adam7::tests::test_subbyte_pixels ... ok
[INFO] [stdout] test decoder::stream::tests::test_fdat_chunk_payload_length_0 ... ok
[INFO] [stdout] test decoder::stream::tests::test_finishing_twice ... ok
[INFO] [stdout] test decoder::stream::tests::test_iccp_roundtrip ... ok
[INFO] [stdout] test decoder::stream::tests::image_source_sbit ... FAILED
[INFO] [stdout] test decoder::stream::tests::test_invalid_text_chunk ... ok
[INFO] [stdout] test decoder::stream::tests::test_idat_bigger_than_image_size_from_ihdr ... ok
[INFO] [stdout] test decoder::stream::tests::test_exif_chunk ... FAILED
[INFO] [stdout] test decoder::stream::tests::test_incorrect_trns_chunk_is_ignored ... ok
[INFO] [stdout] test decoder::stream::tests::test_fdat_chunk_payload_length_3 ... ok
[INFO] [stdout] test decoder::stream::tests::test_next_frame_info_polling_after_end_non_animated ... ok
[INFO] [stdout] test decoder::stream::tests::test_frame_split_across_two_fdat_chunks ... ok
[INFO] [stdout] test adam7::tests::test_adam7 ... ok
[INFO] [stdout] test decoder::stream::tests::test_next_frame_info_after_next_frame ... ok
[INFO] [stdout] test decoder::stream::tests::test_only_idat_chunk_in_input_stream ... ok
[INFO] [stdout] test adam7::tests::adam7_equivalence ... ok
[INFO] [stdout] test decoder::stream::tests::test_row_by_row_of_two_frames ... ok
[INFO] [stdout] test decoder::stream::tests::test_actl_num_frames_zero ... ok
[INFO] [stdout] test adam7::tests::test_expand_pass_splat_4bpp ... ok
[INFO] [stdout] test decoder::stream::tests::test_png_with_broken_iccp ... FAILED
[INFO] [stdout] test decoder::stream::tests::test_next_frame_polling_after_end_non_animated ... ok
[INFO] [stdout] test decoder::stream::tests::test_next_frame_info_to_skip_first_frame ... ok
[INFO] [stdout] test decoder::stream::tests::test_phys_roundtrip ... ok
[INFO] [stdout] test decoder::stream::tests::test_next_frame_polling_after_end_idat_not_part_of_animation ... ok
[INFO] [stdout] test decoder::stream::tests::test_small_fctl ... ok
[INFO] [stdout] test decoder::stream::tests::test_next_frame_polling_after_end_idat_part_of_animation ... ok
[INFO] [stdout] test adam7::tests::test_expand_adam7_bits_independent_row_stride ... ok
[INFO] [stdout] test decoder::stream::tests::test_row_by_row_then_next_frame ... ok
[INFO] [stdout] test adam7::tests::test_expand_adam7_bits ... ok
[INFO] [stdout] test decoder::stream::tests::test_streaming_input_and_reading_header_info ... ok
[INFO] [stdout] test decoder::transform::palette::test::test_expand_paletted_rgb_4bit ... ok
[INFO] [stdout] test decoder::transform::palette::test::test_expand_paletted_rgba_4bit ... ok
[INFO] [stdout] test decoder::transform::palette::test::test_expand_paletted_rgb_8bit ... ok
[INFO] [stdout] test decoder::transform::palette::test::test_expand_paletted_rgba_8bit_less_trns_entries_than_palette_entries ... ok
[INFO] [stdout] test decoder::stream::tests::test_srgb_roundtrip ... ok
[INFO] [stdout] test encoder::tests::expect_error_on_invalid_bit_depth_color_type_combination ... ok
[INFO] [stdout] test decoder::stream::tests::test_two_iccp_chunks ... FAILED
[INFO] [stdout] test decoder::stream::tests::test_streaming_input_and_decoding_via_next_frame ... ok
[INFO] [stdout] test encoder::tests::all_filters_roundtrip ... ok
[INFO] [stdout] test encoder::tests::expect_error_on_wrong_image_len ... ok
[INFO] [stdout] test encoder::tests::can_write_header_with_valid_bit_depth_color_type_combination ... ok
[INFO] [stdout] test encoder::tests::expect_error_on_empty_image ... ok
[INFO] [stdout] test encoder::tests::exper_error_on_huge_chunk ... ok
[INFO] [stdout] test decoder::stream::tests::test_streaming_input_and_decoding_via_next_row ... ok
[INFO] [stdout] test decoder::transform::palette::test::test_expand_paletted_rgba_8bit ... ok
[INFO] [stdout] test decoder::transform::palette::test::test_expand_paletted_rgba_8bit_more_trns_entries_than_palette_entries ... ok
[INFO] [stdout] test decoder::unfiltering_buffer::next_multiple_of_backport_testsuite ... ok
[INFO] [stdout] test decoder::transform::palette::test::test_create_rgba_palette ... ok
[INFO] [stdout] test encoder::tests::image_validate_missing_animated_frame ... ok
[INFO] [stdout] test encoder::tests::image_validate_sequence_without_animation ... ok
[INFO] [stdout] test adam7::tests::test_expand_pass_subbyte ... ok
[INFO] [stdout] test encoder::tests::exper_error_on_non_u32_chunk ... ok
[INFO] [stdout] test decoder::stream::tests::test_cicp_mdcv_and_clli_chunks ... FAILED
[INFO] [stdout] test decoder::stream::tests::image_source_chromaticities ... FAILED
[INFO] [stdout] test encoder::tests::image_validate_animation_sep_def_image ... ok
[INFO] [stdout] test decoder::stream::tests::image_gamma ... FAILED
[INFO] [stdout] test encoder::tests::stream_filtering ... ok
[INFO] [stdout] test encoder::tests::stream_flushing_with_balanced_compression ... ok
[INFO] [stdout] test encoder::tests::stream_flushing_with_fast_compression ... ok
[INFO] [stdout] test filter::paeth::tests::paeth_impls_are_equivalent ... ignored
[INFO] [stdout] test encoder::tests::some_gamma_roundtrip ... ok
[INFO] [stdout] test encoder::tests::roundtrip_stream1 ... ok
[INFO] [stdout] test filter::test::roundtrip_ascending_previous_line ... ok
[INFO] [stdout] test filter::test::sum_buffer_test ... ok
[INFO] [stdout] test encoder::tests::image_validate_missing_image ... ok
[INFO] [stdout] test encoder::tests::roundtrip_stream2 ... ok
[INFO] [stdout] test filter::test::roundtrip ... ok
[INFO] [stdout] test encoder::tests::finish_drops_inner_writer ... ok
[INFO] [stdout] test encoder::tests::stream_flushing_with_no_compression ... ok
[INFO] [stdout] test encoder::tests::issue_307_stream_validation ... ok
[INFO] [stdout] test encoder::tests::write_image_chunks_beyond_first ... ok
[INFO] [stdout] test encoder::tests::stream_flushing_with_fastest_compression ... ok
[INFO] [stdout] test encoder::tests::image_validate_animation ... ok
[INFO] [stdout] test encoder::tests::roundtrip1 ... ok
[INFO] [stdout] test encoder::tests::stream_flushing_with_high_compression ... ok
[INFO] [stdout] test encoder::tests::image_palette ... FAILED
[INFO] [stdout] test encoder::tests::image_validate_animation2 ... ok
[INFO] [stdout] test encoder::tests::roundtrip2 ... ok
[INFO] [stdout] 
[INFO] [stdout] failures:
[INFO] [stdout] 
[INFO] [stdout] ---- decoder::stream::tests::image_source_sbit stdout ----
[INFO] [stdout] 
[INFO] [stdout] thread 'decoder::stream::tests::image_source_sbit' (1024) panicked at src/decoder/stream.rs:2261:79:
[INFO] [stdout] called `Result::unwrap()` on an `Err` value: Os { code: 2, kind: NotFound, message: "No such file or directory" }
[INFO] [stdout] stack backtrace:
[INFO] [stdout]    0:     0x5b9f1b1e6941 - <<std[617be2ca0a6fd877]::sys::backtrace::BacktraceLock>::print::DisplayBacktrace as core[a373ad73a504971]::fmt::Display>::fmt
[INFO] [stdout]    1:     0x5b9f1b1fc50a - core[a373ad73a504971]::fmt::write
[INFO] [stdout]    2:     0x5b9f1b1eae4c - <alloc[2e1b2a31b91974c5]::vec::Vec<u8> as core[a373ad73a504971]::io::write::Write>::write_fmt
[INFO] [stdout]    3:     0x5b9f1b1c2466 - std[617be2ca0a6fd877]::panicking::default_hook::{closure#0}
[INFO] [stdout]    4:     0x5b9f1b1debc9 - std[617be2ca0a6fd877]::panicking::default_hook
[INFO] [stdout]    5:     0x5b9f1b16c980 - test[aada8e7e76ba119b]::test_main_inner::{closure#0}
[INFO] [stdout]    6:     0x5b9f1b1ded82 - std[617be2ca0a6fd877]::panicking::panic_with_hook
[INFO] [stdout]    7:     0x5b9f1b1c2512 - std[617be2ca0a6fd877]::panicking::panic_handler::{closure#0}
[INFO] [stdout]    8:     0x5b9f1b1bb189 - std[617be2ca0a6fd877]::sys::backtrace::__rust_end_short_backtrace::<std[617be2ca0a6fd877]::panicking::panic_handler::{closure#0}, !>
[INFO] [stdout]    9:     0x5b9f1b1c311d - __rustc[ea4f61d10b84890b]::rust_begin_unwind
[INFO] [stdout]   10:     0x5b9f1b1fcc6c - core[a373ad73a504971]::panicking::panic_fmt
[INFO] [stdout]   11:     0x5b9f1b1fca42 - core[a373ad73a504971]::result::unwrap_failed
[INFO] [stdout]   12:     0x5b9f1b1132d7 - png[9fc76434ef81078a]::decoder::stream::tests::image_source_sbit::trial
[INFO] [stdout]   13:     0x5b9f1b115187 - <png[9fc76434ef81078a]::decoder::stream::tests::image_source_sbit::{closure#0} as core[a373ad73a504971]::ops::function::FnOnce<()>>::call_once
[INFO] [stdout]   14:     0x5b9f1b15fdcb - test[aada8e7e76ba119b]::__rust_begin_short_backtrace::<core[a373ad73a504971]::result::Result<(), alloc[2e1b2a31b91974c5]::string::String>, fn() -> core[a373ad73a504971]::result::Result<(), alloc[2e1b2a31b91974c5]::string::String>>
[INFO] [stdout]   15:     0x5b9f1b16cfa5 - test[aada8e7e76ba119b]::run_test::{closure#0}
[INFO] [stdout]   16:     0x5b9f1b166894 - std[617be2ca0a6fd877]::sys::backtrace::__rust_begin_short_backtrace::<test[aada8e7e76ba119b]::run_test::{closure#1}, ()>
[INFO] [stdout]   17:     0x5b9f1b170032 - <std[617be2ca0a6fd877]::thread::lifecycle::spawn_unchecked<test[aada8e7e76ba119b]::run_test::{closure#1}, ()>::{closure#1} as core[a373ad73a504971]::ops::function::FnOnce<()>>::call_once::{shim:vtable#0}
[INFO] [stdout]   18:     0x5b9f1b1e619f - <std[617be2ca0a6fd877]::sys::thread::unix::Thread>::new::thread_start
[INFO] [stdout]   19:     0x72943ec4bdfa - <unknown>
[INFO] [stdout]   20:     0x72943ecdf3d4 - clone
[INFO] [stdout]   21:                0x0 - <unknown>
[INFO] [stdout] 
[INFO] [stdout] ---- decoder::stream::tests::test_exif_chunk stdout ----
[INFO] [stdout] 
[INFO] [stdout] thread 'decoder::stream::tests::test_exif_chunk' (1028) panicked at src/decoder/stream.rs:2405:65:
[INFO] [stdout] called `Result::unwrap()` on an `Err` value: Os { code: 2, kind: NotFound, message: "No such file or directory" }
[INFO] [stdout] stack backtrace:
[INFO] [stdout]    0:     0x5b9f1b1e6941 - <<std[617be2ca0a6fd877]::sys::backtrace::BacktraceLock>::print::DisplayBacktrace as core[a373ad73a504971]::fmt::Display>::fmt
[INFO] [stdout]    1:     0x5b9f1b1fc50a - core[a373ad73a504971]::fmt::write
[INFO] [stdout]    2:     0x5b9f1b1eae4c - <alloc[2e1b2a31b91974c5]::vec::Vec<u8> as core[a373ad73a504971]::io::write::Write>::write_fmt
[INFO] [stdout]    3:     0x5b9f1b1c2466 - std[617be2ca0a6fd877]::panicking::default_hook::{closure#0}
[INFO] [stdout]    4:     0x5b9f1b1debc9 - std[617be2ca0a6fd877]::panicking::default_hook
[INFO] [stdout]    5:     0x5b9f1b16c980 - test[aada8e7e76ba119b]::test_main_inner::{closure#0}
[INFO] [stdout]    6:     0x5b9f1b1ded82 - std[617be2ca0a6fd877]::panicking::panic_with_hook
[INFO] [stdout]    7:     0x5b9f1b1c2512 - std[617be2ca0a6fd877]::panicking::panic_handler::{closure#0}
[INFO] [stdout]    8:     0x5b9f1b1bb189 - std[617be2ca0a6fd877]::sys::backtrace::__rust_end_short_backtrace::<std[617be2ca0a6fd877]::panicking::panic_handler::{closure#0}, !>
[INFO] [stdout]    9:     0x5b9f1b1c311d - __rustc[ea4f61d10b84890b]::rust_begin_unwind
[INFO] [stdout]   10:     0x5b9f1b1fcc6c - core[a373ad73a504971]::panicking::panic_fmt
[INFO] [stdout]   11:     0x5b9f1b1fca42 - core[a373ad73a504971]::result::unwrap_failed
[INFO] [stdout]   12:     0x5b9f1b114c13 - <png[9fc76434ef81078a]::decoder::stream::tests::test_exif_chunk::{closure#0} as core[a373ad73a504971]::ops::function::FnOnce<()>>::call_once
[INFO] [stdout]   13:     0x5b9f1b15fdcb - test[aada8e7e76ba119b]::__rust_begin_short_backtrace::<core[a373ad73a504971]::result::Result<(), alloc[2e1b2a31b91974c5]::string::String>, fn() -> core[a373ad73a504971]::result::Result<(), alloc[2e1b2a31b91974c5]::string::String>>
[INFO] [stdout]   14:     0x5b9f1b16cfa5 - test[aada8e7e76ba119b]::run_test::{closure#0}
[INFO] [stdout]   15:     0x5b9f1b166894 - std[617be2ca0a6fd877]::sys::backtrace::__rust_begin_short_backtrace::<test[aada8e7e76ba119b]::run_test::{closure#1}, ()>
[INFO] [stdout]   16:     0x5b9f1b170032 - <std[617be2ca0a6fd877]::thread::lifecycle::spawn_unchecked<test[aada8e7e76ba119b]::run_test::{closure#1}, ()>::{closure#1} as core[a373ad73a504971]::ops::function::FnOnce<()>>::call_once::{shim:vtable#0}
[INFO] [stdout]   17:     0x5b9f1b1e619f - <std[617be2ca0a6fd877]::sys::thread::unix::Thread>::new::thread_start
[INFO] [stdout]   18:     0x72943ec4bdfa - <unknown>
[INFO] [stdout]   19:     0x72943ecdf3d4 - clone
[INFO] [stdout]   20:                0x0 - <unknown>
[INFO] [stdout] 
[INFO] [stdout] ---- decoder::stream::tests::test_png_with_broken_iccp stdout ----
[INFO] [stdout] 
[INFO] [stdout] thread 'decoder::stream::tests::test_png_with_broken_iccp' (1046) panicked at src/decoder/stream.rs:2358:54:
[INFO] [stdout] called `Result::unwrap()` on an `Err` value: Os { code: 2, kind: NotFound, message: "No such file or directory" }
[INFO] [stdout] stack backtrace:
[INFO] [stdout]    0:     0x5b9f1b1e6941 - <<std[617be2ca0a6fd877]::sys::backtrace::BacktraceLock>::print::DisplayBacktrace as core[a373ad73a504971]::fmt::Display>::fmt
[INFO] [stdout]    1:     0x5b9f1b1fc50a - core[a373ad73a504971]::fmt::write
[INFO] [stdout]    2:     0x5b9f1b1eae4c - <alloc[2e1b2a31b91974c5]::vec::Vec<u8> as core[a373ad73a504971]::io::write::Write>::write_fmt
[INFO] [stdout]    3:     0x5b9f1b1c2466 - std[617be2ca0a6fd877]::panicking::default_hook::{closure#0}
[INFO] [stdout]    4:     0x5b9f1b1debc9 - std[617be2ca0a6fd877]::panicking::default_hook
[INFO] [stdout]    5:     0x5b9f1b16c980 - test[aada8e7e76ba119b]::test_main_inner::{closure#0}
[INFO] [stdout]    6:     0x5b9f1b1ded82 - std[617be2ca0a6fd877]::panicking::panic_with_hook
[INFO] [stdout]    7:     0x5b9f1b1c2512 - std[617be2ca0a6fd877]::panicking::panic_handler::{closure#0}
[INFO] [stdout]    8:     0x5b9f1b1bb189 - std[617be2ca0a6fd877]::sys::backtrace::__rust_end_short_backtrace::<std[617be2ca0a6fd877]::panicking::panic_handler::{closure#0}, !>
[INFO] [stdout]    9:     0x5b9f1b1c311d - __rustc[ea4f61d10b84890b]::rust_begin_unwind
[INFO] [stdout]   10:     0x5b9f1b1fcc6c - core[a373ad73a504971]::panicking::panic_fmt
[INFO] [stdout]   11:     0x5b9f1b1fca42 - core[a373ad73a504971]::result::unwrap_failed
[INFO] [stdout]   12:     0x5b9f1b11792d - <png[9fc76434ef81078a]::decoder::stream::tests::test_png_with_broken_iccp::{closure#0} as core[a373ad73a504971]::ops::function::FnOnce<()>>::call_once
[INFO] [stdout]   13:     0x5b9f1b15fdcb - test[aada8e7e76ba119b]::__rust_begin_short_backtrace::<core[a373ad73a504971]::result::Result<(), alloc[2e1b2a31b91974c5]::string::String>, fn() -> core[a373ad73a504971]::result::Result<(), alloc[2e1b2a31b91974c5]::string::String>>
[INFO] [stdout]   14:     0x5b9f1b16cfa5 - test[aada8e7e76ba119b]::run_test::{closure#0}
[INFO] [stdout]   15:     0x5b9f1b166894 - std[617be2ca0a6fd877]::sys::backtrace::__rust_begin_short_backtrace::<test[aada8e7e76ba119b]::run_test::{closure#1}, ()>
[INFO] [stdout]   16:     0x5b9f1b170032 - <std[617be2ca0a6fd877]::thread::lifecycle::spawn_unchecked<test[aada8e7e76ba119b]::run_test::{closure#1}, ()>::{closure#1} as core[a373ad73a504971]::ops::function::FnOnce<()>>::call_once::{shim:vtable#0}
[INFO] [stdout]   17:     0x5b9f1b1e619f - <std[617be2ca0a6fd877]::sys::thread::unix::Thread>::new::thread_start
[INFO] [stdout]   18:     0x72943ec4bdfa - <unknown>
[INFO] [stdout]   19:     0x72943ecdf3d4 - clone
[INFO] [stdout]   20:                0x0 - <unknown>
[INFO] [stdout] 
[INFO] [stdout] ---- decoder::stream::tests::test_two_iccp_chunks stdout ----
[INFO] [stdout] 
[INFO] [stdout] thread 'decoder::stream::tests::test_two_iccp_chunks' (1054) panicked at src/decoder/stream.rs:2289:57:
[INFO] [stdout] called `Result::unwrap()` on an `Err` value: Os { code: 2, kind: NotFound, message: "No such file or directory" }
[INFO] [stdout] stack backtrace:
[INFO] [stdout]    0:     0x5b9f1b1e6941 - <<std[617be2ca0a6fd877]::sys::backtrace::BacktraceLock>::print::DisplayBacktrace as core[a373ad73a504971]::fmt::Display>::fmt
[INFO] [stdout]    1:     0x5b9f1b1fc50a - core[a373ad73a504971]::fmt::write
[INFO] [stdout]    2:     0x5b9f1b1eae4c - <alloc[2e1b2a31b91974c5]::vec::Vec<u8> as core[a373ad73a504971]::io::write::Write>::write_fmt
[INFO] [stdout]    3:     0x5b9f1b1c2466 - std[617be2ca0a6fd877]::panicking::default_hook::{closure#0}
[INFO] [stdout]    4:     0x5b9f1b1debc9 - std[617be2ca0a6fd877]::panicking::default_hook
[INFO] [stdout]    5:     0x5b9f1b16c980 - test[aada8e7e76ba119b]::test_main_inner::{closure#0}
[INFO] [stdout]    6:     0x5b9f1b1ded82 - std[617be2ca0a6fd877]::panicking::panic_with_hook
[INFO] [stdout]    7:     0x5b9f1b1c2512 - std[617be2ca0a6fd877]::panicking::panic_handler::{closure#0}
[INFO] [stdout]    8:     0x5b9f1b1bb189 - std[617be2ca0a6fd877]::sys::backtrace::__rust_end_short_backtrace::<std[617be2ca0a6fd877]::panicking::panic_handler::{closure#0}, !>
[INFO] [stdout]    9:     0x5b9f1b1c311d - __rustc[ea4f61d10b84890b]::rust_begin_unwind
[INFO] [stdout]   10:     0x5b9f1b1fcc6c - core[a373ad73a504971]::panicking::panic_fmt
[INFO] [stdout]   11:     0x5b9f1b1fca42 - core[a373ad73a504971]::result::unwrap_failed
[INFO] [stdout]   12:     0x5b9f1b116ac4 - <png[9fc76434ef81078a]::decoder::stream::tests::test_two_iccp_chunks::{closure#0} as core[a373ad73a504971]::ops::function::FnOnce<()>>::call_once
[INFO] [stdout]   13:     0x5b9f1b15fdcb - test[aada8e7e76ba119b]::__rust_begin_short_backtrace::<core[a373ad73a504971]::result::Result<(), alloc[2e1b2a31b91974c5]::string::String>, fn() -> core[a373ad73a504971]::result::Result<(), alloc[2e1b2a31b91974c5]::string::String>>
[INFO] [stdout]   14:     0x5b9f1b16cfa5 - test[aada8e7e76ba119b]::run_test::{closure#0}
[INFO] [stdout]   15:     0x5b9f1b166894 - std[617be2ca0a6fd877]::sys::backtrace::__rust_begin_short_backtrace::<test[aada8e7e76ba119b]::run_test::{closure#1}, ()>
[INFO] [stdout]   16:     0x5b9f1b170032 - <std[617be2ca0a6fd877]::thread::lifecycle::spawn_unchecked<test[aada8e7e76ba119b]::run_test::{closure#1}, ()>::{closure#1} as core[a373ad73a504971]::ops::function::FnOnce<()>>::call_once::{shim:vtable#0}
[INFO] [stdout]   17:     0x5b9f1b1e619f - <std[617be2ca0a6fd877]::sys::thread::unix::Thread>::new::thread_start
[INFO] [stdout]   18:     0x72943ec4bdfa - <unknown>
[INFO] [stdout]   19:     0x72943ecdf3d4 - clone
[INFO] [stdout]   20:                0x0 - <unknown>
[INFO] [stdout] 
[INFO] [stdout] ---- decoder::stream::tests::test_cicp_mdcv_and_clli_chunks stdout ----
[INFO] [stdout] 
[INFO] [stdout] thread 'decoder::stream::tests::test_cicp_mdcv_and_clli_chunks' (1026) panicked at src/decoder/stream.rs:2372:54:
[INFO] [stdout] called `Result::unwrap()` on an `Err` value: Os { code: 2, kind: NotFound, message: "No such file or directory" }
[INFO] [stdout] stack backtrace:
[INFO] [stdout]    0:     0x5b9f1b1e6941 - <<std[617be2ca0a6fd877]::sys::backtrace::BacktraceLock>::print::DisplayBacktrace as core[a373ad73a504971]::fmt::Display>::fmt
[INFO] [stdout]    1:     0x5b9f1b1fc50a - core[a373ad73a504971]::fmt::write
[INFO] [stdout]    2:     0x5b9f1b1eae4c - <alloc[2e1b2a31b91974c5]::vec::Vec<u8> as core[a373ad73a504971]::io::write::Write>::write_fmt
[INFO] [stdout]    3:     0x5b9f1b1c2466 - std[617be2ca0a6fd877]::panicking::default_hook::{closure#0}
[INFO] [stdout]    4:     0x5b9f1b1debc9 - std[617be2ca0a6fd877]::panicking::default_hook
[INFO] [stdout]    5:     0x5b9f1b16c980 - test[aada8e7e76ba119b]::test_main_inner::{closure#0}
[INFO] [stdout]    6:     0x5b9f1b1ded82 - std[617be2ca0a6fd877]::panicking::panic_with_hook
[INFO] [stdout]    7:     0x5b9f1b1c2512 - std[617be2ca0a6fd877]::panicking::panic_handler::{closure#0}
[INFO] [stdout]    8:     0x5b9f1b1bb189 - std[617be2ca0a6fd877]::sys::backtrace::__rust_end_short_backtrace::<std[617be2ca0a6fd877]::panicking::panic_handler::{closure#0}, !>
[INFO] [stdout]    9:     0x5b9f1b1c311d - __rustc[ea4f61d10b84890b]::rust_begin_unwind
[INFO] [stdout]   10:     0x5b9f1b1fcc6c - core[a373ad73a504971]::panicking::panic_fmt
[INFO] [stdout]   11:     0x5b9f1b1fca42 - core[a373ad73a504971]::result::unwrap_failed
[INFO] [stdout]   12:     0x5b9f1b11a622 - <png[9fc76434ef81078a]::decoder::stream::tests::test_cicp_mdcv_and_clli_chunks::{closure#0} as core[a373ad73a504971]::ops::function::FnOnce<()>>::call_once
[INFO] [stdout]   13:     0x5b9f1b15fdcb - test[aada8e7e76ba119b]::__rust_begin_short_backtrace::<core[a373ad73a504971]::result::Result<(), alloc[2e1b2a31b91974c5]::string::String>, fn() -> core[a373ad73a504971]::result::Result<(), alloc[2e1b2a31b91974c5]::string::String>>
[INFO] [stdout]   14:     0x5b9f1b16cfa5 - test[aada8e7e76ba119b]::run_test::{closure#0}
[INFO] [stdout]   15:     0x5b9f1b166894 - std[617be2ca0a6fd877]::sys::backtrace::__rust_begin_short_backtrace::<test[aada8e7e76ba119b]::run_test::{closure#1}, ()>
[INFO] [stdout]   16:     0x5b9f1b170032 - <std[617be2ca0a6fd877]::thread::lifecycle::spawn_unchecked<test[aada8e7e76ba119b]::run_test::{closure#1}, ()>::{closure#1} as core[a373ad73a504971]::ops::function::FnOnce<()>>::call_once::{shim:vtable#0}
[INFO] [stdout]   17:     0x5b9f1b1e619f - <std[617be2ca0a6fd877]::sys::thread::unix::Thread>::new::thread_start
[INFO] [stdout]   18:     0x72943ec4bdfa - <unknown>
[INFO] [stdout]   19:     0x72943ecdf3d4 - clone
[INFO] [stdout]   20:                0x0 - <unknown>
[INFO] [stdout] 
[INFO] [stdout] ---- decoder::stream::tests::image_source_chromaticities stdout ----
[INFO] [stdout] 
[INFO] [stdout] thread 'decoder::stream::tests::image_source_chromaticities' (1023) panicked at src/decoder/stream.rs:2074:79:
[INFO] [stdout] called `Result::unwrap()` on an `Err` value: Os { code: 2, kind: NotFound, message: "No such file or directory" }
[INFO] [stdout] stack backtrace:
[INFO] [stdout]    0:     0x5b9f1b1e6941 - <<std[617be2ca0a6fd877]::sys::backtrace::BacktraceLock>::print::DisplayBacktrace as core[a373ad73a504971]::fmt::Display>::fmt
[INFO] [stdout]    1:     0x5b9f1b1fc50a - core[a373ad73a504971]::fmt::write
[INFO] [stdout]    2:     0x5b9f1b1eae4c - <alloc[2e1b2a31b91974c5]::vec::Vec<u8> as core[a373ad73a504971]::io::write::Write>::write_fmt
[INFO] [stdout]    3:     0x5b9f1b1c2466 - std[617be2ca0a6fd877]::panicking::default_hook::{closure#0}
[INFO] [stdout]    4:     0x5b9f1b1debc9 - std[617be2ca0a6fd877]::panicking::default_hook
[INFO] [stdout]    5:     0x5b9f1b16c980 - test[aada8e7e76ba119b]::test_main_inner::{closure#0}
[INFO] [stdout]    6:     0x5b9f1b1ded82 - std[617be2ca0a6fd877]::panicking::panic_with_hook
[INFO] [stdout]    7:     0x5b9f1b1c2512 - std[617be2ca0a6fd877]::panicking::panic_handler::{closure#0}
[INFO] [stdout]    8:     0x5b9f1b1bb189 - std[617be2ca0a6fd877]::sys::backtrace::__rust_end_short_backtrace::<std[617be2ca0a6fd877]::panicking::panic_handler::{closure#0}, !>
[INFO] [stdout]    9:     0x5b9f1b1c311d - __rustc[ea4f61d10b84890b]::rust_begin_unwind
[INFO] [stdout]   10:     0x5b9f1b1fcc6c - core[a373ad73a504971]::panicking::panic_fmt
[INFO] [stdout]   11:     0x5b9f1b1fca42 - core[a373ad73a504971]::result::unwrap_failed
[INFO] [stdout]   12:     0x5b9f1b113678 - png[9fc76434ef81078a]::decoder::stream::tests::image_source_chromaticities::trial
[INFO] [stdout]   13:     0x5b9f1b117a86 - <png[9fc76434ef81078a]::decoder::stream::tests::image_source_chromaticities::{closure#0} as core[a373ad73a504971]::ops::function::FnOnce<()>>::call_once
[INFO] [stdout]   14:     0x5b9f1b15fdcb - test[aada8e7e76ba119b]::__rust_begin_short_backtrace::<core[a373ad73a504971]::result::Result<(), alloc[2e1b2a31b91974c5]::string::String>, fn() -> core[a373ad73a504971]::result::Result<(), alloc[2e1b2a31b91974c5]::string::String>>
[INFO] [stdout]   15:     0x5b9f1b16cfa5 - test[aada8e7e76ba119b]::run_test::{closure#0}
[INFO] [stdout]   16:     0x5b9f1b166894 - std[617be2ca0a6fd877]::sys::backtrace::__rust_begin_short_backtrace::<test[aada8e7e76ba119b]::run_test::{closure#1}, ()>
[INFO] [stdout]   17:     0x5b9f1b170032 - <std[617be2ca0a6fd877]::thread::lifecycle::spawn_unchecked<test[aada8e7e76ba119b]::run_test::{closure#1}, ()>::{closure#1} as core[a373ad73a504971]::ops::function::FnOnce<()>>::call_once::{shim:vtable#0}
[INFO] [stdout]   18:     0x5b9f1b1e619f - <std[617be2ca0a6fd877]::sys::thread::unix::Thread>::new::thread_start
[INFO] [stdout]   19:     0x72943ec4bdfa - <unknown>
[INFO] [stdout]   20:     0x72943ecdf3d4 - clone
[INFO] [stdout]   21:                0x0 - <unknown>
[INFO] [stdout] 
[INFO] [stdout] ---- decoder::stream::tests::image_gamma stdout ----
[INFO] [stdout] 
[INFO] [stdout] thread 'decoder::stream::tests::image_gamma' (1022) panicked at src/decoder/stream.rs:2033:79:
[INFO] [stdout] called `Result::unwrap()` on an `Err` value: Os { code: 2, kind: NotFound, message: "No such file or directory" }
[INFO] [stdout] stack backtrace:
[INFO] [stdout]    0:     0x5b9f1b1e6941 - <<std[617be2ca0a6fd877]::sys::backtrace::BacktraceLock>::print::DisplayBacktrace as core[a373ad73a504971]::fmt::Display>::fmt
[INFO] [stdout]    1:     0x5b9f1b1fc50a - core[a373ad73a504971]::fmt::write
[INFO] [stdout]    2:     0x5b9f1b1eae4c - <alloc[2e1b2a31b91974c5]::vec::Vec<u8> as core[a373ad73a504971]::io::write::Write>::write_fmt
[INFO] [stdout]    3:     0x5b9f1b1c2466 - std[617be2ca0a6fd877]::panicking::default_hook::{closure#0}
[INFO] [stdout]    4:     0x5b9f1b1debc9 - std[617be2ca0a6fd877]::panicking::default_hook
[INFO] [stdout]    5:     0x5b9f1b16c980 - test[aada8e7e76ba119b]::test_main_inner::{closure#0}
[INFO] [stdout]    6:     0x5b9f1b1ded82 - std[617be2ca0a6fd877]::panicking::panic_with_hook
[INFO] [stdout]    7:     0x5b9f1b1c2512 - std[617be2ca0a6fd877]::panicking::panic_handler::{closure#0}
[INFO] [stdout]    8:     0x5b9f1b1bb189 - std[617be2ca0a6fd877]::sys::backtrace::__rust_end_short_backtrace::<std[617be2ca0a6fd877]::panicking::panic_handler::{closure#0}, !>
[INFO] [stdout]    9:     0x5b9f1b1c311d - __rustc[ea4f61d10b84890b]::rust_begin_unwind
[INFO] [stdout]   10:     0x5b9f1b1fcc6c - core[a373ad73a504971]::panicking::panic_fmt
[INFO] [stdout]   11:     0x5b9f1b1fca42 - core[a373ad73a504971]::result::unwrap_failed
[INFO] [stdout]   12:     0x5b9f1b112f18 - png[9fc76434ef81078a]::decoder::stream::tests::image_gamma::trial
[INFO] [stdout]   13:     0x5b9f1b1147e2 - <png[9fc76434ef81078a]::decoder::stream::tests::image_gamma::{closure#0} as core[a373ad73a504971]::ops::function::FnOnce<()>>::call_once
[INFO] [stdout]   14:     0x5b9f1b15fdcb - test[aada8e7e76ba119b]::__rust_begin_short_backtrace::<core[a373ad73a504971]::result::Result<(), alloc[2e1b2a31b91974c5]::string::String>, fn() -> core[a373ad73a504971]::result::Result<(), alloc[2e1b2a31b91974c5]::string::String>>
[INFO] [stdout]   15:     0x5b9f1b16cfa5 - test[aada8e7e76ba119b]::run_test::{closure#0}
[INFO] [stdout]   16:     0x5b9f1b166894 - std[617be2ca0a6fd877]::sys::backtrace::__rust_begin_short_backtrace::<test[aada8e7e76ba119b]::run_test::{closure#1}, ()>
[INFO] [stdout]   17:     0x5b9f1b170032 - <std[617be2ca0a6fd877]::thread::lifecycle::spawn_unchecked<test[aada8e7e76ba119b]::run_test::{closure#1}, ()>::{closure#1} as core[a373ad73a504971]::ops::function::FnOnce<()>>::call_once::{shim:vtable#0}
[INFO] [stdout]   18:     0x5b9f1b1e619f - <std[617be2ca0a6fd877]::sys::thread::unix::Thread>::new::thread_start
[INFO] [stdout]   19:     0x72943ec4bdfa - <unknown>
[INFO] [stdout]   20:     0x72943ecdf3d4 - clone
[INFO] [stdout]   21:                0x0 - <unknown>
[INFO] [stdout] 
[INFO] [stderr] error: test failed, to rerun pass `--lib`
[INFO] [stdout] ---- encoder::tests::image_palette stdout ----
[INFO] [stdout] 
[INFO] [stdout] thread 'encoder::tests::image_palette' (1071) panicked at src/encoder.rs:1920:73:
[INFO] [stdout] called `Result::unwrap()` on an `Err` value: Os { code: 2, kind: NotFound, message: "No such file or directory" }
[INFO] [stdout] stack backtrace:
[INFO] [stdout]    0:     0x5b9f1b1e6941 - <<std[617be2ca0a6fd877]::sys::backtrace::BacktraceLock>::print::DisplayBacktrace as core[a373ad73a504971]::fmt::Display>::fmt
[INFO] [stdout]    1:     0x5b9f1b1fc50a - core[a373ad73a504971]::fmt::write
[INFO] [stdout]    2:     0x5b9f1b1eae4c - <alloc[2e1b2a31b91974c5]::vec::Vec<u8> as core[a373ad73a504971]::io::write::Write>::write_fmt
[INFO] [stdout]    3:     0x5b9f1b1c2466 - std[617be2ca0a6fd877]::panicking::default_hook::{closure#0}
[INFO] [stdout]    4:     0x5b9f1b1debc9 - std[617be2ca0a6fd877]::panicking::default_hook
[INFO] [stdout]    5:     0x5b9f1b16c980 - test[aada8e7e76ba119b]::test_main_inner::{closure#0}
[INFO] [stdout]    6:     0x5b9f1b1ded82 - std[617be2ca0a6fd877]::panicking::panic_with_hook
[INFO] [stdout]    7:     0x5b9f1b1c2512 - std[617be2ca0a6fd877]::panicking::panic_handler::{closure#0}
[INFO] [stdout]    8:     0x5b9f1b1bb189 - std[617be2ca0a6fd877]::sys::backtrace::__rust_end_short_backtrace::<std[617be2ca0a6fd877]::panicking::panic_handler::{closure#0}, !>
[INFO] [stdout]    9:     0x5b9f1b1c311d - __rustc[ea4f61d10b84890b]::rust_begin_unwind
[INFO] [stdout]   10:     0x5b9f1b1fcc6c - core[a373ad73a504971]::panicking::panic_fmt
[INFO] [stdout]   11:     0x5b9f1b1fca42 - core[a373ad73a504971]::result::unwrap_failed
[INFO] [stdout]   12:     0x5b9f1b12ee07 - <png[9fc76434ef81078a]::encoder::tests::image_palette::{closure#0} as core[a373ad73a504971]::ops::function::FnOnce<()>>::call_once
[INFO] [stdout]   13:     0x5b9f1b15fdcb - test[aada8e7e76ba119b]::__rust_begin_short_backtrace::<core[a373ad73a504971]::result::Result<(), alloc[2e1b2a31b91974c5]::string::String>, fn() -> core[a373ad73a504971]::result::Result<(), alloc[2e1b2a31b91974c5]::string::String>>
[INFO] [stdout]   14:     0x5b9f1b16cfa5 - test[aada8e7e76ba119b]::run_test::{closure#0}
[INFO] [stdout]   15:     0x5b9f1b166894 - std[617be2ca0a6fd877]::sys::backtrace::__rust_begin_short_backtrace::<test[aada8e7e76ba119b]::run_test::{closure#1}, ()>
[INFO] [stdout]   16:     0x5b9f1b170032 - <std[617be2ca0a6fd877]::thread::lifecycle::spawn_unchecked<test[aada8e7e76ba119b]::run_test::{closure#1}, ()>::{closure#1} as core[a373ad73a504971]::ops::function::FnOnce<()>>::call_once::{shim:vtable#0}
[INFO] [stdout]   17:     0x5b9f1b1e619f - <std[617be2ca0a6fd877]::sys::thread::unix::Thread>::new::thread_start
[INFO] [stdout]   18:     0x72943ec4bdfa - <unknown>
[INFO] [stdout]   19:     0x72943ecdf3d4 - clone
[INFO] [stdout]   20:                0x0 - <unknown>
[INFO] [stdout] 
[INFO] [stdout] 
[INFO] [stdout] failures:
[INFO] [stdout]     decoder::stream::tests::image_gamma
[INFO] [stdout]     decoder::stream::tests::image_source_chromaticities
[INFO] [stdout]     decoder::stream::tests::image_source_sbit
[INFO] [stdout]     decoder::stream::tests::test_cicp_mdcv_and_clli_chunks
[INFO] [stdout]     decoder::stream::tests::test_exif_chunk
[INFO] [stdout]     decoder::stream::tests::test_png_with_broken_iccp
[INFO] [stdout]     decoder::stream::tests::test_two_iccp_chunks
[INFO] [stdout]     encoder::tests::image_palette
[INFO] [stdout] 
[INFO] [stdout] test result: FAILED. 75 passed; 8 failed; 1 ignored; 0 measured; 0 filtered out; finished in 0.03s
[INFO] [stdout] 
[INFO] running `Command { std: "docker" "inspect" "75e7c45843e45c41b623794e84cc7b31087c8cc2230f49f82db6446dff3b0163", kill_on_drop: false }`
[INFO] running `Command { std: "docker" "rm" "-f" "75e7c45843e45c41b623794e84cc7b31087c8cc2230f49f82db6446dff3b0163", kill_on_drop: false }`
[INFO] [stdout] 75e7c45843e45c41b623794e84cc7b31087c8cc2230f49f82db6446dff3b0163
