[INFO] fetching crate pmv 0.4.2...
[INFO] testing pmv-0.4.2 against 1.100.0-beta.1+cargoflags=--release for beta-release-1.100-2
[INFO] extracting crate pmv 0.4.2 into /workspace/builds/worker-6-tc2/source
[INFO] started tweaking crates.io crate pmv 0.4.2
[INFO] finished tweaking crates.io crate pmv 0.4.2
[INFO] tweaked toml for crates.io crate pmv 0.4.2 written to /workspace/builds/worker-6-tc2/source/Cargo.toml
[INFO] validating manifest of crates.io crate pmv 0.4.2 on toolchain 1.100.0-beta.1
[INFO] running `Command { std: CARGO_HOME="/workspace/cargo-home" RUSTUP_HOME="/workspace/rustup-home" "/workspace/cargo-home/bin/cargo" "+1.100.0-beta.1" "metadata" "--manifest-path" "Cargo.toml" "--no-deps", kill_on_drop: false }`
[INFO] crate crates.io crate pmv 0.4.2 already has a lockfile, it will not be regenerated
[INFO] running `Command { std: CARGO_HOME="/workspace/cargo-home" RUSTUP_HOME="/workspace/rustup-home" "/workspace/cargo-home/bin/cargo" "+1.100.0-beta.1" "fetch" "--manifest-path" "Cargo.toml", kill_on_drop: false }`
[INFO] running `Command { std: "docker" "create" "-v" "/var/lib/crater-agent-workspace/builds/worker-6-tc2/source:/opt/rustwide/workdir:ro,Z" "-v" "/var/lib/crater-agent-workspace/builds/worker-6-tc2/target:/opt/rustwide/target:rw,Z" "-v" "/var/lib/crater-agent-workspace/cargo-home:/opt/rustwide/cargo-home:ro,Z" "-v" "/var/lib/crater-agent-workspace/rustup-home:/opt/rustwide/rustup-home:ro,Z" "-m" "1610612736" "--network" "none" "ghcr.io/rust-lang/crates-build-env/linux@sha256:77db811e55d90add9212f6832c23229e3de5f1c1f9905e8cb07319ea15df73ac" "sleep" "infinity", kill_on_drop: false }`
[INFO] [stdout] ae3d17223f42f2b99a7cb225ed1f89d157a9b5e80c3b55658916edbf22a85926
[INFO] running `Command { std: "docker" "start" "ae3d17223f42f2b99a7cb225ed1f89d157a9b5e80c3b55658916edbf22a85926", kill_on_drop: false }`
[INFO] running `Command { std: "docker" "inspect" "ae3d17223f42f2b99a7cb225ed1f89d157a9b5e80c3b55658916edbf22a85926", kill_on_drop: false }`
[INFO] running `Command { std: "docker" "exec" "-e" "SOURCE_DIR=/opt/rustwide/workdir" "-e" "CARGO_HOME=/opt/rustwide/cargo-home" "-e" "RUSTUP_HOME=/opt/rustwide/rustup-home" "-e" "CARGO_TARGET_DIR=/opt/rustwide/target" "-w" "/opt/rustwide/workdir" "--user" "0:0" "ae3d17223f42f2b99a7cb225ed1f89d157a9b5e80c3b55658916edbf22a85926" "/opt/rustwide/cargo-home/bin/cargo" "+1.100.0-beta.1" "metadata" "--no-deps" "--format-version=1", kill_on_drop: false }`
[INFO] running `Command { std: "docker" "inspect" "ae3d17223f42f2b99a7cb225ed1f89d157a9b5e80c3b55658916edbf22a85926", kill_on_drop: false }`
[INFO] running `Command { std: "docker" "exec" "-e" "SOURCE_DIR=/opt/rustwide/workdir" "-e" "CARGO_HOME=/opt/rustwide/cargo-home" "-e" "RUSTUP_HOME=/opt/rustwide/rustup-home" "-e" "CARGO_TARGET_DIR=/opt/rustwide/target" "-e" "CARGO_INCREMENTAL=0" "-e" "RUST_BACKTRACE=full" "-e" "RUSTFLAGS=--cap-lints=warn" "-e" "RUSTDOCFLAGS=--cap-lints=warn" "-w" "/opt/rustwide/workdir" "--user" "0:0" "ae3d17223f42f2b99a7cb225ed1f89d157a9b5e80c3b55658916edbf22a85926" "/opt/rustwide/cargo-home/bin/cargo" "+1.100.0-beta.1" "build" "--frozen" "--message-format=json" "--release", kill_on_drop: false }`
[INFO] [stderr]    Compiling libc v0.2.126
[INFO] [stderr]    Compiling proc-macro2 v1.0.39
[INFO] [stderr]    Compiling syn v1.0.96
[INFO] [stderr]    Compiling heck v0.4.0
[INFO] [stderr]    Compiling os_str_bytes v6.1.0
[INFO] [stderr]    Compiling strsim v0.10.0
[INFO] [stderr]    Compiling termcolor v1.1.3
[INFO] [stderr]    Compiling indexmap v1.9.0
[INFO] [stderr]    Compiling clap_lex v0.2.2
[INFO] [stderr]    Compiling getrandom v0.2.7
[INFO] [stderr]    Compiling terminal_size v0.1.17
[INFO] [stderr]    Compiling atty v0.2.14
[INFO] [stderr]    Compiling rand_core v0.6.3
[INFO] [stderr]    Compiling textwrap v0.15.0
[INFO] [stderr]    Compiling rand_chacha v0.3.1
[INFO] [stderr]    Compiling quote v1.0.18
[INFO] [stderr]    Compiling rand v0.8.5
[INFO] [stderr]    Compiling proc-macro-error-attr v1.0.4
[INFO] [stderr]    Compiling proc-macro-error v1.0.4
[INFO] [stderr]    Compiling clap_derive v3.2.5
[INFO] [stderr]    Compiling clap v3.2.5
[INFO] [stderr]    Compiling pmv v0.4.2 (/opt/rustwide/workdir)
[INFO] [stdout] warning: hiding a lifetime that's elided elsewhere is confusing
[INFO] [stdout]   --> src/lib.rs:50:23
[INFO] [stdout]    |
[INFO] [stdout] 50 | pub fn style_error(s: &str) -> ansi_term::ANSIString {
[INFO] [stdout]    |                       ^^^^     ^^^^^^^^^^^^^^^^^^^^^ the same lifetime is hidden here
[INFO] [stdout]    |                       |
[INFO] [stdout]    |                       the lifetime is elided here
[INFO] [stdout]    |
[INFO] [stdout]    = help: the same lifetime is referred to in inconsistent ways, making the signature confusing
[INFO] [stdout]    = note: `#[warn(mismatched_lifetime_syntaxes)]` on by default
[INFO] [stdout] help: use `'_` for type paths
[INFO] [stdout]    |
[INFO] [stdout] 50 | pub fn style_error(s: &str) -> ansi_term::ANSIString<'_> {
[INFO] [stdout]    |                                                     ++++
[INFO] [stdout] 
[INFO] [stdout] 
[INFO] [stderr]     Finished `release` profile [optimized] target(s) in 18.92s
[INFO] running `Command { std: "docker" "inspect" "ae3d17223f42f2b99a7cb225ed1f89d157a9b5e80c3b55658916edbf22a85926", kill_on_drop: false }`
[INFO] running `Command { std: "docker" "exec" "-e" "SOURCE_DIR=/opt/rustwide/workdir" "-e" "CARGO_HOME=/opt/rustwide/cargo-home" "-e" "RUSTUP_HOME=/opt/rustwide/rustup-home" "-e" "CARGO_TARGET_DIR=/opt/rustwide/target" "-e" "CARGO_INCREMENTAL=0" "-e" "RUST_BACKTRACE=full" "-e" "RUSTFLAGS=--cap-lints=warn" "-e" "RUSTDOCFLAGS=--cap-lints=warn" "-w" "/opt/rustwide/workdir" "--user" "0:0" "ae3d17223f42f2b99a7cb225ed1f89d157a9b5e80c3b55658916edbf22a85926" "/opt/rustwide/cargo-home/bin/cargo" "+1.100.0-beta.1" "test" "--frozen" "--no-run" "--message-format=json" "--release", kill_on_drop: false }`
[INFO] [stderr]    Compiling function_name-proc-macro v0.3.0
[INFO] [stdout] warning: hiding a lifetime that's elided elsewhere is confusing
[INFO] [stdout]   --> src/lib.rs:50:23
[INFO] [stdout]    |
[INFO] [stdout] 50 | pub fn style_error(s: &str) -> ansi_term::ANSIString {
[INFO] [stdout]    |                       ^^^^     ^^^^^^^^^^^^^^^^^^^^^ the same lifetime is hidden here
[INFO] [stdout]    |                       |
[INFO] [stdout]    |                       the lifetime is elided here
[INFO] [stdout]    |
[INFO] [stdout]    = help: the same lifetime is referred to in inconsistent ways, making the signature confusing
[INFO] [stdout]    = note: `#[warn(mismatched_lifetime_syntaxes)]` on by default
[INFO] [stdout] help: use `'_` for type paths
[INFO] [stdout]    |
[INFO] [stdout] 50 | pub fn style_error(s: &str) -> ansi_term::ANSIString<'_> {
[INFO] [stdout]    |                                                     ++++
[INFO] [stdout] 
[INFO] [stdout] 
[INFO] [stderr]    Compiling function_name v0.3.0
[INFO] [stderr]    Compiling pmv v0.4.2 (/opt/rustwide/workdir)
[INFO] [stdout] warning: hiding a lifetime that's elided elsewhere is confusing
[INFO] [stdout]   --> src/lib.rs:50:23
[INFO] [stdout]    |
[INFO] [stdout] 50 | pub fn style_error(s: &str) -> ansi_term::ANSIString {
[INFO] [stdout]    |                       ^^^^     ^^^^^^^^^^^^^^^^^^^^^ the same lifetime is hidden here
[INFO] [stdout]    |                       |
[INFO] [stdout]    |                       the lifetime is elided here
[INFO] [stdout]    |
[INFO] [stdout]    = help: the same lifetime is referred to in inconsistent ways, making the signature confusing
[INFO] [stdout]    = note: `#[warn(mismatched_lifetime_syntaxes)]` on by default
[INFO] [stdout] help: use `'_` for type paths
[INFO] [stdout]    |
[INFO] [stdout] 50 | pub fn style_error(s: &str) -> ansi_term::ANSIString<'_> {
[INFO] [stdout]    |                                                     ++++
[INFO] [stdout] 
[INFO] [stdout] 
[INFO] [stderr]     Finished `release` profile [optimized] target(s) in 4.10s
[INFO] running `Command { std: "docker" "inspect" "ae3d17223f42f2b99a7cb225ed1f89d157a9b5e80c3b55658916edbf22a85926", kill_on_drop: false }`
[INFO] running `Command { std: "docker" "exec" "-e" "SOURCE_DIR=/opt/rustwide/workdir" "-e" "CARGO_HOME=/opt/rustwide/cargo-home" "-e" "RUSTUP_HOME=/opt/rustwide/rustup-home" "-e" "CARGO_TARGET_DIR=/opt/rustwide/target" "-e" "CARGO_INCREMENTAL=0" "-e" "RUST_BACKTRACE=full" "-e" "RUSTFLAGS=--cap-lints=warn" "-e" "RUSTDOCFLAGS=--cap-lints=warn" "-w" "/opt/rustwide/workdir" "--user" "0:0" "ae3d17223f42f2b99a7cb225ed1f89d157a9b5e80c3b55658916edbf22a85926" "/opt/rustwide/cargo-home/bin/cargo" "+1.100.0-beta.1" "test" "--frozen" "--release", kill_on_drop: false }`
[INFO] [stderr] warning: hiding a lifetime that's elided elsewhere is confusing
[INFO] [stderr]   --> src/lib.rs:50:23
[INFO] [stderr]    |
[INFO] [stderr] 50 | pub fn style_error(s: &str) -> ansi_term::ANSIString {
[INFO] [stderr]    |                       ^^^^     ^^^^^^^^^^^^^^^^^^^^^ the same lifetime is hidden here
[INFO] [stderr]    |                       |
[INFO] [stderr]    |                       the lifetime is elided here
[INFO] [stderr]    |
[INFO] [stderr]    = help: the same lifetime is referred to in inconsistent ways, making the signature confusing
[INFO] [stderr]    = note: `#[warn(mismatched_lifetime_syntaxes)]` on by default
[INFO] [stderr] help: use `'_` for type paths
[INFO] [stderr]    |
[INFO] [stderr] 50 | pub fn style_error(s: &str) -> ansi_term::ANSIString<'_> {
[INFO] [stderr]    |                                                     ++++
[INFO] [stderr] 
[INFO] [stderr] warning: `pmv` (lib) generated 1 warning (run `cargo fix --lib -p pmv` to apply 1 suggestion)
[INFO] [stderr] warning: `pmv` (lib test) generated 1 warning (1 duplicate)
[INFO] [stderr]     Finished `release` profile [optimized] target(s) in 0.07s
[INFO] [stderr]      Running unittests src/lib.rs (/opt/rustwide/target/release/build/pmv/991dfe6f0b25e4fd/out/pmv-991dfe6f0b25e4fd)
[INFO] [stdout] 
[INFO] [stdout] running 65 tests
[INFO] [stdout] test fsutil::tests::move_files::dir_to_file ... FAILED
[INFO] [stdout] test fsutil::tests::move_files::dry_run ... FAILED
[INFO] [stdout] test fsutil::tests::move_files::dir_to_symlink2file ... FAILED
[INFO] [stdout] test fsutil::tests::move_files::file_to_symlink2dir ... FAILED
[INFO] [stdout] test fsutil::tests::move_files::invalid_dest ... FAILED
[INFO] [stdout] test fsutil::tests::move_files::dir_to_dir ... FAILED
[INFO] [stdout] test fsutil::tests::move_files::file_to_file ... FAILED
[INFO] [stdout] test fsutil::tests::move_files::symlink2dir_to_symlink2dir ... FAILED
[INFO] [stdout] test plan::tests::pull_a_chain::empty ... ok
[INFO] [stdout] test fsutil::tests::move_files::dir_to_symlink2dir ... FAILED
[INFO] [stdout] test fsutil::tests::move_files::file_to_dir ... FAILED
[INFO] [stdout] test fsutil::tests::move_files::symlink2dir_to_dir ... FAILED
[INFO] [stdout] test plan::tests::pull_a_chain::chained ... ok
[INFO] [stdout] test fsutil::tests::move_files::symlink2dir_to_file ... FAILED
[INFO] [stdout] test fsutil::tests::move_files::symlink2file_to_symlink2dir ... FAILED
[INFO] [stdout] test fsutil::tests::move_files::symlink2file_to_file ... FAILED
[INFO] [stdout] test fsutil::tests::move_files::symlink2file_to_symlink2file ... FAILED
[INFO] [stdout] test fsutil::tests::move_files::symlink2dir_to_symlink2file ... FAILED
[INFO] [stdout] test plan::tests::pull_a_chain::circular ... ok
[INFO] [stdout] test plan::tests::pull_a_chain::shared_src_2nd ... ok
[INFO] [stdout] test plan::tests::sort_entries::chained ... ok
[INFO] [stdout] test plan::tests::pull_a_chain::shared_src_1st ... ok
[INFO] [stdout] test plan::tests::sort_entries::circular ... ok
[INFO] [stdout] test plan::tests::pull_a_chain::single ... ok
[INFO] [stdout] test plan::tests::sort_entries::single ... ok
[INFO] [stdout] test plan::tests::sort_entries::emtpy ... ok
[INFO] [stdout] test plan::tests::substitute_variables::dest_sharp_0 ... ok
[INFO] [stdout] test fsutil::tests::move_files::symlink2file_to_dir ... FAILED
[INFO] [stdout] test plan::tests::substitute_variables::dest_empty ... ok
[INFO] [stdout] test plan::tests::substitute_variables::dest_sharp ... ok
[INFO] [stdout] test plan::tests::substitute_variables::dest_var_index_out_of_range ... ok
[INFO] [stdout] test plan::tests::substitute_variables::substrs_two ... ok
[INFO] [stdout] test fsutil::tests::move_files::file_to_symlink2file ... FAILED
[INFO] [stdout] test plan::tests::substitute_variables::substrs_one ... ok
[INFO] [stdout] test plan::tests::substitute_variables::dest_sharp_10 ... ok
[INFO] [stdout] test plan::tests::substitute_variables::dest_var_in_filename ... ok
[INFO] [stdout] test plan::tests::substitute_variables::dest_no_vars ... ok
[INFO] [stdout] test plan::tests::substitute_variables::dest_sharp_1 ... ok
[INFO] [stdout] test plan::tests::substitute_variables::dest_sharp_9 ... ok
[INFO] [stdout] test plan::tests::substitute_variables::dest_var_multi_usage ... ok
[INFO] [stdout] test plan::tests::substitute_variables::dest_sharp_colon ... ok
[INFO] [stdout] test plan::tests::substitute_variables::substrs_empty ... ok
[INFO] [stdout] test plan::tests::substitute_variables::dest_slash_substitution ... ok
[INFO] [stdout] test tests::matches_to_entries::multiple_matches ... FAILED
[INFO] [stdout] test plan::tests::substitute_variables::substrs_invalid_char ... ok
[INFO] [stdout] test plan::tests::substitute_variables::dest_var_in_dirname ... ok
[INFO] [stdout] test walk::fnmatch::tests::fnmatch::question_multiple ... ok
[INFO] [stdout] test tests::matches_to_entries::no_match ... ok
[INFO] [stdout] test tests::test_validation_duplicated_dest ... ok
[INFO] [stdout] test tests::test_validation_ok ... ok
[INFO] [stdout] test walk::fnmatch::tests::fnmatch::case_sensitivity ... ok
[INFO] [stdout] test walk::fnmatch::tests::fnmatch::no_special ... ok
[INFO] [stdout] test walk::fnmatch::tests::test_strcspn ... ok
[INFO] [stdout] test walk::fnmatch::tests::test_strspn ... ok
[INFO] [stdout] test walk::tests::walk::issue17 ... FAILED
[INFO] [stdout] test walk::tests::walk::non_absolute_search_root ... ok
[INFO] [stdout] test walk::fnmatch::tests::fnmatch::star_questions ... ok
[INFO] [stdout] test walk::tests::walk::no_specials ... FAILED
[INFO] [stdout] test walk::tests::walk::question ... FAILED
[INFO] [stdout] test walk::fnmatch::tests::fnmatch::question_non_ascii ... ok
[INFO] [stdout] test walk::fnmatch::tests::fnmatch::star_star ... ok
[INFO] [stdout] test walk::fnmatch::tests::fnmatch::question_single ... ok
[INFO] [stdout] test walk::fnmatch::tests::fnmatch::star ... ok
[INFO] [stdout] test walk::fnmatch::tests::fnmatch::star_question_star ... ok
[INFO] [stdout] test walk::tests::walk::star ... FAILED
[INFO] [stdout] 
[INFO] [stdout] failures:
[INFO] [stdout] 
[INFO] [stdout] ---- fsutil::tests::move_files::dir_to_file stdout ----
[INFO] [stdout] 
[INFO] [stdout] thread 'fsutil::tests::move_files::dir_to_file' (680) panicked at src/fsutil.rs:280:30:
[INFO] [stdout] called `Result::unwrap()` on an `Err` value: Os { code: 2, kind: NotFound, message: "No such file or directory" }
[INFO] [stdout] stack backtrace:
[INFO] [stdout]    0:     0x5bbeb6c88801 - <<std[617be2ca0a6fd877]::sys::backtrace::BacktraceLock>::print::DisplayBacktrace as core[a373ad73a504971]::fmt::Display>::fmt
[INFO] [stdout]    1:     0x5bbeb6c9d23a - core[a373ad73a504971]::fmt::write
[INFO] [stdout]    2:     0x5bbeb6c8ccec - <alloc[2e1b2a31b91974c5]::vec::Vec<u8> as core[a373ad73a504971]::io::write::Write>::write_fmt
[INFO] [stdout]    3:     0x5bbeb6c62576 - std[617be2ca0a6fd877]::panicking::default_hook::{closure#0}
[INFO] [stdout]    4:     0x5bbeb6c7fc69 - std[617be2ca0a6fd877]::panicking::default_hook
[INFO] [stdout]    5:     0x5bbeb6c16550 - test[aada8e7e76ba119b]::test_main_inner::{closure#0}
[INFO] [stdout]    6:     0x5bbeb6c7fe22 - std[617be2ca0a6fd877]::panicking::panic_with_hook
[INFO] [stdout]    7:     0x5bbeb6c62622 - std[617be2ca0a6fd877]::panicking::panic_handler::{closure#0}
[INFO] [stdout]    8:     0x5bbeb6c5aea9 - std[617be2ca0a6fd877]::sys::backtrace::__rust_end_short_backtrace::<std[617be2ca0a6fd877]::panicking::panic_handler::{closure#0}, !>
[INFO] [stdout]    9:     0x5bbeb6c6348d - __rustc[ea4f61d10b84890b]::rust_begin_unwind
[INFO] [stdout]   10:     0x5bbeb6c9d96c - core[a373ad73a504971]::panicking::panic_fmt
[INFO] [stdout]   11:     0x5bbeb6c9d742 - core[a373ad73a504971]::result::unwrap_failed
[INFO] [stdout]   12:     0x5bbeb6bed41c - <pmv[a7719cbc77dee3c]::fsutil::tests::move_files::dir_to_file::{closure#0} as core[a373ad73a504971]::ops::function::FnOnce<()>>::call_once
[INFO] [stdout]   13:     0x5bbeb6c0999b - test[aada8e7e76ba119b]::__rust_begin_short_backtrace::<core[a373ad73a504971]::result::Result<(), alloc[2e1b2a31b91974c5]::string::String>, fn() -> core[a373ad73a504971]::result::Result<(), alloc[2e1b2a31b91974c5]::string::String>>
[INFO] [stdout]   14:     0x5bbeb6c16b75 - test[aada8e7e76ba119b]::run_test::{closure#0}
[INFO] [stdout]   15:     0x5bbeb6c10464 - std[617be2ca0a6fd877]::sys::backtrace::__rust_begin_short_backtrace::<test[aada8e7e76ba119b]::run_test::{closure#1}, ()>
[INFO] [stdout]   16:     0x5bbeb6c19c02 - <std[617be2ca0a6fd877]::thread::lifecycle::spawn_unchecked<test[aada8e7e76ba119b]::run_test::{closure#1}, ()>::{closure#1} as core[a373ad73a504971]::ops::function::FnOnce<()>>::call_once::{shim:vtable#0}
[INFO] [stdout]   17:     0x5bbeb6c87b1f - <std[617be2ca0a6fd877]::sys::thread::unix::Thread>::new::thread_start
[INFO] [stdout]   18:     0x7ac45aa3fdfa - <unknown>
[INFO] [stdout]   19:     0x7ac45aad33d4 - clone
[INFO] [stdout]   20:                0x0 - <unknown>
[INFO] [stdout] 
[INFO] [stdout] ---- fsutil::tests::move_files::dry_run stdout ----
[INFO] [stdout] 
[INFO] [stdout] thread 'fsutil::tests::move_files::dry_run' (683) panicked at src/fsutil.rs:162:30:
[INFO] [stdout] called `Result::unwrap()` on an `Err` value: Os { code: 2, kind: NotFound, message: "No such file or directory" }
[INFO] [stdout] stack backtrace:
[INFO] [stdout]    0:     0x5bbeb6c88801 - <<std[617be2ca0a6fd877]::sys::backtrace::BacktraceLock>::print::DisplayBacktrace as core[a373ad73a504971]::fmt::Display>::fmt
[INFO] [stdout]    1:     0x5bbeb6c9d23a - core[a373ad73a504971]::fmt::write
[INFO] [stdout]    2:     0x5bbeb6c8ccec - <alloc[2e1b2a31b91974c5]::vec::Vec<u8> as core[a373ad73a504971]::io::write::Write>::write_fmt
[INFO] [stdout]    3:     0x5bbeb6c62576 - std[617be2ca0a6fd877]::panicking::default_hook::{closure#0}
[INFO] [stdout]    4:     0x5bbeb6c7fc69 - std[617be2ca0a6fd877]::panicking::default_hook
[INFO] [stdout]    5:     0x5bbeb6c16550 - test[aada8e7e76ba119b]::test_main_inner::{closure#0}
[INFO] [stdout]    6:     0x5bbeb6c7fe22 - std[617be2ca0a6fd877]::panicking::panic_with_hook
[INFO] [stdout]    7:     0x5bbeb6c62622 - std[617be2ca0a6fd877]::panicking::panic_handler::{closure#0}
[INFO] [stdout]    8:     0x5bbeb6c5aea9 - std[617be2ca0a6fd877]::sys::backtrace::__rust_end_short_backtrace::<std[617be2ca0a6fd877]::panicking::panic_handler::{closure#0}, !>
[INFO] [stdout]    9:     0x5bbeb6c6348d - __rustc[ea4f61d10b84890b]::rust_begin_unwind
[INFO] [stdout]   10:     0x5bbeb6c9d96c - core[a373ad73a504971]::panicking::panic_fmt
[INFO] [stdout]   11:     0x5bbeb6c9d742 - core[a373ad73a504971]::result::unwrap_failed
[INFO] [stdout]   12:     0x5bbeb6bf31da - <pmv[a7719cbc77dee3c]::fsutil::tests::move_files::dry_run::{closure#0} as core[a373ad73a504971]::ops::function::FnOnce<()>>::call_once
[INFO] [stdout]   13:     0x5bbeb6c0999b - test[aada8e7e76ba119b]::__rust_begin_short_backtrace::<core[a373ad73a504971]::result::Result<(), alloc[2e1b2a31b91974c5]::string::String>, fn() -> core[a373ad73a504971]::result::Result<(), alloc[2e1b2a31b91974c5]::string::String>>
[INFO] [stdout]   14:     0x5bbeb6c16b75 - test[aada8e7e76ba119b]::run_test::{closure#0}
[INFO] [stdout]   15:     0x5bbeb6c10464 - std[617be2ca0a6fd877]::sys::backtrace::__rust_begin_short_backtrace::<test[aada8e7e76ba119b]::run_test::{closure#1}, ()>
[INFO] [stdout]   16:     0x5bbeb6c19c02 - <std[617be2ca0a6fd877]::thread::lifecycle::spawn_unchecked<test[aada8e7e76ba119b]::run_test::{closure#1}, ()>::{closure#1} as core[a373ad73a504971]::ops::function::FnOnce<()>>::call_once::{shim:vtable#0}
[INFO] [stdout]   17:     0x5bbeb6c87b1f - <std[617be2ca0a6fd877]::sys::thread::unix::Thread>::new::thread_start
[INFO] [stdout]   18:     0x7ac45aa3fdfa - <unknown>
[INFO] [stdout]   19:     0x7ac45aad33d4 - clone
[INFO] [stdout]   20:                0x0 - <unknown>
[INFO] [stdout] 
[INFO] [stdout] ---- fsutil::tests::move_files::dir_to_symlink2file stdout ----
[INFO] [stdout] 
[INFO] [stdout] thread 'fsutil::tests::move_files::dir_to_symlink2file' (682) panicked at src/fsutil.rs:319:30:
[INFO] [stdout] called `Result::unwrap()` on an `Err` value: Os { code: 2, kind: NotFound, message: "No such file or directory" }
[INFO] [stdout] stack backtrace:
[INFO] [stdout]    0:     0x5bbeb6c88801 - <<std[617be2ca0a6fd877]::sys::backtrace::BacktraceLock>::print::DisplayBacktrace as core[a373ad73a504971]::fmt::Display>::fmt
[INFO] [stdout]    1:     0x5bbeb6c9d23a - core[a373ad73a504971]::fmt::write
[INFO] [stdout]    2:     0x5bbeb6c8ccec - <alloc[2e1b2a31b91974c5]::vec::Vec<u8> as core[a373ad73a504971]::io::write::Write>::write_fmt
[INFO] [stdout]    3:     0x5bbeb6c62576 - std[617be2ca0a6fd877]::panicking::default_hook::{closure#0}
[INFO] [stdout]    4:     0x5bbeb6c7fc69 - std[617be2ca0a6fd877]::panicking::default_hook
[INFO] [stdout]    5:     0x5bbeb6c16550 - test[aada8e7e76ba119b]::test_main_inner::{closure#0}
[INFO] [stdout]    6:     0x5bbeb6c7fe22 - std[617be2ca0a6fd877]::panicking::panic_with_hook
[INFO] [stdout]    7:     0x5bbeb6c62622 - std[617be2ca0a6fd877]::panicking::panic_handler::{closure#0}
[INFO] [stdout]    8:     0x5bbeb6c5aea9 - std[617be2ca0a6fd877]::sys::backtrace::__rust_end_short_backtrace::<std[617be2ca0a6fd877]::panicking::panic_handler::{closure#0}, !>
[INFO] [stdout]    9:     0x5bbeb6c6348d - __rustc[ea4f61d10b84890b]::rust_begin_unwind
[INFO] [stdout]   10:     0x5bbeb6c9d96c - core[a373ad73a504971]::panicking::panic_fmt
[INFO] [stdout]   11:     0x5bbeb6c9d742 - core[a373ad73a504971]::result::unwrap_failed
[INFO] [stdout]   12:     0x5bbeb6bef3ba - <pmv[a7719cbc77dee3c]::fsutil::tests::move_files::dir_to_symlink2file::{closure#0} as core[a373ad73a504971]::ops::function::FnOnce<()>>::call_once
[INFO] [stdout]   13:     0x5bbeb6c0999b - test[aada8e7e76ba119b]::__rust_begin_short_backtrace::<core[a373ad73a504971]::result::Result<(), alloc[2e1b2a31b91974c5]::string::String>, fn() -> core[a373ad73a504971]::result::Result<(), alloc[2e1b2a31b91974c5]::string::String>>
[INFO] [stdout]   14:     0x5bbeb6c16b75 - test[aada8e7e76ba119b]::run_test::{closure#0}
[INFO] [stdout]   15:     0x5bbeb6c10464 - std[617be2ca0a6fd877]::sys::backtrace::__rust_begin_short_backtrace::<test[aada8e7e76ba119b]::run_test::{closure#1}, ()>
[INFO] [stdout]   16:     0x5bbeb6c19c02 - <std[617be2ca0a6fd877]::thread::lifecycle::spawn_unchecked<test[aada8e7e76ba119b]::run_test::{closure#1}, ()>::{closure#1} as core[a373ad73a504971]::ops::function::FnOnce<()>>::call_once::{shim:vtable#0}
[INFO] [stdout]   17:     0x5bbeb6c87b1f - <std[617be2ca0a6fd877]::sys::thread::unix::Thread>::new::thread_start
[INFO] [stdout]   18:     0x7ac45aa3fdfa - <unknown>
[INFO] [stdout]   19:     0x7ac45aad33d4 - clone
[INFO] [stdout]   20:                0x0 - <unknown>
[INFO] [stdout] 
[INFO] [stdout] ---- fsutil::tests::move_files::file_to_symlink2dir stdout ----
[INFO] [stdout] 
[INFO] [stdout] thread 'fsutil::tests::move_files::file_to_symlink2dir' (686) panicked at src/fsutil.rs:259:30:
[INFO] [stdout] called `Result::unwrap()` on an `Err` value: Os { code: 2, kind: NotFound, message: "No such file or directory" }
[INFO] [stdout] stack backtrace:
[INFO] [stdout]    0:     0x5bbeb6c88801 - <<std[617be2ca0a6fd877]::sys::backtrace::BacktraceLock>::print::DisplayBacktrace as core[a373ad73a504971]::fmt::Display>::fmt
[INFO] [stdout]    1:     0x5bbeb6c9d23a - core[a373ad73a504971]::fmt::write
[INFO] [stdout]    2:     0x5bbeb6c8ccec - <alloc[2e1b2a31b91974c5]::vec::Vec<u8> as core[a373ad73a504971]::io::write::Write>::write_fmt
[INFO] [stdout]    3:     0x5bbeb6c62576 - std[617be2ca0a6fd877]::panicking::default_hook::{closure#0}
[INFO] [stdout]    4:     0x5bbeb6c7fc69 - std[617be2ca0a6fd877]::panicking::default_hook
[INFO] [stdout]    5:     0x5bbeb6c16550 - test[aada8e7e76ba119b]::test_main_inner::{closure#0}
[INFO] [stdout]    6:     0x5bbeb6c7fe22 - std[617be2ca0a6fd877]::panicking::panic_with_hook
[INFO] [stdout]    7:     0x5bbeb6c62622 - std[617be2ca0a6fd877]::panicking::panic_handler::{closure#0}
[INFO] [stdout]    8:     0x5bbeb6c5aea9 - std[617be2ca0a6fd877]::sys::backtrace::__rust_end_short_backtrace::<std[617be2ca0a6fd877]::panicking::panic_handler::{closure#0}, !>
[INFO] [stdout]    9:     0x5bbeb6c6348d - __rustc[ea4f61d10b84890b]::rust_begin_unwind
[INFO] [stdout]   10:     0x5bbeb6c9d96c - core[a373ad73a504971]::panicking::panic_fmt
[INFO] [stdout]   11:     0x5bbeb6c9d742 - core[a373ad73a504971]::result::unwrap_failed
[INFO] [stdout]   12:     0x5bbeb6bef99f - <pmv[a7719cbc77dee3c]::fsutil::tests::move_files::file_to_symlink2dir::{closure#0} as core[a373ad73a504971]::ops::function::FnOnce<()>>::call_once
[INFO] [stdout]   13:     0x5bbeb6c0999b - test[aada8e7e76ba119b]::__rust_begin_short_backtrace::<core[a373ad73a504971]::result::Result<(), alloc[2e1b2a31b91974c5]::string::String>, fn() -> core[a373ad73a504971]::result::Result<(), alloc[2e1b2a31b91974c5]::string::String>>
[INFO] [stdout]   14:     0x5bbeb6c16b75 - test[aada8e7e76ba119b]::run_test::{closure#0}
[INFO] [stdout]   15:     0x5bbeb6c10464 - std[617be2ca0a6fd877]::sys::backtrace::__rust_begin_short_backtrace::<test[aada8e7e76ba119b]::run_test::{closure#1}, ()>
[INFO] [stdout]   16:     0x5bbeb6c19c02 - <std[617be2ca0a6fd877]::thread::lifecycle::spawn_unchecked<test[aada8e7e76ba119b]::run_test::{closure#1}, ()>::{closure#1} as core[a373ad73a504971]::ops::function::FnOnce<()>>::call_once::{shim:vtable#0}
[INFO] [stdout]   17:     0x5bbeb6c87b1f - <std[617be2ca0a6fd877]::sys::thread::unix::Thread>::new::thread_start
[INFO] [stdout]   18:     0x7ac45aa3fdfa - <unknown>
[INFO] [stdout]   19:     0x7ac45aad33d4 - clone
[INFO] [stdout]   20:                0x0 - <unknown>
[INFO] [stdout] 
[INFO] [stdout] ---- fsutil::tests::move_files::invalid_dest stdout ----
[INFO] [stdout] 
[INFO] [stdout] thread 'fsutil::tests::move_files::invalid_dest' (688) panicked at src/fsutil.rs:182:30:
[INFO] [stdout] called `Result::unwrap()` on an `Err` value: Os { code: 2, kind: NotFound, message: "No such file or directory" }
[INFO] [stdout] stack backtrace:
[INFO] [stdout]    0:     0x5bbeb6c88801 - <<std[617be2ca0a6fd877]::sys::backtrace::BacktraceLock>::print::DisplayBacktrace as core[a373ad73a504971]::fmt::Display>::fmt
[INFO] [stdout]    1:     0x5bbeb6c9d23a - core[a373ad73a504971]::fmt::write
[INFO] [stdout]    2:     0x5bbeb6c8ccec - <alloc[2e1b2a31b91974c5]::vec::Vec<u8> as core[a373ad73a504971]::io::write::Write>::write_fmt
[INFO] [stdout]    3:     0x5bbeb6c62576 - std[617be2ca0a6fd877]::panicking::default_hook::{closure#0}
[INFO] [stdout]    4:     0x5bbeb6c7fc69 - std[617be2ca0a6fd877]::panicking::default_hook
[INFO] [stdout]    5:     0x5bbeb6c16550 - test[aada8e7e76ba119b]::test_main_inner::{closure#0}
[INFO] [stdout]    6:     0x5bbeb6c7fe22 - std[617be2ca0a6fd877]::panicking::panic_with_hook
[INFO] [stdout]    7:     0x5bbeb6c62622 - std[617be2ca0a6fd877]::panicking::panic_handler::{closure#0}
[INFO] [stdout]    8:     0x5bbeb6c5aea9 - std[617be2ca0a6fd877]::sys::backtrace::__rust_end_short_backtrace::<std[617be2ca0a6fd877]::panicking::panic_handler::{closure#0}, !>
[INFO] [stdout]    9:     0x5bbeb6c6348d - __rustc[ea4f61d10b84890b]::rust_begin_unwind
[INFO] [stdout]   10:     0x5bbeb6c9d96c - core[a373ad73a504971]::panicking::panic_fmt
[INFO] [stdout]   11:     0x5bbeb6c9d742 - core[a373ad73a504971]::result::unwrap_failed
[INFO] [stdout]   12:     0x5bbeb6bee4dc - <pmv[a7719cbc77dee3c]::fsutil::tests::move_files::invalid_dest::{closure#0} as core[a373ad73a504971]::ops::function::FnOnce<()>>::call_once
[INFO] [stdout]   13:     0x5bbeb6c0999b - test[aada8e7e76ba119b]::__rust_begin_short_backtrace::<core[a373ad73a504971]::result::Result<(), alloc[2e1b2a31b91974c5]::string::String>, fn() -> core[a373ad73a504971]::result::Result<(), alloc[2e1b2a31b91974c5]::string::String>>
[INFO] [stdout]   14:     0x5bbeb6c16b75 - test[aada8e7e76ba119b]::run_test::{closure#0}
[INFO] [stdout]   15:     0x5bbeb6c10464 - std[617be2ca0a6fd877]::sys::backtrace::__rust_begin_short_backtrace::<test[aada8e7e76ba119b]::run_test::{closure#1}, ()>
[INFO] [stdout]   16:     0x5bbeb6c19c02 - <std[617be2ca0a6fd877]::thread::lifecycle::spawn_unchecked<test[aada8e7e76ba119b]::run_test::{closure#1}, ()>::{closure#1} as core[a373ad73a504971]::ops::function::FnOnce<()>>::call_once::{shim:vtable#0}
[INFO] [stdout]   17:     0x5bbeb6c87b1f - <std[617be2ca0a6fd877]::sys::thread::unix::Thread>::new::thread_start
[INFO] [stdout]   18:     0x7ac45aa3fdfa - <unknown>
[INFO] [stdout]   19:     0x7ac45aad33d4 - clone
[INFO] [stdout]   20:                0x0 - <unknown>
[INFO] [stdout] 
[INFO] [stdout] ---- fsutil::tests::move_files::dir_to_dir stdout ----
[INFO] [stdout] 
[INFO] [stdout] thread 'fsutil::tests::move_files::dir_to_dir' (679) panicked at src/fsutil.rs:299:30:
[INFO] [stdout] called `Result::unwrap()` on an `Err` value: Os { code: 2, kind: NotFound, message: "No such file or directory" }
[INFO] [stdout] stack backtrace:
[INFO] [stdout]    0:     0x5bbeb6c88801 - <<std[617be2ca0a6fd877]::sys::backtrace::BacktraceLock>::print::DisplayBacktrace as core[a373ad73a504971]::fmt::Display>::fmt
[INFO] [stdout]    1:     0x5bbeb6c9d23a - core[a373ad73a504971]::fmt::write
[INFO] [stdout]    2:     0x5bbeb6c8ccec - <alloc[2e1b2a31b91974c5]::vec::Vec<u8> as core[a373ad73a504971]::io::write::Write>::write_fmt
[INFO] [stdout]    3:     0x5bbeb6c62576 - std[617be2ca0a6fd877]::panicking::default_hook::{closure#0}
[INFO] [stdout]    4:     0x5bbeb6c7fc69 - std[617be2ca0a6fd877]::panicking::default_hook
[INFO] [stdout]    5:     0x5bbeb6c16550 - test[aada8e7e76ba119b]::test_main_inner::{closure#0}
[INFO] [stdout]    6:     0x5bbeb6c7fe22 - std[617be2ca0a6fd877]::panicking::panic_with_hook
[INFO] [stdout]    7:     0x5bbeb6c62622 - std[617be2ca0a6fd877]::panicking::panic_handler::{closure#0}
[INFO] [stdout]    8:     0x5bbeb6c5aea9 - std[617be2ca0a6fd877]::sys::backtrace::__rust_end_short_backtrace::<std[617be2ca0a6fd877]::panicking::panic_handler::{closure#0}, !>
[INFO] [stdout]    9:     0x5bbeb6c6348d - __rustc[ea4f61d10b84890b]::rust_begin_unwind
[INFO] [stdout]   10:     0x5bbeb6c9d96c - core[a373ad73a504971]::panicking::panic_fmt
[INFO] [stdout]   11:     0x5bbeb6c9d742 - core[a373ad73a504971]::result::unwrap_failed
[INFO] [stdout]   12:     0x5bbeb6bece9d - <pmv[a7719cbc77dee3c]::fsutil::tests::move_files::dir_to_dir::{closure#0} as core[a373ad73a504971]::ops::function::FnOnce<()>>::call_once
[INFO] [stdout]   13:     0x5bbeb6c0999b - test[aada8e7e76ba119b]::__rust_begin_short_backtrace::<core[a373ad73a504971]::result::Result<(), alloc[2e1b2a31b91974c5]::string::String>, fn() -> core[a373ad73a504971]::result::Result<(), alloc[2e1b2a31b91974c5]::string::String>>
[INFO] [stdout]   14:     0x5bbeb6c16b75 - test[aada8e7e76ba119b]::run_test::{closure#0}
[INFO] [stdout]   15:     0x5bbeb6c10464 - std[617be2ca0a6fd877]::sys::backtrace::__rust_begin_short_backtrace::<test[aada8e7e76ba119b]::run_test::{closure#1}, ()>
[INFO] [stdout]   16:     0x5bbeb6c19c02 - <std[617be2ca0a6fd877]::thread::lifecycle::spawn_unchecked<test[aada8e7e76ba119b]::run_test::{closure#1}, ()>::{closure#1} as core[a373ad73a504971]::ops::function::FnOnce<()>>::call_once::{shim:vtable#0}
[INFO] [stdout]   17:     0x5bbeb6c87b1f - <std[617be2ca0a6fd877]::sys::thread::unix::Thread>::new::thread_start
[INFO] [stdout]   18:     0x7ac45aa3fdfa - <unknown>
[INFO] [stdout]   19:     0x7ac45aad33d4 - clone
[INFO] [stdout]   20:                0x0 - <unknown>
[INFO] [stdout] 
[INFO] [stdout] ---- fsutil::tests::move_files::file_to_file stdout ----
[INFO] [stdout] 
[INFO] [stdout] thread 'fsutil::tests::move_files::file_to_file' (685) panicked at src/fsutil.rs:200:30:
[INFO] [stdout] called `Result::unwrap()` on an `Err` value: Os { code: 2, kind: NotFound, message: "No such file or directory" }
[INFO] [stdout] stack backtrace:
[INFO] [stdout]    0:     0x5bbeb6c88801 - <<std[617be2ca0a6fd877]::sys::backtrace::BacktraceLock>::print::DisplayBacktrace as core[a373ad73a504971]::fmt::Display>::fmt
[INFO] [stdout]    1:     0x5bbeb6c9d23a - core[a373ad73a504971]::fmt::write
[INFO] [stdout]    2:     0x5bbeb6c8ccec - <alloc[2e1b2a31b91974c5]::vec::Vec<u8> as core[a373ad73a504971]::io::write::Write>::write_fmt
[INFO] [stdout]    3:     0x5bbeb6c62576 - std[617be2ca0a6fd877]::panicking::default_hook::{closure#0}
[INFO] [stdout]    4:     0x5bbeb6c7fc69 - std[617be2ca0a6fd877]::panicking::default_hook
[INFO] [stdout]    5:     0x5bbeb6c16550 - test[aada8e7e76ba119b]::test_main_inner::{closure#0}
[INFO] [stdout]    6:     0x5bbeb6c7fe22 - std[617be2ca0a6fd877]::panicking::panic_with_hook
[INFO] [stdout]    7:     0x5bbeb6c62622 - std[617be2ca0a6fd877]::panicking::panic_handler::{closure#0}
[INFO] [stdout]    8:     0x5bbeb6c5aea9 - std[617be2ca0a6fd877]::sys::backtrace::__rust_end_short_backtrace::<std[617be2ca0a6fd877]::panicking::panic_handler::{closure#0}, !>
[INFO] [stdout]    9:     0x5bbeb6c6348d - __rustc[ea4f61d10b84890b]::rust_begin_unwind
[INFO] [stdout]   10:     0x5bbeb6c9d96c - core[a373ad73a504971]::panicking::panic_fmt
[INFO] [stdout]   11:     0x5bbeb6c9d742 - core[a373ad73a504971]::result::unwrap_failed
[INFO] [stdout]   12:     0x5bbeb6bedf6c - <pmv[a7719cbc77dee3c]::fsutil::tests::move_files::file_to_file::{closure#0} as core[a373ad73a504971]::ops::function::FnOnce<()>>::call_once
[INFO] [stdout]   13:     0x5bbeb6c0999b - test[aada8e7e76ba119b]::__rust_begin_short_backtrace::<core[a373ad73a504971]::result::Result<(), alloc[2e1b2a31b91974c5]::string::String>, fn() -> core[a373ad73a504971]::result::Result<(), alloc[2e1b2a31b91974c5]::string::String>>
[INFO] [stdout]   14:     0x5bbeb6c16b75 - test[aada8e7e76ba119b]::run_test::{closure#0}
[INFO] [stdout]   15:     0x5bbeb6c10464 - std[617be2ca0a6fd877]::sys::backtrace::__rust_begin_short_backtrace::<test[aada8e7e76ba119b]::run_test::{closure#1}, ()>
[INFO] [stdout]   16:     0x5bbeb6c19c02 - <std[617be2ca0a6fd877]::thread::lifecycle::spawn_unchecked<test[aada8e7e76ba119b]::run_test::{closure#1}, ()>::{closure#1} as core[a373ad73a504971]::ops::function::FnOnce<()>>::call_once::{shim:vtable#0}
[INFO] [stdout]   17:     0x5bbeb6c87b1f - <std[617be2ca0a6fd877]::sys::thread::unix::Thread>::new::thread_start
[INFO] [stdout]   18:     0x7ac45aa3fdfa - <unknown>
[INFO] [stdout]   19:     0x7ac45aad33d4 - clone
[INFO] [stdout]   20:                0x0 - <unknown>
[INFO] [stdout] 
[INFO] [stdout] ---- fsutil::tests::move_files::symlink2dir_to_symlink2dir stdout ----
[INFO] [stdout] 
[INFO] [stdout] thread 'fsutil::tests::move_files::symlink2dir_to_symlink2dir' (691) panicked at src/fsutil.rs:512:30:
[INFO] [stdout] called `Result::unwrap()` on an `Err` value: Os { code: 2, kind: NotFound, message: "No such file or directory" }
[INFO] [stdout] stack backtrace:
[INFO] [stdout]    0:     0x5bbeb6c88801 - <<std[617be2ca0a6fd877]::sys::backtrace::BacktraceLock>::print::DisplayBacktrace as core[a373ad73a504971]::fmt::Display>::fmt
[INFO] [stdout]    1:     0x5bbeb6c9d23a - core[a373ad73a504971]::fmt::write
[INFO] [stdout]    2:     0x5bbeb6c8ccec - <alloc[2e1b2a31b91974c5]::vec::Vec<u8> as core[a373ad73a504971]::io::write::Write>::write_fmt
[INFO] [stdout]    3:     0x5bbeb6c62576 - std[617be2ca0a6fd877]::panicking::default_hook::{closure#0}
[INFO] [stdout]    4:     0x5bbeb6c7fc69 - std[617be2ca0a6fd877]::panicking::default_hook
[INFO] [stdout]    5:     0x5bbeb6c16550 - test[aada8e7e76ba119b]::test_main_inner::{closure#0}
[INFO] [stdout]    6:     0x5bbeb6c7fe22 - std[617be2ca0a6fd877]::panicking::panic_with_hook
[INFO] [stdout]    7:     0x5bbeb6c62622 - std[617be2ca0a6fd877]::panicking::panic_handler::{closure#0}
[INFO] [stdout]    8:     0x5bbeb6c5aea9 - std[617be2ca0a6fd877]::sys::backtrace::__rust_end_short_backtrace::<std[617be2ca0a6fd877]::panicking::panic_handler::{closure#0}, !>
[INFO] [stdout]    9:     0x5bbeb6c6348d - __rustc[ea4f61d10b84890b]::rust_begin_unwind
[INFO] [stdout]   10:     0x5bbeb6c9d96c - core[a373ad73a504971]::panicking::panic_fmt
[INFO] [stdout]   11:     0x5bbeb6c9d742 - core[a373ad73a504971]::result::unwrap_failed
[INFO] [stdout]   12:     0x5bbeb6bf16a0 - <pmv[a7719cbc77dee3c]::fsutil::tests::move_files::symlink2dir_to_symlink2dir::{closure#0} as core[a373ad73a504971]::ops::function::FnOnce<()>>::call_once
[INFO] [stdout]   13:     0x5bbeb6c0999b - test[aada8e7e76ba119b]::__rust_begin_short_backtrace::<core[a373ad73a504971]::result::Result<(), alloc[2e1b2a31b91974c5]::string::String>, fn() -> core[a373ad73a504971]::result::Result<(), alloc[2e1b2a31b91974c5]::string::String>>
[INFO] [stdout]   14:     0x5bbeb6c16b75 - test[aada8e7e76ba119b]::run_test::{closure#0}
[INFO] [stdout]   15:     0x5bbeb6c10464 - std[617be2ca0a6fd877]::sys::backtrace::__rust_begin_short_backtrace::<test[aada8e7e76ba119b]::run_test::{closure#1}, ()>
[INFO] [stdout]   16:     0x5bbeb6c19c02 - <std[617be2ca0a6fd877]::thread::lifecycle::spawn_unchecked<test[aada8e7e76ba119b]::run_test::{closure#1}, ()>::{closure#1} as core[a373ad73a504971]::ops::function::FnOnce<()>>::call_once::{shim:vtable#0}
[INFO] [stdout]   17:     0x5bbeb6c87b1f - <std[617be2ca0a6fd877]::sys::thread::unix::Thread>::new::thread_start
[INFO] [stdout]   18:     0x7ac45aa3fdfa - <unknown>
[INFO] [stdout]   19:     0x7ac45aad33d4 - clone
[INFO] [stdout]   20:                0x0 - <unknown>
[INFO] [stdout] 
[INFO] [stdout] ---- fsutil::tests::move_files::dir_to_symlink2dir stdout ----
[INFO] [stdout] 
[INFO] [stdout] thread 'fsutil::tests::move_files::dir_to_symlink2dir' (681) panicked at src/fsutil.rs:339:30:
[INFO] [stdout] called `Result::unwrap()` on an `Err` value: Os { code: 2, kind: NotFound, message: "No such file or directory" }
[INFO] [stdout] stack backtrace:
[INFO] [stdout]    0:     0x5bbeb6c88801 - <<std[617be2ca0a6fd877]::sys::backtrace::BacktraceLock>::print::DisplayBacktrace as core[a373ad73a504971]::fmt::Display>::fmt
[INFO] [stdout]    1:     0x5bbeb6c9d23a - core[a373ad73a504971]::fmt::write
[INFO] [stdout]    2:     0x5bbeb6c8ccec - <alloc[2e1b2a31b91974c5]::vec::Vec<u8> as core[a373ad73a504971]::io::write::Write>::write_fmt
[INFO] [stdout]    3:     0x5bbeb6c62576 - std[617be2ca0a6fd877]::panicking::default_hook::{closure#0}
[INFO] [stdout]    4:     0x5bbeb6c7fc69 - std[617be2ca0a6fd877]::panicking::default_hook
[INFO] [stdout]    5:     0x5bbeb6c16550 - test[aada8e7e76ba119b]::test_main_inner::{closure#0}
[INFO] [stdout]    6:     0x5bbeb6c7fe22 - std[617be2ca0a6fd877]::panicking::panic_with_hook
[INFO] [stdout]    7:     0x5bbeb6c62622 - std[617be2ca0a6fd877]::panicking::panic_handler::{closure#0}
[INFO] [stdout]    8:     0x5bbeb6c5aea9 - std[617be2ca0a6fd877]::sys::backtrace::__rust_end_short_backtrace::<std[617be2ca0a6fd877]::panicking::panic_handler::{closure#0}, !>
[INFO] [stdout]    9:     0x5bbeb6c6348d - __rustc[ea4f61d10b84890b]::rust_begin_unwind
[INFO] [stdout]   10:     0x5bbeb6c9d96c - core[a373ad73a504971]::panicking::panic_fmt
[INFO] [stdout]   11:     0x5bbeb6c9d742 - core[a373ad73a504971]::result::unwrap_failed
[INFO] [stdout]   12:     0x5bbeb6bee9ad - <pmv[a7719cbc77dee3c]::fsutil::tests::move_files::dir_to_symlink2dir::{closure#0} as core[a373ad73a504971]::ops::function::FnOnce<()>>::call_once
[INFO] [stdout]   13:     0x5bbeb6c0999b - test[aada8e7e76ba119b]::__rust_begin_short_backtrace::<core[a373ad73a504971]::result::Result<(), alloc[2e1b2a31b91974c5]::string::String>, fn() -> core[a373ad73a504971]::result::Result<(), alloc[2e1b2a31b91974c5]::string::String>>
[INFO] [stdout]   14:     0x5bbeb6c16b75 - test[aada8e7e76ba119b]::run_test::{closure#0}
[INFO] [stdout]   15:     0x5bbeb6c10464 - std[617be2ca0a6fd877]::sys::backtrace::__rust_begin_short_backtrace::<test[aada8e7e76ba119b]::run_test::{closure#1}, ()>
[INFO] [stdout]   16:     0x5bbeb6c19c02 - <std[617be2ca0a6fd877]::thread::lifecycle::spawn_unchecked<test[aada8e7e76ba119b]::run_test::{closure#1}, ()>::{closure#1} as core[a373ad73a504971]::ops::function::FnOnce<()>>::call_once::{shim:vtable#0}
[INFO] [stdout]   17:     0x5bbeb6c87b1f - <std[617be2ca0a6fd877]::sys::thread::unix::Thread>::new::thread_start
[INFO] [stdout]   18:     0x7ac45aa3fdfa - <unknown>
[INFO] [stdout]   19:     0x7ac45aad33d4 - clone
[INFO] [stdout]   20:                0x0 - <unknown>
[INFO] [stdout] 
[INFO] [stdout] ---- fsutil::tests::move_files::file_to_dir stdout ----
[INFO] [stdout] 
[INFO] [stdout] thread 'fsutil::tests::move_files::file_to_dir' (684) panicked at src/fsutil.rs:219:30:
[INFO] [stdout] called `Result::unwrap()` on an `Err` value: Os { code: 2, kind: NotFound, message: "No such file or directory" }
[INFO] [stdout] stack backtrace:
[INFO] [stdout]    0:     0x5bbeb6c88801 - <<std[617be2ca0a6fd877]::sys::backtrace::BacktraceLock>::print::DisplayBacktrace as core[a373ad73a504971]::fmt::Display>::fmt
[INFO] [stdout]    1:     0x5bbeb6c9d23a - core[a373ad73a504971]::fmt::write
[INFO] [stdout]    2:     0x5bbeb6c8ccec - <alloc[2e1b2a31b91974c5]::vec::Vec<u8> as core[a373ad73a504971]::io::write::Write>::write_fmt
[INFO] [stdout]    3:     0x5bbeb6c62576 - std[617be2ca0a6fd877]::panicking::default_hook::{closure#0}
[INFO] [stdout]    4:     0x5bbeb6c7fc69 - std[617be2ca0a6fd877]::panicking::default_hook
[INFO] [stdout]    5:     0x5bbeb6c16550 - test[aada8e7e76ba119b]::test_main_inner::{closure#0}
[INFO] [stdout]    6:     0x5bbeb6c7fe22 - std[617be2ca0a6fd877]::panicking::panic_with_hook
[INFO] [stdout]    7:     0x5bbeb6c62622 - std[617be2ca0a6fd877]::panicking::panic_handler::{closure#0}
[INFO] [stdout]    8:     0x5bbeb6c5aea9 - std[617be2ca0a6fd877]::sys::backtrace::__rust_end_short_backtrace::<std[617be2ca0a6fd877]::panicking::panic_handler::{closure#0}, !>
[INFO] [stdout]    9:     0x5bbeb6c6348d - __rustc[ea4f61d10b84890b]::rust_begin_unwind
[INFO] [stdout]   10:     0x5bbeb6c9d96c - core[a373ad73a504971]::panicking::panic_fmt
[INFO] [stdout]   11:     0x5bbeb6c9d742 - core[a373ad73a504971]::result::unwrap_failed
[INFO] [stdout]   12:     0x5bbeb6bed9dc - <pmv[a7719cbc77dee3c]::fsutil::tests::move_files::file_to_dir::{closure#0} as core[a373ad73a504971]::ops::function::FnOnce<()>>::call_once
[INFO] [stdout]   13:     0x5bbeb6c0999b - test[aada8e7e76ba119b]::__rust_begin_short_backtrace::<core[a373ad73a504971]::result::Result<(), alloc[2e1b2a31b91974c5]::string::String>, fn() -> core[a373ad73a504971]::result::Result<(), alloc[2e1b2a31b91974c5]::string::String>>
[INFO] [stdout]   14:     0x5bbeb6c16b75 - test[aada8e7e76ba119b]::run_test::{closure#0}
[INFO] [stdout]   15:     0x5bbeb6c10464 - std[617be2ca0a6fd877]::sys::backtrace::__rust_begin_short_backtrace::<test[aada8e7e76ba119b]::run_test::{closure#1}, ()>
[INFO] [stdout]   16:     0x5bbeb6c19c02 - <std[617be2ca0a6fd877]::thread::lifecycle::spawn_unchecked<test[aada8e7e76ba119b]::run_test::{closure#1}, ()>::{closure#1} as core[a373ad73a504971]::ops::function::FnOnce<()>>::call_once::{shim:vtable#0}
[INFO] [stdout]   17:     0x5bbeb6c87b1f - <std[617be2ca0a6fd877]::sys::thread::unix::Thread>::new::thread_start
[INFO] [stdout]   18:     0x7ac45aa3fdfa - <unknown>
[INFO] [stdout]   19:     0x7ac45aad33d4 - clone
[INFO] [stdout]   20:                0x0 - <unknown>
[INFO] [stdout] 
[INFO] [stdout] ---- fsutil::tests::move_files::symlink2dir_to_dir stdout ----
[INFO] [stdout] 
[INFO] [stdout] thread 'fsutil::tests::move_files::symlink2dir_to_dir' (689) panicked at src/fsutil.rs:470:30:
[INFO] [stdout] called `Result::unwrap()` on an `Err` value: Os { code: 2, kind: NotFound, message: "No such file or directory" }
[INFO] [stdout] stack backtrace:
[INFO] [stdout]    0:     0x5bbeb6c88801 - <<std[617be2ca0a6fd877]::sys::backtrace::BacktraceLock>::print::DisplayBacktrace as core[a373ad73a504971]::fmt::Display>::fmt
[INFO] [stdout]    1:     0x5bbeb6c9d23a - core[a373ad73a504971]::fmt::write
[INFO] [stdout]    2:     0x5bbeb6c8ccec - <alloc[2e1b2a31b91974c5]::vec::Vec<u8> as core[a373ad73a504971]::io::write::Write>::write_fmt
[INFO] [stdout]    3:     0x5bbeb6c62576 - std[617be2ca0a6fd877]::panicking::default_hook::{closure#0}
[INFO] [stdout]    4:     0x5bbeb6c7fc69 - std[617be2ca0a6fd877]::panicking::default_hook
[INFO] [stdout]    5:     0x5bbeb6c16550 - test[aada8e7e76ba119b]::test_main_inner::{closure#0}
[INFO] [stdout]    6:     0x5bbeb6c7fe22 - std[617be2ca0a6fd877]::panicking::panic_with_hook
[INFO] [stdout]    7:     0x5bbeb6c62622 - std[617be2ca0a6fd877]::panicking::panic_handler::{closure#0}
[INFO] [stdout]    8:     0x5bbeb6c5aea9 - std[617be2ca0a6fd877]::sys::backtrace::__rust_end_short_backtrace::<std[617be2ca0a6fd877]::panicking::panic_handler::{closure#0}, !>
[INFO] [stdout]    9:     0x5bbeb6c6348d - __rustc[ea4f61d10b84890b]::rust_begin_unwind
[INFO] [stdout]   10:     0x5bbeb6c9d96c - core[a373ad73a504971]::panicking::panic_fmt
[INFO] [stdout]   11:     0x5bbeb6c9d742 - core[a373ad73a504971]::result::unwrap_failed
[INFO] [stdout]   12:     0x5bbeb6beeedd - <pmv[a7719cbc77dee3c]::fsutil::tests::move_files::symlink2dir_to_dir::{closure#0} as core[a373ad73a504971]::ops::function::FnOnce<()>>::call_once
[INFO] [stdout]   13:     0x5bbeb6c0999b - test[aada8e7e76ba119b]::__rust_begin_short_backtrace::<core[a373ad73a504971]::result::Result<(), alloc[2e1b2a31b91974c5]::string::String>, fn() -> core[a373ad73a504971]::result::Result<(), alloc[2e1b2a31b91974c5]::string::String>>
[INFO] [stdout]   14:     0x5bbeb6c16b75 - test[aada8e7e76ba119b]::run_test::{closure#0}
[INFO] [stdout]   15:     0x5bbeb6c10464 - std[617be2ca0a6fd877]::sys::backtrace::__rust_begin_short_backtrace::<test[aada8e7e76ba119b]::run_test::{closure#1}, ()>
[INFO] [stdout]   16:     0x5bbeb6c19c02 - <std[617be2ca0a6fd877]::thread::lifecycle::spawn_unchecked<test[aada8e7e76ba119b]::run_test::{closure#1}, ()>::{closure#1} as core[a373ad73a504971]::ops::function::FnOnce<()>>::call_once::{shim:vtable#0}
[INFO] [stdout]   17:     0x5bbeb6c87b1f - <std[617be2ca0a6fd877]::sys::thread::unix::Thread>::new::thread_start
[INFO] [stdout]   18:     0x7ac45aa3fdfa - <unknown>
[INFO] [stdout]   19:     0x7ac45aad33d4 - clone
[INFO] [stdout]   20:                0x0 - <unknown>
[INFO] [stdout] 
[INFO] [stdout] ---- fsutil::tests::move_files::symlink2dir_to_file stdout ----
[INFO] [stdout] 
[INFO] [stdout] thread 'fsutil::tests::move_files::symlink2dir_to_file' (690) panicked at src/fsutil.rs:449:30:
[INFO] [stdout] called `Result::unwrap()` on an `Err` value: Os { code: 2, kind: NotFound, message: "No such file or directory" }
[INFO] [stdout] stack backtrace:
[INFO] [stdout]    0:     0x5bbeb6c88801 - <<std[617be2ca0a6fd877]::sys::backtrace::BacktraceLock>::print::DisplayBacktrace as core[a373ad73a504971]::fmt::Display>::fmt
[INFO] [stdout]    1:     0x5bbeb6c9d23a - core[a373ad73a504971]::fmt::write
[INFO] [stdout]    2:     0x5bbeb6c8ccec - <alloc[2e1b2a31b91974c5]::vec::Vec<u8> as core[a373ad73a504971]::io::write::Write>::write_fmt
[INFO] [stdout]    3:     0x5bbeb6c62576 - std[617be2ca0a6fd877]::panicking::default_hook::{closure#0}
[INFO] [stdout]    4:     0x5bbeb6c7fc69 - std[617be2ca0a6fd877]::panicking::default_hook
[INFO] [stdout]    5:     0x5bbeb6c16550 - test[aada8e7e76ba119b]::test_main_inner::{closure#0}
[INFO] [stdout]    6:     0x5bbeb6c7fe22 - std[617be2ca0a6fd877]::panicking::panic_with_hook
[INFO] [stdout]    7:     0x5bbeb6c62622 - std[617be2ca0a6fd877]::panicking::panic_handler::{closure#0}
[INFO] [stdout]    8:     0x5bbeb6c5aea9 - std[617be2ca0a6fd877]::sys::backtrace::__rust_end_short_backtrace::<std[617be2ca0a6fd877]::panicking::panic_handler::{closure#0}, !>
[INFO] [stdout]    9:     0x5bbeb6c6348d - __rustc[ea4f61d10b84890b]::rust_begin_unwind
[INFO] [stdout]   10:     0x5bbeb6c9d96c - core[a373ad73a504971]::panicking::panic_fmt
[INFO] [stdout]   11:     0x5bbeb6c9d742 - core[a373ad73a504971]::result::unwrap_failed
[INFO] [stdout]   12:     0x5bbeb6beff7c - <pmv[a7719cbc77dee3c]::fsutil::tests::move_files::symlink2dir_to_file::{closure#0} as core[a373ad73a504971]::ops::function::FnOnce<()>>::call_once
[INFO] [stdout]   13:     0x5bbeb6c0999b - test[aada8e7e76ba119b]::__rust_begin_short_backtrace::<core[a373ad73a504971]::result::Result<(), alloc[2e1b2a31b91974c5]::string::String>, fn() -> core[a373ad73a504971]::result::Result<(), alloc[2e1b2a31b91974c5]::string::String>>
[INFO] [stdout]   14:     0x5bbeb6c16b75 - test[aada8e7e76ba119b]::run_test::{closure#0}
[INFO] [stdout]   15:     0x5bbeb6c10464 - std[617be2ca0a6fd877]::sys::backtrace::__rust_begin_short_backtrace::<test[aada8e7e76ba119b]::run_test::{closure#1}, ()>
[INFO] [stdout]   16:     0x5bbeb6c19c02 - <std[617be2ca0a6fd877]::thread::lifecycle::spawn_unchecked<test[aada8e7e76ba119b]::run_test::{closure#1}, ()>::{closure#1} as core[a373ad73a504971]::ops::function::FnOnce<()>>::call_once::{shim:vtable#0}
[INFO] [stdout]   17:     0x5bbeb6c87b1f - <std[617be2ca0a6fd877]::sys::thread::unix::Thread>::new::thread_start
[INFO] [stdout]   18:     0x7ac45aa3fdfa - <unknown>
[INFO] [stdout]   19:     0x7ac45aad33d4 - clone
[INFO] [stdout]   20:                0x0 - <unknown>
[INFO] [stdout] 
[INFO] [stdout] ---- fsutil::tests::move_files::symlink2file_to_symlink2dir stdout ----
[INFO] [stdout] 
[INFO] [stdout] thread 'fsutil::tests::move_files::symlink2file_to_symlink2dir' (695) panicked at src/fsutil.rs:426:30:
[INFO] [stdout] called `Result::unwrap()` on an `Err` value: Os { code: 2, kind: NotFound, message: "No such file or directory" }
[INFO] [stdout] stack backtrace:
[INFO] [stdout]    0:     0x5bbeb6c88801 - <<std[617be2ca0a6fd877]::sys::backtrace::BacktraceLock>::print::DisplayBacktrace as core[a373ad73a504971]::fmt::Display>::fmt
[INFO] [stdout]    1:     0x5bbeb6c9d23a - core[a373ad73a504971]::fmt::write
[INFO] [stdout]    2:     0x5bbeb6c8ccec - <alloc[2e1b2a31b91974c5]::vec::Vec<u8> as core[a373ad73a504971]::io::write::Write>::write_fmt
[INFO] [stdout]    3:     0x5bbeb6c62576 - std[617be2ca0a6fd877]::panicking::default_hook::{closure#0}
[INFO] [stdout]    4:     0x5bbeb6c7fc69 - std[617be2ca0a6fd877]::panicking::default_hook
[INFO] [stdout]    5:     0x5bbeb6c16550 - test[aada8e7e76ba119b]::test_main_inner::{closure#0}
[INFO] [stdout]    6:     0x5bbeb6c7fe22 - std[617be2ca0a6fd877]::panicking::panic_with_hook
[INFO] [stdout]    7:     0x5bbeb6c62622 - std[617be2ca0a6fd877]::panicking::panic_handler::{closure#0}
[INFO] [stdout]    8:     0x5bbeb6c5aea9 - std[617be2ca0a6fd877]::sys::backtrace::__rust_end_short_backtrace::<std[617be2ca0a6fd877]::panicking::panic_handler::{closure#0}, !>
[INFO] [stdout]    9:     0x5bbeb6c6348d - __rustc[ea4f61d10b84890b]::rust_begin_unwind
[INFO] [stdout]   10:     0x5bbeb6c9d96c - core[a373ad73a504971]::panicking::panic_fmt
[INFO] [stdout]   11:     0x5bbeb6c9d742 - core[a373ad73a504971]::result::unwrap_failed
[INFO] [stdout]   12:     0x5bbeb6bf22bf - <pmv[a7719cbc77dee3c]::fsutil::tests::move_files::symlink2file_to_symlink2dir::{closure#0} as core[a373ad73a504971]::ops::function::FnOnce<()>>::call_once
[INFO] [stdout]   13:     0x5bbeb6c0999b - test[aada8e7e76ba119b]::__rust_begin_short_backtrace::<core[a373ad73a504971]::result::Result<(), alloc[2e1b2a31b91974c5]::string::String>, fn() -> core[a373ad73a504971]::result::Result<(), alloc[2e1b2a31b91974c5]::string::String>>
[INFO] [stdout]   14:     0x5bbeb6c16b75 - test[aada8e7e76ba119b]::run_test::{closure#0}
[INFO] [stdout]   15:     0x5bbeb6c10464 - std[617be2ca0a6fd877]::sys::backtrace::__rust_begin_short_backtrace::<test[aada8e7e76ba119b]::run_test::{closure#1}, ()>
[INFO] [stdout]   16:     0x5bbeb6c19c02 - <std[617be2ca0a6fd877]::thread::lifecycle::spawn_unchecked<test[aada8e7e76ba119b]::run_test::{closure#1}, ()>::{closure#1} as core[a373ad73a504971]::ops::function::FnOnce<()>>::call_once::{shim:vtable#0}
[INFO] [stdout]   17:     0x5bbeb6c87b1f - <std[617be2ca0a6fd877]::sys::thread::unix::Thread>::new::thread_start
[INFO] [stdout]   18:     0x7ac45aa3fdfa - <unknown>
[INFO] [stdout]   19:     0x7ac45aad33d4 - clone
[INFO] [stdout]   20:                0x0 - <unknown>
[INFO] [stdout] 
[INFO] [stdout] ---- fsutil::tests::move_files::symlink2file_to_file stdout ----
[INFO] [stdout] 
[INFO] [stdout] thread 'fsutil::tests::move_files::symlink2file_to_file' (694) panicked at src/fsutil.rs:360:30:
[INFO] [stdout] called `Result::unwrap()` on an `Err` value: Os { code: 2, kind: NotFound, message: "No such file or directory" }
[INFO] [stdout] stack backtrace:
[INFO] [stdout]    0:     0x5bbeb6c88801 - <<std[617be2ca0a6fd877]::sys::backtrace::BacktraceLock>::print::DisplayBacktrace as core[a373ad73a504971]::fmt::Display>::fmt
[INFO] [stdout]    1:     0x5bbeb6c9d23a - core[a373ad73a504971]::fmt::write
[INFO] [stdout]    2:     0x5bbeb6c8ccec - <alloc[2e1b2a31b91974c5]::vec::Vec<u8> as core[a373ad73a504971]::io::write::Write>::write_fmt
[INFO] [stdout]    3:     0x5bbeb6c62576 - std[617be2ca0a6fd877]::panicking::default_hook::{closure#0}
[INFO] [stdout]    4:     0x5bbeb6c7fc69 - std[617be2ca0a6fd877]::panicking::default_hook
[INFO] [stdout]    5:     0x5bbeb6c16550 - test[aada8e7e76ba119b]::test_main_inner::{closure#0}
[INFO] [stdout]    6:     0x5bbeb6c7fe22 - std[617be2ca0a6fd877]::panicking::panic_with_hook
[INFO] [stdout]    7:     0x5bbeb6c62622 - std[617be2ca0a6fd877]::panicking::panic_handler::{closure#0}
[INFO] [stdout]    8:     0x5bbeb6c5aea9 - std[617be2ca0a6fd877]::sys::backtrace::__rust_end_short_backtrace::<std[617be2ca0a6fd877]::panicking::panic_handler::{closure#0}, !>
[INFO] [stdout]    9:     0x5bbeb6c6348d - __rustc[ea4f61d10b84890b]::rust_begin_unwind
[INFO] [stdout]   10:     0x5bbeb6c9d96c - core[a373ad73a504971]::panicking::panic_fmt
[INFO] [stdout]   11:     0x5bbeb6c9d742 - core[a373ad73a504971]::result::unwrap_failed
[INFO] [stdout]   12:     0x5bbeb6bf10fc - <pmv[a7719cbc77dee3c]::fsutil::tests::move_files::symlink2file_to_file::{closure#0} as core[a373ad73a504971]::ops::function::FnOnce<()>>::call_once
[INFO] [stdout]   13:     0x5bbeb6c0999b - test[aada8e7e76ba119b]::__rust_begin_short_backtrace::<core[a373ad73a504971]::result::Result<(), alloc[2e1b2a31b91974c5]::string::String>, fn() -> core[a373ad73a504971]::result::Result<(), alloc[2e1b2a31b91974c5]::string::String>>
[INFO] [stdout]   14:     0x5bbeb6c16b75 - test[aada8e7e76ba119b]::run_test::{closure#0}
[INFO] [stdout]   15:     0x5bbeb6c10464 - std[617be2ca0a6fd877]::sys::backtrace::__rust_begin_short_backtrace::<test[aada8e7e76ba119b]::run_test::{closure#1}, ()>
[INFO] [stdout]   16:     0x5bbeb6c19c02 - <std[617be2ca0a6fd877]::thread::lifecycle::spawn_unchecked<test[aada8e7e76ba119b]::run_test::{closure#1}, ()>::{closure#1} as core[a373ad73a504971]::ops::function::FnOnce<()>>::call_once::{shim:vtable#0}
[INFO] [stdout]   17:     0x5bbeb6c87b1f - <std[617be2ca0a6fd877]::sys::thread::unix::Thread>::new::thread_start
[INFO] [stdout]   18:     0x7ac45aa3fdfa - <unknown>
[INFO] [stdout]   19:     0x7ac45aad33d4 - clone
[INFO] [stdout]   20:                0x0 - <unknown>
[INFO] [stdout] 
[INFO] [stdout] ---- fsutil::tests::move_files::symlink2file_to_symlink2file stdout ----
[INFO] [stdout] 
[INFO] [stdout] thread 'fsutil::tests::move_files::symlink2file_to_symlink2file' (696) panicked at src/fsutil.rs:402:30:
[INFO] [stdout] called `Result::unwrap()` on an `Err` value: Os { code: 2, kind: NotFound, message: "No such file or directory" }
[INFO] [stdout] stack backtrace:
[INFO] [stdout]    0:     0x5bbeb6c88801 - <<std[617be2ca0a6fd877]::sys::backtrace::BacktraceLock>::print::DisplayBacktrace as core[a373ad73a504971]::fmt::Display>::fmt
[INFO] [stdout]    1:     0x5bbeb6c9d23a - core[a373ad73a504971]::fmt::write
[INFO] [stdout]    2:     0x5bbeb6c8ccec - <alloc[2e1b2a31b91974c5]::vec::Vec<u8> as core[a373ad73a504971]::io::write::Write>::write_fmt
[INFO] [stdout]    3:     0x5bbeb6c62576 - std[617be2ca0a6fd877]::panicking::default_hook::{closure#0}
[INFO] [stdout]    4:     0x5bbeb6c7fc69 - std[617be2ca0a6fd877]::panicking::default_hook
[INFO] [stdout]    5:     0x5bbeb6c16550 - test[aada8e7e76ba119b]::test_main_inner::{closure#0}
[INFO] [stdout]    6:     0x5bbeb6c7fe22 - std[617be2ca0a6fd877]::panicking::panic_with_hook
[INFO] [stdout]    7:     0x5bbeb6c62622 - std[617be2ca0a6fd877]::panicking::panic_handler::{closure#0}
[INFO] [stdout]    8:     0x5bbeb6c5aea9 - std[617be2ca0a6fd877]::sys::backtrace::__rust_end_short_backtrace::<std[617be2ca0a6fd877]::panicking::panic_handler::{closure#0}, !>
[INFO] [stdout]    9:     0x5bbeb6c6348d - __rustc[ea4f61d10b84890b]::rust_begin_unwind
[INFO] [stdout]   10:     0x5bbeb6c9d96c - core[a373ad73a504971]::panicking::panic_fmt
[INFO] [stdout]   11:     0x5bbeb6c9d742 - core[a373ad73a504971]::result::unwrap_failed
[INFO] [stdout]   12:     0x5bbeb6bf2afc - <pmv[a7719cbc77dee3c]::fsutil::tests::move_files::symlink2file_to_symlink2file::{closure#0} as core[a373ad73a504971]::ops::function::FnOnce<()>>::call_once
[INFO] [stdout]   13:     0x5bbeb6c0999b - test[aada8e7e76ba119b]::__rust_begin_short_backtrace::<core[a373ad73a504971]::result::Result<(), alloc[2e1b2a31b91974c5]::string::String>, fn() -> core[a373ad73a504971]::result::Result<(), alloc[2e1b2a31b91974c5]::string::String>>
[INFO] [stdout]   14:     0x5bbeb6c16b75 - test[aada8e7e76ba119b]::run_test::{closure#0}
[INFO] [stdout]   15:     0x5bbeb6c10464 - std[617be2ca0a6fd877]::sys::backtrace::__rust_begin_short_backtrace::<test[aada8e7e76ba119b]::run_test::{closure#1}, ()>
[INFO] [stdout]   16:     0x5bbeb6c19c02 - <std[617be2ca0a6fd877]::thread::lifecycle::spawn_unchecked<test[aada8e7e76ba119b]::run_test::{closure#1}, ()>::{closure#1} as core[a373ad73a504971]::ops::function::FnOnce<()>>::call_once::{shim:vtable#0}
[INFO] [stdout]   17:     0x5bbeb6c87b1f - <std[617be2ca0a6fd877]::sys::thread::unix::Thread>::new::thread_start
[INFO] [stdout]   18:     0x7ac45aa3fdfa - <unknown>
[INFO] [stdout]   19:     0x7ac45aad33d4 - clone
[INFO] [stdout]   20:                0x0 - <unknown>
[INFO] [stdout] 
[INFO] [stdout] ---- fsutil::tests::move_files::symlink2dir_to_symlink2file stdout ----
[INFO] [stdout] 
[INFO] [stdout] thread 'fsutil::tests::move_files::symlink2dir_to_symlink2file' (692) panicked at src/fsutil.rs:491:30:
[INFO] [stdout] called `Result::unwrap()` on an `Err` value: Os { code: 2, kind: NotFound, message: "No such file or directory" }
[INFO] [stdout] stack backtrace:
[INFO] [stdout]    0:     0x5bbeb6c88801 - <<std[617be2ca0a6fd877]::sys::backtrace::BacktraceLock>::print::DisplayBacktrace as core[a373ad73a504971]::fmt::Display>::fmt
[INFO] [stdout]    1:     0x5bbeb6c9d23a - core[a373ad73a504971]::fmt::write
[INFO] [stdout]    2:     0x5bbeb6c8ccec - <alloc[2e1b2a31b91974c5]::vec::Vec<u8> as core[a373ad73a504971]::io::write::Write>::write_fmt
[INFO] [stdout]    3:     0x5bbeb6c62576 - std[617be2ca0a6fd877]::panicking::default_hook::{closure#0}
[INFO] [stdout]    4:     0x5bbeb6c7fc69 - std[617be2ca0a6fd877]::panicking::default_hook
[INFO] [stdout]    5:     0x5bbeb6c16550 - test[aada8e7e76ba119b]::test_main_inner::{closure#0}
[INFO] [stdout]    6:     0x5bbeb6c7fe22 - std[617be2ca0a6fd877]::panicking::panic_with_hook
[INFO] [stdout]    7:     0x5bbeb6c62622 - std[617be2ca0a6fd877]::panicking::panic_handler::{closure#0}
[INFO] [stdout]    8:     0x5bbeb6c5aea9 - std[617be2ca0a6fd877]::sys::backtrace::__rust_end_short_backtrace::<std[617be2ca0a6fd877]::panicking::panic_handler::{closure#0}, !>
[INFO] [stdout]    9:     0x5bbeb6c6348d - __rustc[ea4f61d10b84890b]::rust_begin_unwind
[INFO] [stdout]   10:     0x5bbeb6c9d96c - core[a373ad73a504971]::panicking::panic_fmt
[INFO] [stdout]   11:     0x5bbeb6c9d742 - core[a373ad73a504971]::result::unwrap_failed
[INFO] [stdout]   12:     0x5bbeb6bf1c0d - <pmv[a7719cbc77dee3c]::fsutil::tests::move_files::symlink2dir_to_symlink2file::{closure#0} as core[a373ad73a504971]::ops::function::FnOnce<()>>::call_once
[INFO] [stdout]   13:     0x5bbeb6c0999b - test[aada8e7e76ba119b]::__rust_begin_short_backtrace::<core[a373ad73a504971]::result::Result<(), alloc[2e1b2a31b91974c5]::string::String>, fn() -> core[a373ad73a504971]::result::Result<(), alloc[2e1b2a31b91974c5]::string::String>>
[INFO] [stdout]   14:     0x5bbeb6c16b75 - test[aada8e7e76ba119b]::run_test::{closure#0}
[INFO] [stdout]   15:     0x5bbeb6c10464 - std[617be2ca0a6fd877]::sys::backtrace::__rust_begin_short_backtrace::<test[aada8e7e76ba119b]::run_test::{closure#1}, ()>
[INFO] [stdout]   16:     0x5bbeb6c19c02 - <std[617be2ca0a6fd877]::thread::lifecycle::spawn_unchecked<test[aada8e7e76ba119b]::run_test::{closure#1}, ()>::{closure#1} as core[a373ad73a504971]::ops::function::FnOnce<()>>::call_once::{shim:vtable#0}
[INFO] [stdout]   17:     0x5bbeb6c87b1f - <std[617be2ca0a6fd877]::sys::thread::unix::Thread>::new::thread_start
[INFO] [stdout]   18:     0x7ac45aa3fdfa - <unknown>
[INFO] [stdout]   19:     0x7ac45aad33d4 - clone
[INFO] [stdout]   20:                0x0 - <unknown>
[INFO] [stdout] 
[INFO] [stdout] ---- fsutil::tests::move_files::symlink2file_to_dir stdout ----
[INFO] [stdout] 
[INFO] [stdout] thread 'fsutil::tests::move_files::symlink2file_to_dir' (693) panicked at src/fsutil.rs:381:30:
[INFO] [stdout] called `Result::unwrap()` on an `Err` value: Os { code: 2, kind: NotFound, message: "No such file or directory" }
[INFO] [stdout] stack backtrace:
[INFO] [stdout]    0:     0x5bbeb6c88801 - <<std[617be2ca0a6fd877]::sys::backtrace::BacktraceLock>::print::DisplayBacktrace as core[a373ad73a504971]::fmt::Display>::fmt
[INFO] [stdout]    1:     0x5bbeb6c9d23a - core[a373ad73a504971]::fmt::write
[INFO] [stdout]    2:     0x5bbeb6c8ccec - <alloc[2e1b2a31b91974c5]::vec::Vec<u8> as core[a373ad73a504971]::io::write::Write>::write_fmt
[INFO] [stdout]    3:     0x5bbeb6c62576 - std[617be2ca0a6fd877]::panicking::default_hook::{closure#0}
[INFO] [stdout]    4:     0x5bbeb6c7fc69 - std[617be2ca0a6fd877]::panicking::default_hook
[INFO] [stdout]    5:     0x5bbeb6c16550 - test[aada8e7e76ba119b]::test_main_inner::{closure#0}
[INFO] [stdout]    6:     0x5bbeb6c7fe22 - std[617be2ca0a6fd877]::panicking::panic_with_hook
[INFO] [stdout]    7:     0x5bbeb6c62622 - std[617be2ca0a6fd877]::panicking::panic_handler::{closure#0}
[INFO] [stdout]    8:     0x5bbeb6c5aea9 - std[617be2ca0a6fd877]::sys::backtrace::__rust_end_short_backtrace::<std[617be2ca0a6fd877]::panicking::panic_handler::{closure#0}, !>
[INFO] [stdout]    9:     0x5bbeb6c6348d - __rustc[ea4f61d10b84890b]::rust_begin_unwind
[INFO] [stdout]   10:     0x5bbeb6c9d96c - core[a373ad73a504971]::panicking::panic_fmt
[INFO] [stdout]   11:     0x5bbeb6c9d742 - core[a373ad73a504971]::result::unwrap_failed
[INFO] [stdout]   12:     0x5bbeb6bf05ac - <pmv[a7719cbc77dee3c]::fsutil::tests::move_files::symlink2file_to_dir::{closure#0} as core[a373ad73a504971]::ops::function::FnOnce<()>>::call_once
[INFO] [stdout]   13:     0x5bbeb6c0999b - test[aada8e7e76ba119b]::__rust_begin_short_backtrace::<core[a373ad73a504971]::result::Result<(), alloc[2e1b2a31b91974c5]::string::String>, fn() -> core[a373ad73a504971]::result::Result<(), alloc[2e1b2a31b91974c5]::string::String>>
[INFO] [stdout]   14:     0x5bbeb6c16b75 - test[aada8e7e76ba119b]::run_test::{closure#0}
[INFO] [stdout]   15:     0x5bbeb6c10464 - std[617be2ca0a6fd877]::sys::backtrace::__rust_begin_short_backtrace::<test[aada8e7e76ba119b]::run_test::{closure#1}, ()>
[INFO] [stdout]   16:     0x5bbeb6c19c02 - <std[617be2ca0a6fd877]::thread::lifecycle::spawn_unchecked<test[aada8e7e76ba119b]::run_test::{closure#1}, ()>::{closure#1} as core[a373ad73a504971]::ops::function::FnOnce<()>>::call_once::{shim:vtable#0}
[INFO] [stdout]   17:     0x5bbeb6c87b1f - <std[617be2ca0a6fd877]::sys::thread::unix::Thread>::new::thread_start
[INFO] [stdout]   18:     0x7ac45aa3fdfa - <unknown>
[INFO] [stdout]   19:     0x7ac45aad33d4 - clone
[INFO] [stdout]   20:                0x0 - <unknown>
[INFO] [stdout] 
[INFO] [stdout] ---- fsutil::tests::move_files::file_to_symlink2file stdout ----
[INFO] [stdout] 
[INFO] [stdout] thread 'fsutil::tests::move_files::file_to_symlink2file' (687) panicked at src/fsutil.rs:239:30:
[INFO] [stdout] called `Result::unwrap()` on an `Err` value: Os { code: 2, kind: NotFound, message: "No such file or directory" }
[INFO] [stdout] stack backtrace:
[INFO] [stdout]    0:     0x5bbeb6c88801 - <<std[617be2ca0a6fd877]::sys::backtrace::BacktraceLock>::print::DisplayBacktrace as core[a373ad73a504971]::fmt::Display>::fmt
[INFO] [stdout]    1:     0x5bbeb6c9d23a - core[a373ad73a504971]::fmt::write
[INFO] [stdout]    2:     0x5bbeb6c8ccec - <alloc[2e1b2a31b91974c5]::vec::Vec<u8> as core[a373ad73a504971]::io::write::Write>::write_fmt
[INFO] [stdout]    3:     0x5bbeb6c62576 - std[617be2ca0a6fd877]::panicking::default_hook::{closure#0}
[INFO] [stdout]    4:     0x5bbeb6c7fc69 - std[617be2ca0a6fd877]::panicking::default_hook
[INFO] [stdout]    5:     0x5bbeb6c16550 - test[aada8e7e76ba119b]::test_main_inner::{closure#0}
[INFO] [stdout]    6:     0x5bbeb6c7fe22 - std[617be2ca0a6fd877]::panicking::panic_with_hook
[INFO] [stdout]    7:     0x5bbeb6c62622 - std[617be2ca0a6fd877]::panicking::panic_handler::{closure#0}
[INFO] [stdout]    8:     0x5bbeb6c5aea9 - std[617be2ca0a6fd877]::sys::backtrace::__rust_end_short_backtrace::<std[617be2ca0a6fd877]::panicking::panic_handler::{closure#0}, !>
[INFO] [stdout]    9:     0x5bbeb6c6348d - __rustc[ea4f61d10b84890b]::rust_begin_unwind
[INFO] [stdout]   10:     0x5bbeb6c9d96c - core[a373ad73a504971]::panicking::panic_fmt
[INFO] [stdout]   11:     0x5bbeb6c9d742 - core[a373ad73a504971]::result::unwrap_failed
[INFO] [stdout]   12:     0x5bbeb6bf0b7c - <pmv[a7719cbc77dee3c]::fsutil::tests::move_files::file_to_symlink2file::{closure#0} as core[a373ad73a504971]::ops::function::FnOnce<()>>::call_once
[INFO] [stdout]   13:     0x5bbeb6c0999b - test[aada8e7e76ba119b]::__rust_begin_short_backtrace::<core[a373ad73a504971]::result::Result<(), alloc[2e1b2a31b91974c5]::string::String>, fn() -> core[a373ad73a504971]::result::Result<(), alloc[2e1b2a31b91974c5]::string::String>>
[INFO] [stdout]   14:     0x5bbeb6c16b75 - test[aada8e7e76ba119b]::run_test::{closure#0}
[INFO] [stdout]   15:     0x5bbeb6c10464 - std[617be2ca0a6fd877]::sys::backtrace::__rust_begin_short_backtrace::<test[aada8e7e76ba119b]::run_test::{closure#1}, ()>
[INFO] [stdout]   16:     0x5bbeb6c19c02 - <std[617be2ca0a6fd877]::thread::lifecycle::spawn_unchecked<test[aada8e7e76ba119b]::run_test::{closure#1}, ()>::{closure#1} as core[a373ad73a504971]::ops::function::FnOnce<()>>::call_once::{shim:vtable#0}
[INFO] [stdout]   17:     0x5bbeb6c87b1f - <std[617be2ca0a6fd877]::sys::thread::unix::Thread>::new::thread_start
[INFO] [stdout]   18:     0x7ac45aa3fdfa - <unknown>
[INFO] [stdout]   19:     0x7ac45aad33d4 - clone
[INFO] [stdout]   20:                0x0 - <unknown>
[INFO] [stdout] 
[INFO] [stdout] ---- tests::matches_to_entries::multiple_matches stdout ----
[INFO] [stdout] 
[INFO] [stdout] thread 'tests::matches_to_entries::multiple_matches' (724) panicked at src/lib.rs:233:13:
[INFO] [stdout] assertion `left == right` failed
[INFO] [stdout]   left: 3
[INFO] [stdout]  right: 2
[INFO] [stdout] stack backtrace:
[INFO] [stdout]    0:     0x5bbeb6c88801 - <<std[617be2ca0a6fd877]::sys::backtrace::BacktraceLock>::print::DisplayBacktrace as core[a373ad73a504971]::fmt::Display>::fmt
[INFO] [stdout]    1:     0x5bbeb6c9d23a - core[a373ad73a504971]::fmt::write
[INFO] [stdout]    2:     0x5bbeb6c8ccec - <alloc[2e1b2a31b91974c5]::vec::Vec<u8> as core[a373ad73a504971]::io::write::Write>::write_fmt
[INFO] [stdout]    3:     0x5bbeb6c62576 - std[617be2ca0a6fd877]::panicking::default_hook::{closure#0}
[INFO] [stdout]    4:     0x5bbeb6c7fc69 - std[617be2ca0a6fd877]::panicking::default_hook
[INFO] [stdout]    5:     0x5bbeb6c16550 - test[aada8e7e76ba119b]::test_main_inner::{closure#0}
[INFO] [stdout]    6:     0x5bbeb6c7fe22 - std[617be2ca0a6fd877]::panicking::panic_with_hook
[INFO] [stdout]    7:     0x5bbeb6c62622 - std[617be2ca0a6fd877]::panicking::panic_handler::{closure#0}
[INFO] [stdout]    8:     0x5bbeb6c5aea9 - std[617be2ca0a6fd877]::sys::backtrace::__rust_end_short_backtrace::<std[617be2ca0a6fd877]::panicking::panic_handler::{closure#0}, !>
[INFO] [stdout]    9:     0x5bbeb6c6348d - __rustc[ea4f61d10b84890b]::rust_begin_unwind
[INFO] [stdout]   10:     0x5bbeb6c9d96c - core[a373ad73a504971]::panicking::panic_fmt
[INFO] [stdout]   11:     0x5bbeb6c9d883 - core[a373ad73a504971]::panicking::assert_failed_inner
[INFO] [stdout]   12:     0x5bbeb6c9a038 - core[a373ad73a504971]::panicking::assert_failed::<usize, usize>
[INFO] [stdout]   13:     0x5bbeb6c07546 - <pmv[a7719cbc77dee3c]::tests::matches_to_entries::multiple_matches::{closure#0} as core[a373ad73a504971]::ops::function::FnOnce<()>>::call_once
[INFO] [stdout]   14:     0x5bbeb6c0999b - test[aada8e7e76ba119b]::__rust_begin_short_backtrace::<core[a373ad73a504971]::result::Result<(), alloc[2e1b2a31b91974c5]::string::String>, fn() -> core[a373ad73a504971]::result::Result<(), alloc[2e1b2a31b91974c5]::string::String>>
[INFO] [stdout]   15:     0x5bbeb6c16b75 - test[aada8e7e76ba119b]::run_test::{closure#0}
[INFO] [stdout]   16:     0x5bbeb6c10464 - std[617be2ca0a6fd877]::sys::backtrace::__rust_begin_short_backtrace::<test[aada8e7e76ba119b]::run_test::{closure#1}, ()>
[INFO] [stdout]   17:     0x5bbeb6c19c02 - <std[617be2ca0a6fd877]::thread::lifecycle::spawn_unchecked<test[aada8e7e76ba119b]::run_test::{closure#1}, ()>::{closure#1} as core[a373ad73a504971]::ops::function::FnOnce<()>>::call_once::{shim:vtable#0}
[INFO] [stdout]   18:     0x5bbeb6c87b1f - <std[617be2ca0a6fd877]::sys::thread::unix::Thread>::new::thread_start
[INFO] [stdout]   19:     0x7ac45aa3fdfa - <unknown>
[INFO] [stdout]   20:     0x7ac45aad33d4 - clone
[INFO] [stdout]   21:                0x0 - <unknown>
[INFO] [stdout] 
[INFO] [stdout] ---- walk::tests::walk::issue17 stdout ----
[INFO] [stdout] 
[INFO] [stdout] thread 'walk::tests::walk::issue17' (739) panicked at src/walk.rs:184:51:
[INFO] [stdout] called `Result::unwrap()` on an `Err` value: Os { code: 30, kind: ReadOnlyFilesystem, message: "Read-only file system" }
[INFO] [stdout] stack backtrace:
[INFO] [stdout]    0:     0x5bbeb6c88801 - <<std[617be2ca0a6fd877]::sys::backtrace::BacktraceLock>::print::DisplayBacktrace as core[a373ad73a504971]::fmt::Display>::fmt
[INFO] [stdout]    1:     0x5bbeb6c9d23a - core[a373ad73a504971]::fmt::write
[INFO] [stdout]    2:     0x5bbeb6c8ccec - <alloc[2e1b2a31b91974c5]::vec::Vec<u8> as core[a373ad73a504971]::io::write::Write>::write_fmt
[INFO] [stdout]    3:     0x5bbeb6c62576 - std[617be2ca0a6fd877]::panicking::default_hook::{closure#0}
[INFO] [stdout]    4:     0x5bbeb6c7fc69 - std[617be2ca0a6fd877]::panicking::default_hook
[INFO] [stdout]    5:     0x5bbeb6c16550 - test[aada8e7e76ba119b]::test_main_inner::{closure#0}
[INFO] [stdout]    6:     0x5bbeb6c7fe22 - std[617be2ca0a6fd877]::panicking::panic_with_hook
[INFO] [stdout]    7:     0x5bbeb6c62622 - std[617be2ca0a6fd877]::panicking::panic_handler::{closure#0}
[INFO] [stdout]    8:     0x5bbeb6c5aea9 - std[617be2ca0a6fd877]::sys::backtrace::__rust_end_short_backtrace::<std[617be2ca0a6fd877]::panicking::panic_handler::{closure#0}, !>
[INFO] [stdout]    9:     0x5bbeb6c6348d - __rustc[ea4f61d10b84890b]::rust_begin_unwind
[INFO] [stdout]   10:     0x5bbeb6c9d96c - core[a373ad73a504971]::panicking::panic_fmt
[INFO] [stdout]   11:     0x5bbeb6c9d742 - core[a373ad73a504971]::result::unwrap_failed
[INFO] [stdout]   12:     0x5bbeb6bead52 - <pmv[a7719cbc77dee3c]::walk::tests::walk::issue17::{closure#0} as core[a373ad73a504971]::ops::function::FnOnce<()>>::call_once
[INFO] [stdout]   13:     0x5bbeb6c0999b - test[aada8e7e76ba119b]::__rust_begin_short_backtrace::<core[a373ad73a504971]::result::Result<(), alloc[2e1b2a31b91974c5]::string::String>, fn() -> core[a373ad73a504971]::result::Result<(), alloc[2e1b2a31b91974c5]::string::String>>
[INFO] [stdout]   14:     0x5bbeb6c16b75 - test[aada8e7e76ba119b]::run_test::{closure#0}
[INFO] [stdout]   15:     0x5bbeb6c10464 - std[617be2ca0a6fd877]::sys::backtrace::__rust_begin_short_backtrace::<test[aada8e7e76ba119b]::run_test::{closure#1}, ()>
[INFO] [stdout]   16:     0x5bbeb6c19c02 - <std[617be2ca0a6fd877]::thread::lifecycle::spawn_unchecked<test[aada8e7e76ba119b]::run_test::{closure#1}, ()>::{closure#1} as core[a373ad73a504971]::ops::function::FnOnce<()>>::call_once::{shim:vtable#0}
[INFO] [stdout]   17:     0x5bbeb6c87b1f - <std[617be2ca0a6fd877]::sys::thread::unix::Thread>::new::thread_start
[INFO] [stdout]   18:     0x7ac45aa3fdfa - <unknown>
[INFO] [stdout]   19:     0x7ac45aad33d4 - clone
[INFO] [stdout]   20:                0x0 - <unknown>
[INFO] [stdout] 
[INFO] [stdout] ---- walk::tests::walk::no_specials stdout ----
[INFO] [stdout] 
[INFO] [stdout] thread 'walk::tests::walk::no_specials' (740) panicked at src/walk.rs:172:70:
[INFO] [stdout] called `Result::unwrap()` on an `Err` value: Os { code: 2, kind: NotFound, message: "No such file or directory" }
[INFO] [stdout] stack backtrace:
[INFO] [stdout]    0:     0x5bbeb6c88801 - <<std[617be2ca0a6fd877]::sys::backtrace::BacktraceLock>::print::DisplayBacktrace as core[a373ad73a504971]::fmt::Display>::fmt
[INFO] [stdout]    1:     0x5bbeb6c9d23a - core[a373ad73a504971]::fmt::write
[INFO] [stdout]    2:     0x5bbeb6c8ccec - <alloc[2e1b2a31b91974c5]::vec::Vec<u8> as core[a373ad73a504971]::io::write::Write>::write_fmt
[INFO] [stdout]    3:     0x5bbeb6c62576 - std[617be2ca0a6fd877]::panicking::default_hook::{closure#0}
[INFO] [stdout]    4:     0x5bbeb6c7fc69 - std[617be2ca0a6fd877]::panicking::default_hook
[INFO] [stdout]    5:     0x5bbeb6c16550 - test[aada8e7e76ba119b]::test_main_inner::{closure#0}
[INFO] [stdout]    6:     0x5bbeb6c7fe22 - std[617be2ca0a6fd877]::panicking::panic_with_hook
[INFO] [stdout]    7:     0x5bbeb6c62622 - std[617be2ca0a6fd877]::panicking::panic_handler::{closure#0}
[INFO] [stdout]    8:     0x5bbeb6c5aea9 - std[617be2ca0a6fd877]::sys::backtrace::__rust_end_short_backtrace::<std[617be2ca0a6fd877]::panicking::panic_handler::{closure#0}, !>
[INFO] [stdout]    9:     0x5bbeb6c6348d - __rustc[ea4f61d10b84890b]::rust_begin_unwind
[INFO] [stdout]   10:     0x5bbeb6c9d96c - core[a373ad73a504971]::panicking::panic_fmt
[INFO] [stdout]   11:     0x5bbeb6c9d742 - core[a373ad73a504971]::result::unwrap_failed
[INFO] [stdout]   12:     0x5bbeb6be8d30 - pmv[a7719cbc77dee3c]::walk::tests::walk::setup
[INFO] [stdout]   13:     0x5bbeb6be8ed5 - <pmv[a7719cbc77dee3c]::walk::tests::walk::no_specials::{closure#0} as core[a373ad73a504971]::ops::function::FnOnce<()>>::call_once
[INFO] [stdout]   14:     0x5bbeb6c0999b - test[aada8e7e76ba119b]::__rust_begin_short_backtrace::<core[a373ad73a504971]::result::Result<(), alloc[2e1b2a31b91974c5]::string::String>, fn() -> core[a373ad73a504971]::result::Result<(), alloc[2e1b2a31b91974c5]::string::String>>
[INFO] [stdout]   15:     0x5bbeb6c16b75 - test[aada8e7e76ba119b]::run_test::{closure#0}
[INFO] [stdout]   16:     0x5bbeb6c10464 - std[617be2ca0a6fd877]::sys::backtrace::__rust_begin_short_backtrace::<test[aada8e7e76ba119b]::run_test::{closure#1}, ()>
[INFO] [stdout]   17:     0x5bbeb6c19c02 - <std[617be2ca0a6fd877]::thread::lifecycle::spawn_unchecked<test[aada8e7e76ba119b]::run_test::{closure#1}, ()>::{closure#1} as core[a373ad73a504971]::ops::function::FnOnce<()>>::call_once::{shim:vtable#0}
[INFO] [stdout]   18:     0x5bbeb6c87b1f - <std[617be2ca0a6fd877]::sys::thread::unix::Thread>::new::thread_start
[INFO] [stdout]   19:     0x7ac45aa3fdfa - <unknown>
[INFO] [stdout]   20:     0x7ac45aad33d4 - clone
[INFO] [stdout]   21:                0x0 - <unknown>
[INFO] [stdout] 
[INFO] [stdout] ---- walk::tests::walk::question stdout ----
[INFO] [stdout] 
[INFO] [stdout] thread 'walk::tests::walk::question' (742) panicked at src/walk.rs:172:70:
[INFO] [stdout] called `Result::unwrap()` on an `Err` value: Os { code: 2, kind: NotFound, message: "No such file or directory" }
[INFO] [stdout] stack backtrace:
[INFO] [stdout]    0:     0x5bbeb6c88801 - <<std[617be2ca0a6fd877]::sys::backtrace::BacktraceLock>::print::DisplayBacktrace as core[a373ad73a504971]::fmt::Display>::fmt
[INFO] [stdout]    1:     0x5bbeb6c9d23a - core[a373ad73a504971]::fmt::write
[INFO] [stdout]    2:     0x5bbeb6c8ccec - <alloc[2e1b2a31b91974c5]::vec::Vec<u8> as core[a373ad73a504971]::io::write::Write>::write_fmt
[INFO] [stdout]    3:     0x5bbeb6c62576 - std[617be2ca0a6fd877]::panicking::default_hook::{closure#0}
[INFO] [stdout]    4:     0x5bbeb6c7fc69 - std[617be2ca0a6fd877]::panicking::default_hook
[INFO] [stdout]    5:     0x5bbeb6c16550 - test[aada8e7e76ba119b]::test_main_inner::{closure#0}
[INFO] [stdout]    6:     0x5bbeb6c7fe22 - std[617be2ca0a6fd877]::panicking::panic_with_hook
[INFO] [stdout]    7:     0x5bbeb6c62622 - std[617be2ca0a6fd877]::panicking::panic_handler::{closure#0}
[INFO] [stdout]    8:     0x5bbeb6c5aea9 - std[617be2ca0a6fd877]::sys::backtrace::__rust_end_short_backtrace::<std[617be2ca0a6fd877]::panicking::panic_handler::{closure#0}, !>
[INFO] [stdout]    9:     0x5bbeb6c6348d - __rustc[ea4f61d10b84890b]::rust_begin_unwind
[INFO] [stdout]   10:     0x5bbeb6c9d96c - core[a373ad73a504971]::panicking::panic_fmt
[INFO] [stdout]   11:     0x5bbeb6c9d742 - core[a373ad73a504971]::result::unwrap_failed
[INFO] [stdout]   12:     0x5bbeb6be8d30 - pmv[a7719cbc77dee3c]::walk::tests::walk::setup
[INFO] [stdout]   13:     0x5bbeb6beaea5 - <pmv[a7719cbc77dee3c]::walk::tests::walk::question::{closure#0} as core[a373ad73a504971]::ops::function::FnOnce<()>>::call_once
[INFO] [stdout]   14:     0x5bbeb6c0999b - test[aada8e7e76ba119b]::__rust_begin_short_backtrace::<core[a373ad73a504971]::result::Result<(), alloc[2e1b2a31b91974c5]::string::String>, fn() -> core[a373ad73a504971]::result::Result<(), alloc[2e1b2a31b91974c5]::string::String>>
[INFO] [stdout]   15:     0x5bbeb6c16b75 - test[aada8e7e76ba119b]::run_test::{closure#0}
[INFO] [stdout]   16:     0x5bbeb6c10464 - std[617be2ca0a6fd877]::sys::backtrace::__rust_begin_short_backtrace::<test[aada8e7e76ba119b]::run_test::{closure#1}, ()>
[INFO] [stdout]   17:     0x5bbeb6c19c02 - <std[617be2ca0a6fd877]::thread::lifecycle::spawn_unchecked<test[aada8e7e76ba119b]::run_test::{closure#1}, ()>::{closure#1} as core[a373ad73a504971]::ops::function::FnOnce<()>>::call_once::{shim:vtable#0}
[INFO] [stdout]   18:     0x5bbeb6c87b1f - <std[617be2ca0a6fd877]::sys::thread::unix::Thread>::new::thread_start
[INFO] [stdout]   19:     0x7ac45aa3fdfa - <unknown>
[INFO] [stdout]   20:     0x7ac45aad33d4 - clone
[INFO] [stdout]   21:                0x0 - <unknown>
[INFO] [stdout] 
[INFO] [stdout] ---- walk::tests::walk::star stdout ----
[INFO] [stdout] 
[INFO] [stdout] thread 'walk::tests::walk::star' (743) panicked at src/walk.rs:172:70:
[INFO] [stdout] called `Result::unwrap()` on an `Err` value: Os { code: 2, kind: NotFound, message: "No such file or directory" }
[INFO] [stdout] stack backtrace:
[INFO] [stdout]    0:     0x5bbeb6c88801 - <<std[617be2ca0a6fd877]::sys::backtrace::BacktraceLock>::print::DisplayBacktrace as core[a373ad73a504971]::fmt::Display>::fmt
[INFO] [stdout]    1:     0x5bbeb6c9d23a - core[a373ad73a504971]::fmt::write
[INFO] [stdout]    2:     0x5bbeb6c8ccec - <alloc[2e1b2a31b91974c5]::vec::Vec<u8> as core[a373ad73a504971]::io::write::Write>::write_fmt
[INFO] [stdout]    3:     0x5bbeb6c62576 - std[617be2ca0a6fd877]::panicking::default_hook::{closure#0}
[INFO] [stdout]    4:     0x5bbeb6c7fc69 - std[617be2ca0a6fd877]::panicking::default_hook
[INFO] [stdout]    5:     0x5bbeb6c16550 - test[aada8e7e76ba119b]::test_main_inner::{closure#0}
[INFO] [stdout]    6:     0x5bbeb6c7fe22 - std[617be2ca0a6fd877]::panicking::panic_with_hook
[INFO] [stdout]    7:     0x5bbeb6c62622 - std[617be2ca0a6fd877]::panicking::panic_handler::{closure#0}
[INFO] [stdout]    8:     0x5bbeb6c5aea9 - std[617be2ca0a6fd877]::sys::backtrace::__rust_end_short_backtrace::<std[617be2ca0a6fd877]::panicking::panic_handler::{closure#0}, !>
[INFO] [stdout]    9:     0x5bbeb6c6348d - __rustc[ea4f61d10b84890b]::rust_begin_unwind
[INFO] [stdout]   10:     0x5bbeb6c9d96c - core[a373ad73a504971]::panicking::panic_fmt
[INFO] [stdout]   11:     0x5bbeb6c9d742 - core[a373ad73a504971]::result::unwrap_failed
[INFO] [stdout]   12:     0x5bbeb6be8d30 - pmv[a7719cbc77dee3c]::walk::tests::walk::setup
[INFO] [stdout]   13:     0x5bbeb6be9995 - <pmv[a7719cbc77dee3c]::walk::tests::walk::star::{closure#0} as core[a373ad73a504971]::ops::function::FnOnce<()>>::call_once
[INFO] [stdout]   14:     0x5bbeb6c0999b - test[aada8e7e76ba119b]::__rust_begin_short_backtrace::<core[a373ad73a504971]::result::Result<(), alloc[2e1b2a31b91974c5]::string::String>, fn() -> core[a373ad73a504971]::result::Result<(), alloc[2e1b2a31b91974c5]::string::String>>
[INFO] [stdout]   15:     0x5bbeb6c16b75 - test[aada8e7e76ba119b]::run_test::{closure#0}
[INFO] [stdout]   16:     0x5bbeb6c10464 - std[617be2ca0a6fd877]::sys::backtrace::__rust_begin_short_backtrace::<test[aada8e7e76ba119b]::run_test::{closure#1}, ()>
[INFO] [stdout]   17:     0x5bbeb6c19c02 - <std[617be2ca0a6fd877]::thread::lifecycle::spawn_unchecked<test[aada8e7e76ba119b]::run_test::{closure#1}, ()>::{closure#1} as core[a373ad73a504971]::ops::function::FnOnce<()>>::call_once::{shim:vtable#0}
[INFO] [stdout]   18:     0x5bbeb6c87b1f - <std[617be2ca0a6fd877]::sys::thread::unix::Thread>::new::thread_start
[INFO] [stdout]   19:     0x7ac45aa3fdfa - <unknown>
[INFO] [stdout]   20:     0x7ac45aad33d4 - clone
[INFO] [stdout]   21:                0x0 - <unknown>
[INFO] [stdout] 
[INFO] [stdout] 
[INFO] [stdout] failures:
[INFO] [stdout]     fsutil::tests::move_files::dir_to_dir
[INFO] [stdout]     fsutil::tests::move_files::dir_to_file
[INFO] [stdout]     fsutil::tests::move_files::dir_to_symlink2dir
[INFO] [stdout]     fsutil::tests::move_files::dir_to_symlink2file
[INFO] [stdout]     fsutil::tests::move_files::dry_run
[INFO] [stdout]     fsutil::tests::move_files::file_to_dir
[INFO] [stdout]     fsutil::tests::move_files::file_to_file
[INFO] [stdout]     fsutil::tests::move_files::file_to_symlink2dir
[INFO] [stdout]     fsutil::tests::move_files::file_to_symlink2file
[INFO] [stdout]     fsutil::tests::move_files::invalid_dest
[INFO] [stdout]     fsutil::tests::move_files::symlink2dir_to_dir
[INFO] [stdout]     fsutil::tests::move_files::symlink2dir_to_file
[INFO] [stdout]     fsutil::tests::move_files::symlink2dir_to_symlink2dir
[INFO] [stdout]     fsutil::tests::move_files::symlink2dir_to_symlink2file
[INFO] [stdout]     fsutil::tests::move_files::symlink2file_to_dir
[INFO] [stdout]     fsutil::tests::move_files::symlink2file_to_file
[INFO] [stdout]     fsutil::tests::move_files::symlink2file_to_symlink2dir
[INFO] [stdout]     fsutil::tests::move_files::symlink2file_to_symlink2file
[INFO] [stdout]     tests::matches_to_entries::multiple_matches
[INFO] [stdout]     walk::tests::walk::issue17
[INFO] [stdout]     walk::tests::walk::no_specials
[INFO] [stdout]     walk::tests::walk::question
[INFO] [stdout]     walk::tests::walk::star
[INFO] [stdout] 
[INFO] [stdout] test result: FAILED. 42 passed; 23 failed; 0 ignored; 0 measured; 0 filtered out; finished in 0.01s
[INFO] [stdout] 
[INFO] [stderr] error: test failed, to rerun pass `--lib`
[INFO] running `Command { std: "docker" "inspect" "ae3d17223f42f2b99a7cb225ed1f89d157a9b5e80c3b55658916edbf22a85926", kill_on_drop: false }`
[INFO] running `Command { std: "docker" "rm" "-f" "ae3d17223f42f2b99a7cb225ed1f89d157a9b5e80c3b55658916edbf22a85926", kill_on_drop: false }`
[INFO] [stdout] ae3d17223f42f2b99a7cb225ed1f89d157a9b5e80c3b55658916edbf22a85926
