[INFO] fetching crate pmtree 2.0.0...
[INFO] testing pmtree-2.0.0 against 1.100.0-beta.1+cargoflags=--release for beta-release-1.100-2
[INFO] extracting crate pmtree 2.0.0 into /workspace/builds/worker-6-tc2/source
[INFO] started tweaking crates.io crate pmtree 2.0.0
[INFO] finished tweaking crates.io crate pmtree 2.0.0
[INFO] tweaked toml for crates.io crate pmtree 2.0.0 written to /workspace/builds/worker-6-tc2/source/Cargo.toml
[INFO] validating manifest of crates.io crate pmtree 2.0.0 on toolchain 1.100.0-beta.1
[INFO] running `Command { std: CARGO_HOME="/workspace/cargo-home" RUSTUP_HOME="/workspace/rustup-home" "/workspace/cargo-home/bin/cargo" "+1.100.0-beta.1" "metadata" "--manifest-path" "Cargo.toml" "--no-deps", kill_on_drop: false }`
[INFO] running `Command { std: CARGO_HOME="/workspace/cargo-home" RUSTUP_HOME="/workspace/rustup-home" "/workspace/cargo-home/bin/cargo" "+1.100.0-beta.1" "generate-lockfile" "--manifest-path" "Cargo.toml", kill_on_drop: false }`
[INFO] [stderr]     Updating crates.io index
[INFO] [stderr]      Locking 46 packages to highest compatible versions
[INFO] [stderr]       Adding ark-serialize v0.3.0 (available: v0.6.0)
[INFO] [stderr]       Adding hex-literal v0.3.4 (available: v1.1.0)
[INFO] [stderr]       Adding rayon v1.7.0 (available: v1.12.0)
[INFO] running `Command { std: CARGO_HOME="/workspace/cargo-home" RUSTUP_HOME="/workspace/rustup-home" "/workspace/cargo-home/bin/cargo" "+1.100.0-beta.1" "fetch" "--manifest-path" "Cargo.toml", kill_on_drop: false }`
[INFO] running `Command { std: "docker" "create" "-v" "/var/lib/crater-agent-workspace/builds/worker-6-tc2/source:/opt/rustwide/workdir:ro,Z" "-v" "/var/lib/crater-agent-workspace/builds/worker-6-tc2/target:/opt/rustwide/target:rw,Z" "-v" "/var/lib/crater-agent-workspace/cargo-home:/opt/rustwide/cargo-home:ro,Z" "-v" "/var/lib/crater-agent-workspace/rustup-home:/opt/rustwide/rustup-home:ro,Z" "-m" "1610612736" "--network" "none" "ghcr.io/rust-lang/crates-build-env/linux@sha256:77db811e55d90add9212f6832c23229e3de5f1c1f9905e8cb07319ea15df73ac" "sleep" "infinity", kill_on_drop: false }`
[INFO] [stdout] 149e96ed10b758c81f0bb7bf90b1e28cd5a1957a4930d4324e8b1e3eeed7b3d4
[INFO] running `Command { std: "docker" "start" "149e96ed10b758c81f0bb7bf90b1e28cd5a1957a4930d4324e8b1e3eeed7b3d4", kill_on_drop: false }`
[INFO] running `Command { std: "docker" "inspect" "149e96ed10b758c81f0bb7bf90b1e28cd5a1957a4930d4324e8b1e3eeed7b3d4", kill_on_drop: false }`
[INFO] running `Command { std: "docker" "exec" "-e" "SOURCE_DIR=/opt/rustwide/workdir" "-e" "CARGO_HOME=/opt/rustwide/cargo-home" "-e" "RUSTUP_HOME=/opt/rustwide/rustup-home" "-e" "CARGO_TARGET_DIR=/opt/rustwide/target" "-w" "/opt/rustwide/workdir" "--user" "0:0" "149e96ed10b758c81f0bb7bf90b1e28cd5a1957a4930d4324e8b1e3eeed7b3d4" "/opt/rustwide/cargo-home/bin/cargo" "+1.100.0-beta.1" "metadata" "--no-deps" "--format-version=1", kill_on_drop: false }`
[INFO] running `Command { std: "docker" "inspect" "149e96ed10b758c81f0bb7bf90b1e28cd5a1957a4930d4324e8b1e3eeed7b3d4", kill_on_drop: false }`
[INFO] running `Command { std: "docker" "exec" "-e" "SOURCE_DIR=/opt/rustwide/workdir" "-e" "CARGO_HOME=/opt/rustwide/cargo-home" "-e" "RUSTUP_HOME=/opt/rustwide/rustup-home" "-e" "CARGO_TARGET_DIR=/opt/rustwide/target" "-e" "CARGO_INCREMENTAL=0" "-e" "RUST_BACKTRACE=full" "-e" "RUSTFLAGS=--cap-lints=warn" "-e" "RUSTDOCFLAGS=--cap-lints=warn" "-w" "/opt/rustwide/workdir" "--user" "0:0" "149e96ed10b758c81f0bb7bf90b1e28cd5a1957a4930d4324e8b1e3eeed7b3d4" "/opt/rustwide/cargo-home/bin/cargo" "+1.100.0-beta.1" "build" "--frozen" "--message-format=json" "--release", kill_on_drop: false }`
[INFO] [stderr]    Compiling either v1.19.0
[INFO] [stderr]    Compiling rayon v1.7.0
[INFO] [stderr]    Compiling pmtree v2.0.0 (/opt/rustwide/workdir)
[INFO] [stderr]     Finished `release` profile [optimized] target(s) in 3.42s
[INFO] running `Command { std: "docker" "inspect" "149e96ed10b758c81f0bb7bf90b1e28cd5a1957a4930d4324e8b1e3eeed7b3d4", kill_on_drop: false }`
[INFO] running `Command { std: "docker" "exec" "-e" "SOURCE_DIR=/opt/rustwide/workdir" "-e" "CARGO_HOME=/opt/rustwide/cargo-home" "-e" "RUSTUP_HOME=/opt/rustwide/rustup-home" "-e" "CARGO_TARGET_DIR=/opt/rustwide/target" "-e" "CARGO_INCREMENTAL=0" "-e" "RUST_BACKTRACE=full" "-e" "RUSTFLAGS=--cap-lints=warn" "-e" "RUSTDOCFLAGS=--cap-lints=warn" "-w" "/opt/rustwide/workdir" "--user" "0:0" "149e96ed10b758c81f0bb7bf90b1e28cd5a1957a4930d4324e8b1e3eeed7b3d4" "/opt/rustwide/cargo-home/bin/cargo" "+1.100.0-beta.1" "test" "--frozen" "--no-run" "--message-format=json" "--release", kill_on_drop: false }`
[INFO] [stderr]    Compiling parking_lot_core v0.8.6
[INFO] [stderr]    Compiling instant v0.1.13
[INFO] [stderr]    Compiling crunchy v0.2.4
[INFO] [stderr]    Compiling tiny-keccak v2.0.2
[INFO] [stderr]    Compiling fxhash v0.2.1
[INFO] [stderr]    Compiling hex-literal v0.3.4
[INFO] [stderr]    Compiling ppv-lite86 v0.2.21
[INFO] [stderr]    Compiling crossbeam-deque v0.8.8
[INFO] [stderr]    Compiling fs2 v0.4.3
[INFO] [stderr]    Compiling digest v0.9.0
[INFO] [stderr]    Compiling rayon-core v1.13.0
[INFO] [stderr]    Compiling parking_lot v0.11.2
[INFO] [stderr]    Compiling sled v0.34.7
[INFO] [stderr]    Compiling rand_chacha v0.3.1
[INFO] [stderr]    Compiling rand v0.8.8
[INFO] [stderr]    Compiling rayon v1.7.0
[INFO] [stderr]    Compiling ark-std v0.3.0
[INFO] [stderr]    Compiling ark-serialize v0.3.0
[INFO] [stderr]    Compiling pmtree v2.0.0 (/opt/rustwide/workdir)
[INFO] [stdout] warning: field `0` is never read
[INFO] [stdout]  --> tests/memory_keccak.rs:7:17
[INFO] [stdout]   |
[INFO] [stdout] 7 | struct MyKeccak(Keccak);
[INFO] [stdout]   |        -------- ^^^^^^
[INFO] [stdout]   |        |
[INFO] [stdout]   |        field in this struct
[INFO] [stdout]   |
[INFO] [stdout]   = help: consider removing this field
[INFO] [stdout]   = note: `#[warn(dead_code)]` (part of `#[warn(unused)]`) on by default
[INFO] [stdout] 
[INFO] [stdout] 
[INFO] [stdout] warning: field `0` is never read
[INFO] [stdout]  --> tests/sled_keccak.rs:7:17
[INFO] [stdout]   |
[INFO] [stdout] 7 | struct MyKeccak(Keccak);
[INFO] [stdout]   |        -------- ^^^^^^
[INFO] [stdout]   |        |
[INFO] [stdout]   |        field in this struct
[INFO] [stdout]   |
[INFO] [stdout]   = help: consider removing this field
[INFO] [stdout]   = note: `#[warn(dead_code)]` (part of `#[warn(unused)]`) on by default
[INFO] [stdout] 
[INFO] [stdout] 
[INFO] [stderr]     Finished `release` profile [optimized] target(s) in 18.66s
[INFO] running `Command { std: "docker" "inspect" "149e96ed10b758c81f0bb7bf90b1e28cd5a1957a4930d4324e8b1e3eeed7b3d4", kill_on_drop: false }`
[INFO] running `Command { std: "docker" "exec" "-e" "SOURCE_DIR=/opt/rustwide/workdir" "-e" "CARGO_HOME=/opt/rustwide/cargo-home" "-e" "RUSTUP_HOME=/opt/rustwide/rustup-home" "-e" "CARGO_TARGET_DIR=/opt/rustwide/target" "-e" "CARGO_INCREMENTAL=0" "-e" "RUST_BACKTRACE=full" "-e" "RUSTFLAGS=--cap-lints=warn" "-e" "RUSTDOCFLAGS=--cap-lints=warn" "-w" "/opt/rustwide/workdir" "--user" "0:0" "149e96ed10b758c81f0bb7bf90b1e28cd5a1957a4930d4324e8b1e3eeed7b3d4" "/opt/rustwide/cargo-home/bin/cargo" "+1.100.0-beta.1" "test" "--frozen" "--release", kill_on_drop: false }`
[INFO] [stderr] warning: field `0` is never read
[INFO] [stderr]  --> tests/memory_keccak.rs:7:17
[INFO] [stderr]   |
[INFO] [stderr] 7 | struct MyKeccak(Keccak);
[INFO] [stderr]   |        -------- ^^^^^^
[INFO] [stderr]   |        |
[INFO] [stderr]   |        field in this struct
[INFO] [stderr]   |
[INFO] [stderr]   = help: consider removing this field
[INFO] [stderr]   = note: `#[warn(dead_code)]` (part of `#[warn(unused)]`) on by default
[INFO] [stderr] 
[INFO] [stderr] warning: field `0` is never read
[INFO] [stderr]  --> tests/sled_keccak.rs:7:17
[INFO] [stderr]   |
[INFO] [stderr] 7 | struct MyKeccak(Keccak);
[INFO] [stderr]   |        -------- ^^^^^^
[INFO] [stderr]   |        |
[INFO] [stderr]   |        field in this struct
[INFO] [stderr]   |
[INFO] [stderr]   = help: consider removing this field
[INFO] [stderr]   = note: `#[warn(dead_code)]` (part of `#[warn(unused)]`) on by default
[INFO] [stderr] 
[INFO] [stderr] warning: `pmtree` (test "memory_keccak") generated 1 warning
[INFO] [stderr] warning: `pmtree` (test "sled_keccak") generated 1 warning
[INFO] [stderr]     Finished `release` profile [optimized] target(s) in 0.12s
[INFO] [stderr]      Running unittests src/lib.rs (/opt/rustwide/target/release/build/pmtree/e8646a73f61019b6/out/pmtree-e8646a73f61019b6)
[INFO] [stderr]      Running tests/memory_keccak.rs (/opt/rustwide/target/release/build/pmtree/36a558f54a04242a/out/memory_keccak-36a558f54a04242a)
[INFO] [stdout] 
[INFO] [stdout] running 0 tests
[INFO] [stdout] 
[INFO] [stdout] test result: ok. 0 passed; 0 failed; 0 ignored; 0 measured; 0 filtered out; finished in 0.00s
[INFO] [stdout] 
[INFO] [stdout] 
[INFO] [stdout] running 3 tests
[INFO] [stdout] test insert_delete ... ok
[INFO] [stdout] test batch_insertions ... ok
[INFO] [stdout] test set_range ... ok
[INFO] [stderr]      Running tests/sled_keccak.rs (/opt/rustwide/target/release/build/pmtree/007cba7e849063c5/out/sled_keccak-007cba7e849063c5)
[INFO] [stdout] 
[INFO] [stdout] test result: ok. 3 passed; 0 failed; 0 ignored; 0 measured; 0 filtered out; finished in 0.01s
[INFO] [stdout] 
[INFO] [stdout] 
[INFO] [stdout] running 3 tests
[INFO] [stderr] error: test failed, to rerun pass `--test sled_keccak`
[INFO] [stdout] test insert_delete ... FAILED
[INFO] [stdout] test batch_insertions ... FAILED
[INFO] [stdout] test set_range ... FAILED
[INFO] [stdout] 
[INFO] [stdout] failures:
[INFO] [stdout] 
[INFO] [stdout] ---- insert_delete stdout ----
[INFO] [stdout] 
[INFO] [stdout] thread 'insert_delete' (595) panicked at tests/sled_keccak.rs:19:45:
[INFO] [stdout] called `Result::unwrap()` on an `Err` value: Io(Os { code: 30, kind: ReadOnlyFilesystem, message: "Read-only file system" })
[INFO] [stdout] stack backtrace:
[INFO] [stdout]    0:     0x60c74622f231 - <<std[617be2ca0a6fd877]::sys::backtrace::BacktraceLock>::print::DisplayBacktrace as core[a373ad73a504971]::fmt::Display>::fmt
[INFO] [stdout]    1:     0x60c74624532a - core[a373ad73a504971]::fmt::write
[INFO] [stdout]    2:     0x60c74623397c - <alloc[2e1b2a31b91974c5]::vec::Vec<u8> as core[a373ad73a504971]::io::write::Write>::write_fmt
[INFO] [stdout]    3:     0x60c746208eb6 - std[617be2ca0a6fd877]::panicking::default_hook::{closure#0}
[INFO] [stdout]    4:     0x60c746226539 - std[617be2ca0a6fd877]::panicking::default_hook
[INFO] [stdout]    5:     0x60c7461b7d60 - test[aada8e7e76ba119b]::test_main_inner::{closure#0}
[INFO] [stdout]    6:     0x60c746226862 - std[617be2ca0a6fd877]::panicking::panic_with_hook
[INFO] [stdout]    7:     0x60c746208f62 - std[617be2ca0a6fd877]::panicking::panic_handler::{closure#0}
[INFO] [stdout]    8:     0x60c746201a29 - std[617be2ca0a6fd877]::sys::backtrace::__rust_end_short_backtrace::<std[617be2ca0a6fd877]::panicking::panic_handler::{closure#0}, !>
[INFO] [stdout]    9:     0x60c746209c5d - __rustc[ea4f61d10b84890b]::rust_begin_unwind
[INFO] [stdout]   10:     0x60c746245a5c - core[a373ad73a504971]::panicking::panic_fmt
[INFO] [stdout]   11:     0x60c746245832 - core[a373ad73a504971]::result::unwrap_failed
[INFO] [stdout]   12:     0x60c74612506f - <pmtree[f7f79df8492de396]::tree::MerkleTree<sled_keccak[2a1ee57551c0b011]::MySled, sled_keccak[2a1ee57551c0b011]::MyKeccak>>::new
[INFO] [stdout]   13:     0x60c74611afd1 - <sled_keccak[2a1ee57551c0b011]::insert_delete::{closure#0} as core[a373ad73a504971]::ops::function::FnOnce<()>>::call_once
[INFO] [stdout]   14:     0x60c7461ab1ab - test[aada8e7e76ba119b]::__rust_begin_short_backtrace::<core[a373ad73a504971]::result::Result<(), alloc[2e1b2a31b91974c5]::string::String>, fn() -> core[a373ad73a504971]::result::Result<(), alloc[2e1b2a31b91974c5]::string::String>>
[INFO] [stdout]   15:     0x60c7461b8385 - test[aada8e7e76ba119b]::run_test::{closure#0}
[INFO] [stdout]   16:     0x60c7461b1c74 - std[617be2ca0a6fd877]::sys::backtrace::__rust_begin_short_backtrace::<test[aada8e7e76ba119b]::run_test::{closure#1}, ()>
[INFO] [stdout]   17:     0x60c7461bb412 - <std[617be2ca0a6fd877]::thread::lifecycle::spawn_unchecked<test[aada8e7e76ba119b]::run_test::{closure#1}, ()>::{closure#1} as core[a373ad73a504971]::ops::function::FnOnce<()>>::call_once::{shim:vtable#0}
[INFO] [stdout]   18:     0x60c74622e99f - <std[617be2ca0a6fd877]::sys::thread::unix::Thread>::new::thread_start
[INFO] [stdout]   19:     0x7dfb745c8dfa - <unknown>
[INFO] [stdout]   20:     0x7dfb7465c3d4 - clone
[INFO] [stdout]   21:                0x0 - <unknown>
[INFO] [stdout] 
[INFO] [stdout] ---- batch_insertions stdout ----
[INFO] [stdout] 
[INFO] [stdout] thread 'batch_insertions' (594) panicked at tests/sled_keccak.rs:19:45:
[INFO] [stdout] called `Result::unwrap()` on an `Err` value: Io(Os { code: 30, kind: ReadOnlyFilesystem, message: "Read-only file system" })
[INFO] [stdout] stack backtrace:
[INFO] [stdout]    0:     0x60c74622f231 - <<std[617be2ca0a6fd877]::sys::backtrace::BacktraceLock>::print::DisplayBacktrace as core[a373ad73a504971]::fmt::Display>::fmt
[INFO] [stdout]    1:     0x60c74624532a - core[a373ad73a504971]::fmt::write
[INFO] [stdout]    2:     0x60c74623397c - <alloc[2e1b2a31b91974c5]::vec::Vec<u8> as core[a373ad73a504971]::io::write::Write>::write_fmt
[INFO] [stdout]    3:     0x60c746208eb6 - std[617be2ca0a6fd877]::panicking::default_hook::{closure#0}
[INFO] [stdout]    4:     0x60c746226539 - std[617be2ca0a6fd877]::panicking::default_hook
[INFO] [stdout]    5:     0x60c7461b7d60 - test[aada8e7e76ba119b]::test_main_inner::{closure#0}
[INFO] [stdout]    6:     0x60c746226862 - std[617be2ca0a6fd877]::panicking::panic_with_hook
[INFO] [stdout]    7:     0x60c746208f62 - std[617be2ca0a6fd877]::panicking::panic_handler::{closure#0}
[INFO] [stdout]    8:     0x60c746201a29 - std[617be2ca0a6fd877]::sys::backtrace::__rust_end_short_backtrace::<std[617be2ca0a6fd877]::panicking::panic_handler::{closure#0}, !>
[INFO] [stdout]    9:     0x60c746209c5d - __rustc[ea4f61d10b84890b]::rust_begin_unwind
[INFO] [stdout]   10:     0x60c746245a5c - core[a373ad73a504971]::panicking::panic_fmt
[INFO] [stdout]   11:     0x60c746245832 - core[a373ad73a504971]::result::unwrap_failed
[INFO] [stdout]   12:     0x60c74612506f - <pmtree[f7f79df8492de396]::tree::MerkleTree<sled_keccak[2a1ee57551c0b011]::MySled, sled_keccak[2a1ee57551c0b011]::MyKeccak>>::new
[INFO] [stdout]   13:     0x60c74611ba6f - <sled_keccak[2a1ee57551c0b011]::batch_insertions::{closure#0} as core[a373ad73a504971]::ops::function::FnOnce<()>>::call_once
[INFO] [stdout]   14:     0x60c7461ab1ab - test[aada8e7e76ba119b]::__rust_begin_short_backtrace::<core[a373ad73a504971]::result::Result<(), alloc[2e1b2a31b91974c5]::string::String>, fn() -> core[a373ad73a504971]::result::Result<(), alloc[2e1b2a31b91974c5]::string::String>>
[INFO] [stdout]   15:     0x60c7461b8385 - test[aada8e7e76ba119b]::run_test::{closure#0}
[INFO] [stdout]   16:     0x60c7461b1c74 - std[617be2ca0a6fd877]::sys::backtrace::__rust_begin_short_backtrace::<test[aada8e7e76ba119b]::run_test::{closure#1}, ()>
[INFO] [stdout]   17:     0x60c7461bb412 - <std[617be2ca0a6fd877]::thread::lifecycle::spawn_unchecked<test[aada8e7e76ba119b]::run_test::{closure#1}, ()>::{closure#1} as core[a373ad73a504971]::ops::function::FnOnce<()>>::call_once::{shim:vtable#0}
[INFO] [stdout]   18:     0x60c74622e99f - <std[617be2ca0a6fd877]::sys::thread::unix::Thread>::new::thread_start
[INFO] [stdout]   19:     0x7dfb745c8dfa - <unknown>
[INFO] [stdout]   20:     0x7dfb7465c3d4 - clone
[INFO] [stdout]   21:                0x0 - <unknown>
[INFO] [stdout] 
[INFO] [stdout] ---- set_range stdout ----
[INFO] [stdout] 
[INFO] [stdout] thread 'set_range' (596) panicked at tests/sled_keccak.rs:19:45:
[INFO] [stdout] called `Result::unwrap()` on an `Err` value: Io(Os { code: 30, kind: ReadOnlyFilesystem, message: "Read-only file system" })
[INFO] [stdout] stack backtrace:
[INFO] [stdout]    0:     0x60c74622f231 - <<std[617be2ca0a6fd877]::sys::backtrace::BacktraceLock>::print::DisplayBacktrace as core[a373ad73a504971]::fmt::Display>::fmt
[INFO] [stdout]    1:     0x60c74624532a - core[a373ad73a504971]::fmt::write
[INFO] [stdout]    2:     0x60c74623397c - <alloc[2e1b2a31b91974c5]::vec::Vec<u8> as core[a373ad73a504971]::io::write::Write>::write_fmt
[INFO] [stdout]    3:     0x60c746208eb6 - std[617be2ca0a6fd877]::panicking::default_hook::{closure#0}
[INFO] [stdout]    4:     0x60c746226539 - std[617be2ca0a6fd877]::panicking::default_hook
[INFO] [stdout]    5:     0x60c7461b7d60 - test[aada8e7e76ba119b]::test_main_inner::{closure#0}
[INFO] [stdout]    6:     0x60c746226862 - std[617be2ca0a6fd877]::panicking::panic_with_hook
[INFO] [stdout]    7:     0x60c746208f62 - std[617be2ca0a6fd877]::panicking::panic_handler::{closure#0}
[INFO] [stdout]    8:     0x60c746201a29 - std[617be2ca0a6fd877]::sys::backtrace::__rust_end_short_backtrace::<std[617be2ca0a6fd877]::panicking::panic_handler::{closure#0}, !>
[INFO] [stdout]    9:     0x60c746209c5d - __rustc[ea4f61d10b84890b]::rust_begin_unwind
[INFO] [stdout]   10:     0x60c746245a5c - core[a373ad73a504971]::panicking::panic_fmt
[INFO] [stdout]   11:     0x60c746245832 - core[a373ad73a504971]::result::unwrap_failed
[INFO] [stdout]   12:     0x60c74612506f - <pmtree[f7f79df8492de396]::tree::MerkleTree<sled_keccak[2a1ee57551c0b011]::MySled, sled_keccak[2a1ee57551c0b011]::MyKeccak>>::new
[INFO] [stdout]   13:     0x60c74611bd85 - <sled_keccak[2a1ee57551c0b011]::set_range::{closure#0} as core[a373ad73a504971]::ops::function::FnOnce<()>>::call_once
[INFO] [stdout]   14:     0x60c7461ab1ab - test[aada8e7e76ba119b]::__rust_begin_short_backtrace::<core[a373ad73a504971]::result::Result<(), alloc[2e1b2a31b91974c5]::string::String>, fn() -> core[a373ad73a504971]::result::Result<(), alloc[2e1b2a31b91974c5]::string::String>>
[INFO] [stdout]   15:     0x60c7461b8385 - test[aada8e7e76ba119b]::run_test::{closure#0}
[INFO] [stdout]   16:     0x60c7461b1c74 - std[617be2ca0a6fd877]::sys::backtrace::__rust_begin_short_backtrace::<test[aada8e7e76ba119b]::run_test::{closure#1}, ()>
[INFO] [stdout]   17:     0x60c7461bb412 - <std[617be2ca0a6fd877]::thread::lifecycle::spawn_unchecked<test[aada8e7e76ba119b]::run_test::{closure#1}, ()>::{closure#1} as core[a373ad73a504971]::ops::function::FnOnce<()>>::call_once::{shim:vtable#0}
[INFO] [stdout]   18:     0x60c74622e99f - <std[617be2ca0a6fd877]::sys::thread::unix::Thread>::new::thread_start
[INFO] [stdout]   19:     0x7dfb745c8dfa - <unknown>
[INFO] [stdout]   20:     0x7dfb7465c3d4 - clone
[INFO] [stdout]   21:                0x0 - <unknown>
[INFO] [stdout] 
[INFO] [stdout] 
[INFO] [stdout] failures:
[INFO] [stdout]     batch_insertions
[INFO] [stdout]     insert_delete
[INFO] [stdout]     set_range
[INFO] [stdout] 
[INFO] [stdout] test result: FAILED. 0 passed; 3 failed; 0 ignored; 0 measured; 0 filtered out; finished in 0.00s
[INFO] [stdout] 
[INFO] running `Command { std: "docker" "inspect" "149e96ed10b758c81f0bb7bf90b1e28cd5a1957a4930d4324e8b1e3eeed7b3d4", kill_on_drop: false }`
[INFO] running `Command { std: "docker" "rm" "-f" "149e96ed10b758c81f0bb7bf90b1e28cd5a1957a4930d4324e8b1e3eeed7b3d4", kill_on_drop: false }`
[INFO] [stdout] 149e96ed10b758c81f0bb7bf90b1e28cd5a1957a4930d4324e8b1e3eeed7b3d4
