[INFO] fetching crate pmpx 0.3.2...
[INFO] testing pmpx-0.3.2 against 1.100.0-beta.1+cargoflags=--release for beta-release-1.100-2
[INFO] extracting crate pmpx 0.3.2 into /workspace/builds/worker-1-tc2/source
[INFO] started tweaking crates.io crate pmpx 0.3.2
[INFO] removed 0 missing tests
[INFO] finished tweaking crates.io crate pmpx 0.3.2
[INFO] tweaked toml for crates.io crate pmpx 0.3.2 written to /workspace/builds/worker-1-tc2/source/Cargo.toml
[INFO] validating manifest of crates.io crate pmpx 0.3.2 on toolchain 1.100.0-beta.1
[INFO] running `Command { std: CARGO_HOME="/workspace/cargo-home" RUSTUP_HOME="/workspace/rustup-home" "/workspace/cargo-home/bin/cargo" "+1.100.0-beta.1" "metadata" "--manifest-path" "Cargo.toml" "--no-deps", kill_on_drop: false }`
[INFO] crate crates.io crate pmpx 0.3.2 already has a lockfile, it will not be regenerated
[INFO] running `Command { std: CARGO_HOME="/workspace/cargo-home" RUSTUP_HOME="/workspace/rustup-home" "/workspace/cargo-home/bin/cargo" "+1.100.0-beta.1" "fetch" "--manifest-path" "Cargo.toml", kill_on_drop: false }`
[INFO] running `Command { std: "docker" "create" "-v" "/var/lib/crater-agent-workspace/builds/worker-1-tc2/source:/opt/rustwide/workdir:ro,Z" "-v" "/var/lib/crater-agent-workspace/builds/worker-1-tc2/target:/opt/rustwide/target:rw,Z" "-v" "/var/lib/crater-agent-workspace/cargo-home:/opt/rustwide/cargo-home:ro,Z" "-v" "/var/lib/crater-agent-workspace/rustup-home:/opt/rustwide/rustup-home:ro,Z" "-m" "1610612736" "--network" "none" "ghcr.io/rust-lang/crates-build-env/linux@sha256:77db811e55d90add9212f6832c23229e3de5f1c1f9905e8cb07319ea15df73ac" "sleep" "infinity", kill_on_drop: false }`
[INFO] [stdout] c7228062e2967c4c61c8f56211eb35dfaf56233e2cfab0158b97898668019edf
[INFO] running `Command { std: "docker" "start" "c7228062e2967c4c61c8f56211eb35dfaf56233e2cfab0158b97898668019edf", kill_on_drop: false }`
[INFO] running `Command { std: "docker" "inspect" "c7228062e2967c4c61c8f56211eb35dfaf56233e2cfab0158b97898668019edf", kill_on_drop: false }`
[INFO] running `Command { std: "docker" "exec" "-e" "SOURCE_DIR=/opt/rustwide/workdir" "-e" "CARGO_HOME=/opt/rustwide/cargo-home" "-e" "RUSTUP_HOME=/opt/rustwide/rustup-home" "-e" "CARGO_TARGET_DIR=/opt/rustwide/target" "-w" "/opt/rustwide/workdir" "--user" "0:0" "c7228062e2967c4c61c8f56211eb35dfaf56233e2cfab0158b97898668019edf" "/opt/rustwide/cargo-home/bin/cargo" "+1.100.0-beta.1" "metadata" "--no-deps" "--format-version=1", kill_on_drop: false }`
[INFO] running `Command { std: "docker" "inspect" "c7228062e2967c4c61c8f56211eb35dfaf56233e2cfab0158b97898668019edf", kill_on_drop: false }`
[INFO] running `Command { std: "docker" "exec" "-e" "SOURCE_DIR=/opt/rustwide/workdir" "-e" "CARGO_HOME=/opt/rustwide/cargo-home" "-e" "RUSTUP_HOME=/opt/rustwide/rustup-home" "-e" "CARGO_TARGET_DIR=/opt/rustwide/target" "-e" "CARGO_INCREMENTAL=0" "-e" "RUST_BACKTRACE=full" "-e" "RUSTFLAGS=--cap-lints=warn" "-e" "RUSTDOCFLAGS=--cap-lints=warn" "-w" "/opt/rustwide/workdir" "--user" "0:0" "c7228062e2967c4c61c8f56211eb35dfaf56233e2cfab0158b97898668019edf" "/opt/rustwide/cargo-home/bin/cargo" "+1.100.0-beta.1" "build" "--frozen" "--message-format=json" "--release", kill_on_drop: false }`
[INFO] [stderr]    Compiling crc32fast v1.5.2
[INFO] [stderr]    Compiling rustix v1.1.5
[INFO] [stderr]    Compiling httparse v1.10.1
[INFO] [stderr]    Compiling simd-adler32 v0.3.10
[INFO] [stderr]    Compiling cc v1.6.0
[INFO] [stderr]    Compiling getrandom v0.2.17
[INFO] [stderr]    Compiling dirs-sys v0.5.0
[INFO] [stderr]    Compiling http v1.5.0
[INFO] [stderr]    Compiling syn v3.0.6
[INFO] [stderr]    Compiling base64 v0.23.1
[INFO] [stderr]    Compiling toml v1.1.6+spec-1.1.0
[INFO] [stderr]    Compiling libloading v0.9.0
[INFO] [stderr]    Compiling pmpx-plugin-abi v0.3.2
[INFO] [stderr]    Compiling pmpx-plugin v0.3.2
[INFO] [stderr]    Compiling utf8-zero v0.8.1
[INFO] [stderr]    Compiling crate-plugin-kit v0.3.2
[INFO] [stderr]    Compiling miniz_oxide v0.9.1
[INFO] [stderr]    Compiling directories v6.0.0
[INFO] [stderr]    Compiling serde_json v1.0.151
[INFO] [stderr]    Compiling which v8.0.6
[INFO] [stderr]    Compiling pmpx-loader v0.3.2
[INFO] [stderr]    Compiling filetime v0.2.29
[INFO] [stderr]    Compiling pmpx-detect v0.3.2
[INFO] [stderr]    Compiling pmpx v0.3.2 (/opt/rustwide/workdir)
[INFO] [stderr]    Compiling tar v0.4.46
[INFO] [stderr]    Compiling flate2 v1.1.10
[INFO] [stderr]    Compiling terminal_size v0.4.4
[INFO] [stderr]    Compiling zip v5.1.1
[INFO] [stderr]    Compiling clap_builder v4.6.7
[INFO] [stderr]    Compiling ureq-proto v0.6.4
[INFO] [stderr]    Compiling ring v0.17.14
[INFO] [stderr]    Compiling serde_derive v1.0.229
[INFO] [stderr]    Compiling thiserror-impl v2.0.21
[INFO] [stderr]    Compiling clap_derive v4.6.7
[INFO] [stderr]    Compiling thiserror v2.0.21
[INFO] [stderr]    Compiling clap v4.6.7
[INFO] [stderr]    Compiling clap_complete v4.6.11
[INFO] [stderr]    Compiling serde v1.0.229
[INFO] [stderr]    Compiling pmpx-project v0.3.2
[INFO] [stderr]    Compiling rustls v0.23.45
[INFO] [stderr]    Compiling rustls-webpki v0.103.15
[INFO] [stderr]    Compiling ureq v3.4.2
[INFO] [stderr]    Compiling pmpx-engine v0.3.2
[INFO] [stderr]     Finished `release` profile [optimized] target(s) in 58.60s
[INFO] running `Command { std: "docker" "inspect" "c7228062e2967c4c61c8f56211eb35dfaf56233e2cfab0158b97898668019edf", kill_on_drop: false }`
[INFO] running `Command { std: "docker" "exec" "-e" "SOURCE_DIR=/opt/rustwide/workdir" "-e" "CARGO_HOME=/opt/rustwide/cargo-home" "-e" "RUSTUP_HOME=/opt/rustwide/rustup-home" "-e" "CARGO_TARGET_DIR=/opt/rustwide/target" "-e" "CARGO_INCREMENTAL=0" "-e" "RUST_BACKTRACE=full" "-e" "RUSTFLAGS=--cap-lints=warn" "-e" "RUSTDOCFLAGS=--cap-lints=warn" "-w" "/opt/rustwide/workdir" "--user" "0:0" "c7228062e2967c4c61c8f56211eb35dfaf56233e2cfab0158b97898668019edf" "/opt/rustwide/cargo-home/bin/cargo" "+1.100.0-beta.1" "test" "--frozen" "--no-run" "--message-format=json" "--release", kill_on_drop: false }`
[INFO] [stderr]    Compiling rustix v1.1.5
[INFO] [stderr]    Compiling terminal_size v0.4.4
[INFO] [stderr]    Compiling tempfile v3.27.0
[INFO] [stderr]    Compiling clap_builder v4.6.7
[INFO] [stderr]    Compiling clap v4.6.7
[INFO] [stderr]    Compiling clap_complete v4.6.11
[INFO] [stderr]    Compiling pmpx v0.3.2 (/opt/rustwide/workdir)
[INFO] [stderr]     Finished `release` profile [optimized] target(s) in 23.38s
[INFO] running `Command { std: "docker" "inspect" "c7228062e2967c4c61c8f56211eb35dfaf56233e2cfab0158b97898668019edf", kill_on_drop: false }`
[INFO] running `Command { std: "docker" "exec" "-e" "SOURCE_DIR=/opt/rustwide/workdir" "-e" "CARGO_HOME=/opt/rustwide/cargo-home" "-e" "RUSTUP_HOME=/opt/rustwide/rustup-home" "-e" "CARGO_TARGET_DIR=/opt/rustwide/target" "-e" "CARGO_INCREMENTAL=0" "-e" "RUST_BACKTRACE=full" "-e" "RUSTFLAGS=--cap-lints=warn" "-e" "RUSTDOCFLAGS=--cap-lints=warn" "-w" "/opt/rustwide/workdir" "--user" "0:0" "c7228062e2967c4c61c8f56211eb35dfaf56233e2cfab0158b97898668019edf" "/opt/rustwide/cargo-home/bin/cargo" "+1.100.0-beta.1" "test" "--frozen" "--release", kill_on_drop: false }`
[INFO] [stderr]     Finished `release` profile [optimized] target(s) in 0.10s
[INFO] [stderr]      Running unittests src/main.rs (/opt/rustwide/target/release/build/pmpx/84b6447d9509872d/out/pmpx-84b6447d9509872d)
[INFO] [stdout] 
[INFO] [stdout] running 59 tests
[INFO] [stdout] test commands::config::tests::insert_dotted_refuses_to_clobber_a_non_table ... ok
[INFO] [stdout] test commands::config::tests::read_toml_table_treats_a_missing_file_as_empty ... ok
[INFO] [stdout] test commands::plugin_store::tests::join_or_dash_handles_the_empty_case ... ok
[INFO] [stdout] test runtime::render::tests::only_the_lines_this_module_owns_are_rendered_here ... ok
[INFO] [stdout] test debug::tests::elapsed_is_measured_from_the_first_mark_start ... ok
[INFO] [stdout] test commands::config::tests::lookup_dotted_walks_tables ... ok
[INFO] [stdout] test commands::config::tests::render_value_omits_quotes_for_strings ... ok
[INFO] [stdout] test commands::config::tests::insert_dotted_rejects_empty_segments ... ok
[INFO] [stdout] test commands::config::tests::parse_value_recognises_arrays ... ok
[INFO] [stdout] test commands::config::tests::read_toml_table_treats_an_empty_file_as_empty ... ok
[INFO] [stdout] test selfupdate::archive::tests::a_member_that_claims_to_be_enormous_is_refused ... ok
[INFO] [stdout] test selfupdate::archive::tests::a_directory_entry_named_like_the_binary_is_refused ... ok
[INFO] [stdout] test commands::config::tests::parse_value_falls_back_to_a_string ... ok
[INFO] [stdout] test selfupdate::archive::tests::an_archive_without_the_binary_is_refused ... ok
[INFO] [stdout] test debug::tests::a_line_carries_the_marker_the_phase_and_the_detail ... ok
[INFO] [stdout] test commands::config::tests::parse_value_recognises_booleans ... ok
[INFO] [stdout] test selfupdate::archive::tests::a_member_larger_than_it_claims_is_refused ... ok
[INFO] [stdout] test selfupdate::checksum::tests::sums_ignores_crlf_and_an_unknown_name ... ok
[INFO] [stdout] test selfupdate::checksum::tests::sums_of_only_stray_lines_finds_nothing ... ok
[INFO] [stdout] test selfupdate::checksum::tests::sums_rejects_a_line_that_is_not_a_hash ... ok
[INFO] [stdout] test commands::config::tests::parse_value_recognises_integers ... ok
[INFO] [stdout] test debug::tests::the_columns_hold_still_across_phases_of_very_different_sizes ... ok
[INFO] [stdout] test selfupdate::checksum::tests::sums_accepts_text_and_binary_mode_lines ... ok
[INFO] [stdout] test selfupdate::archive::tests::something_that_is_not_an_archive_is_refused ... ok
[INFO] [stdout] test selfupdate::ledger::tests::a_record_beside_the_binary_itself_counts ... ok
[INFO] [stdout] test selfupdate::checksum::tests::sums_keeps_looking_past_a_line_without_whitespace ... ok
[INFO] [stdout] test runtime::render::tests::every_level_has_its_own_shape ... ok
[INFO] [stdout] test selfupdate::archive::tests::a_link_entry_named_like_the_binary_is_refused ... ok
[INFO] [stdout] test selfupdate::ledger::tests::an_unreadable_record_is_treated_as_cargos ... ok
[INFO] [stdout] test selfupdate::ledger::tests::another_crates_record_does_not_claim_this_binary ... ok
[INFO] [stdout] test commands::config::tests::insert_dotted_creates_missing_tables ... ok
[INFO] [stdout] test selfupdate::checksum::tests::sha256_matches_the_published_vector ... ok
[INFO] [stdout] test selfupdate::archive::tests::a_member_within_the_limit_is_written ... ok
[INFO] [stdout] test selfupdate::ledger::tests::a_record_that_cannot_be_read_is_treated_as_cargos ... ok
[INFO] [stdout] test selfupdate::ledger::tests::a_record_with_an_unknown_shape_is_treated_as_cargos ... ok
[INFO] [stdout] test selfupdate::ledger::tests::a_toml_record_without_v1_is_treated_as_cargos ... ok
[INFO] [stdout] test selfupdate::archive::tests::the_binary_comes_out_of_a_zip ... ok
[INFO] [stdout] test selfupdate::archive::tests::the_destination_does_not_follow_the_archive_entry_name ... ok
[INFO] [stdout] test selfupdate::archive::tests::the_binary_comes_out_of_a_tarball ... ok
[INFO] [stdout] test selfupdate::ledger::tests::the_older_record_works_too ... ok
[INFO] [stdout] test selfupdate::swap::tests::a_second_update_is_refused_while_the_lock_is_held ... ok
[INFO] [stdout] test selfupdate::release::tests::a_refused_request_explains_both_causes ... ok
[INFO] [stdout] test selfupdate::ledger::tests::no_record_at_all_is_standalone ... ok
[INFO] [stdout] test selfupdate::swap::tests::an_old_lock_counts_as_a_leftover ... ok
[INFO] [stdout] test selfupdate::release::tests::the_asset_stem_carries_the_target ... ok
[INFO] [stdout] test selfupdate::swap::tests::the_backup_name_keeps_the_extension ... ok
[INFO] [stdout] test selfupdate::version::tests::a_prerelease_parses ... ok
[INFO] [stdout] test selfupdate::version::tests::a_prerelease_sorts_before_its_release ... ok
[INFO] [stdout] test selfupdate::version::tests::a_version_parses_with_or_without_the_tag_prefix ... ok
[INFO] [stdout] test selfupdate::version::tests::prerelease_identifiers_compare_numerically ... ok
[INFO] [stdout] test selfupdate::version::tests::nonsense_is_not_a_version ... ok
[INFO] [stdout] test selfupdate::version::tests::versions_order_numerically ... ok
[INFO] [stdout] test selfupdate::ledger::tests::the_record_beside_the_bin_directory_is_what_makes_it_cargos ... ok
[INFO] [stdout] test selfupdate::release::tests::the_archive_matches_the_platform ... ok
[INFO] [stdout] test style::tests::paint_keeps_the_text ... ok
[INFO] [stdout] test style::tests::padded_keeps_the_text_and_the_padding ... ok
[INFO] [stderr]      Running tests/cli/main.rs (/opt/rustwide/target/release/build/pmpx/89878a5baaefd650/out/cli-89878a5baaefd650)
[INFO] [stdout] test style::tests::announce_starting_with_no_args_omits_the_gap ... ok
[INFO] [stdout] test style::tests::announce_starting_keeps_every_part ... ok
[INFO] [stdout] test selfupdate::swap::tests::replacing_puts_the_new_binary_in_place_of_the_old ... ok
[INFO] [stdout] 
[INFO] [stdout] test result: ok. 59 passed; 0 failed; 0 ignored; 0 measured; 0 filtered out; finished in 0.03s
[INFO] [stdout] 
[INFO] [stdout] 
[INFO] [stdout] running 55 tests
[INFO] [stdout] test config::config_get_on_a_missing_key_is_a_usage_error ... ok
[INFO] [stdout] test config_set::an_unknown_key_is_still_accepted ... ok
[INFO] [stdout] test config_set::a_value_the_reader_cannot_parse_is_refused_before_it_is_written ... ok
[INFO] [stdout] test config_set::a_value_of_the_right_type_is_written_and_read_back ... ok
[INFO] [stdout] test detection::exec_still_works_with_zero_plugins ... ok
[INFO] [stderr] error: manifest path `/opt/rustwide/workdir/tests/fixtures/fake-plugin/Cargo.toml` does not exist
[INFO] [stdout] test config::config_set_then_get_round_trips ... ok
[INFO] [stdout] test config::walk_up_false_stops_the_search ... FAILED
[INFO] [stderr] error: manifest path `/opt/rustwide/workdir/tests/fixtures/fake-plugin/Cargo.toml` does not exist
[INFO] [stdout] test detection::debug_traces_every_phase_on_stderr ... FAILED
[INFO] [stderr] error: manifest path `/opt/rustwide/workdir/tests/fixtures/fake-plugin/Cargo.toml` does not exist
[INFO] [stdout] test detection::exec_falls_back_when_the_plugin_says_unsupported ... FAILED
[INFO] [stdout] test detection::a_plugins_own_log_line_carries_its_id ... FAILED
[INFO] [stderr] error: manifest path `/opt/rustwide/workdir/tests/fixtures/fake-plugin/Cargo.toml` does not exist
[INFO] [stdout] test detection::with_no_plugins_it_exits_three_and_explains_itself ... ok
[INFO] [stderr] error: manifest path `/opt/rustwide/workdir/tests/fixtures/fake-plugin/Cargo.toml` does not exist
[INFO] [stdout] test detection::other_verbs_do_not_fall_back ... FAILED
[INFO] [stderr] error: manifest path `/opt/rustwide/workdir/tests/fixtures/fake-plugin/Cargo.toml` does not exist
[INFO] [stdout] test detection::detects_the_project_and_runs_the_backend_command ... FAILED
[INFO] [stderr] error: manifest path `/opt/rustwide/workdir/tests/fixtures/fake-plugin/Cargo.toml` does not exist
[INFO] [stdout] test detection::the_resolved_command_is_announced_on_stderr ... FAILED
[INFO] [stderr] error: manifest path `/opt/rustwide/workdir/tests/fixtures/fake-plugin/Cargo.toml` does not exist
[INFO] [stdout] test explain::explain_reports_without_running_anything ... FAILED
[INFO] [stderr] error: manifest path `/opt/rustwide/workdir/tests/fixtures/fake-plugin/Cargo.toml` does not exist
[INFO] [stdout] test detection::quiet_does_not_turn_the_trace_off ... FAILED
[INFO] [stdout] test local::a_checkout_for_another_abi_is_refused ... ok
[INFO] [stdout] test local::a_checkout_installs_and_then_answers ... FAILED
[INFO] [stderr] error: manifest path `/opt/rustwide/workdir/tests/fixtures/fake-plugin/Cargo.toml` does not exist
[INFO] [stdout] test detection::a_pinned_plugin_is_told_it_was_pinned ... FAILED
[INFO] [stdout] test local::a_path_that_is_not_a_checkout_is_refused_with_a_reason ... ok
[INFO] [stdout] test local::a_checkout_with_nothing_to_detect_is_installed_with_a_warning ... ok
[INFO] [stdout] test plugins::a_manifest_without_family_is_listed_with_its_problem ... ok
[INFO] [stderr] error: manifest path `/opt/rustwide/workdir/tests/fixtures/fake-plugin/Cargo.toml` does not exist
[INFO] [stdout] test detection::a_manifest_that_lies_about_its_abi_is_reported_but_still_used ... FAILED
[INFO] [stdout] test plugins::plugin_ls_says_how_to_start ... ok
[INFO] [stderr] error: manifest path `/opt/rustwide/workdir/tests/fixtures/fake-plugin/Cargo.toml` does not exist
[INFO] [stdout] test detection::the_plugin_receives_root_matched_verb_and_args_across_the_boundary ... FAILED
[INFO] [stderr] error: manifest path `/opt/rustwide/workdir/tests/fixtures/fake-plugin/Cargo.toml` does not exist
[INFO] [stdout] test detection::a_file_declared_in_the_manifest_reaches_the_plugin ... FAILED
[INFO] [stderr] error: manifest path `/opt/rustwide/workdir/tests/fixtures/fake-plugin/Cargo.toml` does not exist
[INFO] [stdout] test detection::a_plugin_named_with_dash_p_is_told_it_was_explicit ... FAILED
[INFO] [stderr] error: manifest path `/opt/rustwide/workdir/tests/fixtures/fake-plugin/Cargo.toml` does not exist
[INFO] [stdout] test detection::args_after_the_double_dash_reach_the_plugin ... FAILED
[INFO] [stderr] error: manifest path `/opt/rustwide/workdir/tests/fixtures/fake-plugin/Cargo.toml` does not exist
[INFO] [stdout] test json::json_is_refused_where_it_would_mix_prose_in ... FAILED
[INFO] [stderr] error: manifest path `/opt/rustwide/workdir/tests/fixtures/fake-plugin/Cargo.toml` does not exist
[INFO] [stdout] test detection::the_passthrough_separator_reaches_the_plugin ... FAILED
[INFO] [stdout] test scripts::a_named_command_runs_with_no_plugin_installed ... ok
[INFO] [stderr] error: manifest path `/opt/rustwide/workdir/tests/fixtures/fake-plugin/Cargo.toml` does not exist
[INFO] [stdout] test plugins::an_unknown_plugin_flag_lists_what_is_installed ... FAILED
[INFO] [stdout] test scripts::a_string_entry_is_split_with_quotes_respected ... ok
[INFO] [stdout] test scripts::the_arguments_after_the_separator_are_appended ... ok
[INFO] [stdout] test self_update::self_help_describes_the_update ... ok
[INFO] [stderr] error: manifest path `/opt/rustwide/workdir/tests/fixtures/fake-plugin/Cargo.toml` does not exist
[INFO] [stdout] test plugins::unset_without_a_family_needs_yes_when_there_are_several ... FAILED
[INFO] [stdout] test self_update::self_update_rejects_a_version_that_is_not_one ... ok
[INFO] [stdout] test surface::debug_writes_the_trace_to_stderr_and_leaves_stdout_alone ... ok
[INFO] [stdout] test surface::help_lists_exactly_the_seven_verbs ... ok
[INFO] [stdout] test surface::completion_writes_a_script_to_stdout ... ok
[INFO] [stdout] test surface::no_debug_flag_means_no_trace ... ok
[INFO] [stdout] test scripts::the_nearest_layer_defines_the_command ... ok
[INFO] [stderr] error: manifest path `/opt/rustwide/workdir/tests/fixtures/fake-plugin/Cargo.toml` does not exist
[INFO] [stdout] test plugins::plugin_set_writes_a_pmpx_toml_and_it_takes_effect ... FAILED
[INFO] [stderr] error: manifest path `/opt/rustwide/workdir/tests/fixtures/fake-plugin/Cargo.toml` does not exist
[INFO] [stdout] test config::config_above_the_project_root_is_visible ... FAILED
[INFO] [stderr] error: manifest path `/opt/rustwide/workdir/tests/fixtures/fake-plugin/Cargo.toml` does not exist
[INFO] [stdout] test plugins::an_abi_mismatch_is_refused_with_both_versions ... FAILED
[INFO] [stderr] error: manifest path `/opt/rustwide/workdir/tests/fixtures/fake-plugin/Cargo.toml` does not exist
[INFO] [stdout] test plugins::plugin_set_writes_the_nearest_existing_config ... FAILED
[INFO] [stderr] error: manifest path `/opt/rustwide/workdir/tests/fixtures/fake-plugin/Cargo.toml` does not exist
[INFO] [stdout] test plugins::the_plugin_flag_beats_the_project_config ... FAILED
[INFO] [stderr] error: manifest path `/opt/rustwide/workdir/tests/fixtures/fake-plugin/Cargo.toml` does not exist
[INFO] [stdout] test scripts::a_name_that_is_not_in_the_table_still_reaches_the_plugin ... FAILED
[INFO] [stderr] error: manifest path `/opt/rustwide/workdir/tests/fixtures/fake-plugin/Cargo.toml` does not exist
[INFO] [stdout] test json::json_prints_one_object_per_line ... FAILED
[INFO] [stderr] error: manifest path `/opt/rustwide/workdir/tests/fixtures/fake-plugin/Cargo.toml` does not exist
[INFO] [stdout] test plugins::plugin_unset_removes_it_and_cleans_up_the_file ... FAILED
[INFO] [stderr] error: manifest path `/opt/rustwide/workdir/tests/fixtures/fake-plugin/Cargo.toml` does not exist
[INFO] [stdout] test detection::a_declared_file_that_is_missing_is_absent ... FAILED
[INFO] [stderr] error: manifest path `/opt/rustwide/workdir/tests/fixtures/fake-plugin/Cargo.toml` does not exist
[INFO] [stdout] test explain::explain_can_be_read_by_a_program ... FAILED
[INFO] [stderr] error: manifest path `/opt/rustwide/workdir/tests/fixtures/fake-plugin/Cargo.toml` does not exist
[INFO] [stdout] test detection::a_bare_pmpx_reports_the_selection ... FAILED
[INFO] [stderr] error: manifest path `/opt/rustwide/workdir/tests/fixtures/fake-plugin/Cargo.toml` does not exist
[INFO] [stdout] test detection::info_lists_every_candidate_and_score ... FAILED
[INFO] [stdout] test json::the_backends_own_output_goes_to_stderr ... FAILED
[INFO] [stdout] 
[INFO] [stdout] failures:
[INFO] [stdout] 
[INFO] [stdout] ---- config::walk_up_false_stops_the_search stdout ----
[INFO] [stdout] 
[INFO] [stdout] thread 'config::walk_up_false_stops_the_search' (1706) panicked at tests/cli/support.rs:151:13:
[INFO] [stdout] the fake plugin should compile
[INFO] [stdout] stack backtrace:
[INFO] [stdout]    0:     0x60b0115e75a1 - <<std[617be2ca0a6fd877]::sys::backtrace::BacktraceLock>::print::DisplayBacktrace as core[a373ad73a504971]::fmt::Display>::fmt
[INFO] [stdout]    1:     0x60b0115fbaea - core[a373ad73a504971]::fmt::write
[INFO] [stdout]    2:     0x60b0115ebaac - <alloc[2e1b2a31b91974c5]::vec::Vec<u8> as core[a373ad73a504971]::io::write::Write>::write_fmt
[INFO] [stdout]    3:     0x60b0115c0676 - std[617be2ca0a6fd877]::panicking::default_hook::{closure#0}
[INFO] [stdout]    4:     0x60b0115ddc69 - std[617be2ca0a6fd877]::panicking::default_hook
[INFO] [stdout]    5:     0x60b011578720 - test[aada8e7e76ba119b]::test_main_inner::{closure#0}
[INFO] [stdout]    6:     0x60b0115dde22 - std[617be2ca0a6fd877]::panicking::panic_with_hook
[INFO] [stdout]    7:     0x60b0115c0754 - std[617be2ca0a6fd877]::panicking::panic_handler::{closure#0}
[INFO] [stdout]    8:     0x60b0115b90e9 - std[617be2ca0a6fd877]::sys::backtrace::__rust_end_short_backtrace::<std[617be2ca0a6fd877]::panicking::panic_handler::{closure#0}, !>
[INFO] [stdout]    9:     0x60b0115c132d - __rustc[ea4f61d10b84890b]::rust_begin_unwind
[INFO] [stdout]   10:     0x60b0115fc21c - core[a373ad73a504971]::panicking::panic_fmt
[INFO] [stdout]   11:     0x60b011566479 - <std[617be2ca0a6fd877]::sync::once::Once>::call_once_force::<<std[617be2ca0a6fd877]::sync::once_lock::OnceLock<std[617be2ca0a6fd877]::path::PathBuf>>::initialize<<std[617be2ca0a6fd877]::sync::once_lock::OnceLock<std[617be2ca0a6fd877]::path::PathBuf>>::get_or_init<cli[50469d5649f4715]::support::build_fake_plugin::{closure#0}>::{closure#0}, !>::{closure#0}>::{closure#0}
[INFO] [stdout]   12:     0x60b0115c62e9 - <std[617be2ca0a6fd877]::sys::sync::once::futex::Once>::call
[INFO] [stdout]   13:     0x60b011565536 - <std[617be2ca0a6fd877]::sync::once_lock::OnceLock<std[617be2ca0a6fd877]::path::PathBuf>>::initialize::<<std[617be2ca0a6fd877]::sync::once_lock::OnceLock<std[617be2ca0a6fd877]::path::PathBuf>>::get_or_init<cli[50469d5649f4715]::support::build_fake_plugin::{closure#0}>::{closure#0}, !>
[INFO] [stdout]   14:     0x60b0115672f1 - cli[50469d5649f4715]::support::sandbox_with_plugin
[INFO] [stdout]   15:     0x60b01155a096 - <cli[50469d5649f4715]::config::walk_up_false_stops_the_search::{closure#0} as core[a373ad73a504971]::ops::function::FnOnce<()>>::call_once
[INFO] [stdout]   16:     0x60b01156bb6b - test[aada8e7e76ba119b]::__rust_begin_short_backtrace::<core[a373ad73a504971]::result::Result<(), alloc[2e1b2a31b91974c5]::string::String>, fn() -> core[a373ad73a504971]::result::Result<(), alloc[2e1b2a31b91974c5]::string::String>>
[INFO] [stdout]   17:     0x60b011578d45 - test[aada8e7e76ba119b]::run_test::{closure#0}
[INFO] [stdout]   18:     0x60b011572634 - std[617be2ca0a6fd877]::sys::backtrace::__rust_begin_short_backtrace::<test[aada8e7e76ba119b]::run_test::{closure#1}, ()>
[INFO] [stdout]   19:     0x60b01157bdd2 - <std[617be2ca0a6fd877]::thread::lifecycle::spawn_unchecked<test[aada8e7e76ba119b]::run_test::{closure#1}, ()>::{closure#1} as core[a373ad73a504971]::ops::function::FnOnce<()>>::call_once::{shim:vtable#0}
[INFO] [stdout]   20:     0x60b0115e67ff - <std[617be2ca0a6fd877]::sys::thread::unix::Thread>::new::thread_start
[INFO] [stdout]   21:     0x7e5e40dc5dfa - <unknown>
[INFO] [stdout]   22:     0x7e5e40e593d4 - clone
[INFO] [stdout]   23:                0x0 - <unknown>
[INFO] [stdout] 
[INFO] [stdout] ---- detection::debug_traces_every_phase_on_stderr stdout ----
[INFO] [stdout] 
[INFO] [stdout] thread 'detection::debug_traces_every_phase_on_stderr' (1720) panicked at tests/cli/support.rs:151:13:
[INFO] [stdout] the fake plugin should compile
[INFO] [stdout] stack backtrace:
[INFO] [stdout]    0:     0x60b0115e75a1 - <<std[617be2ca0a6fd877]::sys::backtrace::BacktraceLock>::print::DisplayBacktrace as core[a373ad73a504971]::fmt::Display>::fmt
[INFO] [stdout]    1:     0x60b0115fbaea - core[a373ad73a504971]::fmt::write
[INFO] [stdout]    2:     0x60b0115ebaac - <alloc[2e1b2a31b91974c5]::vec::Vec<u8> as core[a373ad73a504971]::io::write::Write>::write_fmt
[INFO] [stdout]    3:     0x60b0115c0676 - std[617be2ca0a6fd877]::panicking::default_hook::{closure#0}
[INFO] [stdout]    4:     0x60b0115ddc69 - std[617be2ca0a6fd877]::panicking::default_hook
[INFO] [stdout]    5:     0x60b011578720 - test[aada8e7e76ba119b]::test_main_inner::{closure#0}
[INFO] [stdout]    6:     0x60b0115dde22 - std[617be2ca0a6fd877]::panicking::panic_with_hook
[INFO] [stdout]    7:     0x60b0115c0754 - std[617be2ca0a6fd877]::panicking::panic_handler::{closure#0}
[INFO] [stdout]    8:     0x60b0115b90e9 - std[617be2ca0a6fd877]::sys::backtrace::__rust_end_short_backtrace::<std[617be2ca0a6fd877]::panicking::panic_handler::{closure#0}, !>
[INFO] [stdout]    9:     0x60b0115c132d - __rustc[ea4f61d10b84890b]::rust_begin_unwind
[INFO] [stdout]   10:     0x60b0115fc21c - core[a373ad73a504971]::panicking::panic_fmt
[INFO] [stdout]   11:     0x60b011566479 - <std[617be2ca0a6fd877]::sync::once::Once>::call_once_force::<<std[617be2ca0a6fd877]::sync::once_lock::OnceLock<std[617be2ca0a6fd877]::path::PathBuf>>::initialize<<std[617be2ca0a6fd877]::sync::once_lock::OnceLock<std[617be2ca0a6fd877]::path::PathBuf>>::get_or_init<cli[50469d5649f4715]::support::build_fake_plugin::{closure#0}>::{closure#0}, !>::{closure#0}>::{closure#0}
[INFO] [stdout]   12:     0x60b0115c62e9 - <std[617be2ca0a6fd877]::sys::sync::once::futex::Once>::call
[INFO] [stdout]   13:     0x60b011565536 - <std[617be2ca0a6fd877]::sync::once_lock::OnceLock<std[617be2ca0a6fd877]::path::PathBuf>>::initialize::<<std[617be2ca0a6fd877]::sync::once_lock::OnceLock<std[617be2ca0a6fd877]::path::PathBuf>>::get_or_init<cli[50469d5649f4715]::support::build_fake_plugin::{closure#0}>::{closure#0}, !>
[INFO] [stdout]   14:     0x60b0115672f1 - cli[50469d5649f4715]::support::sandbox_with_plugin
[INFO] [stdout]   15:     0x60b01154f22e - <cli[50469d5649f4715]::detection::debug_traces_every_phase_on_stderr::{closure#0} as core[a373ad73a504971]::ops::function::FnOnce<()>>::call_once
[INFO] [stdout]   16:     0x60b01156bb6b - test[aada8e7e76ba119b]::__rust_begin_short_backtrace::<core[a373ad73a504971]::result::Result<(), alloc[2e1b2a31b91974c5]::string::String>, fn() -> core[a373ad73a504971]::result::Result<(), alloc[2e1b2a31b91974c5]::string::String>>
[INFO] [stdout]   17:     0x60b011578d45 - test[aada8e7e76ba119b]::run_test::{closure#0}
[INFO] [stdout]   18:     0x60b011572634 - std[617be2ca0a6fd877]::sys::backtrace::__rust_begin_short_backtrace::<test[aada8e7e76ba119b]::run_test::{closure#1}, ()>
[INFO] [stdout]   19:     0x60b01157bdd2 - <std[617be2ca0a6fd877]::thread::lifecycle::spawn_unchecked<test[aada8e7e76ba119b]::run_test::{closure#1}, ()>::{closure#1} as core[a373ad73a504971]::ops::function::FnOnce<()>>::call_once::{shim:vtable#0}
[INFO] [stdout]   20:     0x60b0115e67ff - <std[617be2ca0a6fd877]::sys::thread::unix::Thread>::new::thread_start
[INFO] [stdout]   21:     0x7e5e40dc5dfa - <unknown>
[INFO] [stdout]   22:     0x7e5e40e593d4 - clone
[INFO] [stdout]   23:                0x0 - <unknown>
[INFO] [stdout] 
[INFO] [stdout] ---- detection::exec_falls_back_when_the_plugin_says_unsupported stdout ----
[INFO] [stdout] 
[INFO] [stdout] thread 'detection::exec_falls_back_when_the_plugin_says_unsupported' (1736) panicked at tests/cli/support.rs:151:13:
[INFO] [stdout] the fake plugin should compile
[INFO] [stdout] stack backtrace:
[INFO] [stdout]    0:     0x60b0115e75a1 - <<std[617be2ca0a6fd877]::sys::backtrace::BacktraceLock>::print::DisplayBacktrace as core[a373ad73a504971]::fmt::Display>::fmt
[INFO] [stdout]    1:     0x60b0115fbaea - core[a373ad73a504971]::fmt::write
[INFO] [stdout]    2:     0x60b0115ebaac - <alloc[2e1b2a31b91974c5]::vec::Vec<u8> as core[a373ad73a504971]::io::write::Write>::write_fmt
[INFO] [stdout]    3:     0x60b0115c0676 - std[617be2ca0a6fd877]::panicking::default_hook::{closure#0}
[INFO] [stdout]    4:     0x60b0115ddc69 - std[617be2ca0a6fd877]::panicking::default_hook
[INFO] [stdout]    5:     0x60b011578720 - test[aada8e7e76ba119b]::test_main_inner::{closure#0}
[INFO] [stdout]    6:     0x60b0115dde22 - std[617be2ca0a6fd877]::panicking::panic_with_hook
[INFO] [stdout]    7:     0x60b0115c0754 - std[617be2ca0a6fd877]::panicking::panic_handler::{closure#0}
[INFO] [stdout]    8:     0x60b0115b90e9 - std[617be2ca0a6fd877]::sys::backtrace::__rust_end_short_backtrace::<std[617be2ca0a6fd877]::panicking::panic_handler::{closure#0}, !>
[INFO] [stdout]    9:     0x60b0115c132d - __rustc[ea4f61d10b84890b]::rust_begin_unwind
[INFO] [stdout]   10:     0x60b0115fc21c - core[a373ad73a504971]::panicking::panic_fmt
[INFO] [stdout]   11:     0x60b011566479 - <std[617be2ca0a6fd877]::sync::once::Once>::call_once_force::<<std[617be2ca0a6fd877]::sync::once_lock::OnceLock<std[617be2ca0a6fd877]::path::PathBuf>>::initialize<<std[617be2ca0a6fd877]::sync::once_lock::OnceLock<std[617be2ca0a6fd877]::path::PathBuf>>::get_or_init<cli[50469d5649f4715]::support::build_fake_plugin::{closure#0}>::{closure#0}, !>::{closure#0}>::{closure#0}
[INFO] [stdout]   12:     0x60b0115c62e9 - <std[617be2ca0a6fd877]::sys::sync::once::futex::Once>::call
[INFO] [stdout]   13:     0x60b011565536 - <std[617be2ca0a6fd877]::sync::once_lock::OnceLock<std[617be2ca0a6fd877]::path::PathBuf>>::initialize::<<std[617be2ca0a6fd877]::sync::once_lock::OnceLock<std[617be2ca0a6fd877]::path::PathBuf>>::get_or_init<cli[50469d5649f4715]::support::build_fake_plugin::{closure#0}>::{closure#0}, !>
[INFO] [stdout]   14:     0x60b0115672f1 - cli[50469d5649f4715]::support::sandbox_with_plugin
[INFO] [stdout]   15:     0x60b0115516ce - <cli[50469d5649f4715]::detection::exec_falls_back_when_the_plugin_says_unsupported::{closure#0} as core[a373ad73a504971]::ops::function::FnOnce<()>>::call_once
[INFO] [stdout]   16:     0x60b01156bb6b - test[aada8e7e76ba119b]::__rust_begin_short_backtrace::<core[a373ad73a504971]::result::Result<(), alloc[2e1b2a31b91974c5]::string::String>, fn() -> core[a373ad73a504971]::result::Result<(), alloc[2e1b2a31b91974c5]::string::String>>
[INFO] [stdout]   17:     0x60b011578d45 - test[aada8e7e76ba119b]::run_test::{closure#0}
[INFO] [stdout]   18:     0x60b011572634 - std[617be2ca0a6fd877]::sys::backtrace::__rust_begin_short_backtrace::<test[aada8e7e76ba119b]::run_test::{closure#1}, ()>
[INFO] [stdout]   19:     0x60b01157bdd2 - <std[617be2ca0a6fd877]::thread::lifecycle::spawn_unchecked<test[aada8e7e76ba119b]::run_test::{closure#1}, ()>::{closure#1} as core[a373ad73a504971]::ops::function::FnOnce<()>>::call_once::{shim:vtable#0}
[INFO] [stdout]   20:     0x60b0115e67ff - <std[617be2ca0a6fd877]::sys::thread::unix::Thread>::new::thread_start
[INFO] [stdout]   21:     0x7e5e40dc5dfa - <unknown>
[INFO] [stdout]   22:     0x7e5e40e593d4 - clone
[INFO] [stdout]   23:                0x0 - <unknown>
[INFO] [stdout] 
[INFO] [stdout] ---- detection::a_plugins_own_log_line_carries_its_id stdout ----
[INFO] [stdout] 
[INFO] [stdout] thread 'detection::a_plugins_own_log_line_carries_its_id' (1717) panicked at tests/cli/support.rs:151:13:
[INFO] [stdout] the fake plugin should compile
[INFO] [stdout] stack backtrace:
[INFO] [stdout]    0:     0x60b0115e75a1 - <<std[617be2ca0a6fd877]::sys::backtrace::BacktraceLock>::print::DisplayBacktrace as core[a373ad73a504971]::fmt::Display>::fmt
[INFO] [stdout]    1:     0x60b0115fbaea - core[a373ad73a504971]::fmt::write
[INFO] [stdout]    2:     0x60b0115ebaac - <alloc[2e1b2a31b91974c5]::vec::Vec<u8> as core[a373ad73a504971]::io::write::Write>::write_fmt
[INFO] [stdout]    3:     0x60b0115c0676 - std[617be2ca0a6fd877]::panicking::default_hook::{closure#0}
[INFO] [stdout]    4:     0x60b0115ddc69 - std[617be2ca0a6fd877]::panicking::default_hook
[INFO] [stdout]    5:     0x60b011578720 - test[aada8e7e76ba119b]::test_main_inner::{closure#0}
[INFO] [stdout]    6:     0x60b0115dde22 - std[617be2ca0a6fd877]::panicking::panic_with_hook
[INFO] [stdout]    7:     0x60b0115c0754 - std[617be2ca0a6fd877]::panicking::panic_handler::{closure#0}
[INFO] [stdout]    8:     0x60b0115b90e9 - std[617be2ca0a6fd877]::sys::backtrace::__rust_end_short_backtrace::<std[617be2ca0a6fd877]::panicking::panic_handler::{closure#0}, !>
[INFO] [stdout]    9:     0x60b0115c132d - __rustc[ea4f61d10b84890b]::rust_begin_unwind
[INFO] [stdout]   10:     0x60b0115fc21c - core[a373ad73a504971]::panicking::panic_fmt
[INFO] [stdout]   11:     0x60b011566479 - <std[617be2ca0a6fd877]::sync::once::Once>::call_once_force::<<std[617be2ca0a6fd877]::sync::once_lock::OnceLock<std[617be2ca0a6fd877]::path::PathBuf>>::initialize<<std[617be2ca0a6fd877]::sync::once_lock::OnceLock<std[617be2ca0a6fd877]::path::PathBuf>>::get_or_init<cli[50469d5649f4715]::support::build_fake_plugin::{closure#0}>::{closure#0}, !>::{closure#0}>::{closure#0}
[INFO] [stdout]   12:     0x60b0115c62e9 - <std[617be2ca0a6fd877]::sys::sync::once::futex::Once>::call
[INFO] [stdout]   13:     0x60b011565536 - <std[617be2ca0a6fd877]::sync::once_lock::OnceLock<std[617be2ca0a6fd877]::path::PathBuf>>::initialize::<<std[617be2ca0a6fd877]::sync::once_lock::OnceLock<std[617be2ca0a6fd877]::path::PathBuf>>::get_or_init<cli[50469d5649f4715]::support::build_fake_plugin::{closure#0}>::{closure#0}, !>
[INFO] [stdout]   14:     0x60b0115672f1 - cli[50469d5649f4715]::support::sandbox_with_plugin
[INFO] [stdout]   15:     0x60b01155049e - <cli[50469d5649f4715]::detection::a_plugins_own_log_line_carries_its_id::{closure#0} as core[a373ad73a504971]::ops::function::FnOnce<()>>::call_once
[INFO] [stdout]   16:     0x60b01156bb6b - test[aada8e7e76ba119b]::__rust_begin_short_backtrace::<core[a373ad73a504971]::result::Result<(), alloc[2e1b2a31b91974c5]::string::String>, fn() -> core[a373ad73a504971]::result::Result<(), alloc[2e1b2a31b91974c5]::string::String>>
[INFO] [stdout]   17:     0x60b011578d45 - test[aada8e7e76ba119b]::run_test::{closure#0}
[INFO] [stdout]   18:     0x60b011572634 - std[617be2ca0a6fd877]::sys::backtrace::__rust_begin_short_backtrace::<test[aada8e7e76ba119b]::run_test::{closure#1}, ()>
[INFO] [stdout]   19:     0x60b01157bdd2 - <std[617be2ca0a6fd877]::thread::lifecycle::spawn_unchecked<test[aada8e7e76ba119b]::run_test::{closure#1}, ()>::{closure#1} as core[a373ad73a504971]::ops::function::FnOnce<()>>::call_once::{shim:vtable#0}
[INFO] [stdout]   20:     0x60b0115e67ff - <std[617be2ca0a6fd877]::sys::thread::unix::Thread>::new::thread_start
[INFO] [stdout]   21:     0x7e5e40dc5dfa - <unknown>
[INFO] [stdout]   22:     0x7e5e40e593d4 - clone
[INFO] [stdout]   23:                0x0 - <unknown>
[INFO] [stdout] 
[INFO] [stdout] ---- detection::other_verbs_do_not_fall_back stdout ----
[INFO] [stdout] 
[INFO] [stdout] thread 'detection::other_verbs_do_not_fall_back' (1753) panicked at tests/cli/support.rs:151:13:
[INFO] [stdout] the fake plugin should compile
[INFO] [stdout] stack backtrace:
[INFO] [stdout]    0:     0x60b0115e75a1 - <<std[617be2ca0a6fd877]::sys::backtrace::BacktraceLock>::print::DisplayBacktrace as core[a373ad73a504971]::fmt::Display>::fmt
[INFO] [stdout]    1:     0x60b0115fbaea - core[a373ad73a504971]::fmt::write
[INFO] [stdout]    2:     0x60b0115ebaac - <alloc[2e1b2a31b91974c5]::vec::Vec<u8> as core[a373ad73a504971]::io::write::Write>::write_fmt
[INFO] [stdout]    3:     0x60b0115c0676 - std[617be2ca0a6fd877]::panicking::default_hook::{closure#0}
[INFO] [stdout]    4:     0x60b0115ddc69 - std[617be2ca0a6fd877]::panicking::default_hook
[INFO] [stdout]    5:     0x60b011578720 - test[aada8e7e76ba119b]::test_main_inner::{closure#0}
[INFO] [stdout]    6:     0x60b0115dde22 - std[617be2ca0a6fd877]::panicking::panic_with_hook
[INFO] [stdout]    7:     0x60b0115c0754 - std[617be2ca0a6fd877]::panicking::panic_handler::{closure#0}
[INFO] [stdout]    8:     0x60b0115b90e9 - std[617be2ca0a6fd877]::sys::backtrace::__rust_end_short_backtrace::<std[617be2ca0a6fd877]::panicking::panic_handler::{closure#0}, !>
[INFO] [stdout]    9:     0x60b0115c132d - __rustc[ea4f61d10b84890b]::rust_begin_unwind
[INFO] [stdout]   10:     0x60b0115fc21c - core[a373ad73a504971]::panicking::panic_fmt
[INFO] [stdout]   11:     0x60b011566479 - <std[617be2ca0a6fd877]::sync::once::Once>::call_once_force::<<std[617be2ca0a6fd877]::sync::once_lock::OnceLock<std[617be2ca0a6fd877]::path::PathBuf>>::initialize<<std[617be2ca0a6fd877]::sync::once_lock::OnceLock<std[617be2ca0a6fd877]::path::PathBuf>>::get_or_init<cli[50469d5649f4715]::support::build_fake_plugin::{closure#0}>::{closure#0}, !>::{closure#0}>::{closure#0}
[INFO] [stdout]   12:     0x60b0115c62e9 - <std[617be2ca0a6fd877]::sys::sync::once::futex::Once>::call
[INFO] [stdout]   13:     0x60b011565536 - <std[617be2ca0a6fd877]::sync::once_lock::OnceLock<std[617be2ca0a6fd877]::path::PathBuf>>::initialize::<<std[617be2ca0a6fd877]::sync::once_lock::OnceLock<std[617be2ca0a6fd877]::path::PathBuf>>::get_or_init<cli[50469d5649f4715]::support::build_fake_plugin::{closure#0}>::{closure#0}, !>
[INFO] [stdout]   14:     0x60b0115672f1 - cli[50469d5649f4715]::support::sandbox_with_plugin
[INFO] [stdout]   15:     0x60b01154e9ae - <cli[50469d5649f4715]::detection::other_verbs_do_not_fall_back::{closure#0} as core[a373ad73a504971]::ops::function::FnOnce<()>>::call_once
[INFO] [stdout]   16:     0x60b01156bb6b - test[aada8e7e76ba119b]::__rust_begin_short_backtrace::<core[a373ad73a504971]::result::Result<(), alloc[2e1b2a31b91974c5]::string::String>, fn() -> core[a373ad73a504971]::result::Result<(), alloc[2e1b2a31b91974c5]::string::String>>
[INFO] [stdout]   17:     0x60b011578d45 - test[aada8e7e76ba119b]::run_test::{closure#0}
[INFO] [stdout]   18:     0x60b011572634 - std[617be2ca0a6fd877]::sys::backtrace::__rust_begin_short_backtrace::<test[aada8e7e76ba119b]::run_test::{closure#1}, ()>
[INFO] [stdout]   19:     0x60b01157bdd2 - <std[617be2ca0a6fd877]::thread::lifecycle::spawn_unchecked<test[aada8e7e76ba119b]::run_test::{closure#1}, ()>::{closure#1} as core[a373ad73a504971]::ops::function::FnOnce<()>>::call_once::{shim:vtable#0}
[INFO] [stdout]   20:     0x60b0115e67ff - <std[617be2ca0a6fd877]::sys::thread::unix::Thread>::new::thread_start
[INFO] [stdout]   21:     0x7e5e40dc5dfa - <unknown>
[INFO] [stdout]   22:     0x7e5e40e593d4 - clone
[INFO] [stdout]   23:                0x0 - <unknown>
[INFO] [stdout] 
[INFO] [stdout] ---- detection::detects_the_project_and_runs_the_backend_command stdout ----
[INFO] [stdout] 
[INFO] [stdout] thread 'detection::detects_the_project_and_runs_the_backend_command' (1734) panicked at tests/cli/support.rs:151:13:
[INFO] [stdout] the fake plugin should compile
[INFO] [stdout] stack backtrace:
[INFO] [stdout]    0:     0x60b0115e75a1 - <<std[617be2ca0a6fd877]::sys::backtrace::BacktraceLock>::print::DisplayBacktrace as core[a373ad73a504971]::fmt::Display>::fmt
[INFO] [stdout]    1:     0x60b0115fbaea - core[a373ad73a504971]::fmt::write
[INFO] [stdout]    2:     0x60b0115ebaac - <alloc[2e1b2a31b91974c5]::vec::Vec<u8> as core[a373ad73a504971]::io::write::Write>::write_fmt
[INFO] [stdout]    3:     0x60b0115c0676 - std[617be2ca0a6fd877]::panicking::default_hook::{closure#0}
[INFO] [stdout]    4:     0x60b0115ddc69 - std[617be2ca0a6fd877]::panicking::default_hook
[INFO] [stdout]    5:     0x60b011578720 - test[aada8e7e76ba119b]::test_main_inner::{closure#0}
[INFO] [stdout]    6:     0x60b0115dde22 - std[617be2ca0a6fd877]::panicking::panic_with_hook
[INFO] [stdout]    7:     0x60b0115c0754 - std[617be2ca0a6fd877]::panicking::panic_handler::{closure#0}
[INFO] [stdout]    8:     0x60b0115b90e9 - std[617be2ca0a6fd877]::sys::backtrace::__rust_end_short_backtrace::<std[617be2ca0a6fd877]::panicking::panic_handler::{closure#0}, !>
[INFO] [stdout]    9:     0x60b0115c132d - __rustc[ea4f61d10b84890b]::rust_begin_unwind
[INFO] [stdout]   10:     0x60b0115fc21c - core[a373ad73a504971]::panicking::panic_fmt
[INFO] [stdout]   11:     0x60b011566479 - <std[617be2ca0a6fd877]::sync::once::Once>::call_once_force::<<std[617be2ca0a6fd877]::sync::once_lock::OnceLock<std[617be2ca0a6fd877]::path::PathBuf>>::initialize<<std[617be2ca0a6fd877]::sync::once_lock::OnceLock<std[617be2ca0a6fd877]::path::PathBuf>>::get_or_init<cli[50469d5649f4715]::support::build_fake_plugin::{closure#0}>::{closure#0}, !>::{closure#0}>::{closure#0}
[INFO] [stdout]   12:     0x60b0115c62e9 - <std[617be2ca0a6fd877]::sys::sync::once::futex::Once>::call
[INFO] [stdout]   13:     0x60b011565536 - <std[617be2ca0a6fd877]::sync::once_lock::OnceLock<std[617be2ca0a6fd877]::path::PathBuf>>::initialize::<<std[617be2ca0a6fd877]::sync::once_lock::OnceLock<std[617be2ca0a6fd877]::path::PathBuf>>::get_or_init<cli[50469d5649f4715]::support::build_fake_plugin::{closure#0}>::{closure#0}, !>
[INFO] [stdout]   14:     0x60b0115672f1 - cli[50469d5649f4715]::support::sandbox_with_plugin
[INFO] [stdout]   15:     0x60b01155151d - <cli[50469d5649f4715]::detection::detects_the_project_and_runs_the_backend_command::{closure#0} as core[a373ad73a504971]::ops::function::FnOnce<()>>::call_once
[INFO] [stdout]   16:     0x60b01156bb6b - test[aada8e7e76ba119b]::__rust_begin_short_backtrace::<core[a373ad73a504971]::result::Result<(), alloc[2e1b2a31b91974c5]::string::String>, fn() -> core[a373ad73a504971]::result::Result<(), alloc[2e1b2a31b91974c5]::string::String>>
[INFO] [stdout]   17:     0x60b011578d45 - test[aada8e7e76ba119b]::run_test::{closure#0}
[INFO] [stdout]   18:     0x60b011572634 - std[617be2ca0a6fd877]::sys::backtrace::__rust_begin_short_backtrace::<test[aada8e7e76ba119b]::run_test::{closure#1}, ()>
[INFO] [stdout]   19:     0x60b01157bdd2 - <std[617be2ca0a6fd877]::thread::lifecycle::spawn_unchecked<test[aada8e7e76ba119b]::run_test::{closure#1}, ()>::{closure#1} as core[a373ad73a504971]::ops::function::FnOnce<()>>::call_once::{shim:vtable#0}
[INFO] [stdout]   20:     0x60b0115e67ff - <std[617be2ca0a6fd877]::sys::thread::unix::Thread>::new::thread_start
[INFO] [stdout]   21:     0x7e5e40dc5dfa - <unknown>
[INFO] [stdout]   22:     0x7e5e40e593d4 - clone
[INFO] [stdout]   23:                0x0 - <unknown>
[INFO] [stdout] 
[INFO] [stdout] ---- detection::the_resolved_command_is_announced_on_stderr stdout ----
[INFO] [stdout] 
[INFO] [stdout] thread 'detection::the_resolved_command_is_announced_on_stderr' (1777) panicked at tests/cli/support.rs:151:13:
[INFO] [stdout] the fake plugin should compile
[INFO] [stdout] stack backtrace:
[INFO] [stdout]    0:     0x60b0115e75a1 - <<std[617be2ca0a6fd877]::sys::backtrace::BacktraceLock>::print::DisplayBacktrace as core[a373ad73a504971]::fmt::Display>::fmt
[INFO] [stdout]    1:     0x60b0115fbaea - core[a373ad73a504971]::fmt::write
[INFO] [stdout]    2:     0x60b0115ebaac - <alloc[2e1b2a31b91974c5]::vec::Vec<u8> as core[a373ad73a504971]::io::write::Write>::write_fmt
[INFO] [stdout]    3:     0x60b0115c0676 - std[617be2ca0a6fd877]::panicking::default_hook::{closure#0}
[INFO] [stdout]    4:     0x60b0115ddc69 - std[617be2ca0a6fd877]::panicking::default_hook
[INFO] [stdout]    5:     0x60b011578720 - test[aada8e7e76ba119b]::test_main_inner::{closure#0}
[INFO] [stdout]    6:     0x60b0115dde22 - std[617be2ca0a6fd877]::panicking::panic_with_hook
[INFO] [stdout]    7:     0x60b0115c0754 - std[617be2ca0a6fd877]::panicking::panic_handler::{closure#0}
[INFO] [stdout]    8:     0x60b0115b90e9 - std[617be2ca0a6fd877]::sys::backtrace::__rust_end_short_backtrace::<std[617be2ca0a6fd877]::panicking::panic_handler::{closure#0}, !>
[INFO] [stdout]    9:     0x60b0115c132d - __rustc[ea4f61d10b84890b]::rust_begin_unwind
[INFO] [stdout]   10:     0x60b0115fc21c - core[a373ad73a504971]::panicking::panic_fmt
[INFO] [stdout]   11:     0x60b011566479 - <std[617be2ca0a6fd877]::sync::once::Once>::call_once_force::<<std[617be2ca0a6fd877]::sync::once_lock::OnceLock<std[617be2ca0a6fd877]::path::PathBuf>>::initialize<<std[617be2ca0a6fd877]::sync::once_lock::OnceLock<std[617be2ca0a6fd877]::path::PathBuf>>::get_or_init<cli[50469d5649f4715]::support::build_fake_plugin::{closure#0}>::{closure#0}, !>::{closure#0}>::{closure#0}
[INFO] [stdout]   12:     0x60b0115c62e9 - <std[617be2ca0a6fd877]::sys::sync::once::futex::Once>::call
[INFO] [stdout]   13:     0x60b011565536 - <std[617be2ca0a6fd877]::sync::once_lock::OnceLock<std[617be2ca0a6fd877]::path::PathBuf>>::initialize::<<std[617be2ca0a6fd877]::sync::once_lock::OnceLock<std[617be2ca0a6fd877]::path::PathBuf>>::get_or_init<cli[50469d5649f4715]::support::build_fake_plugin::{closure#0}>::{closure#0}, !>
[INFO] [stdout]   14:     0x60b0115672f1 - cli[50469d5649f4715]::support::sandbox_with_plugin
[INFO] [stdout]   15:     0x60b011550ede - <cli[50469d5649f4715]::detection::the_resolved_command_is_announced_on_stderr::{closure#0} as core[a373ad73a504971]::ops::function::FnOnce<()>>::call_once
[INFO] [stdout]   16:     0x60b01156bb6b - test[aada8e7e76ba119b]::__rust_begin_short_backtrace::<core[a373ad73a504971]::result::Result<(), alloc[2e1b2a31b91974c5]::string::String>, fn() -> core[a373ad73a504971]::result::Result<(), alloc[2e1b2a31b91974c5]::string::String>>
[INFO] [stdout]   17:     0x60b011578d45 - test[aada8e7e76ba119b]::run_test::{closure#0}
[INFO] [stdout]   18:     0x60b011572634 - std[617be2ca0a6fd877]::sys::backtrace::__rust_begin_short_backtrace::<test[aada8e7e76ba119b]::run_test::{closure#1}, ()>
[INFO] [stdout]   19:     0x60b01157bdd2 - <std[617be2ca0a6fd877]::thread::lifecycle::spawn_unchecked<test[aada8e7e76ba119b]::run_test::{closure#1}, ()>::{closure#1} as core[a373ad73a504971]::ops::function::FnOnce<()>>::call_once::{shim:vtable#0}
[INFO] [stdout]   20:     0x60b0115e67ff - <std[617be2ca0a6fd877]::sys::thread::unix::Thread>::new::thread_start
[INFO] [stdout]   21:     0x7e5e40dc5dfa - <unknown>
[INFO] [stdout]   22:     0x7e5e40e593d4 - clone
[INFO] [stdout]   23:                0x0 - <unknown>
[INFO] [stdout] 
[INFO] [stdout] ---- explain::explain_reports_without_running_anything stdout ----
[INFO] [stdout] 
[INFO] [stdout] thread 'explain::explain_reports_without_running_anything' (1799) panicked at tests/cli/support.rs:151:13:
[INFO] [stdout] the fake plugin should compile
[INFO] [stdout] stack backtrace:
[INFO] [stdout]    0:     0x60b0115e75a1 - <<std[617be2ca0a6fd877]::sys::backtrace::BacktraceLock>::print::DisplayBacktrace as core[a373ad73a504971]::fmt::Display>::fmt
[INFO] [stdout]    1:     0x60b0115fbaea - core[a373ad73a504971]::fmt::write
[INFO] [stdout]    2:     0x60b0115ebaac - <alloc[2e1b2a31b91974c5]::vec::Vec<u8> as core[a373ad73a504971]::io::write::Write>::write_fmt
[INFO] [stdout]    3:     0x60b0115c0676 - std[617be2ca0a6fd877]::panicking::default_hook::{closure#0}
[INFO] [stdout]    4:     0x60b0115ddc69 - std[617be2ca0a6fd877]::panicking::default_hook
[INFO] [stdout]    5:     0x60b011578720 - test[aada8e7e76ba119b]::test_main_inner::{closure#0}
[INFO] [stdout]    6:     0x60b0115dde22 - std[617be2ca0a6fd877]::panicking::panic_with_hook
[INFO] [stdout]    7:     0x60b0115c0754 - std[617be2ca0a6fd877]::panicking::panic_handler::{closure#0}
[INFO] [stdout]    8:     0x60b0115b90e9 - std[617be2ca0a6fd877]::sys::backtrace::__rust_end_short_backtrace::<std[617be2ca0a6fd877]::panicking::panic_handler::{closure#0}, !>
[INFO] [stdout]    9:     0x60b0115c132d - __rustc[ea4f61d10b84890b]::rust_begin_unwind
[INFO] [stdout]   10:     0x60b0115fc21c - core[a373ad73a504971]::panicking::panic_fmt
[INFO] [stdout]   11:     0x60b011566479 - <std[617be2ca0a6fd877]::sync::once::Once>::call_once_force::<<std[617be2ca0a6fd877]::sync::once_lock::OnceLock<std[617be2ca0a6fd877]::path::PathBuf>>::initialize<<std[617be2ca0a6fd877]::sync::once_lock::OnceLock<std[617be2ca0a6fd877]::path::PathBuf>>::get_or_init<cli[50469d5649f4715]::support::build_fake_plugin::{closure#0}>::{closure#0}, !>::{closure#0}>::{closure#0}
[INFO] [stdout]   12:     0x60b0115c62e9 - <std[617be2ca0a6fd877]::sys::sync::once::futex::Once>::call
[INFO] [stdout]   13:     0x60b011565536 - <std[617be2ca0a6fd877]::sync::once_lock::OnceLock<std[617be2ca0a6fd877]::path::PathBuf>>::initialize::<<std[617be2ca0a6fd877]::sync::once_lock::OnceLock<std[617be2ca0a6fd877]::path::PathBuf>>::get_or_init<cli[50469d5649f4715]::support::build_fake_plugin::{closure#0}>::{closure#0}, !>
[INFO] [stdout]   14:     0x60b0115672f1 - cli[50469d5649f4715]::support::sandbox_with_plugin
[INFO] [stdout]   15:     0x60b011563b7e - <cli[50469d5649f4715]::explain::explain_reports_without_running_anything::{closure#0} as core[a373ad73a504971]::ops::function::FnOnce<()>>::call_once
[INFO] [stdout]   16:     0x60b01156bb6b - test[aada8e7e76ba119b]::__rust_begin_short_backtrace::<core[a373ad73a504971]::result::Result<(), alloc[2e1b2a31b91974c5]::string::String>, fn() -> core[a373ad73a504971]::result::Result<(), alloc[2e1b2a31b91974c5]::string::String>>
[INFO] [stdout]   17:     0x60b011578d45 - test[aada8e7e76ba119b]::run_test::{closure#0}
[INFO] [stdout]   18:     0x60b011572634 - std[617be2ca0a6fd877]::sys::backtrace::__rust_begin_short_backtrace::<test[aada8e7e76ba119b]::run_test::{closure#1}, ()>
[INFO] [stdout]   19:     0x60b01157bdd2 - <std[617be2ca0a6fd877]::thread::lifecycle::spawn_unchecked<test[aada8e7e76ba119b]::run_test::{closure#1}, ()>::{closure#1} as core[a373ad73a504971]::ops::function::FnOnce<()>>::call_once::{shim:vtable#0}
[INFO] [stdout]   20:     0x60b0115e67ff - <std[617be2ca0a6fd877]::sys::thread::unix::Thread>::new::thread_start
[INFO] [stdout]   21:     0x7e5e40dc5dfa - <unknown>
[INFO] [stdout]   22:     0x7e5e40e593d4 - clone
[INFO] [stdout]   23:                0x0 - <unknown>
[INFO] [stdout] 
[INFO] [stdout] ---- detection::quiet_does_not_turn_the_trace_off stdout ----
[INFO] [stdout] 
[INFO] [stdout] thread 'detection::quiet_does_not_turn_the_trace_off' (1755) panicked at tests/cli/support.rs:151:13:
[INFO] [stdout] the fake plugin should compile
[INFO] [stdout] stack backtrace:
[INFO] [stdout]    0:     0x60b0115e75a1 - <<std[617be2ca0a6fd877]::sys::backtrace::BacktraceLock>::print::DisplayBacktrace as core[a373ad73a504971]::fmt::Display>::fmt
[INFO] [stdout]    1:     0x60b0115fbaea - core[a373ad73a504971]::fmt::write
[INFO] [stdout]    2:     0x60b0115ebaac - <alloc[2e1b2a31b91974c5]::vec::Vec<u8> as core[a373ad73a504971]::io::write::Write>::write_fmt
[INFO] [stdout]    3:     0x60b0115c0676 - std[617be2ca0a6fd877]::panicking::default_hook::{closure#0}
[INFO] [stdout]    4:     0x60b0115ddc69 - std[617be2ca0a6fd877]::panicking::default_hook
[INFO] [stdout]    5:     0x60b011578720 - test[aada8e7e76ba119b]::test_main_inner::{closure#0}
[INFO] [stdout]    6:     0x60b0115dde22 - std[617be2ca0a6fd877]::panicking::panic_with_hook
[INFO] [stdout]    7:     0x60b0115c0754 - std[617be2ca0a6fd877]::panicking::panic_handler::{closure#0}
[INFO] [stdout]    8:     0x60b0115b90e9 - std[617be2ca0a6fd877]::sys::backtrace::__rust_end_short_backtrace::<std[617be2ca0a6fd877]::panicking::panic_handler::{closure#0}, !>
[INFO] [stdout]    9:     0x60b0115c132d - __rustc[ea4f61d10b84890b]::rust_begin_unwind
[INFO] [stdout]   10:     0x60b0115fc21c - core[a373ad73a504971]::panicking::panic_fmt
[INFO] [stdout]   11:     0x60b011566479 - <std[617be2ca0a6fd877]::sync::once::Once>::call_once_force::<<std[617be2ca0a6fd877]::sync::once_lock::OnceLock<std[617be2ca0a6fd877]::path::PathBuf>>::initialize<<std[617be2ca0a6fd877]::sync::once_lock::OnceLock<std[617be2ca0a6fd877]::path::PathBuf>>::get_or_init<cli[50469d5649f4715]::support::build_fake_plugin::{closure#0}>::{closure#0}, !>::{closure#0}>::{closure#0}
[INFO] [stdout]   12:     0x60b0115c62e9 - <std[617be2ca0a6fd877]::sys::sync::once::futex::Once>::call
[INFO] [stdout]   13:     0x60b011565536 - <std[617be2ca0a6fd877]::sync::once_lock::OnceLock<std[617be2ca0a6fd877]::path::PathBuf>>::initialize::<<std[617be2ca0a6fd877]::sync::once_lock::OnceLock<std[617be2ca0a6fd877]::path::PathBuf>>::get_or_init<cli[50469d5649f4715]::support::build_fake_plugin::{closure#0}>::{closure#0}, !>
[INFO] [stdout]   14:     0x60b0115672f1 - cli[50469d5649f4715]::support::sandbox_with_plugin
[INFO] [stdout]   15:     0x60b01154eeee - <cli[50469d5649f4715]::detection::quiet_does_not_turn_the_trace_off::{closure#0} as core[a373ad73a504971]::ops::function::FnOnce<()>>::call_once
[INFO] [stdout]   16:     0x60b01156bb6b - test[aada8e7e76ba119b]::__rust_begin_short_backtrace::<core[a373ad73a504971]::result::Result<(), alloc[2e1b2a31b91974c5]::string::String>, fn() -> core[a373ad73a504971]::result::Result<(), alloc[2e1b2a31b91974c5]::string::String>>
[INFO] [stdout]   17:     0x60b011578d45 - test[aada8e7e76ba119b]::run_test::{closure#0}
[INFO] [stdout]   18:     0x60b011572634 - std[617be2ca0a6fd877]::sys::backtrace::__rust_begin_short_backtrace::<test[aada8e7e76ba119b]::run_test::{closure#1}, ()>
[INFO] [stdout]   19:     0x60b01157bdd2 - <std[617be2ca0a6fd877]::thread::lifecycle::spawn_unchecked<test[aada8e7e76ba119b]::run_test::{closure#1}, ()>::{closure#1} as core[a373ad73a504971]::ops::function::FnOnce<()>>::call_once::{shim:vtable#0}
[INFO] [stdout]   20:     0x60b0115e67ff - <std[617be2ca0a6fd877]::sys::thread::unix::Thread>::new::thread_start
[INFO] [stdout]   21:     0x7e5e40dc5dfa - <unknown>
[INFO] [stdout]   22:     0x7e5e40e593d4 - clone
[INFO] [stdout]   23:                0x0 - <unknown>
[INFO] [stdout] 
[INFO] [stdout] ---- local::a_checkout_installs_and_then_answers stdout ----
[INFO] [stdout] 
[INFO] [stdout] thread 'local::a_checkout_installs_and_then_answers' (1849) panicked at tests/cli/local.rs:42:41:
[INFO] [stdout] called `Result::unwrap()` on an `Err` value: Os { code: 2, kind: NotFound, message: "No such file or directory" }
[INFO] [stdout] stack backtrace:
[INFO] [stdout]    0:     0x60b0115e75a1 - <<std[617be2ca0a6fd877]::sys::backtrace::BacktraceLock>::print::DisplayBacktrace as core[a373ad73a504971]::fmt::Display>::fmt
[INFO] [stdout]    1:     0x60b0115fbaea - core[a373ad73a504971]::fmt::write
[INFO] [stdout]    2:     0x60b0115ebaac - <alloc[2e1b2a31b91974c5]::vec::Vec<u8> as core[a373ad73a504971]::io::write::Write>::write_fmt
[INFO] [stdout]    3:     0x60b0115c0676 - std[617be2ca0a6fd877]::panicking::default_hook::{closure#0}
[INFO] [stdout]    4:     0x60b0115ddc69 - std[617be2ca0a6fd877]::panicking::default_hook
[INFO] [stdout]    5:     0x60b011578720 - test[aada8e7e76ba119b]::test_main_inner::{closure#0}
[INFO] [stdout]    6:     0x60b0115dde22 - std[617be2ca0a6fd877]::panicking::panic_with_hook
[INFO] [stdout]    7:     0x60b0115c0722 - std[617be2ca0a6fd877]::panicking::panic_handler::{closure#0}
[INFO] [stdout]    8:     0x60b0115b90e9 - std[617be2ca0a6fd877]::sys::backtrace::__rust_end_short_backtrace::<std[617be2ca0a6fd877]::panicking::panic_handler::{closure#0}, !>
[INFO] [stdout]    9:     0x60b0115c132d - __rustc[ea4f61d10b84890b]::rust_begin_unwind
[INFO] [stdout]   10:     0x60b0115fc21c - core[a373ad73a504971]::panicking::panic_fmt
[INFO] [stdout]   11:     0x60b0115fbff2 - core[a373ad73a504971]::result::unwrap_failed
[INFO] [stdout]   12:     0x60b0115537f1 - cli[50469d5649f4715]::local::copy_tree
[INFO] [stdout]   13:     0x60b0115543a1 - <cli[50469d5649f4715]::local::a_checkout_installs_and_then_answers::{closure#0} as core[a373ad73a504971]::ops::function::FnOnce<()>>::call_once
[INFO] [stdout]   14:     0x60b01156bb6b - test[aada8e7e76ba119b]::__rust_begin_short_backtrace::<core[a373ad73a504971]::result::Result<(), alloc[2e1b2a31b91974c5]::string::String>, fn() -> core[a373ad73a504971]::result::Result<(), alloc[2e1b2a31b91974c5]::string::String>>
[INFO] [stdout]   15:     0x60b011578d45 - test[aada8e7e76ba119b]::run_test::{closure#0}
[INFO] [stdout]   16:     0x60b011572634 - std[617be2ca0a6fd877]::sys::backtrace::__rust_begin_short_backtrace::<test[aada8e7e76ba119b]::run_test::{closure#1}, ()>
[INFO] [stdout]   17:     0x60b01157bdd2 - <std[617be2ca0a6fd877]::thread::lifecycle::spawn_unchecked<test[aada8e7e76ba119b]::run_test::{closure#1}, ()>::{closure#1} as core[a373ad73a504971]::ops::function::FnOnce<()>>::call_once::{shim:vtable#0}
[INFO] [stdout]   18:     0x60b0115e67ff - <std[617be2ca0a6fd877]::sys::thread::unix::Thread>::new::thread_start
[INFO] [stdout]   19:     0x7e5e40dc5dfa - <unknown>
[INFO] [stdout]   20:     0x7e5e40e593d4 - clone
[INFO] [stdout]   21:                0x0 - <unknown>
[INFO] [stdout] 
[INFO] [stdout] ---- detection::a_pinned_plugin_is_told_it_was_pinned stdout ----
[INFO] [stdout] 
[INFO] [stdout] thread 'detection::a_pinned_plugin_is_told_it_was_pinned' (1714) panicked at tests/cli/support.rs:151:13:
[INFO] [stdout] the fake plugin should compile
[INFO] [stdout] stack backtrace:
[INFO] [stdout]    0:     0x60b0115e75a1 - <<std[617be2ca0a6fd877]::sys::backtrace::BacktraceLock>::print::DisplayBacktrace as core[a373ad73a504971]::fmt::Display>::fmt
[INFO] [stdout]    1:     0x60b0115fbaea - core[a373ad73a504971]::fmt::write
[INFO] [stdout]    2:     0x60b0115ebaac - <alloc[2e1b2a31b91974c5]::vec::Vec<u8> as core[a373ad73a504971]::io::write::Write>::write_fmt
[INFO] [stdout]    3:     0x60b0115c0676 - std[617be2ca0a6fd877]::panicking::default_hook::{closure#0}
[INFO] [stdout]    4:     0x60b0115ddc69 - std[617be2ca0a6fd877]::panicking::default_hook
[INFO] [stdout]    5:     0x60b011578720 - test[aada8e7e76ba119b]::test_main_inner::{closure#0}
[INFO] [stdout]    6:     0x60b0115dde22 - std[617be2ca0a6fd877]::panicking::panic_with_hook
[INFO] [stdout]    7:     0x60b0115c0754 - std[617be2ca0a6fd877]::panicking::panic_handler::{closure#0}
[INFO] [stderr] error: manifest path `/opt/rustwide/workdir/tests/fixtures/fake-plugin/Cargo.toml` does not exist
[INFO] [stdout]    8:     0x60b0115b90e9 - std[617be2ca0a6fd877]::sys::backtrace::__rust_end_short_backtrace::<std[617be2ca0a6fd877]::panicking::panic_handler::{closure#0}, !>
[INFO] [stdout]    9:     0x60b0115c132d - __rustc[ea4f61d10b84890b]::rust_begin_unwind
[INFO] [stdout]   10:     0x60b0115fc21c - core[a373ad73a504971]::panicking::panic_fmt
[INFO] [stdout]   11:     0x60b011566479 - <std[617be2ca0a6fd877]::sync::once::Once>::call_once_force::<<std[617be2ca0a6fd877]::sync::once_lock::OnceLock<std[617be2ca0a6fd877]::path::PathBuf>>::initialize<<std[617be2ca0a6fd877]::sync::once_lock::OnceLock<std[617be2ca0a6fd877]::path::PathBuf>>::get_or_init<cli[50469d5649f4715]::support::build_fake_plugin::{closure#0}>::{closure#0}, !>::{closure#0}>::{closure#0}
[INFO] [stdout]   12:     0x60b0115c62e9 - <std[617be2ca0a6fd877]::sys::sync::once::futex::Once>::call
[INFO] [stdout]   13:     0x60b011565536 - <std[617be2ca0a6fd877]::sync::once_lock::OnceLock<std[617be2ca0a6fd877]::path::PathBuf>>::initialize::<<std[617be2ca0a6fd877]::sync::once_lock::OnceLock<std[617be2ca0a6fd877]::path::PathBuf>>::get_or_init<cli[50469d5649f4715]::support::build_fake_plugin::{closure#0}>::{closure#0}, !>
[INFO] [stdout]   14:     0x60b0115672f1 - cli[50469d5649f4715]::support::sandbox_with_plugin
[INFO] [stdout]   15:     0x60b01154fcee - <cli[50469d5649f4715]::detection::a_pinned_plugin_is_told_it_was_pinned::{closure#0} as core[a373ad73a504971]::ops::function::FnOnce<()>>::call_once
[INFO] [stdout]   16:     0x60b01156bb6b - test[aada8e7e76ba119b]::__rust_begin_short_backtrace::<core[a373ad73a504971]::result::Result<(), alloc[2e1b2a31b91974c5]::string::String>, fn() -> core[a373ad73a504971]::result::Result<(), alloc[2e1b2a31b91974c5]::string::String>>
[INFO] [stdout]   17:     0x60b011578d45 - test[aada8e7e76ba119b]::run_test::{closure#0}
[INFO] [stdout]   18:     0x60b011572634 - std[617be2ca0a6fd877]::sys::backtrace::__rust_begin_short_backtrace::<test[aada8e7e76ba119b]::run_test::{closure#1}, ()>
[INFO] [stdout]   19:     0x60b01157bdd2 - <std[617be2ca0a6fd877]::thread::lifecycle::spawn_unchecked<test[aada8e7e76ba119b]::run_test::{closure#1}, ()>::{closure#1} as core[a373ad73a504971]::ops::function::FnOnce<()>>::call_once::{shim:vtable#0}
[INFO] [stdout]   20:     0x60b0115e67ff - <std[617be2ca0a6fd877]::sys::thread::unix::Thread>::new::thread_start
[INFO] [stdout]   21:     0x7e5e40dc5dfa - <unknown>
[INFO] [stdout]   22:     0x7e5e40e593d4 - clone
[INFO] [stdout]   23:                0x0 - <unknown>
[INFO] [stdout] 
[INFO] [stdout] ---- detection::a_manifest_that_lies_about_its_abi_is_reported_but_still_used stdout ----
[INFO] [stdout] 
[INFO] [stdout] thread 'detection::a_manifest_that_lies_about_its_abi_is_reported_but_still_used' (1713) panicked at tests/cli/support.rs:151:13:
[INFO] [stdout] the fake plugin should compile
[INFO] [stdout] stack backtrace:
[INFO] [stdout]    0:     0x60b0115e75a1 - <<std[617be2ca0a6fd877]::sys::backtrace::BacktraceLock>::print::DisplayBacktrace as core[a373ad73a504971]::fmt::Display>::fmt
[INFO] [stdout]    1:     0x60b0115fbaea - core[a373ad73a504971]::fmt::write
[INFO] [stdout]    2:     0x60b0115ebaac - <alloc[2e1b2a31b91974c5]::vec::Vec<u8> as core[a373ad73a504971]::io::write::Write>::write_fmt
[INFO] [stdout]    3:     0x60b0115c0676 - std[617be2ca0a6fd877]::panicking::default_hook::{closure#0}
[INFO] [stdout]    4:     0x60b0115ddc69 - std[617be2ca0a6fd877]::panicking::default_hook
[INFO] [stdout]    5:     0x60b011578720 - test[aada8e7e76ba119b]::test_main_inner::{closure#0}
[INFO] [stdout]    6:     0x60b0115dde22 - std[617be2ca0a6fd877]::panicking::panic_with_hook
[INFO] [stdout]    7:     0x60b0115c0754 - std[617be2ca0a6fd877]::panicking::panic_handler::{closure#0}
[INFO] [stdout]    8:     0x60b0115b90e9 - std[617be2ca0a6fd877]::sys::backtrace::__rust_end_short_backtrace::<std[617be2ca0a6fd877]::panicking::panic_handler::{closure#0}, !>
[INFO] [stdout]    9:     0x60b0115c132d - __rustc[ea4f61d10b84890b]::rust_begin_unwind
[INFO] [stdout]   10:     0x60b0115fc21c - core[a373ad73a504971]::panicking::panic_fmt
[INFO] [stdout]   11:     0x60b011566479 - <std[617be2ca0a6fd877]::sync::once::Once>::call_once_force::<<std[617be2ca0a6fd877]::sync::once_lock::OnceLock<std[617be2ca0a6fd877]::path::PathBuf>>::initialize<<std[617be2ca0a6fd877]::sync::once_lock::OnceLock<std[617be2ca0a6fd877]::path::PathBuf>>::get_or_init<cli[50469d5649f4715]::support::build_fake_plugin::{closure#0}>::{closure#0}, !>::{closure#0}>::{closure#0}
[INFO] [stdout]   12:     0x60b0115c62e9 - <std[617be2ca0a6fd877]::sys::sync::once::futex::Once>::call
[INFO] [stdout]   13:     0x60b011565536 - <std[617be2ca0a6fd877]::sync::once_lock::OnceLock<std[617be2ca0a6fd877]::path::PathBuf>>::initialize::<<std[617be2ca0a6fd877]::sync::once_lock::OnceLock<std[617be2ca0a6fd877]::path::PathBuf>>::get_or_init<cli[50469d5649f4715]::support::build_fake_plugin::{closure#0}>::{closure#0}, !>
[INFO] [stdout]   14:     0x60b011552333 - <cli[50469d5649f4715]::detection::a_manifest_that_lies_about_its_abi_is_reported_but_still_used::{closure#0} as core[a373ad73a504971]::ops::function::FnOnce<()>>::call_once
[INFO] [stdout]   15:     0x60b01156bb6b - test[aada8e7e76ba119b]::__rust_begin_short_backtrace::<core[a373ad73a504971]::result::Result<(), alloc[2e1b2a31b91974c5]::string::String>, fn() -> core[a373ad73a504971]::result::Result<(), alloc[2e1b2a31b91974c5]::string::String>>
[INFO] [stdout]   16:     0x60b011578d45 - test[aada8e7e76ba119b]::run_test::{closure#0}
[INFO] [stdout]   17:     0x60b011572634 - std[617be2ca0a6fd877]::sys::backtrace::__rust_begin_short_backtrace::<test[aada8e7e76ba119b]::run_test::{closure#1}, ()>
[INFO] [stdout]   18:     0x60b01157bdd2 - <std[617be2ca0a6fd877]::thread::lifecycle::spawn_unchecked<test[aada8e7e76ba119b]::run_test::{closure#1}, ()>::{closure#1} as core[a373ad73a504971]::ops::function::FnOnce<()>>::call_once::{shim:vtable#0}
[INFO] [stdout]   19:     0x60b0115e67ff - <std[617be2ca0a6fd877]::sys::thread::unix::Thread>::new::thread_start
[INFO] [stdout]   20:     0x7e5e40dc5dfa - <unknown>
[INFO] [stdout]   21:     0x7e5e40e593d4 - clone
[INFO] [stdout]   22:                0x0 - <unknown>
[INFO] [stdout] 
[INFO] [stdout] ---- detection::the_plugin_receives_root_matched_verb_and_args_across_the_boundary stdout ----
[INFO] [stdout] 
[INFO] [stdout] thread 'detection::the_plugin_receives_root_matched_verb_and_args_across_the_boundary' (1767) panicked at tests/cli/support.rs:151:13:
[INFO] [stdout] the fake plugin should compile
[INFO] [stdout] stack backtrace:
[INFO] [stdout]    0:     0x60b0115e75a1 - <<std[617be2ca0a6fd877]::sys::backtrace::BacktraceLock>::print::DisplayBacktrace as core[a373ad73a504971]::fmt::Display>::fmt
[INFO] [stdout]    1:     0x60b0115fbaea - core[a373ad73a504971]::fmt::write
[INFO] [stdout]    2:     0x60b0115ebaac - <alloc[2e1b2a31b91974c5]::vec::Vec<u8> as core[a373ad73a504971]::io::write::Write>::write_fmt
[INFO] [stdout]    3:     0x60b0115c0676 - std[617be2ca0a6fd877]::panicking::default_hook::{closure#0}
[INFO] [stdout]    4:     0x60b0115ddc69 - std[617be2ca0a6fd877]::panicking::default_hook
[INFO] [stdout]    5:     0x60b011578720 - test[aada8e7e76ba119b]::test_main_inner::{closure#0}
[INFO] [stdout]    6:     0x60b0115dde22 - std[617be2ca0a6fd877]::panicking::panic_with_hook
[INFO] [stdout]    7:     0x60b0115c0754 - std[617be2ca0a6fd877]::panicking::panic_handler::{closure#0}
[INFO] [stdout]    8:     0x60b0115b90e9 - std[617be2ca0a6fd877]::sys::backtrace::__rust_end_short_backtrace::<std[617be2ca0a6fd877]::panicking::panic_handler::{closure#0}, !>
[INFO] [stdout]    9:     0x60b0115c132d - __rustc[ea4f61d10b84890b]::rust_begin_unwind
[INFO] [stdout]   10:     0x60b0115fc21c - core[a373ad73a504971]::panicking::panic_fmt
[INFO] [stdout]   11:     0x60b011566479 - <std[617be2ca0a6fd877]::sync::once::Once>::call_once_force::<<std[617be2ca0a6fd877]::sync::once_lock::OnceLock<std[617be2ca0a6fd877]::path::PathBuf>>::initialize<<std[617be2ca0a6fd877]::sync::once_lock::OnceLock<std[617be2ca0a6fd877]::path::PathBuf>>::get_or_init<cli[50469d5649f4715]::support::build_fake_plugin::{closure#0}>::{closure#0}, !>::{closure#0}>::{closure#0}
[INFO] [stdout]   12:     0x60b0115c62e9 - <std[617be2ca0a6fd877]::sys::sync::once::futex::Once>::call
[INFO] [stdout]   13:     0x60b011565536 - <std[617be2ca0a6fd877]::sync::once_lock::OnceLock<std[617be2ca0a6fd877]::path::PathBuf>>::initialize::<<std[617be2ca0a6fd877]::sync::once_lock::OnceLock<std[617be2ca0a6fd877]::path::PathBuf>>::get_or_init<cli[50469d5649f4715]::support::build_fake_plugin::{closure#0}>::{closure#0}, !>
[INFO] [stdout]   14:     0x60b0115672f1 - cli[50469d5649f4715]::support::sandbox_with_plugin
[INFO] [stdout]   15:     0x60b011552a4e - <cli[50469d5649f4715]::detection::the_plugin_receives_root_matched_verb_and_args_across_the_boundary::{closure#0} as core[a373ad73a504971]::ops::function::FnOnce<()>>::call_once
[INFO] [stdout]   16:     0x60b01156bb6b - test[aada8e7e76ba119b]::__rust_begin_short_backtrace::<core[a373ad73a504971]::result::Result<(), alloc[2e1b2a31b91974c5]::string::String>, fn() -> core[a373ad73a504971]::result::Result<(), alloc[2e1b2a31b91974c5]::string::String>>
[INFO] [stdout]   17:     0x60b011578d45 - test[aada8e7e76ba119b]::run_test::{closure#0}
[INFO] [stdout]   18:     0x60b011572634 - std[617be2ca0a6fd877]::sys::backtrace::__rust_begin_short_backtrace::<test[aada8e7e76ba119b]::run_test::{closure#1}, ()>
[INFO] [stdout]   19:     0x60b01157bdd2 - <std[617be2ca0a6fd877]::thread::lifecycle::spawn_unchecked<test[aada8e7e76ba119b]::run_test::{closure#1}, ()>::{closure#1} as core[a373ad73a504971]::ops::function::FnOnce<()>>::call_once::{shim:vtable#0}
[INFO] [stderr] error: test failed, to rerun pass `--test cli`
[INFO] [stdout]   20:     0x60b0115e67ff - <std[617be2ca0a6fd877]::sys::thread::unix::Thread>::new::thread_start
[INFO] [stdout]   21:     0x7e5e40dc5dfa - <unknown>
[INFO] [stdout]   22:     0x7e5e40e593d4 - clone
[INFO] [stdout]   23:                0x0 - <unknown>
[INFO] [stdout] 
[INFO] [stdout] ---- detection::a_file_declared_in_the_manifest_reaches_the_plugin stdout ----
[INFO] [stdout] 
[INFO] [stdout] thread 'detection::a_file_declared_in_the_manifest_reaches_the_plugin' (1712) panicked at tests/cli/support.rs:151:13:
[INFO] [stdout] the fake plugin should compile
[INFO] [stdout] stack backtrace:
[INFO] [stdout]    0:     0x60b0115e75a1 - <<std[617be2ca0a6fd877]::sys::backtrace::BacktraceLock>::print::DisplayBacktrace as core[a373ad73a504971]::fmt::Display>::fmt
[INFO] [stdout]    1:     0x60b0115fbaea - core[a373ad73a504971]::fmt::write
[INFO] [stdout]    2:     0x60b0115ebaac - <alloc[2e1b2a31b91974c5]::vec::Vec<u8> as core[a373ad73a504971]::io::write::Write>::write_fmt
[INFO] [stdout]    3:     0x60b0115c0676 - std[617be2ca0a6fd877]::panicking::default_hook::{closure#0}
[INFO] [stdout]    4:     0x60b0115ddc69 - std[617be2ca0a6fd877]::panicking::default_hook
[INFO] [stdout]    5:     0x60b011578720 - test[aada8e7e76ba119b]::test_main_inner::{closure#0}
[INFO] [stdout]    6:     0x60b0115dde22 - std[617be2ca0a6fd877]::panicking::panic_with_hook
[INFO] [stdout]    7:     0x60b0115c0754 - std[617be2ca0a6fd877]::panicking::panic_handler::{closure#0}
[INFO] [stdout]    8:     0x60b0115b90e9 - std[617be2ca0a6fd877]::sys::backtrace::__rust_end_short_backtrace::<std[617be2ca0a6fd877]::panicking::panic_handler::{closure#0}, !>
[INFO] [stdout]    9:     0x60b0115c132d - __rustc[ea4f61d10b84890b]::rust_begin_unwind
[INFO] [stdout]   10:     0x60b0115fc21c - core[a373ad73a504971]::panicking::panic_fmt
[INFO] [stdout]   11:     0x60b011566479 - <std[617be2ca0a6fd877]::sync::once::Once>::call_once_force::<<std[617be2ca0a6fd877]::sync::once_lock::OnceLock<std[617be2ca0a6fd877]::path::PathBuf>>::initialize<<std[617be2ca0a6fd877]::sync::once_lock::OnceLock<std[617be2ca0a6fd877]::path::PathBuf>>::get_or_init<cli[50469d5649f4715]::support::build_fake_plugin::{closure#0}>::{closure#0}, !>::{closure#0}>::{closure#0}
[INFO] [stdout]   12:     0x60b0115c62e9 - <std[617be2ca0a6fd877]::sys::sync::once::futex::Once>::call
[INFO] [stdout]   13:     0x60b011565536 - <std[617be2ca0a6fd877]::sync::once_lock::OnceLock<std[617be2ca0a6fd877]::path::PathBuf>>::initialize::<<std[617be2ca0a6fd877]::sync::once_lock::OnceLock<std[617be2ca0a6fd877]::path::PathBuf>>::get_or_init<cli[50469d5649f4715]::support::build_fake_plugin::{closure#0}>::{closure#0}, !>
[INFO] [stdout]   14:     0x60b0115672f1 - cli[50469d5649f4715]::support::sandbox_with_plugin
[INFO] [stdout]   15:     0x60b0115519fe - <cli[50469d5649f4715]::detection::a_file_declared_in_the_manifest_reaches_the_plugin::{closure#0} as core[a373ad73a504971]::ops::function::FnOnce<()>>::call_once
[INFO] [stdout]   16:     0x60b01156bb6b - test[aada8e7e76ba119b]::__rust_begin_short_backtrace::<core[a373ad73a504971]::result::Result<(), alloc[2e1b2a31b91974c5]::string::String>, fn() -> core[a373ad73a504971]::result::Result<(), alloc[2e1b2a31b91974c5]::string::String>>
[INFO] [stdout]   17:     0x60b011578d45 - test[aada8e7e76ba119b]::run_test::{closure#0}
[INFO] [stdout]   18:     0x60b011572634 - std[617be2ca0a6fd877]::sys::backtrace::__rust_begin_short_backtrace::<test[aada8e7e76ba119b]::run_test::{closure#1}, ()>
[INFO] [stdout]   19:     0x60b01157bdd2 - <std[617be2ca0a6fd877]::thread::lifecycle::spawn_unchecked<test[aada8e7e76ba119b]::run_test::{closure#1}, ()>::{closure#1} as core[a373ad73a504971]::ops::function::FnOnce<()>>::call_once::{shim:vtable#0}
[INFO] [stdout]   20:     0x60b0115e67ff - <std[617be2ca0a6fd877]::sys::thread::unix::Thread>::new::thread_start
[INFO] [stdout]   21:     0x7e5e40dc5dfa - <unknown>
[INFO] [stdout]   22:     0x7e5e40e593d4 - clone
[INFO] [stdout]   23:                0x0 - <unknown>
[INFO] [stdout] 
[INFO] [stdout] ---- detection::a_plugin_named_with_dash_p_is_told_it_was_explicit stdout ----
[INFO] [stdout] 
[INFO] [stdout] thread 'detection::a_plugin_named_with_dash_p_is_told_it_was_explicit' (1716) panicked at tests/cli/support.rs:151:13:
[INFO] [stdout] the fake plugin should compile
[INFO] [stdout] stack backtrace:
[INFO] [stdout]    0:     0x60b0115e75a1 - <<std[617be2ca0a6fd877]::sys::backtrace::BacktraceLock>::print::DisplayBacktrace as core[a373ad73a504971]::fmt::Display>::fmt
[INFO] [stdout]    1:     0x60b0115fbaea - core[a373ad73a504971]::fmt::write
[INFO] [stdout]    2:     0x60b0115ebaac - <alloc[2e1b2a31b91974c5]::vec::Vec<u8> as core[a373ad73a504971]::io::write::Write>::write_fmt
[INFO] [stdout]    3:     0x60b0115c0676 - std[617be2ca0a6fd877]::panicking::default_hook::{closure#0}
[INFO] [stdout]    4:     0x60b0115ddc69 - std[617be2ca0a6fd877]::panicking::default_hook
[INFO] [stdout]    5:     0x60b011578720 - test[aada8e7e76ba119b]::test_main_inner::{closure#0}
[INFO] [stdout]    6:     0x60b0115dde22 - std[617be2ca0a6fd877]::panicking::panic_with_hook
[INFO] [stdout]    7:     0x60b0115c0754 - std[617be2ca0a6fd877]::panicking::panic_handler::{closure#0}
[INFO] [stdout]    8:     0x60b0115b90e9 - std[617be2ca0a6fd877]::sys::backtrace::__rust_end_short_backtrace::<std[617be2ca0a6fd877]::panicking::panic_handler::{closure#0}, !>
[INFO] [stdout]    9:     0x60b0115c132d - __rustc[ea4f61d10b84890b]::rust_begin_unwind
[INFO] [stdout]   10:     0x60b0115fc21c - core[a373ad73a504971]::panicking::panic_fmt
[INFO] [stdout]   11:     0x60b011566479 - <std[617be2ca0a6fd877]::sync::once::Once>::call_once_force::<<std[617be2ca0a6fd877]::sync::once_lock::OnceLock<std[617be2ca0a6fd877]::path::PathBuf>>::initialize<<std[617be2ca0a6fd877]::sync::once_lock::OnceLock<std[617be2ca0a6fd877]::path::PathBuf>>::get_or_init<cli[50469d5649f4715]::support::build_fake_plugin::{closure#0}>::{closure#0}, !>::{closure#0}>::{closure#0}
[INFO] [stdout]   12:     0x60b0115c62e9 - <std[617be2ca0a6fd877]::sys::sync::once::futex::Once>::call
[INFO] [stdout]   13:     0x60b011565536 - <std[617be2ca0a6fd877]::sync::once_lock::OnceLock<std[617be2ca0a6fd877]::path::PathBuf>>::initialize::<<std[617be2ca0a6fd877]::sync::once_lock::OnceLock<std[617be2ca0a6fd877]::path::PathBuf>>::get_or_init<cli[50469d5649f4715]::support::build_fake_plugin::{closure#0}>::{closure#0}, !>
[INFO] [stdout]   14:     0x60b0115672f1 - cli[50469d5649f4715]::support::sandbox_with_plugin
[INFO] [stdout]   15:     0x60b011551d4e - <cli[50469d5649f4715]::detection::a_plugin_named_with_dash_p_is_told_it_was_explicit::{closure#0} as core[a373ad73a504971]::ops::function::FnOnce<()>>::call_once
[INFO] [stdout]   16:     0x60b01156bb6b - test[aada8e7e76ba119b]::__rust_begin_short_backtrace::<core[a373ad73a504971]::result::Result<(), alloc[2e1b2a31b91974c5]::string::String>, fn() -> core[a373ad73a504971]::result::Result<(), alloc[2e1b2a31b91974c5]::string::String>>
[INFO] [stdout]   17:     0x60b011578d45 - test[aada8e7e76ba119b]::run_test::{closure#0}
[INFO] [stdout]   18:     0x60b011572634 - std[617be2ca0a6fd877]::sys::backtrace::__rust_begin_short_backtrace::<test[aada8e7e76ba119b]::run_test::{closure#1}, ()>
[INFO] [stdout]   19:     0x60b01157bdd2 - <std[617be2ca0a6fd877]::thread::lifecycle::spawn_unchecked<test[aada8e7e76ba119b]::run_test::{closure#1}, ()>::{closure#1} as core[a373ad73a504971]::ops::function::FnOnce<()>>::call_once::{shim:vtable#0}
[INFO] [stdout]   20:     0x60b0115e67ff - <std[617be2ca0a6fd877]::sys::thread::unix::Thread>::new::thread_start
[INFO] [stdout]   21:     0x7e5e40dc5dfa - <unknown>
[INFO] [stdout]   22:     0x7e5e40e593d4 - clone
[INFO] [stdout]   23:                0x0 - <unknown>
[INFO] [stdout] 
[INFO] [stdout] ---- detection::args_after_the_double_dash_reach_the_plugin stdout ----
[INFO] [stdout] 
[INFO] [stdout] thread 'detection::args_after_the_double_dash_reach_the_plugin' (1719) panicked at tests/cli/support.rs:151:13:
[INFO] [stdout] the fake plugin should compile
[INFO] [stdout] stack backtrace:
[INFO] [stdout]    0:     0x60b0115e75a1 - <<std[617be2ca0a6fd877]::sys::backtrace::BacktraceLock>::print::DisplayBacktrace as core[a373ad73a504971]::fmt::Display>::fmt
[INFO] [stdout]    1:     0x60b0115fbaea - core[a373ad73a504971]::fmt::write
[INFO] [stdout]    2:     0x60b0115ebaac - <alloc[2e1b2a31b91974c5]::vec::Vec<u8> as core[a373ad73a504971]::io::write::Write>::write_fmt
[INFO] [stdout]    3:     0x60b0115c0676 - std[617be2ca0a6fd877]::panicking::default_hook::{closure#0}
[INFO] [stdout]    4:     0x60b0115ddc69 - std[617be2ca0a6fd877]::panicking::default_hook
[INFO] [stdout]    5:     0x60b011578720 - test[aada8e7e76ba119b]::test_main_inner::{closure#0}
[INFO] [stdout]    6:     0x60b0115dde22 - std[617be2ca0a6fd877]::panicking::panic_with_hook
[INFO] [stdout]    7:     0x60b0115c0754 - std[617be2ca0a6fd877]::panicking::panic_handler::{closure#0}
[INFO] [stdout]    8:     0x60b0115b90e9 - std[617be2ca0a6fd877]::sys::backtrace::__rust_end_short_backtrace::<std[617be2ca0a6fd877]::panicking::panic_handler::{closure#0}, !>
[INFO] [stdout]    9:     0x60b0115c132d - __rustc[ea4f61d10b84890b]::rust_begin_unwind
[INFO] [stdout]   10:     0x60b0115fc21c - core[a373ad73a504971]::panicking::panic_fmt
[INFO] [stdout]   11:     0x60b011566479 - <std[617be2ca0a6fd877]::sync::once::Once>::call_once_force::<<std[617be2ca0a6fd877]::sync::once_lock::OnceLock<std[617be2ca0a6fd877]::path::PathBuf>>::initialize<<std[617be2ca0a6fd877]::sync::once_lock::OnceLock<std[617be2ca0a6fd877]::path::PathBuf>>::get_or_init<cli[50469d5649f4715]::support::build_fake_plugin::{closure#0}>::{closure#0}, !>::{closure#0}>::{closure#0}
[INFO] [stdout]   12:     0x60b0115c62e9 - <std[617be2ca0a6fd877]::sys::sync::once::futex::Once>::call
[INFO] [stdout]   13:     0x60b011565536 - <std[617be2ca0a6fd877]::sync::once_lock::OnceLock<std[617be2ca0a6fd877]::path::PathBuf>>::initialize::<<std[617be2ca0a6fd877]::sync::once_lock::OnceLock<std[617be2ca0a6fd877]::path::PathBuf>>::get_or_init<cli[50469d5649f4715]::support::build_fake_plugin::{closure#0}>::{closure#0}, !>
[INFO] [stdout]   14:     0x60b0115672f1 - cli[50469d5649f4715]::support::sandbox_with_plugin
[INFO] [stdout]   15:     0x60b011550c4e - <cli[50469d5649f4715]::detection::args_after_the_double_dash_reach_the_plugin::{closure#0} as core[a373ad73a504971]::ops::function::FnOnce<()>>::call_once
[INFO] [stdout]   16:     0x60b01156bb6b - test[aada8e7e76ba119b]::__rust_begin_short_backtrace::<core[a373ad73a504971]::result::Result<(), alloc[2e1b2a31b91974c5]::string::String>, fn() -> core[a373ad73a504971]::result::Result<(), alloc[2e1b2a31b91974c5]::string::String>>
[INFO] [stdout]   17:     0x60b011578d45 - test[aada8e7e76ba119b]::run_test::{closure#0}
[INFO] [stdout]   18:     0x60b011572634 - std[617be2ca0a6fd877]::sys::backtrace::__rust_begin_short_backtrace::<test[aada8e7e76ba119b]::run_test::{closure#1}, ()>
[INFO] [stdout]   19:     0x60b01157bdd2 - <std[617be2ca0a6fd877]::thread::lifecycle::spawn_unchecked<test[aada8e7e76ba119b]::run_test::{closure#1}, ()>::{closure#1} as core[a373ad73a504971]::ops::function::FnOnce<()>>::call_once::{shim:vtable#0}
[INFO] [stdout]   20:     0x60b0115e67ff - <std[617be2ca0a6fd877]::sys::thread::unix::Thread>::new::thread_start
[INFO] [stdout]   21:     0x7e5e40dc5dfa - <unknown>
[INFO] [stdout]   22:     0x7e5e40e593d4 - clone
[INFO] [stdout]   23:                0x0 - <unknown>
[INFO] [stdout] 
[INFO] [stdout] ---- json::json_is_refused_where_it_would_mix_prose_in stdout ----
[INFO] [stdout] 
[INFO] [stdout] thread 'json::json_is_refused_where_it_would_mix_prose_in' (1809) panicked at tests/cli/support.rs:151:13:
[INFO] [stdout] the fake plugin should compile
[INFO] [stdout] stack backtrace:
[INFO] [stdout]    0:     0x60b0115e75a1 - <<std[617be2ca0a6fd877]::sys::backtrace::BacktraceLock>::print::DisplayBacktrace as core[a373ad73a504971]::fmt::Display>::fmt
[INFO] [stdout]    1:     0x60b0115fbaea - core[a373ad73a504971]::fmt::write
[INFO] [stdout]    2:     0x60b0115ebaac - <alloc[2e1b2a31b91974c5]::vec::Vec<u8> as core[a373ad73a504971]::io::write::Write>::write_fmt
[INFO] [stdout]    3:     0x60b0115c0676 - std[617be2ca0a6fd877]::panicking::default_hook::{closure#0}
[INFO] [stdout]    4:     0x60b0115ddc69 - std[617be2ca0a6fd877]::panicking::default_hook
[INFO] [stdout]    5:     0x60b011578720 - test[aada8e7e76ba119b]::test_main_inner::{closure#0}
[INFO] [stdout]    6:     0x60b0115dde22 - std[617be2ca0a6fd877]::panicking::panic_with_hook
[INFO] [stdout]    7:     0x60b0115c0754 - std[617be2ca0a6fd877]::panicking::panic_handler::{closure#0}
[INFO] [stdout]    8:     0x60b0115b90e9 - std[617be2ca0a6fd877]::sys::backtrace::__rust_end_short_backtrace::<std[617be2ca0a6fd877]::panicking::panic_handler::{closure#0}, !>
[INFO] [stdout]    9:     0x60b0115c132d - __rustc[ea4f61d10b84890b]::rust_begin_unwind
[INFO] [stdout]   10:     0x60b0115fc21c - core[a373ad73a504971]::panicking::panic_fmt
[INFO] [stdout]   11:     0x60b011566479 - <std[617be2ca0a6fd877]::sync::once::Once>::call_once_force::<<std[617be2ca0a6fd877]::sync::once_lock::OnceLock<std[617be2ca0a6fd877]::path::PathBuf>>::initialize<<std[617be2ca0a6fd877]::sync::once_lock::OnceLock<std[617be2ca0a6fd877]::path::PathBuf>>::get_or_init<cli[50469d5649f4715]::support::build_fake_plugin::{closure#0}>::{closure#0}, !>::{closure#0}>::{closure#0}
[INFO] [stdout]   12:     0x60b0115c62e9 - <std[617be2ca0a6fd877]::sys::sync::once::futex::Once>::call
[INFO] [stdout]   13:     0x60b011565536 - <std[617be2ca0a6fd877]::sync::once_lock::OnceLock<std[617be2ca0a6fd877]::path::PathBuf>>::initialize::<<std[617be2ca0a6fd877]::sync::once_lock::OnceLock<std[617be2ca0a6fd877]::path::PathBuf>>::get_or_init<cli[50469d5649f4715]::support::build_fake_plugin::{closure#0}>::{closure#0}, !>
[INFO] [stdout]   14:     0x60b0115672f1 - cli[50469d5649f4715]::support::sandbox_with_plugin
[INFO] [stdout]   15:     0x60b01155f1de - <cli[50469d5649f4715]::json::json_is_refused_where_it_would_mix_prose_in::{closure#0} as core[a373ad73a504971]::ops::function::FnOnce<()>>::call_once
[INFO] [stdout]   16:     0x60b01156bb6b - test[aada8e7e76ba119b]::__rust_begin_short_backtrace::<core[a373ad73a504971]::result::Result<(), alloc[2e1b2a31b91974c5]::string::String>, fn() -> core[a373ad73a504971]::result::Result<(), alloc[2e1b2a31b91974c5]::string::String>>
[INFO] [stdout]   17:     0x60b011578d45 - test[aada8e7e76ba119b]::run_test::{closure#0}
[INFO] [stdout]   18:     0x60b011572634 - std[617be2ca0a6fd877]::sys::backtrace::__rust_begin_short_backtrace::<test[aada8e7e76ba119b]::run_test::{closure#1}, ()>
[INFO] [stdout]   19:     0x60b01157bdd2 - <std[617be2ca0a6fd877]::thread::lifecycle::spawn_unchecked<test[aada8e7e76ba119b]::run_test::{closure#1}, ()>::{closure#1} as core[a373ad73a504971]::ops::function::FnOnce<()>>::call_once::{shim:vtable#0}
[INFO] [stdout]   20:     0x60b0115e67ff - <std[617be2ca0a6fd877]::sys::thread::unix::Thread>::new::thread_start
[INFO] [stdout]   21:     0x7e5e40dc5dfa - <unknown>
[INFO] [stdout]   22:     0x7e5e40e593d4 - clone
[INFO] [stdout]   23:                0x0 - <unknown>
[INFO] [stdout] 
[INFO] [stdout] ---- detection::the_passthrough_separator_reaches_the_plugin stdout ----
[INFO] [stdout] 
[INFO] [stdout] thread 'detection::the_passthrough_separator_reaches_the_plugin' (1757) panicked at tests/cli/support.rs:151:13:
[INFO] [stdout] the fake plugin should compile
[INFO] [stdout] stack backtrace:
[INFO] [stdout]    0:     0x60b0115e75a1 - <<std[617be2ca0a6fd877]::sys::backtrace::BacktraceLock>::print::DisplayBacktrace as core[a373ad73a504971]::fmt::Display>::fmt
[INFO] [stdout]    1:     0x60b0115fbaea - core[a373ad73a504971]::fmt::write
[INFO] [stdout]    2:     0x60b0115ebaac - <alloc[2e1b2a31b91974c5]::vec::Vec<u8> as core[a373ad73a504971]::io::write::Write>::write_fmt
[INFO] [stdout]    3:     0x60b0115c0676 - std[617be2ca0a6fd877]::panicking::default_hook::{closure#0}
[INFO] [stdout]    4:     0x60b0115ddc69 - std[617be2ca0a6fd877]::panicking::default_hook
[INFO] [stdout]    5:     0x60b011578720 - test[aada8e7e76ba119b]::test_main_inner::{closure#0}
[INFO] [stdout]    6:     0x60b0115dde22 - std[617be2ca0a6fd877]::panicking::panic_with_hook
[INFO] [stdout]    7:     0x60b0115c0754 - std[617be2ca0a6fd877]::panicking::panic_handler::{closure#0}
[INFO] [stdout]    8:     0x60b0115b90e9 - std[617be2ca0a6fd877]::sys::backtrace::__rust_end_short_backtrace::<std[617be2ca0a6fd877]::panicking::panic_handler::{closure#0}, !>
[INFO] [stdout]    9:     0x60b0115c132d - __rustc[ea4f61d10b84890b]::rust_begin_unwind
[INFO] [stdout]   10:     0x60b0115fc21c - core[a373ad73a504971]::panicking::panic_fmt
[INFO] [stdout]   11:     0x60b011566479 - <std[617be2ca0a6fd877]::sync::once::Once>::call_once_force::<<std[617be2ca0a6fd877]::sync::once_lock::OnceLock<std[617be2ca0a6fd877]::path::PathBuf>>::initialize<<std[617be2ca0a6fd877]::sync::once_lock::OnceLock<std[617be2ca0a6fd877]::path::PathBuf>>::get_or_init<cli[50469d5649f4715]::support::build_fake_plugin::{closure#0}>::{closure#0}, !>::{closure#0}>::{closure#0}
[INFO] [stdout]   12:     0x60b0115c62e9 - <std[617be2ca0a6fd877]::sys::sync::once::futex::Once>::call
[INFO] [stdout]   13:     0x60b011565536 - <std[617be2ca0a6fd877]::sync::once_lock::OnceLock<std[617be2ca0a6fd877]::path::PathBuf>>::initialize::<<std[617be2ca0a6fd877]::sync::once_lock::OnceLock<std[617be2ca0a6fd877]::path::PathBuf>>::get_or_init<cli[50469d5649f4715]::support::build_fake_plugin::{closure#0}>::{closure#0}, !>
[INFO] [stdout]   14:     0x60b0115672f1 - cli[50469d5649f4715]::support::sandbox_with_plugin
[INFO] [stdout]   15:     0x60b01155121e - <cli[50469d5649f4715]::detection::the_passthrough_separator_reaches_the_plugin::{closure#0} as core[a373ad73a504971]::ops::function::FnOnce<()>>::call_once
[INFO] [stdout]   16:     0x60b01156bb6b - test[aada8e7e76ba119b]::__rust_begin_short_backtrace::<core[a373ad73a504971]::result::Result<(), alloc[2e1b2a31b91974c5]::string::String>, fn() -> core[a373ad73a504971]::result::Result<(), alloc[2e1b2a31b91974c5]::string::String>>
[INFO] [stdout]   17:     0x60b011578d45 - test[aada8e7e76ba119b]::run_test::{closure#0}
[INFO] [stdout]   18:     0x60b011572634 - std[617be2ca0a6fd877]::sys::backtrace::__rust_begin_short_backtrace::<test[aada8e7e76ba119b]::run_test::{closure#1}, ()>
[INFO] [stdout]   19:     0x60b01157bdd2 - <std[617be2ca0a6fd877]::thread::lifecycle::spawn_unchecked<test[aada8e7e76ba119b]::run_test::{closure#1}, ()>::{closure#1} as core[a373ad73a504971]::ops::function::FnOnce<()>>::call_once::{shim:vtable#0}
[INFO] [stdout]   20:     0x60b0115e67ff - <std[617be2ca0a6fd877]::sys::thread::unix::Thread>::new::thread_start
[INFO] [stdout]   21:     0x7e5e40dc5dfa - <unknown>
[INFO] [stdout]   22:     0x7e5e40e593d4 - clone
[INFO] [stdout]   23:                0x0 - <unknown>
[INFO] [stdout] 
[INFO] [stdout] ---- plugins::an_unknown_plugin_flag_lists_what_is_installed stdout ----
[INFO] [stdout] 
[INFO] [stdout] thread 'plugins::an_unknown_plugin_flag_lists_what_is_installed' (1868) panicked at tests/cli/support.rs:151:13:
[INFO] [stdout] the fake plugin should compile
[INFO] [stdout] stack backtrace:
[INFO] [stdout]    0:     0x60b0115e75a1 - <<std[617be2ca0a6fd877]::sys::backtrace::BacktraceLock>::print::DisplayBacktrace as core[a373ad73a504971]::fmt::Display>::fmt
[INFO] [stdout]    1:     0x60b0115fbaea - core[a373ad73a504971]::fmt::write
[INFO] [stdout]    2:     0x60b0115ebaac - <alloc[2e1b2a31b91974c5]::vec::Vec<u8> as core[a373ad73a504971]::io::write::Write>::write_fmt
[INFO] [stdout]    3:     0x60b0115c0676 - std[617be2ca0a6fd877]::panicking::default_hook::{closure#0}
[INFO] [stdout]    4:     0x60b0115ddc69 - std[617be2ca0a6fd877]::panicking::default_hook
[INFO] [stdout]    5:     0x60b011578720 - test[aada8e7e76ba119b]::test_main_inner::{closure#0}
[INFO] [stdout]    6:     0x60b0115dde22 - std[617be2ca0a6fd877]::panicking::panic_with_hook
[INFO] [stdout]    7:     0x60b0115c0754 - std[617be2ca0a6fd877]::panicking::panic_handler::{closure#0}
[INFO] [stdout]    8:     0x60b0115b90e9 - std[617be2ca0a6fd877]::sys::backtrace::__rust_end_short_backtrace::<std[617be2ca0a6fd877]::panicking::panic_handler::{closure#0}, !>
[INFO] [stdout]    9:     0x60b0115c132d - __rustc[ea4f61d10b84890b]::rust_begin_unwind
[INFO] [stdout]   10:     0x60b0115fc21c - core[a373ad73a504971]::panicking::panic_fmt
[INFO] [stdout]   11:     0x60b011566479 - <std[617be2ca0a6fd877]::sync::once::Once>::call_once_force::<<std[617be2ca0a6fd877]::sync::once_lock::OnceLock<std[617be2ca0a6fd877]::path::PathBuf>>::initialize<<std[617be2ca0a6fd877]::sync::once_lock::OnceLock<std[617be2ca0a6fd877]::path::PathBuf>>::get_or_init<cli[50469d5649f4715]::support::build_fake_plugin::{closure#0}>::{closure#0}, !>::{closure#0}>::{closure#0}
[INFO] [stdout]   12:     0x60b0115c62e9 - <std[617be2ca0a6fd877]::sys::sync::once::futex::Once>::call
[INFO] [stdout]   13:     0x60b011565536 - <std[617be2ca0a6fd877]::sync::once_lock::OnceLock<std[617be2ca0a6fd877]::path::PathBuf>>::initialize::<<std[617be2ca0a6fd877]::sync::once_lock::OnceLock<std[617be2ca0a6fd877]::path::PathBuf>>::get_or_init<cli[50469d5649f4715]::support::build_fake_plugin::{closure#0}>::{closure#0}, !>
[INFO] [stdout]   14:     0x60b0115672f1 - cli[50469d5649f4715]::support::sandbox_with_plugin
[INFO] [stdout]   15:     0x60b011557f5e - <cli[50469d5649f4715]::plugins::an_unknown_plugin_flag_lists_what_is_installed::{closure#0} as core[a373ad73a504971]::ops::function::FnOnce<()>>::call_once
[INFO] [stdout]   16:     0x60b01156bb6b - test[aada8e7e76ba119b]::__rust_begin_short_backtrace::<core[a373ad73a504971]::result::Result<(), alloc[2e1b2a31b91974c5]::string::String>, fn() -> core[a373ad73a504971]::result::Result<(), alloc[2e1b2a31b91974c5]::string::String>>
[INFO] [stdout]   17:     0x60b011578d45 - test[aada8e7e76ba119b]::run_test::{closure#0}
[INFO] [stdout]   18:     0x60b011572634 - std[617be2ca0a6fd877]::sys::backtrace::__rust_begin_short_backtrace::<test[aada8e7e76ba119b]::run_test::{closure#1}, ()>
[INFO] [stdout]   19:     0x60b01157bdd2 - <std[617be2ca0a6fd877]::thread::lifecycle::spawn_unchecked<test[aada8e7e76ba119b]::run_test::{closure#1}, ()>::{closure#1} as core[a373ad73a504971]::ops::function::FnOnce<()>>::call_once::{shim:vtable#0}
[INFO] [stdout]   20:     0x60b0115e67ff - <std[617be2ca0a6fd877]::sys::thread::unix::Thread>::new::thread_start
[INFO] [stdout]   21:     0x7e5e40dc5dfa - <unknown>
[INFO] [stdout]   22:     0x7e5e40e593d4 - clone
[INFO] [stdout]   23:                0x0 - <unknown>
[INFO] [stdout] 
[INFO] [stdout] ---- plugins::unset_without_a_family_needs_yes_when_there_are_several stdout ----
[INFO] [stdout] 
[INFO] [stdout] thread 'plugins::unset_without_a_family_needs_yes_when_there_are_several' (1920) panicked at tests/cli/support.rs:151:13:
[INFO] [stdout] the fake plugin should compile
[INFO] [stdout] stack backtrace:
[INFO] [stdout]    0:     0x60b0115e75a1 - <<std[617be2ca0a6fd877]::sys::backtrace::BacktraceLock>::print::DisplayBacktrace as core[a373ad73a504971]::fmt::Display>::fmt
[INFO] [stdout]    1:     0x60b0115fbaea - core[a373ad73a504971]::fmt::write
[INFO] [stdout]    2:     0x60b0115ebaac - <alloc[2e1b2a31b91974c5]::vec::Vec<u8> as core[a373ad73a504971]::io::write::Write>::write_fmt
[INFO] [stdout]    3:     0x60b0115c0676 - std[617be2ca0a6fd877]::panicking::default_hook::{closure#0}
[INFO] [stdout]    4:     0x60b0115ddc69 - std[617be2ca0a6fd877]::panicking::default_hook
[INFO] [stdout]    5:     0x60b011578720 - test[aada8e7e76ba119b]::test_main_inner::{closure#0}
[INFO] [stdout]    6:     0x60b0115dde22 - std[617be2ca0a6fd877]::panicking::panic_with_hook
[INFO] [stdout]    7:     0x60b0115c0754 - std[617be2ca0a6fd877]::panicking::panic_handler::{closure#0}
[INFO] [stdout]    8:     0x60b0115b90e9 - std[617be2ca0a6fd877]::sys::backtrace::__rust_end_short_backtrace::<std[617be2ca0a6fd877]::panicking::panic_handler::{closure#0}, !>
[INFO] [stdout]    9:     0x60b0115c132d - __rustc[ea4f61d10b84890b]::rust_begin_unwind
[INFO] [stdout]   10:     0x60b0115fc21c - core[a373ad73a504971]::panicking::panic_fmt
[INFO] [stdout]   11:     0x60b011566479 - <std[617be2ca0a6fd877]::sync::once::Once>::call_once_force::<<std[617be2ca0a6fd877]::sync::once_lock::OnceLock<std[617be2ca0a6fd877]::path::PathBuf>>::initialize<<std[617be2ca0a6fd877]::sync::once_lock::OnceLock<std[617be2ca0a6fd877]::path::PathBuf>>::get_or_init<cli[50469d5649f4715]::support::build_fake_plugin::{closure#0}>::{closure#0}, !>::{closure#0}>::{closure#0}
[INFO] [stdout]   12:     0x60b0115c62e9 - <std[617be2ca0a6fd877]::sys::sync::once::futex::Once>::call
[INFO] [stdout]   13:     0x60b011565536 - <std[617be2ca0a6fd877]::sync::once_lock::OnceLock<std[617be2ca0a6fd877]::path::PathBuf>>::initialize::<<std[617be2ca0a6fd877]::sync::once_lock::OnceLock<std[617be2ca0a6fd877]::path::PathBuf>>::get_or_init<cli[50469d5649f4715]::support::build_fake_plugin::{closure#0}>::{closure#0}, !>
[INFO] [stdout]   14:     0x60b0115672f1 - cli[50469d5649f4715]::support::sandbox_with_plugin
[INFO] [stdout]   15:     0x60b011558b1e - <cli[50469d5649f4715]::plugins::unset_without_a_family_needs_yes_when_there_are_several::{closure#0} as core[a373ad73a504971]::ops::function::FnOnce<()>>::call_once
[INFO] [stdout]   16:     0x60b01156bb6b - test[aada8e7e76ba119b]::__rust_begin_short_backtrace::<core[a373ad73a504971]::result::Result<(), alloc[2e1b2a31b91974c5]::string::String>, fn() -> core[a373ad73a504971]::result::Result<(), alloc[2e1b2a31b91974c5]::string::String>>
[INFO] [stdout]   17:     0x60b011578d45 - test[aada8e7e76ba119b]::run_test::{closure#0}
[INFO] [stdout]   18:     0x60b011572634 - std[617be2ca0a6fd877]::sys::backtrace::__rust_begin_short_backtrace::<test[aada8e7e76ba119b]::run_test::{closure#1}, ()>
[INFO] [stdout]   19:     0x60b01157bdd2 - <std[617be2ca0a6fd877]::thread::lifecycle::spawn_unchecked<test[aada8e7e76ba119b]::run_test::{closure#1}, ()>::{closure#1} as core[a373ad73a504971]::ops::function::FnOnce<()>>::call_once::{shim:vtable#0}
[INFO] [stdout]   20:     0x60b0115e67ff - <std[617be2ca0a6fd877]::sys::thread::unix::Thread>::new::thread_start
[INFO] [stdout]   21:     0x7e5e40dc5dfa - <unknown>
[INFO] [stdout]   22:     0x7e5e40e593d4 - clone
[INFO] [stdout]   23:                0x0 - <unknown>
[INFO] [stdout] 
[INFO] [stdout] ---- plugins::plugin_set_writes_a_pmpx_toml_and_it_takes_effect stdout ----
[INFO] [stdout] 
[INFO] [stdout] thread 'plugins::plugin_set_writes_a_pmpx_toml_and_it_takes_effect' (1883) panicked at tests/cli/support.rs:151:13:
[INFO] [stdout] the fake plugin should compile
[INFO] [stdout] stack backtrace:
[INFO] [stdout]    0:     0x60b0115e75a1 - <<std[617be2ca0a6fd877]::sys::backtrace::BacktraceLock>::print::DisplayBacktrace as core[a373ad73a504971]::fmt::Display>::fmt
[INFO] [stdout]    1:     0x60b0115fbaea - core[a373ad73a504971]::fmt::write
[INFO] [stdout]    2:     0x60b0115ebaac - <alloc[2e1b2a31b91974c5]::vec::Vec<u8> as core[a373ad73a504971]::io::write::Write>::write_fmt
[INFO] [stdout]    3:     0x60b0115c0676 - std[617be2ca0a6fd877]::panicking::default_hook::{closure#0}
[INFO] [stdout]    4:     0x60b0115ddc69 - std[617be2ca0a6fd877]::panicking::default_hook
[INFO] [stdout]    5:     0x60b011578720 - test[aada8e7e76ba119b]::test_main_inner::{closure#0}
[INFO] [stdout]    6:     0x60b0115dde22 - std[617be2ca0a6fd877]::panicking::panic_with_hook
[INFO] [stdout]    7:     0x60b0115c0754 - std[617be2ca0a6fd877]::panicking::panic_handler::{closure#0}
[INFO] [stdout]    8:     0x60b0115b90e9 - std[617be2ca0a6fd877]::sys::backtrace::__rust_end_short_backtrace::<std[617be2ca0a6fd877]::panicking::panic_handler::{closure#0}, !>
[INFO] [stdout]    9:     0x60b0115c132d - __rustc[ea4f61d10b84890b]::rust_begin_unwind
[INFO] [stdout]   10:     0x60b0115fc21c - core[a373ad73a504971]::panicking::panic_fmt
[INFO] [stdout]   11:     0x60b011566479 - <std[617be2ca0a6fd877]::sync::once::Once>::call_once_force::<<std[617be2ca0a6fd877]::sync::once_lock::OnceLock<std[617be2ca0a6fd877]::path::PathBuf>>::initialize<<std[617be2ca0a6fd877]::sync::once_lock::OnceLock<std[617be2ca0a6fd877]::path::PathBuf>>::get_or_init<cli[50469d5649f4715]::support::build_fake_plugin::{closure#0}>::{closure#0}, !>::{closure#0}>::{closure#0}
[INFO] [stdout]   12:     0x60b0115c62e9 - <std[617be2ca0a6fd877]::sys::sync::once::futex::Once>::call
[INFO] [stdout]   13:     0x60b011565536 - <std[617be2ca0a6fd877]::sync::once_lock::OnceLock<std[617be2ca0a6fd877]::path::PathBuf>>::initialize::<<std[617be2ca0a6fd877]::sync::once_lock::OnceLock<std[617be2ca0a6fd877]::path::PathBuf>>::get_or_init<cli[50469d5649f4715]::support::build_fake_plugin::{closure#0}>::{closure#0}, !>
[INFO] [stdout]   14:     0x60b0115672f1 - cli[50469d5649f4715]::support::sandbox_with_plugin
[INFO] [stdout]   15:     0x60b01155851e - <cli[50469d5649f4715]::plugins::plugin_set_writes_a_pmpx_toml_and_it_takes_effect::{closure#0} as core[a373ad73a504971]::ops::function::FnOnce<()>>::call_once
[INFO] [stdout]   16:     0x60b01156bb6b - test[aada8e7e76ba119b]::__rust_begin_short_backtrace::<core[a373ad73a504971]::result::Result<(), alloc[2e1b2a31b91974c5]::string::String>, fn() -> core[a373ad73a504971]::result::Result<(), alloc[2e1b2a31b91974c5]::string::String>>
[INFO] [stdout]   17:     0x60b011578d45 - test[aada8e7e76ba119b]::run_test::{closure#0}
[INFO] [stdout]   18:     0x60b011572634 - std[617be2ca0a6fd877]::sys::backtrace::__rust_begin_short_backtrace::<test[aada8e7e76ba119b]::run_test::{closure#1}, ()>
[INFO] [stdout]   19:     0x60b01157bdd2 - <std[617be2ca0a6fd877]::thread::lifecycle::spawn_unchecked<test[aada8e7e76ba119b]::run_test::{closure#1}, ()>::{closure#1} as core[a373ad73a504971]::ops::function::FnOnce<()>>::call_once::{shim:vtable#0}
[INFO] [stdout]   20:     0x60b0115e67ff - <std[617be2ca0a6fd877]::sys::thread::unix::Thread>::new::thread_start
[INFO] [stdout]   21:     0x7e5e40dc5dfa - <unknown>
[INFO] [stdout]   22:     0x7e5e40e593d4 - clone
[INFO] [stdout]   23:                0x0 - <unknown>
[INFO] [stdout] 
[INFO] [stdout] ---- config::config_above_the_project_root_is_visible stdout ----
[INFO] [stdout] 
[INFO] [stdout] thread 'config::config_above_the_project_root_is_visible' (1703) panicked at tests/cli/support.rs:151:13:
[INFO] [stdout] the fake plugin should compile
[INFO] [stdout] stack backtrace:
[INFO] [stdout]    0:     0x60b0115e75a1 - <<std[617be2ca0a6fd877]::sys::backtrace::BacktraceLock>::print::DisplayBacktrace as core[a373ad73a504971]::fmt::Display>::fmt
[INFO] [stdout]    1:     0x60b0115fbaea - core[a373ad73a504971]::fmt::write
[INFO] [stdout]    2:     0x60b0115ebaac - <alloc[2e1b2a31b91974c5]::vec::Vec<u8> as core[a373ad73a504971]::io::write::Write>::write_fmt
[INFO] [stdout]    3:     0x60b0115c0676 - std[617be2ca0a6fd877]::panicking::default_hook::{closure#0}
[INFO] [stdout]    4:     0x60b0115ddc69 - std[617be2ca0a6fd877]::panicking::default_hook
[INFO] [stdout]    5:     0x60b011578720 - test[aada8e7e76ba119b]::test_main_inner::{closure#0}
[INFO] [stdout]    6:     0x60b0115dde22 - std[617be2ca0a6fd877]::panicking::panic_with_hook
[INFO] [stdout]    7:     0x60b0115c0754 - std[617be2ca0a6fd877]::panicking::panic_handler::{closure#0}
[INFO] [stdout]    8:     0x60b0115b90e9 - std[617be2ca0a6fd877]::sys::backtrace::__rust_end_short_backtrace::<std[617be2ca0a6fd877]::panicking::panic_handler::{closure#0}, !>
[INFO] [stdout]    9:     0x60b0115c132d - __rustc[ea4f61d10b84890b]::rust_begin_unwind
[INFO] [stdout]   10:     0x60b0115fc21c - core[a373ad73a504971]::panicking::panic_fmt
[INFO] [stdout]   11:     0x60b011566479 - <std[617be2ca0a6fd877]::sync::once::Once>::call_once_force::<<std[617be2ca0a6fd877]::sync::once_lock::OnceLock<std[617be2ca0a6fd877]::path::PathBuf>>::initialize<<std[617be2ca0a6fd877]::sync::once_lock::OnceLock<std[617be2ca0a6fd877]::path::PathBuf>>::get_or_init<cli[50469d5649f4715]::support::build_fake_plugin::{closure#0}>::{closure#0}, !>::{closure#0}>::{closure#0}
[INFO] [stdout]   12:     0x60b0115c62e9 - <std[617be2ca0a6fd877]::sys::sync::once::futex::Once>::call
[INFO] [stdout]   13:     0x60b011565536 - <std[617be2ca0a6fd877]::sync::once_lock::OnceLock<std[617be2ca0a6fd877]::path::PathBuf>>::initialize::<<std[617be2ca0a6fd877]::sync::once_lock::OnceLock<std[617be2ca0a6fd877]::path::PathBuf>>::get_or_init<cli[50469d5649f4715]::support::build_fake_plugin::{closure#0}>::{closure#0}, !>
[INFO] [stdout]   14:     0x60b0115672f1 - cli[50469d5649f4715]::support::sandbox_with_plugin
[INFO] [stdout]   15:     0x60b01155ad6e - <cli[50469d5649f4715]::config::config_above_the_project_root_is_visible::{closure#0} as core[a373ad73a504971]::ops::function::FnOnce<()>>::call_once
[INFO] [stdout]   16:     0x60b01156bb6b - test[aada8e7e76ba119b]::__rust_begin_short_backtrace::<core[a373ad73a504971]::result::Result<(), alloc[2e1b2a31b91974c5]::string::String>, fn() -> core[a373ad73a504971]::result::Result<(), alloc[2e1b2a31b91974c5]::string::String>>
[INFO] [stdout]   17:     0x60b011578d45 - test[aada8e7e76ba119b]::run_test::{closure#0}
[INFO] [stdout]   18:     0x60b011572634 - std[617be2ca0a6fd877]::sys::backtrace::__rust_begin_short_backtrace::<test[aada8e7e76ba119b]::run_test::{closure#1}, ()>
[INFO] [stdout]   19:     0x60b01157bdd2 - <std[617be2ca0a6fd877]::thread::lifecycle::spawn_unchecked<test[aada8e7e76ba119b]::run_test::{closure#1}, ()>::{closure#1} as core[a373ad73a504971]::ops::function::FnOnce<()>>::call_once::{shim:vtable#0}
[INFO] [stdout]   20:     0x60b0115e67ff - <std[617be2ca0a6fd877]::sys::thread::unix::Thread>::new::thread_start
[INFO] [stdout]   21:     0x7e5e40dc5dfa - <unknown>
[INFO] [stdout]   22:     0x7e5e40e593d4 - clone
[INFO] [stdout]   23:                0x0 - <unknown>
[INFO] [stdout] 
[INFO] [stdout] ---- plugins::an_abi_mismatch_is_refused_with_both_versions stdout ----
[INFO] [stdout] 
[INFO] [stdout] thread 'plugins::an_abi_mismatch_is_refused_with_both_versions' (1867) panicked at tests/cli/support.rs:151:13:
[INFO] [stdout] the fake plugin should compile
[INFO] [stdout] stack backtrace:
[INFO] [stdout]    0:     0x60b0115e75a1 - <<std[617be2ca0a6fd877]::sys::backtrace::BacktraceLock>::print::DisplayBacktrace as core[a373ad73a504971]::fmt::Display>::fmt
[INFO] [stdout]    1:     0x60b0115fbaea - core[a373ad73a504971]::fmt::write
[INFO] [stdout]    2:     0x60b0115ebaac - <alloc[2e1b2a31b91974c5]::vec::Vec<u8> as core[a373ad73a504971]::io::write::Write>::write_fmt
[INFO] [stdout]    3:     0x60b0115c0676 - std[617be2ca0a6fd877]::panicking::default_hook::{closure#0}
[INFO] [stdout]    4:     0x60b0115ddc69 - std[617be2ca0a6fd877]::panicking::default_hook
[INFO] [stdout]    5:     0x60b011578720 - test[aada8e7e76ba119b]::test_main_inner::{closure#0}
[INFO] [stdout]    6:     0x60b0115dde22 - std[617be2ca0a6fd877]::panicking::panic_with_hook
[INFO] [stdout]    7:     0x60b0115c0754 - std[617be2ca0a6fd877]::panicking::panic_handler::{closure#0}
[INFO] [stdout]    8:     0x60b0115b90e9 - std[617be2ca0a6fd877]::sys::backtrace::__rust_end_short_backtrace::<std[617be2ca0a6fd877]::panicking::panic_handler::{closure#0}, !>
[INFO] [stdout]    9:     0x60b0115c132d - __rustc[ea4f61d10b84890b]::rust_begin_unwind
[INFO] [stdout]   10:     0x60b0115fc21c - core[a373ad73a504971]::panicking::panic_fmt
[INFO] [stdout]   11:     0x60b011566479 - <std[617be2ca0a6fd877]::sync::once::Once>::call_once_force::<<std[617be2ca0a6fd877]::sync::once_lock::OnceLock<std[617be2ca0a6fd877]::path::PathBuf>>::initialize<<std[617be2ca0a6fd877]::sync::once_lock::OnceLock<std[617be2ca0a6fd877]::path::PathBuf>>::get_or_init<cli[50469d5649f4715]::support::build_fake_plugin::{closure#0}>::{closure#0}, !>::{closure#0}>::{closure#0}
[INFO] [stdout]   12:     0x60b0115c62e9 - <std[617be2ca0a6fd877]::sys::sync::once::futex::Once>::call
[INFO] [stdout]   13:     0x60b011565536 - <std[617be2ca0a6fd877]::sync::once_lock::OnceLock<std[617be2ca0a6fd877]::path::PathBuf>>::initialize::<<std[617be2ca0a6fd877]::sync::once_lock::OnceLock<std[617be2ca0a6fd877]::path::PathBuf>>::get_or_init<cli[50469d5649f4715]::support::build_fake_plugin::{closure#0}>::{closure#0}, !>
[INFO] [stdout]   14:     0x60b0115672f1 - cli[50469d5649f4715]::support::sandbox_with_plugin
[INFO] [stdout]   15:     0x60b0115574ed - <cli[50469d5649f4715]::plugins::an_abi_mismatch_is_refused_with_both_versions::{closure#0} as core[a373ad73a504971]::ops::function::FnOnce<()>>::call_once
[INFO] [stdout]   16:     0x60b01156bb6b - test[aada8e7e76ba119b]::__rust_begin_short_backtrace::<core[a373ad73a504971]::result::Result<(), alloc[2e1b2a31b91974c5]::string::String>, fn() -> core[a373ad73a504971]::result::Result<(), alloc[2e1b2a31b91974c5]::string::String>>
[INFO] [stdout]   17:     0x60b011578d45 - test[aada8e7e76ba119b]::run_test::{closure#0}
[INFO] [stdout]   18:     0x60b011572634 - std[617be2ca0a6fd877]::sys::backtrace::__rust_begin_short_backtrace::<test[aada8e7e76ba119b]::run_test::{closure#1}, ()>
[INFO] [stdout]   19:     0x60b01157bdd2 - <std[617be2ca0a6fd877]::thread::lifecycle::spawn_unchecked<test[aada8e7e76ba119b]::run_test::{closure#1}, ()>::{closure#1} as core[a373ad73a504971]::ops::function::FnOnce<()>>::call_once::{shim:vtable#0}
[INFO] [stdout]   20:     0x60b0115e67ff - <std[617be2ca0a6fd877]::sys::thread::unix::Thread>::new::thread_start
[INFO] [stdout]   21:     0x7e5e40dc5dfa - <unknown>
[INFO] [stdout]   22:     0x7e5e40e593d4 - clone
[INFO] [stdout]   23:                0x0 - <unknown>
[INFO] [stdout] 
[INFO] [stdout] ---- plugins::plugin_set_writes_the_nearest_existing_config stdout ----
[INFO] [stdout] 
[INFO] [stdout] thread 'plugins::plugin_set_writes_the_nearest_existing_config' (1890) panicked at tests/cli/support.rs:151:13:
[INFO] [stdout] the fake plugin should compile
[INFO] [stdout] stack backtrace:
[INFO] [stdout]    0:     0x60b0115e75a1 - <<std[617be2ca0a6fd877]::sys::backtrace::BacktraceLock>::print::DisplayBacktrace as core[a373ad73a504971]::fmt::Display>::fmt
[INFO] [stdout]    1:     0x60b0115fbaea - core[a373ad73a504971]::fmt::write
[INFO] [stdout]    2:     0x60b0115ebaac - <alloc[2e1b2a31b91974c5]::vec::Vec<u8> as core[a373ad73a504971]::io::write::Write>::write_fmt
[INFO] [stdout]    3:     0x60b0115c0676 - std[617be2ca0a6fd877]::panicking::default_hook::{closure#0}
[INFO] [stdout]    4:     0x60b0115ddc69 - std[617be2ca0a6fd877]::panicking::default_hook
[INFO] [stdout]    5:     0x60b011578720 - test[aada8e7e76ba119b]::test_main_inner::{closure#0}
[INFO] [stdout]    6:     0x60b0115dde22 - std[617be2ca0a6fd877]::panicking::panic_with_hook
[INFO] [stdout]    7:     0x60b0115c0754 - std[617be2ca0a6fd877]::panicking::panic_handler::{closure#0}
[INFO] [stdout]    8:     0x60b0115b90e9 - std[617be2ca0a6fd877]::sys::backtrace::__rust_end_short_backtrace::<std[617be2ca0a6fd877]::panicking::panic_handler::{closure#0}, !>
[INFO] [stdout]    9:     0x60b0115c132d - __rustc[ea4f61d10b84890b]::rust_begin_unwind
[INFO] [stdout]   10:     0x60b0115fc21c - core[a373ad73a504971]::panicking::panic_fmt
[INFO] [stdout]   11:     0x60b011566479 - <std[617be2ca0a6fd877]::sync::once::Once>::call_once_force::<<std[617be2ca0a6fd877]::sync::once_lock::OnceLock<std[617be2ca0a6fd877]::path::PathBuf>>::initialize<<std[617be2ca0a6fd877]::sync::once_lock::OnceLock<std[617be2ca0a6fd877]::path::PathBuf>>::get_or_init<cli[50469d5649f4715]::support::build_fake_plugin::{closure#0}>::{closure#0}, !>::{closure#0}>::{closure#0}
[INFO] [stdout]   12:     0x60b0115c62e9 - <std[617be2ca0a6fd877]::sys::sync::once::futex::Once>::call
[INFO] [stdout]   13:     0x60b011565536 - <std[617be2ca0a6fd877]::sync::once_lock::OnceLock<std[617be2ca0a6fd877]::path::PathBuf>>::initialize::<<std[617be2ca0a6fd877]::sync::once_lock::OnceLock<std[617be2ca0a6fd877]::path::PathBuf>>::get_or_init<cli[50469d5649f4715]::support::build_fake_plugin::{closure#0}>::{closure#0}, !>
[INFO] [stdout]   14:     0x60b0115672f1 - cli[50469d5649f4715]::support::sandbox_with_plugin
[INFO] [stdout]   15:     0x60b01155769e - <cli[50469d5649f4715]::plugins::plugin_set_writes_the_nearest_existing_config::{closure#0} as core[a373ad73a504971]::ops::function::FnOnce<()>>::call_once
[INFO] [stdout]   16:     0x60b01156bb6b - test[aada8e7e76ba119b]::__rust_begin_short_backtrace::<core[a373ad73a504971]::result::Result<(), alloc[2e1b2a31b91974c5]::string::String>, fn() -> core[a373ad73a504971]::result::Result<(), alloc[2e1b2a31b91974c5]::string::String>>
[INFO] [stdout]   17:     0x60b011578d45 - test[aada8e7e76ba119b]::run_test::{closure#0}
[INFO] [stdout]   18:     0x60b011572634 - std[617be2ca0a6fd877]::sys::backtrace::__rust_begin_short_backtrace::<test[aada8e7e76ba119b]::run_test::{closure#1}, ()>
[INFO] [stdout]   19:     0x60b01157bdd2 - <std[617be2ca0a6fd877]::thread::lifecycle::spawn_unchecked<test[aada8e7e76ba119b]::run_test::{closure#1}, ()>::{closure#1} as core[a373ad73a504971]::ops::function::FnOnce<()>>::call_once::{shim:vtable#0}
[INFO] [stdout]   20:     0x60b0115e67ff - <std[617be2ca0a6fd877]::sys::thread::unix::Thread>::new::thread_start
[INFO] [stdout]   21:     0x7e5e40dc5dfa - <unknown>
[INFO] [stdout]   22:     0x7e5e40e593d4 - clone
[INFO] [stdout]   23:                0x0 - <unknown>
[INFO] [stdout] 
[INFO] [stdout] ---- plugins::the_plugin_flag_beats_the_project_config stdout ----
[INFO] [stdout] 
[INFO] [stdout] thread 'plugins::the_plugin_flag_beats_the_project_config' (1910) panicked at tests/cli/support.rs:151:13:
[INFO] [stdout] the fake plugin should compile
[INFO] [stdout] stack backtrace:
[INFO] [stdout]    0:     0x60b0115e75a1 - <<std[617be2ca0a6fd877]::sys::backtrace::BacktraceLock>::print::DisplayBacktrace as core[a373ad73a504971]::fmt::Display>::fmt
[INFO] [stdout]    1:     0x60b0115fbaea - core[a373ad73a504971]::fmt::write
[INFO] [stdout]    2:     0x60b0115ebaac - <alloc[2e1b2a31b91974c5]::vec::Vec<u8> as core[a373ad73a504971]::io::write::Write>::write_fmt
[INFO] [stdout]    3:     0x60b0115c0676 - std[617be2ca0a6fd877]::panicking::default_hook::{closure#0}
[INFO] [stdout]    4:     0x60b0115ddc69 - std[617be2ca0a6fd877]::panicking::default_hook
[INFO] [stdout]    5:     0x60b011578720 - test[aada8e7e76ba119b]::test_main_inner::{closure#0}
[INFO] [stdout]    6:     0x60b0115dde22 - std[617be2ca0a6fd877]::panicking::panic_with_hook
[INFO] [stdout]    7:     0x60b0115c0754 - std[617be2ca0a6fd877]::panicking::panic_handler::{closure#0}
[INFO] [stdout]    8:     0x60b0115b90e9 - std[617be2ca0a6fd877]::sys::backtrace::__rust_end_short_backtrace::<std[617be2ca0a6fd877]::panicking::panic_handler::{closure#0}, !>
[INFO] [stdout]    9:     0x60b0115c132d - __rustc[ea4f61d10b84890b]::rust_begin_unwind
[INFO] [stdout]   10:     0x60b0115fc21c - core[a373ad73a504971]::panicking::panic_fmt
[INFO] [stdout]   11:     0x60b011566479 - <std[617be2ca0a6fd877]::sync::once::Once>::call_once_force::<<std[617be2ca0a6fd877]::sync::once_lock::OnceLock<std[617be2ca0a6fd877]::path::PathBuf>>::initialize<<std[617be2ca0a6fd877]::sync::once_lock::OnceLock<std[617be2ca0a6fd877]::path::PathBuf>>::get_or_init<cli[50469d5649f4715]::support::build_fake_plugin::{closure#0}>::{closure#0}, !>::{closure#0}>::{closure#0}
[INFO] [stdout]   12:     0x60b0115c62e9 - <std[617be2ca0a6fd877]::sys::sync::once::futex::Once>::call
[INFO] [stdout]   13:     0x60b011565536 - <std[617be2ca0a6fd877]::sync::once_lock::OnceLock<std[617be2ca0a6fd877]::path::PathBuf>>::initialize::<<std[617be2ca0a6fd877]::sync::once_lock::OnceLock<std[617be2ca0a6fd877]::path::PathBuf>>::get_or_init<cli[50469d5649f4715]::support::build_fake_plugin::{closure#0}>::{closure#0}, !>
[INFO] [stdout]   14:     0x60b0115672f1 - cli[50469d5649f4715]::support::sandbox_with_plugin
[INFO] [stdout]   15:     0x60b01155713d - <cli[50469d5649f4715]::plugins::the_plugin_flag_beats_the_project_config::{closure#0} as core[a373ad73a504971]::ops::function::FnOnce<()>>::call_once
[INFO] [stdout]   16:     0x60b01156bb6b - test[aada8e7e76ba119b]::__rust_begin_short_backtrace::<core[a373ad73a504971]::result::Result<(), alloc[2e1b2a31b91974c5]::string::String>, fn() -> core[a373ad73a504971]::result::Result<(), alloc[2e1b2a31b91974c5]::string::String>>
[INFO] [stdout]   17:     0x60b011578d45 - test[aada8e7e76ba119b]::run_test::{closure#0}
[INFO] [stdout]   18:     0x60b011572634 - std[617be2ca0a6fd877]::sys::backtrace::__rust_begin_short_backtrace::<test[aada8e7e76ba119b]::run_test::{closure#1}, ()>
[INFO] [stdout]   19:     0x60b01157bdd2 - <std[617be2ca0a6fd877]::thread::lifecycle::spawn_unchecked<test[aada8e7e76ba119b]::run_test::{closure#1}, ()>::{closure#1} as core[a373ad73a504971]::ops::function::FnOnce<()>>::call_once::{shim:vtable#0}
[INFO] [stdout]   20:     0x60b0115e67ff - <std[617be2ca0a6fd877]::sys::thread::unix::Thread>::new::thread_start
[INFO] [stdout]   21:     0x7e5e40dc5dfa - <unknown>
[INFO] [stdout]   22:     0x7e5e40e593d4 - clone
[INFO] [stdout]   23:                0x0 - <unknown>
[INFO] [stdout] 
[INFO] [stdout] ---- scripts::a_name_that_is_not_in_the_table_still_reaches_the_plugin stdout ----
[INFO] [stdout] 
[INFO] [stdout] thread 'scripts::a_name_that_is_not_in_the_table_still_reaches_the_plugin' (1930) panicked at tests/cli/support.rs:151:13:
[INFO] [stdout] the fake plugin should compile
[INFO] [stdout] stack backtrace:
[INFO] [stdout]    0:     0x60b0115e75a1 - <<std[617be2ca0a6fd877]::sys::backtrace::BacktraceLock>::print::DisplayBacktrace as core[a373ad73a504971]::fmt::Display>::fmt
[INFO] [stdout]    1:     0x60b0115fbaea - core[a373ad73a504971]::fmt::write
[INFO] [stdout]    2:     0x60b0115ebaac - <alloc[2e1b2a31b91974c5]::vec::Vec<u8> as core[a373ad73a504971]::io::write::Write>::write_fmt
[INFO] [stdout]    3:     0x60b0115c0676 - std[617be2ca0a6fd877]::panicking::default_hook::{closure#0}
[INFO] [stdout]    4:     0x60b0115ddc69 - std[617be2ca0a6fd877]::panicking::default_hook
[INFO] [stdout]    5:     0x60b011578720 - test[aada8e7e76ba119b]::test_main_inner::{closure#0}
[INFO] [stdout]    6:     0x60b0115dde22 - std[617be2ca0a6fd877]::panicking::panic_with_hook
[INFO] [stdout]    7:     0x60b0115c0754 - std[617be2ca0a6fd877]::panicking::panic_handler::{closure#0}
[INFO] [stdout]    8:     0x60b0115b90e9 - std[617be2ca0a6fd877]::sys::backtrace::__rust_end_short_backtrace::<std[617be2ca0a6fd877]::panicking::panic_handler::{closure#0}, !>
[INFO] [stdout]    9:     0x60b0115c132d - __rustc[ea4f61d10b84890b]::rust_begin_unwind
[INFO] [stdout]   10:     0x60b0115fc21c - core[a373ad73a504971]::panicking::panic_fmt
[INFO] [stdout]   11:     0x60b011566479 - <std[617be2ca0a6fd877]::sync::once::Once>::call_once_force::<<std[617be2ca0a6fd877]::sync::once_lock::OnceLock<std[617be2ca0a6fd877]::path::PathBuf>>::initialize<<std[617be2ca0a6fd877]::sync::once_lock::OnceLock<std[617be2ca0a6fd877]::path::PathBuf>>::get_or_init<cli[50469d5649f4715]::support::build_fake_plugin::{closure#0}>::{closure#0}, !>::{closure#0}>::{closure#0}
[INFO] [stdout]   12:     0x60b0115c62e9 - <std[617be2ca0a6fd877]::sys::sync::once::futex::Once>::call
[INFO] [stdout]   13:     0x60b011565536 - <std[617be2ca0a6fd877]::sync::once_lock::OnceLock<std[617be2ca0a6fd877]::path::PathBuf>>::initialize::<<std[617be2ca0a6fd877]::sync::once_lock::OnceLock<std[617be2ca0a6fd877]::path::PathBuf>>::get_or_init<cli[50469d5649f4715]::support::build_fake_plugin::{closure#0}>::{closure#0}, !>
[INFO] [stdout]   14:     0x60b0115672f1 - cli[50469d5649f4715]::support::sandbox_with_plugin
[INFO] [stdout]   15:     0x60b01155d75e - <cli[50469d5649f4715]::scripts::a_name_that_is_not_in_the_table_still_reaches_the_plugin::{closure#0} as core[a373ad73a504971]::ops::function::FnOnce<()>>::call_once
[INFO] [stdout]   16:     0x60b01156bb6b - test[aada8e7e76ba119b]::__rust_begin_short_backtrace::<core[a373ad73a504971]::result::Result<(), alloc[2e1b2a31b91974c5]::string::String>, fn() -> core[a373ad73a504971]::result::Result<(), alloc[2e1b2a31b91974c5]::string::String>>
[INFO] [stdout]   17:     0x60b011578d45 - test[aada8e7e76ba119b]::run_test::{closure#0}
[INFO] [stdout]   18:     0x60b011572634 - std[617be2ca0a6fd877]::sys::backtrace::__rust_begin_short_backtrace::<test[aada8e7e76ba119b]::run_test::{closure#1}, ()>
[INFO] [stdout]   19:     0x60b01157bdd2 - <std[617be2ca0a6fd877]::thread::lifecycle::spawn_unchecked<test[aada8e7e76ba119b]::run_test::{closure#1}, ()>::{closure#1} as core[a373ad73a504971]::ops::function::FnOnce<()>>::call_once::{shim:vtable#0}
[INFO] [stdout]   20:     0x60b0115e67ff - <std[617be2ca0a6fd877]::sys::thread::unix::Thread>::new::thread_start
[INFO] [stdout]   21:     0x7e5e40dc5dfa - <unknown>
[INFO] [stdout]   22:     0x7e5e40e593d4 - clone
[INFO] [stdout]   23:                0x0 - <unknown>
[INFO] [stdout] 
[INFO] [stdout] ---- json::json_prints_one_object_per_line stdout ----
[INFO] [stdout] 
[INFO] [stdout] thread 'json::json_prints_one_object_per_line' (1819) panicked at tests/cli/support.rs:151:13:
[INFO] [stdout] the fake plugin should compile
[INFO] [stdout] stack backtrace:
[INFO] [stdout]    0:     0x60b0115e75a1 - <<std[617be2ca0a6fd877]::sys::backtrace::BacktraceLock>::print::DisplayBacktrace as core[a373ad73a504971]::fmt::Display>::fmt
[INFO] [stdout]    1:     0x60b0115fbaea - core[a373ad73a504971]::fmt::write
[INFO] [stdout]    2:     0x60b0115ebaac - <alloc[2e1b2a31b91974c5]::vec::Vec<u8> as core[a373ad73a504971]::io::write::Write>::write_fmt
[INFO] [stdout]    3:     0x60b0115c0676 - std[617be2ca0a6fd877]::panicking::default_hook::{closure#0}
[INFO] [stdout]    4:     0x60b0115ddc69 - std[617be2ca0a6fd877]::panicking::default_hook
[INFO] [stdout]    5:     0x60b011578720 - test[aada8e7e76ba119b]::test_main_inner::{closure#0}
[INFO] [stdout]    6:     0x60b0115dde22 - std[617be2ca0a6fd877]::panicking::panic_with_hook
[INFO] [stdout]    7:     0x60b0115c0754 - std[617be2ca0a6fd877]::panicking::panic_handler::{closure#0}
[INFO] [stdout]    8:     0x60b0115b90e9 - std[617be2ca0a6fd877]::sys::backtrace::__rust_end_short_backtrace::<std[617be2ca0a6fd877]::panicking::panic_handler::{closure#0}, !>
[INFO] [stdout]    9:     0x60b0115c132d - __rustc[ea4f61d10b84890b]::rust_begin_unwind
[INFO] [stdout]   10:     0x60b0115fc21c - core[a373ad73a504971]::panicking::panic_fmt
[INFO] [stdout]   11:     0x60b011566479 - <std[617be2ca0a6fd877]::sync::once::Once>::call_once_force::<<std[617be2ca0a6fd877]::sync::once_lock::OnceLock<std[617be2ca0a6fd877]::path::PathBuf>>::initialize<<std[617be2ca0a6fd877]::sync::once_lock::OnceLock<std[617be2ca0a6fd877]::path::PathBuf>>::get_or_init<cli[50469d5649f4715]::support::build_fake_plugin::{closure#0}>::{closure#0}, !>::{closure#0}>::{closure#0}
[INFO] [stdout]   12:     0x60b0115c62e9 - <std[617be2ca0a6fd877]::sys::sync::once::futex::Once>::call
[INFO] [stdout]   13:     0x60b011565536 - <std[617be2ca0a6fd877]::sync::once_lock::OnceLock<std[617be2ca0a6fd877]::path::PathBuf>>::initialize::<<std[617be2ca0a6fd877]::sync::once_lock::OnceLock<std[617be2ca0a6fd877]::path::PathBuf>>::get_or_init<cli[50469d5649f4715]::support::build_fake_plugin::{closure#0}>::{closure#0}, !>
[INFO] [stdout]   14:     0x60b0115672f1 - cli[50469d5649f4715]::support::sandbox_with_plugin
[INFO] [stdout]   15:     0x60b01155e651 - <cli[50469d5649f4715]::json::json_prints_one_object_per_line::{closure#0} as core[a373ad73a504971]::ops::function::FnOnce<()>>::call_once
[INFO] [stdout]   16:     0x60b01156bb6b - test[aada8e7e76ba119b]::__rust_begin_short_backtrace::<core[a373ad73a504971]::result::Result<(), alloc[2e1b2a31b91974c5]::string::String>, fn() -> core[a373ad73a504971]::result::Result<(), alloc[2e1b2a31b91974c5]::string::String>>
[INFO] [stdout]   17:     0x60b011578d45 - test[aada8e7e76ba119b]::run_test::{closure#0}
[INFO] [stdout]   18:     0x60b011572634 - std[617be2ca0a6fd877]::sys::backtrace::__rust_begin_short_backtrace::<test[aada8e7e76ba119b]::run_test::{closure#1}, ()>
[INFO] [stdout]   19:     0x60b01157bdd2 - <std[617be2ca0a6fd877]::thread::lifecycle::spawn_unchecked<test[aada8e7e76ba119b]::run_test::{closure#1}, ()>::{closure#1} as core[a373ad73a504971]::ops::function::FnOnce<()>>::call_once::{shim:vtable#0}
[INFO] [stdout]   20:     0x60b0115e67ff - <std[617be2ca0a6fd877]::sys::thread::unix::Thread>::new::thread_start
[INFO] [stdout]   21:     0x7e5e40dc5dfa - <unknown>
[INFO] [stdout]   22:     0x7e5e40e593d4 - clone
[INFO] [stdout]   23:                0x0 - <unknown>
[INFO] [stdout] 
[INFO] [stdout] ---- plugins::plugin_unset_removes_it_and_cleans_up_the_file stdout ----
[INFO] [stdout] 
[INFO] [stdout] thread 'plugins::plugin_unset_removes_it_and_cleans_up_the_file' (1900) panicked at tests/cli/support.rs:151:13:
[INFO] [stdout] the fake plugin should compile
[INFO] [stdout] stack backtrace:
[INFO] [stdout]    0:     0x60b0115e75a1 - <<std[617be2ca0a6fd877]::sys::backtrace::BacktraceLock>::print::DisplayBacktrace as core[a373ad73a504971]::fmt::Display>::fmt
[INFO] [stdout]    1:     0x60b0115fbaea - core[a373ad73a504971]::fmt::write
[INFO] [stdout]    2:     0x60b0115ebaac - <alloc[2e1b2a31b91974c5]::vec::Vec<u8> as core[a373ad73a504971]::io::write::Write>::write_fmt
[INFO] [stdout]    3:     0x60b0115c0676 - std[617be2ca0a6fd877]::panicking::default_hook::{closure#0}
[INFO] [stdout]    4:     0x60b0115ddc69 - std[617be2ca0a6fd877]::panicking::default_hook
[INFO] [stdout]    5:     0x60b011578720 - test[aada8e7e76ba119b]::test_main_inner::{closure#0}
[INFO] [stdout]    6:     0x60b0115dde22 - std[617be2ca0a6fd877]::panicking::panic_with_hook
[INFO] [stdout]    7:     0x60b0115c0754 - std[617be2ca0a6fd877]::panicking::panic_handler::{closure#0}
[INFO] [stdout]    8:     0x60b0115b90e9 - std[617be2ca0a6fd877]::sys::backtrace::__rust_end_short_backtrace::<std[617be2ca0a6fd877]::panicking::panic_handler::{closure#0}, !>
[INFO] [stdout]    9:     0x60b0115c132d - __rustc[ea4f61d10b84890b]::rust_begin_unwind
[INFO] [stdout]   10:     0x60b0115fc21c - core[a373ad73a504971]::panicking::panic_fmt
[INFO] [stdout]   11:     0x60b011566479 - <std[617be2ca0a6fd877]::sync::once::Once>::call_once_force::<<std[617be2ca0a6fd877]::sync::once_lock::OnceLock<std[617be2ca0a6fd877]::path::PathBuf>>::initialize<<std[617be2ca0a6fd877]::sync::once_lock::OnceLock<std[617be2ca0a6fd877]::path::PathBuf>>::get_or_init<cli[50469d5649f4715]::support::build_fake_plugin::{closure#0}>::{closure#0}, !>::{closure#0}>::{closure#0}
[INFO] [stdout]   12:     0x60b0115c62e9 - <std[617be2ca0a6fd877]::sys::sync::once::futex::Once>::call
[INFO] [stdout]   13:     0x60b011565536 - <std[617be2ca0a6fd877]::sync::once_lock::OnceLock<std[617be2ca0a6fd877]::path::PathBuf>>::initialize::<<std[617be2ca0a6fd877]::sync::once_lock::OnceLock<std[617be2ca0a6fd877]::path::PathBuf>>::get_or_init<cli[50469d5649f4715]::support::build_fake_plugin::{closure#0}>::{closure#0}, !>
[INFO] [stdout]   14:     0x60b0115672f1 - cli[50469d5649f4715]::support::sandbox_with_plugin
[INFO] [stdout]   15:     0x60b011558290 - <cli[50469d5649f4715]::plugins::plugin_unset_removes_it_and_cleans_up_the_file::{closure#0} as core[a373ad73a504971]::ops::function::FnOnce<()>>::call_once
[INFO] [stdout]   16:     0x60b01156bb6b - test[aada8e7e76ba119b]::__rust_begin_short_backtrace::<core[a373ad73a504971]::result::Result<(), alloc[2e1b2a31b91974c5]::string::String>, fn() -> core[a373ad73a504971]::result::Result<(), alloc[2e1b2a31b91974c5]::string::String>>
[INFO] [stdout]   17:     0x60b011578d45 - test[aada8e7e76ba119b]::run_test::{closure#0}
[INFO] [stdout]   18:     0x60b011572634 - std[617be2ca0a6fd877]::sys::backtrace::__rust_begin_short_backtrace::<test[aada8e7e76ba119b]::run_test::{closure#1}, ()>
[INFO] [stdout]   19:     0x60b01157bdd2 - <std[617be2ca0a6fd877]::thread::lifecycle::spawn_unchecked<test[aada8e7e76ba119b]::run_test::{closure#1}, ()>::{closure#1} as core[a373ad73a504971]::ops::function::FnOnce<()>>::call_once::{shim:vtable#0}
[INFO] [stdout]   20:     0x60b0115e67ff - <std[617be2ca0a6fd877]::sys::thread::unix::Thread>::new::thread_start
[INFO] [stdout]   21:     0x7e5e40dc5dfa - <unknown>
[INFO] [stdout]   22:     0x7e5e40e593d4 - clone
[INFO] [stdout]   23:                0x0 - <unknown>
[INFO] [stdout] 
[INFO] [stdout] ---- detection::a_declared_file_that_is_missing_is_absent stdout ----
[INFO] [stdout] 
[INFO] [stdout] thread 'detection::a_declared_file_that_is_missing_is_absent' (1711) panicked at tests/cli/support.rs:151:13:
[INFO] [stdout] the fake plugin should compile
[INFO] [stdout] stack backtrace:
[INFO] [stdout]    0:     0x60b0115e75a1 - <<std[617be2ca0a6fd877]::sys::backtrace::BacktraceLock>::print::DisplayBacktrace as core[a373ad73a504971]::fmt::Display>::fmt
[INFO] [stdout]    1:     0x60b0115fbaea - core[a373ad73a504971]::fmt::write
[INFO] [stdout]    2:     0x60b0115ebaac - <alloc[2e1b2a31b91974c5]::vec::Vec<u8> as core[a373ad73a504971]::io::write::Write>::write_fmt
[INFO] [stdout]    3:     0x60b0115c0676 - std[617be2ca0a6fd877]::panicking::default_hook::{closure#0}
[INFO] [stdout]    4:     0x60b0115ddc69 - std[617be2ca0a6fd877]::panicking::default_hook
[INFO] [stdout]    5:     0x60b011578720 - test[aada8e7e76ba119b]::test_main_inner::{closure#0}
[INFO] [stdout]    6:     0x60b0115dde22 - std[617be2ca0a6fd877]::panicking::panic_with_hook
[INFO] [stdout]    7:     0x60b0115c0754 - std[617be2ca0a6fd877]::panicking::panic_handler::{closure#0}
[INFO] [stdout]    8:     0x60b0115b90e9 - std[617be2ca0a6fd877]::sys::backtrace::__rust_end_short_backtrace::<std[617be2ca0a6fd877]::panicking::panic_handler::{closure#0}, !>
[INFO] [stdout]    9:     0x60b0115c132d - __rustc[ea4f61d10b84890b]::rust_begin_unwind
[INFO] [stdout]   10:     0x60b0115fc21c - core[a373ad73a504971]::panicking::panic_fmt
[INFO] [stdout]   11:     0x60b011566479 - <std[617be2ca0a6fd877]::sync::once::Once>::call_once_force::<<std[617be2ca0a6fd877]::sync::once_lock::OnceLock<std[617be2ca0a6fd877]::path::PathBuf>>::initialize<<std[617be2ca0a6fd877]::sync::once_lock::OnceLock<std[617be2ca0a6fd877]::path::PathBuf>>::get_or_init<cli[50469d5649f4715]::support::build_fake_plugin::{closure#0}>::{closure#0}, !>::{closure#0}>::{closure#0}
[INFO] [stdout]   12:     0x60b0115c62e9 - <std[617be2ca0a6fd877]::sys::sync::once::futex::Once>::call
[INFO] [stdout]   13:     0x60b011565536 - <std[617be2ca0a6fd877]::sync::once_lock::OnceLock<std[617be2ca0a6fd877]::path::PathBuf>>::initialize::<<std[617be2ca0a6fd877]::sync::once_lock::OnceLock<std[617be2ca0a6fd877]::path::PathBuf>>::get_or_init<cli[50469d5649f4715]::support::build_fake_plugin::{closure#0}>::{closure#0}, !>
[INFO] [stdout]   14:     0x60b0115672f1 - cli[50469d5649f4715]::support::sandbox_with_plugin
[INFO] [stdout]   15:     0x60b0115509de - <cli[50469d5649f4715]::detection::a_declared_file_that_is_missing_is_absent::{closure#0} as core[a373ad73a504971]::ops::function::FnOnce<()>>::call_once
[INFO] [stdout]   16:     0x60b01156bb6b - test[aada8e7e76ba119b]::__rust_begin_short_backtrace::<core[a373ad73a504971]::result::Result<(), alloc[2e1b2a31b91974c5]::string::String>, fn() -> core[a373ad73a504971]::result::Result<(), alloc[2e1b2a31b91974c5]::string::String>>
[INFO] [stdout]   17:     0x60b011578d45 - test[aada8e7e76ba119b]::run_test::{closure#0}
[INFO] [stdout]   18:     0x60b011572634 - std[617be2ca0a6fd877]::sys::backtrace::__rust_begin_short_backtrace::<test[aada8e7e76ba119b]::run_test::{closure#1}, ()>
[INFO] [stdout]   19:     0x60b01157bdd2 - <std[617be2ca0a6fd877]::thread::lifecycle::spawn_unchecked<test[aada8e7e76ba119b]::run_test::{closure#1}, ()>::{closure#1} as core[a373ad73a504971]::ops::function::FnOnce<()>>::call_once::{shim:vtable#0}
[INFO] [stdout]   20:     0x60b0115e67ff - <std[617be2ca0a6fd877]::sys::thread::unix::Thread>::new::thread_start
[INFO] [stdout]   21:     0x7e5e40dc5dfa - <unknown>
[INFO] [stdout]   22:     0x7e5e40e593d4 - clone
[INFO] [stdout]   23:                0x0 - <unknown>
[INFO] [stdout] 
[INFO] [stdout] ---- explain::explain_can_be_read_by_a_program stdout ----
[INFO] [stdout] 
[INFO] [stdout] thread 'explain::explain_can_be_read_by_a_program' (1797) panicked at tests/cli/support.rs:151:13:
[INFO] [stdout] the fake plugin should compile
[INFO] [stdout] stack backtrace:
[INFO] [stdout]    0:     0x60b0115e75a1 - <<std[617be2ca0a6fd877]::sys::backtrace::BacktraceLock>::print::DisplayBacktrace as core[a373ad73a504971]::fmt::Display>::fmt
[INFO] [stdout]    1:     0x60b0115fbaea - core[a373ad73a504971]::fmt::write
[INFO] [stdout]    2:     0x60b0115ebaac - <alloc[2e1b2a31b91974c5]::vec::Vec<u8> as core[a373ad73a504971]::io::write::Write>::write_fmt
[INFO] [stdout]    3:     0x60b0115c0676 - std[617be2ca0a6fd877]::panicking::default_hook::{closure#0}
[INFO] [stdout]    4:     0x60b0115ddc69 - std[617be2ca0a6fd877]::panicking::default_hook
[INFO] [stdout]    5:     0x60b011578720 - test[aada8e7e76ba119b]::test_main_inner::{closure#0}
[INFO] [stdout]    6:     0x60b0115dde22 - std[617be2ca0a6fd877]::panicking::panic_with_hook
[INFO] [stdout]    7:     0x60b0115c0754 - std[617be2ca0a6fd877]::panicking::panic_handler::{closure#0}
[INFO] [stdout]    8:     0x60b0115b90e9 - std[617be2ca0a6fd877]::sys::backtrace::__rust_end_short_backtrace::<std[617be2ca0a6fd877]::panicking::panic_handler::{closure#0}, !>
[INFO] [stdout]    9:     0x60b0115c132d - __rustc[ea4f61d10b84890b]::rust_begin_unwind
[INFO] [stdout]   10:     0x60b0115fc21c - core[a373ad73a504971]::panicking::panic_fmt
[INFO] [stdout]   11:     0x60b011566479 - <std[617be2ca0a6fd877]::sync::once::Once>::call_once_force::<<std[617be2ca0a6fd877]::sync::once_lock::OnceLock<std[617be2ca0a6fd877]::path::PathBuf>>::initialize<<std[617be2ca0a6fd877]::sync::once_lock::OnceLock<std[617be2ca0a6fd877]::path::PathBuf>>::get_or_init<cli[50469d5649f4715]::support::build_fake_plugin::{closure#0}>::{closure#0}, !>::{closure#0}>::{closure#0}
[INFO] [stdout]   12:     0x60b0115c62e9 - <std[617be2ca0a6fd877]::sys::sync::once::futex::Once>::call
[INFO] [stdout]   13:     0x60b011565536 - <std[617be2ca0a6fd877]::sync::once_lock::OnceLock<std[617be2ca0a6fd877]::path::PathBuf>>::initialize::<<std[617be2ca0a6fd877]::sync::once_lock::OnceLock<std[617be2ca0a6fd877]::path::PathBuf>>::get_or_init<cli[50469d5649f4715]::support::build_fake_plugin::{closure#0}>::{closure#0}, !>
[INFO] [stdout]   14:     0x60b0115672f1 - cli[50469d5649f4715]::support::sandbox_with_plugin
[INFO] [stdout]   15:     0x60b0115636de - <cli[50469d5649f4715]::explain::explain_can_be_read_by_a_program::{closure#0} as core[a373ad73a504971]::ops::function::FnOnce<()>>::call_once
[INFO] [stdout]   16:     0x60b01156bb6b - test[aada8e7e76ba119b]::__rust_begin_short_backtrace::<core[a373ad73a504971]::result::Result<(), alloc[2e1b2a31b91974c5]::string::String>, fn() -> core[a373ad73a504971]::result::Result<(), alloc[2e1b2a31b91974c5]::string::String>>
[INFO] [stdout]   17:     0x60b011578d45 - test[aada8e7e76ba119b]::run_test::{closure#0}
[INFO] [stdout]   18:     0x60b011572634 - std[617be2ca0a6fd877]::sys::backtrace::__rust_begin_short_backtrace::<test[aada8e7e76ba119b]::run_test::{closure#1}, ()>
[INFO] [stdout]   19:     0x60b01157bdd2 - <std[617be2ca0a6fd877]::thread::lifecycle::spawn_unchecked<test[aada8e7e76ba119b]::run_test::{closure#1}, ()>::{closure#1} as core[a373ad73a504971]::ops::function::FnOnce<()>>::call_once::{shim:vtable#0}
[INFO] [stdout]   20:     0x60b0115e67ff - <std[617be2ca0a6fd877]::sys::thread::unix::Thread>::new::thread_start
[INFO] [stdout]   21:     0x7e5e40dc5dfa - <unknown>
[INFO] [stdout]   22:     0x7e5e40e593d4 - clone
[INFO] [stdout]   23:                0x0 - <unknown>
[INFO] [stdout] 
[INFO] [stdout] ---- detection::a_bare_pmpx_reports_the_selection stdout ----
[INFO] [stdout] 
[INFO] [stdout] thread 'detection::a_bare_pmpx_reports_the_selection' (1710) panicked at tests/cli/support.rs:151:13:
[INFO] [stdout] the fake plugin should compile
[INFO] [stdout] stack backtrace:
[INFO] [stdout]    0:     0x60b0115e75a1 - <<std[617be2ca0a6fd877]::sys::backtrace::BacktraceLock>::print::DisplayBacktrace as core[a373ad73a504971]::fmt::Display>::fmt
[INFO] [stdout]    1:     0x60b0115fbaea - core[a373ad73a504971]::fmt::write
[INFO] [stdout]    2:     0x60b0115ebaac - <alloc[2e1b2a31b91974c5]::vec::Vec<u8> as core[a373ad73a504971]::io::write::Write>::write_fmt
[INFO] [stdout]    3:     0x60b0115c0676 - std[617be2ca0a6fd877]::panicking::default_hook::{closure#0}
[INFO] [stdout]    4:     0x60b0115ddc69 - std[617be2ca0a6fd877]::panicking::default_hook
[INFO] [stdout]    5:     0x60b011578720 - test[aada8e7e76ba119b]::test_main_inner::{closure#0}
[INFO] [stdout]    6:     0x60b0115dde22 - std[617be2ca0a6fd877]::panicking::panic_with_hook
[INFO] [stdout]    7:     0x60b0115c0754 - std[617be2ca0a6fd877]::panicking::panic_handler::{closure#0}
[INFO] [stdout]    8:     0x60b0115b90e9 - std[617be2ca0a6fd877]::sys::backtrace::__rust_end_short_backtrace::<std[617be2ca0a6fd877]::panicking::panic_handler::{closure#0}, !>
[INFO] [stdout]    9:     0x60b0115c132d - __rustc[ea4f61d10b84890b]::rust_begin_unwind
[INFO] [stdout]   10:     0x60b0115fc21c - core[a373ad73a504971]::panicking::panic_fmt
[INFO] [stdout]   11:     0x60b011566479 - <std[617be2ca0a6fd877]::sync::once::Once>::call_once_force::<<std[617be2ca0a6fd877]::sync::once_lock::OnceLock<std[617be2ca0a6fd877]::path::PathBuf>>::initialize<<std[617be2ca0a6fd877]::sync::once_lock::OnceLock<std[617be2ca0a6fd877]::path::PathBuf>>::get_or_init<cli[50469d5649f4715]::support::build_fake_plugin::{closure#0}>::{closure#0}, !>::{closure#0}>::{closure#0}
[INFO] [stdout]   12:     0x60b0115c62e9 - <std[617be2ca0a6fd877]::sys::sync::once::futex::Once>::call
[INFO] [stdout]   13:     0x60b011565536 - <std[617be2ca0a6fd877]::sync::once_lock::OnceLock<std[617be2ca0a6fd877]::path::PathBuf>>::initialize::<<std[617be2ca0a6fd877]::sync::once_lock::OnceLock<std[617be2ca0a6fd877]::path::PathBuf>>::get_or_init<cli[50469d5649f4715]::support::build_fake_plugin::{closure#0}>::{closure#0}, !>
[INFO] [stdout]   14:     0x60b0115672f1 - cli[50469d5649f4715]::support::sandbox_with_plugin
[INFO] [stdout]   15:     0x60b01154ed0e - <cli[50469d5649f4715]::detection::a_bare_pmpx_reports_the_selection::{closure#0} as core[a373ad73a504971]::ops::function::FnOnce<()>>::call_once
[INFO] [stdout]   16:     0x60b01156bb6b - test[aada8e7e76ba119b]::__rust_begin_short_backtrace::<core[a373ad73a504971]::result::Result<(), alloc[2e1b2a31b91974c5]::string::String>, fn() -> core[a373ad73a504971]::result::Result<(), alloc[2e1b2a31b91974c5]::string::String>>
[INFO] [stdout]   17:     0x60b011578d45 - test[aada8e7e76ba119b]::run_test::{closure#0}
[INFO] [stdout]   18:     0x60b011572634 - std[617be2ca0a6fd877]::sys::backtrace::__rust_begin_short_backtrace::<test[aada8e7e76ba119b]::run_test::{closure#1}, ()>
[INFO] [stdout]   19:     0x60b01157bdd2 - <std[617be2ca0a6fd877]::thread::lifecycle::spawn_unchecked<test[aada8e7e76ba119b]::run_test::{closure#1}, ()>::{closure#1} as core[a373ad73a504971]::ops::function::FnOnce<()>>::call_once::{shim:vtable#0}
[INFO] [stdout]   20:     0x60b0115e67ff - <std[617be2ca0a6fd877]::sys::thread::unix::Thread>::new::thread_start
[INFO] [stdout]   21:     0x7e5e40dc5dfa - <unknown>
[INFO] [stdout]   22:     0x7e5e40e593d4 - clone
[INFO] [stdout]   23:                0x0 - <unknown>
[INFO] [stdout] 
[INFO] [stdout] ---- detection::info_lists_every_candidate_and_score stdout ----
[INFO] [stdout] 
[INFO] [stdout] thread 'detection::info_lists_every_candidate_and_score' (1739) panicked at tests/cli/support.rs:151:13:
[INFO] [stdout] the fake plugin should compile
[INFO] [stdout] stack backtrace:
[INFO] [stdout]    0:     0x60b0115e75a1 - <<std[617be2ca0a6fd877]::sys::backtrace::BacktraceLock>::print::DisplayBacktrace as core[a373ad73a504971]::fmt::Display>::fmt
[INFO] [stdout]    1:     0x60b0115fbaea - core[a373ad73a504971]::fmt::write
[INFO] [stdout]    2:     0x60b0115ebaac - <alloc[2e1b2a31b91974c5]::vec::Vec<u8> as core[a373ad73a504971]::io::write::Write>::write_fmt
[INFO] [stdout]    3:     0x60b0115c0676 - std[617be2ca0a6fd877]::panicking::default_hook::{closure#0}
[INFO] [stdout]    4:     0x60b0115ddc69 - std[617be2ca0a6fd877]::panicking::default_hook
[INFO] [stdout]    5:     0x60b011578720 - test[aada8e7e76ba119b]::test_main_inner::{closure#0}
[INFO] [stdout]    6:     0x60b0115dde22 - std[617be2ca0a6fd877]::panicking::panic_with_hook
[INFO] [stdout]    7:     0x60b0115c0754 - std[617be2ca0a6fd877]::panicking::panic_handler::{closure#0}
[INFO] [stdout]    8:     0x60b0115b90e9 - std[617be2ca0a6fd877]::sys::backtrace::__rust_end_short_backtrace::<std[617be2ca0a6fd877]::panicking::panic_handler::{closure#0}, !>
[INFO] [stdout]    9:     0x60b0115c132d - __rustc[ea4f61d10b84890b]::rust_begin_unwind
[INFO] [stdout]   10:     0x60b0115fc21c - core[a373ad73a504971]::panicking::panic_fmt
[INFO] [stdout]   11:     0x60b011566479 - <std[617be2ca0a6fd877]::sync::once::Once>::call_once_force::<<std[617be2ca0a6fd877]::sync::once_lock::OnceLock<std[617be2ca0a6fd877]::path::PathBuf>>::initialize<<std[617be2ca0a6fd877]::sync::once_lock::OnceLock<std[617be2ca0a6fd877]::path::PathBuf>>::get_or_init<cli[50469d5649f4715]::support::build_fake_plugin::{closure#0}>::{closure#0}, !>::{closure#0}>::{closure#0}
[INFO] [stdout]   12:     0x60b0115c62e9 - <std[617be2ca0a6fd877]::sys::sync::once::futex::Once>::call
[INFO] [stdout]   13:     0x60b011565536 - <std[617be2ca0a6fd877]::sync::once_lock::OnceLock<std[617be2ca0a6fd877]::path::PathBuf>>::initialize::<<std[617be2ca0a6fd877]::sync::once_lock::OnceLock<std[617be2ca0a6fd877]::path::PathBuf>>::get_or_init<cli[50469d5649f4715]::support::build_fake_plugin::{closure#0}>::{closure#0}, !>
[INFO] [stdout]   14:     0x60b0115672f1 - cli[50469d5649f4715]::support::sandbox_with_plugin
[INFO] [stdout]   15:     0x60b01154fa8e - <cli[50469d5649f4715]::detection::info_lists_every_candidate_and_score::{closure#0} as core[a373ad73a504971]::ops::function::FnOnce<()>>::call_once
[INFO] [stdout]   16:     0x60b01156bb6b - test[aada8e7e76ba119b]::__rust_begin_short_backtrace::<core[a373ad73a504971]::result::Result<(), alloc[2e1b2a31b91974c5]::string::String>, fn() -> core[a373ad73a504971]::result::Result<(), alloc[2e1b2a31b91974c5]::string::String>>
[INFO] [stdout]   17:     0x60b011578d45 - test[aada8e7e76ba119b]::run_test::{closure#0}
[INFO] [stdout]   18:     0x60b011572634 - std[617be2ca0a6fd877]::sys::backtrace::__rust_begin_short_backtrace::<test[aada8e7e76ba119b]::run_test::{closure#1}, ()>
[INFO] [stdout]   19:     0x60b01157bdd2 - <std[617be2ca0a6fd877]::thread::lifecycle::spawn_unchecked<test[aada8e7e76ba119b]::run_test::{closure#1}, ()>::{closure#1} as core[a373ad73a504971]::ops::function::FnOnce<()>>::call_once::{shim:vtable#0}
[INFO] [stdout]   20:     0x60b0115e67ff - <std[617be2ca0a6fd877]::sys::thread::unix::Thread>::new::thread_start
[INFO] [stdout]   21:     0x7e5e40dc5dfa - <unknown>
[INFO] [stdout]   22:     0x7e5e40e593d4 - clone
[INFO] [stdout]   23:                0x0 - <unknown>
[INFO] [stdout] 
[INFO] [stdout] ---- json::the_backends_own_output_goes_to_stderr stdout ----
[INFO] [stdout] 
[INFO] [stdout] thread 'json::the_backends_own_output_goes_to_stderr' (1829) panicked at tests/cli/support.rs:151:13:
[INFO] [stdout] the fake plugin should compile
[INFO] [stdout] stack backtrace:
[INFO] [stdout]    0:     0x60b0115e75a1 - <<std[617be2ca0a6fd877]::sys::backtrace::BacktraceLock>::print::DisplayBacktrace as core[a373ad73a504971]::fmt::Display>::fmt
[INFO] [stdout]    1:     0x60b0115fbaea - core[a373ad73a504971]::fmt::write
[INFO] [stdout]    2:     0x60b0115ebaac - <alloc[2e1b2a31b91974c5]::vec::Vec<u8> as core[a373ad73a504971]::io::write::Write>::write_fmt
[INFO] [stdout]    3:     0x60b0115c0676 - std[617be2ca0a6fd877]::panicking::default_hook::{closure#0}
[INFO] [stdout]    4:     0x60b0115ddc69 - std[617be2ca0a6fd877]::panicking::default_hook
[INFO] [stdout]    5:     0x60b011578720 - test[aada8e7e76ba119b]::test_main_inner::{closure#0}
[INFO] [stdout]    6:     0x60b0115dde22 - std[617be2ca0a6fd877]::panicking::panic_with_hook
[INFO] [stdout]    7:     0x60b0115c0754 - std[617be2ca0a6fd877]::panicking::panic_handler::{closure#0}
[INFO] [stdout]    8:     0x60b0115b90e9 - std[617be2ca0a6fd877]::sys::backtrace::__rust_end_short_backtrace::<std[617be2ca0a6fd877]::panicking::panic_handler::{closure#0}, !>
[INFO] [stdout]    9:     0x60b0115c132d - __rustc[ea4f61d10b84890b]::rust_begin_unwind
[INFO] [stdout]   10:     0x60b0115fc21c - core[a373ad73a504971]::panicking::panic_fmt
[INFO] [stdout]   11:     0x60b011566479 - <std[617be2ca0a6fd877]::sync::once::Once>::call_once_force::<<std[617be2ca0a6fd877]::sync::once_lock::OnceLock<std[617be2ca0a6fd877]::path::PathBuf>>::initialize<<std[617be2ca0a6fd877]::sync::once_lock::OnceLock<std[617be2ca0a6fd877]::path::PathBuf>>::get_or_init<cli[50469d5649f4715]::support::build_fake_plugin::{closure#0}>::{closure#0}, !>::{closure#0}>::{closure#0}
[INFO] [stdout]   12:     0x60b0115c62e9 - <std[617be2ca0a6fd877]::sys::sync::once::futex::Once>::call
[INFO] [stdout]   13:     0x60b011565536 - <std[617be2ca0a6fd877]::sync::once_lock::OnceLock<std[617be2ca0a6fd877]::path::PathBuf>>::initialize::<<std[617be2ca0a6fd877]::sync::once_lock::OnceLock<std[617be2ca0a6fd877]::path::PathBuf>>::get_or_init<cli[50469d5649f4715]::support::build_fake_plugin::{closure#0}>::{closure#0}, !>
[INFO] [stdout]   14:     0x60b0115672f1 - cli[50469d5649f4715]::support::sandbox_with_plugin
[INFO] [stdout]   15:     0x60b01155ec8e - <cli[50469d5649f4715]::json::the_backends_own_output_goes_to_stderr::{closure#0} as core[a373ad73a504971]::ops::function::FnOnce<()>>::call_once
[INFO] [stdout]   16:     0x60b01156bb6b - test[aada8e7e76ba119b]::__rust_begin_short_backtrace::<core[a373ad73a504971]::result::Result<(), alloc[2e1b2a31b91974c5]::string::String>, fn() -> core[a373ad73a504971]::result::Result<(), alloc[2e1b2a31b91974c5]::string::String>>
[INFO] [stdout]   17:     0x60b011578d45 - test[aada8e7e76ba119b]::run_test::{closure#0}
[INFO] [stdout]   18:     0x60b011572634 - std[617be2ca0a6fd877]::sys::backtrace::__rust_begin_short_backtrace::<test[aada8e7e76ba119b]::run_test::{closure#1}, ()>
[INFO] [stdout]   19:     0x60b01157bdd2 - <std[617be2ca0a6fd877]::thread::lifecycle::spawn_unchecked<test[aada8e7e76ba119b]::run_test::{closure#1}, ()>::{closure#1} as core[a373ad73a504971]::ops::function::FnOnce<()>>::call_once::{shim:vtable#0}
[INFO] [stdout]   20:     0x60b0115e67ff - <std[617be2ca0a6fd877]::sys::thread::unix::Thread>::new::thread_start
[INFO] [stdout]   21:     0x7e5e40dc5dfa - <unknown>
[INFO] [stdout]   22:     0x7e5e40e593d4 - clone
[INFO] [stdout]   23:                0x0 - <unknown>
[INFO] [stdout] 
[INFO] [stdout] 
[INFO] [stdout] failures:
[INFO] [stdout]     config::config_above_the_project_root_is_visible
[INFO] [stdout]     config::walk_up_false_stops_the_search
[INFO] [stdout]     detection::a_bare_pmpx_reports_the_selection
[INFO] [stdout]     detection::a_declared_file_that_is_missing_is_absent
[INFO] [stdout]     detection::a_file_declared_in_the_manifest_reaches_the_plugin
[INFO] [stdout]     detection::a_manifest_that_lies_about_its_abi_is_reported_but_still_used
[INFO] [stdout]     detection::a_pinned_plugin_is_told_it_was_pinned
[INFO] [stdout]     detection::a_plugin_named_with_dash_p_is_told_it_was_explicit
[INFO] [stdout]     detection::a_plugins_own_log_line_carries_its_id
[INFO] [stdout]     detection::args_after_the_double_dash_reach_the_plugin
[INFO] [stdout]     detection::debug_traces_every_phase_on_stderr
[INFO] [stdout]     detection::detects_the_project_and_runs_the_backend_command
[INFO] [stdout]     detection::exec_falls_back_when_the_plugin_says_unsupported
[INFO] [stdout]     detection::info_lists_every_candidate_and_score
[INFO] [stdout]     detection::other_verbs_do_not_fall_back
[INFO] [stdout]     detection::quiet_does_not_turn_the_trace_off
[INFO] [stdout]     detection::the_passthrough_separator_reaches_the_plugin
[INFO] [stdout]     detection::the_plugin_receives_root_matched_verb_and_args_across_the_boundary
[INFO] [stdout]     detection::the_resolved_command_is_announced_on_stderr
[INFO] [stdout]     explain::explain_can_be_read_by_a_program
[INFO] [stdout]     explain::explain_reports_without_running_anything
[INFO] [stdout]     json::json_is_refused_where_it_would_mix_prose_in
[INFO] [stdout]     json::json_prints_one_object_per_line
[INFO] [stdout]     json::the_backends_own_output_goes_to_stderr
[INFO] [stdout]     local::a_checkout_installs_and_then_answers
[INFO] [stdout]     plugins::an_abi_mismatch_is_refused_with_both_versions
[INFO] [stdout]     plugins::an_unknown_plugin_flag_lists_what_is_installed
[INFO] [stdout]     plugins::plugin_set_writes_a_pmpx_toml_and_it_takes_effect
[INFO] [stdout]     plugins::plugin_set_writes_the_nearest_existing_config
[INFO] [stdout]     plugins::plugin_unset_removes_it_and_cleans_up_the_file
[INFO] [stdout]     plugins::the_plugin_flag_beats_the_project_config
[INFO] [stdout]     plugins::unset_without_a_family_needs_yes_when_there_are_several
[INFO] [stdout]     scripts::a_name_that_is_not_in_the_table_still_reaches_the_plugin
[INFO] [stdout] 
[INFO] [stdout] test result: FAILED. 22 passed; 33 failed; 0 ignored; 0 measured; 0 filtered out; finished in 1.18s
[INFO] [stdout] 
[INFO] running `Command { std: "docker" "inspect" "c7228062e2967c4c61c8f56211eb35dfaf56233e2cfab0158b97898668019edf", kill_on_drop: false }`
[INFO] running `Command { std: "docker" "rm" "-f" "c7228062e2967c4c61c8f56211eb35dfaf56233e2cfab0158b97898668019edf", kill_on_drop: false }`
[INFO] [stdout] c7228062e2967c4c61c8f56211eb35dfaf56233e2cfab0158b97898668019edf
