[INFO] fetching crate pmcp-package 0.4.0...
[INFO] testing pmcp-package-0.4.0 against 1.99.0-beta.8+cargoflags=--release for beta-release-1.100-2
[INFO] extracting crate pmcp-package 0.4.0 into /workspace/builds/worker-4-tc1/source
[INFO] started tweaking crates.io crate pmcp-package 0.4.0
[INFO] removed 0 missing examples
[INFO] removed 0 missing tests
[INFO] finished tweaking crates.io crate pmcp-package 0.4.0
[INFO] tweaked toml for crates.io crate pmcp-package 0.4.0 written to /workspace/builds/worker-4-tc1/source/Cargo.toml
[INFO] validating manifest of crates.io crate pmcp-package 0.4.0 on toolchain 1.99.0-beta.8
[INFO] running `Command { std: CARGO_HOME="/workspace/cargo-home" RUSTUP_HOME="/workspace/rustup-home" "/workspace/cargo-home/bin/cargo" "+1.99.0-beta.8" "metadata" "--manifest-path" "Cargo.toml" "--no-deps", kill_on_drop: false }`
[INFO] crate crates.io crate pmcp-package 0.4.0 already has a lockfile, it will not be regenerated
[INFO] running `Command { std: CARGO_HOME="/workspace/cargo-home" RUSTUP_HOME="/workspace/rustup-home" "/workspace/cargo-home/bin/cargo" "+1.99.0-beta.8" "fetch" "--manifest-path" "Cargo.toml", kill_on_drop: false }`
[INFO] [stderr]     Blocking waiting for file lock on package cache
[INFO] [stderr]     Updating crates.io index
[INFO] [stderr]  Downloading crates ...
[INFO] [stderr]   Downloaded olpc-cjson v0.1.4
[INFO] running `Command { std: "docker" "create" "-v" "/var/lib/crater-agent-workspace/builds/worker-4-tc1/source:/opt/rustwide/workdir:ro,Z" "-v" "/var/lib/crater-agent-workspace/builds/worker-4-tc1/target:/opt/rustwide/target:rw,Z" "-v" "/var/lib/crater-agent-workspace/cargo-home:/opt/rustwide/cargo-home:ro,Z" "-v" "/var/lib/crater-agent-workspace/rustup-home:/opt/rustwide/rustup-home:ro,Z" "-m" "1610612736" "--network" "none" "ghcr.io/rust-lang/crates-build-env/linux@sha256:77db811e55d90add9212f6832c23229e3de5f1c1f9905e8cb07319ea15df73ac" "sleep" "infinity", kill_on_drop: false }`
[INFO] [stdout] d1ade9c14b729590bf459b35463d52c3109abc4f7c9e5d62fcd7f013c3c9a293
[INFO] running `Command { std: "docker" "start" "d1ade9c14b729590bf459b35463d52c3109abc4f7c9e5d62fcd7f013c3c9a293", kill_on_drop: false }`
[INFO] running `Command { std: "docker" "inspect" "d1ade9c14b729590bf459b35463d52c3109abc4f7c9e5d62fcd7f013c3c9a293", kill_on_drop: false }`
[INFO] running `Command { std: "docker" "exec" "-e" "SOURCE_DIR=/opt/rustwide/workdir" "-e" "CARGO_HOME=/opt/rustwide/cargo-home" "-e" "RUSTUP_HOME=/opt/rustwide/rustup-home" "-e" "CARGO_TARGET_DIR=/opt/rustwide/target" "-w" "/opt/rustwide/workdir" "--user" "0:0" "d1ade9c14b729590bf459b35463d52c3109abc4f7c9e5d62fcd7f013c3c9a293" "/opt/rustwide/cargo-home/bin/cargo" "+1.99.0-beta.8" "metadata" "--no-deps" "--format-version=1", kill_on_drop: false }`
[INFO] running `Command { std: "docker" "inspect" "d1ade9c14b729590bf459b35463d52c3109abc4f7c9e5d62fcd7f013c3c9a293", kill_on_drop: false }`
[INFO] running `Command { std: "docker" "exec" "-e" "SOURCE_DIR=/opt/rustwide/workdir" "-e" "CARGO_HOME=/opt/rustwide/cargo-home" "-e" "RUSTUP_HOME=/opt/rustwide/rustup-home" "-e" "CARGO_TARGET_DIR=/opt/rustwide/target" "-e" "CARGO_INCREMENTAL=0" "-e" "RUST_BACKTRACE=full" "-e" "RUSTFLAGS=--cap-lints=warn" "-e" "RUSTDOCFLAGS=--cap-lints=warn" "-w" "/opt/rustwide/workdir" "--user" "0:0" "d1ade9c14b729590bf459b35463d52c3109abc4f7c9e5d62fcd7f013c3c9a293" "/opt/rustwide/cargo-home/bin/cargo" "+1.99.0-beta.8" "build" "--frozen" "--message-format=json" "--release", kill_on_drop: false }`
[INFO] [stderr]    Compiling konst_macro_rules v0.2.19
[INFO] [stderr]    Compiling tinyvec v1.12.0
[INFO] [stderr]    Compiling strum v0.27.2
[INFO] [stderr]    Compiling syn v2.0.119
[INFO] [stderr]    Compiling syn v3.0.4
[INFO] [stderr]    Compiling const_format_proc_macros v0.2.34
[INFO] [stderr]    Compiling serde_json v1.0.151
[INFO] [stderr]    Compiling semver v1.0.28
[INFO] [stderr]    Compiling toml v1.1.4+spec-1.1.0
[INFO] [stderr]    Compiling konst v0.2.20
[INFO] [stderr]    Compiling unicode-normalization v0.1.25
[INFO] [stderr]    Compiling const_format v0.2.36
[INFO] [stderr]    Compiling serde_derive v1.0.229
[INFO] [stderr]    Compiling thiserror-impl v2.0.20
[INFO] [stderr]    Compiling thiserror v2.0.20
[INFO] [stderr]    Compiling darling_core v0.20.11
[INFO] [stderr]    Compiling getset v0.1.7
[INFO] [stderr]    Compiling strum_macros v0.27.2
[INFO] [stderr]    Compiling serde v1.0.229
[INFO] [stderr]    Compiling olpc-cjson v0.1.4
[INFO] [stderr]    Compiling darling_macro v0.20.11
[INFO] [stderr]    Compiling darling v0.20.11
[INFO] [stderr]    Compiling derive_builder_core v0.20.2
[INFO] [stderr]    Compiling derive_builder_macro v0.20.2
[INFO] [stderr]    Compiling derive_builder v0.20.2
[INFO] [stderr]    Compiling oci-spec v0.10.0
[INFO] [stderr]    Compiling pmcp-package v0.4.0 (/opt/rustwide/workdir)
[INFO] [stderr]     Finished `release` profile [optimized] target(s) in 33.58s
[INFO] running `Command { std: "docker" "inspect" "d1ade9c14b729590bf459b35463d52c3109abc4f7c9e5d62fcd7f013c3c9a293", kill_on_drop: false }`
[INFO] running `Command { std: "docker" "exec" "-e" "SOURCE_DIR=/opt/rustwide/workdir" "-e" "CARGO_HOME=/opt/rustwide/cargo-home" "-e" "RUSTUP_HOME=/opt/rustwide/rustup-home" "-e" "CARGO_TARGET_DIR=/opt/rustwide/target" "-e" "CARGO_INCREMENTAL=0" "-e" "RUST_BACKTRACE=full" "-e" "RUSTFLAGS=--cap-lints=warn" "-e" "RUSTDOCFLAGS=--cap-lints=warn" "-w" "/opt/rustwide/workdir" "--user" "0:0" "d1ade9c14b729590bf459b35463d52c3109abc4f7c9e5d62fcd7f013c3c9a293" "/opt/rustwide/cargo-home/bin/cargo" "+1.99.0-beta.8" "test" "--frozen" "--no-run" "--message-format=json" "--release", kill_on_drop: false }`
[INFO] [stderr]    Compiling zerocopy v0.8.56
[INFO] [stderr]    Compiling tempfile v3.27.0
[INFO] [stderr]    Compiling rusty-fork v0.3.1
[INFO] [stderr]    Compiling ppv-lite86 v0.2.21
[INFO] [stderr]    Compiling rand_chacha v0.9.0
[INFO] [stderr]    Compiling proptest v1.11.0
[INFO] [stderr]    Compiling pmcp-package v0.4.0 (/opt/rustwide/workdir)
[INFO] [stderr]     Finished `release` profile [optimized] target(s) in 1m 08s
[INFO] running `Command { std: "docker" "inspect" "d1ade9c14b729590bf459b35463d52c3109abc4f7c9e5d62fcd7f013c3c9a293", kill_on_drop: false }`
[INFO] running `Command { std: "docker" "exec" "-e" "SOURCE_DIR=/opt/rustwide/workdir" "-e" "CARGO_HOME=/opt/rustwide/cargo-home" "-e" "RUSTUP_HOME=/opt/rustwide/rustup-home" "-e" "CARGO_TARGET_DIR=/opt/rustwide/target" "-e" "CARGO_INCREMENTAL=0" "-e" "RUST_BACKTRACE=full" "-e" "RUSTFLAGS=--cap-lints=warn" "-e" "RUSTDOCFLAGS=--cap-lints=warn" "-w" "/opt/rustwide/workdir" "--user" "0:0" "d1ade9c14b729590bf459b35463d52c3109abc4f7c9e5d62fcd7f013c3c9a293" "/opt/rustwide/cargo-home/bin/cargo" "+1.99.0-beta.8" "test" "--frozen" "--release", kill_on_drop: false }`
[INFO] [stderr]     Finished `release` profile [optimized] target(s) in 0.14s
[INFO] [stderr]      Running unittests src/lib.rs (/opt/rustwide/target/release/deps/pmcp_package-c81ebc3387491be6)
[INFO] [stdout] 
[INFO] [stdout] running 218 tests
[INFO] [stdout] test digest::canonical::tests::manifest_digest_construction_only_via_parse_or_from_bytes ... ok
[INFO] [stdout] test digest::canonical::tests::manifest_digest_is_stable_across_repeated_calls ... ok
[INFO] [stdout] test digest::canonical::tests::parse_rejects_uppercase_hex ... ok
[INFO] [stdout] test digest::canonical::tests::from_bytes_yields_sha256_lowercase_hex_form ... ok
[INFO] [stdout] test digest::canonical::tests::parse_rejects_wrong_length ... ok
[INFO] [stdout] test digest::canonical::tests::canonicalize_is_byte_stable_across_repeated_calls ... ok
[INFO] [stdout] test digest::canonical::tests::try_from_oci_digest_rejects_non_sha256_algorithm ... ok
[INFO] [stdout] test digest::canonical::tests::canonicalize_sorts_object_keys_independent_of_declaration_order ... ok
[INFO] [stdout] test digest::canonical::tests::deserialize_rejects_malformed_string_via_parse ... ok
[INFO] [stdout] test digest::canonical::tests::parse_rejects_non_hex ... ok
[INFO] [stdout] test digest::canonical::tests::deserialize_routes_through_parse ... ok
[INFO] [stdout] test digest::canonical::tests::manifest_digest_canonicalizes_then_hashes ... ok
[INFO] [stdout] test error::tests::serialize_variant_wraps_serde_json_error_via_from ... ok
[INFO] [stdout] test oci::config_validation::tests::a_declaration_missing_its_key_is_named_by_position ... ok
[INFO] [stdout] test digest::canonical::tests::parse_accepts_well_formed_digest ... ok
[INFO] [stdout] test digest::canonical::tests::parse_rejects_missing_prefix ... ok
[INFO] [stdout] test oci::config_validation::tests::a_declaration_with_no_matching_package_slot_names_that_key ... ok
[INFO] [stdout] test digest::verify::tests::verify_detects_single_byte_tamper ... ok
[INFO] [stdout] test error::tests::slot_conflict_display_contains_structured_fields ... ok
[INFO] [stdout] test oci::config_validation::tests::a_declaration_missing_its_name_is_named_by_key ... ok
[INFO] [stdout] test oci::config_validation::tests::a_kind_disagreement_names_the_key_and_both_kinds ... ok
[INFO] [stdout] test oci::config_validation::tests::a_config_key_that_resolves_to_nothing_is_a_violation ... ok
[INFO] [stdout] test oci::config_validation::tests::a_malformed_whole_value_reference_is_out_of_scope ... ok
[INFO] [stdout] test oci::config_validation::tests::a_config_slots_key_that_is_not_an_array_of_tables_is_a_violation ... ok
[INFO] [stdout] test oci::config_validation::tests::a_config_with_no_declaration_table_parses_to_an_empty_vec ... ok
[INFO] [stdout] test oci::config_validation::tests::a_declaration_can_name_platform_or_runtime ... ok
[INFO] [stdout] test digest::verify::tests::verify_mismatch_error_carries_both_digests ... ok
[INFO] [stdout] test oci::config_validation::tests::a_non_string_tested_value_is_a_violation ... ok
[INFO] [stdout] test oci::config_validation::tests::a_multi_placeholder_composition_is_refused_as_a_malformed_reference ... ok
[INFO] [stdout] test oci::config_validation::tests::a_package_slot_the_config_never_declares_names_that_key ... ok
[INFO] [stdout] test oci::config_validation::tests::a_name_disagreement_names_the_key_and_the_field_but_not_the_values ... ok
[INFO] [stdout] test oci::config_validation::tests::a_non_bare_key_is_skipped_as_unaddressable ... ok
[INFO] [stdout] test oci::config_validation::tests::a_package_slot_with_no_config_key_does_not_participate_in_agreement ... ok
[INFO] [stdout] test oci::config_validation::tests::a_non_config_slot_kind_carrying_a_config_key_is_a_violation ... ok
[INFO] [stdout] test digest::canonical::tests::serialize_emits_plain_sha256_hex_string ... ok
[INFO] [stdout] test oci::config_validation::tests::a_resolved_literal_never_triggers_the_gate ... ok
[INFO] [stdout] test oci::config_validation::tests::a_partially_declared_config_reports_only_what_is_still_missing ... ok
[INFO] [stdout] test oci::config_validation::tests::a_secret_slot_over_a_resolved_literal_is_refused_without_echoing_it ... ok
[INFO] [stdout] test oci::config_validation::tests::a_quoted_or_indexed_config_key_is_rejected_rather_than_mis_resolved ... ok
[INFO] [stdout] test oci::config_validation::tests::a_reference_inside_an_array_of_tables_is_not_demanded ... ok
[INFO] [stdout] test oci::config_validation::tests::a_declaration_without_supplied_by_defaults_to_environment ... ok
[INFO] [stdout] test oci::config_validation::tests::a_reference_whose_slot_is_declared_is_accepted ... ok
[INFO] [stdout] test oci::config_validation::tests::a_reference_with_no_slot_is_refused_naming_the_key_and_the_variable ... ok
[INFO] [stdout] test oci::config_validation::tests::a_supplied_by_disagreement_between_config_and_package_is_refused ... ok
[INFO] [stdout] test error::tests::digest_mismatch_display_contains_structured_fields ... ok
[INFO] [stdout] test oci::config_validation::tests::agreement_compares_as_sets_so_declaration_order_is_not_load_bearing ... ok
[INFO] [stdout] test oci::config_validation::tests::a_tested_value_disagreement_names_the_key_and_the_field_but_not_the_values ... ok
[INFO] [stdout] test oci::config_validation::tests::a_toml_syntax_error_is_reported_without_quoting_the_offending_line ... ok
[INFO] [stdout] test oci::config_validation::tests::accepted_kinds_are_exactly_the_key_discriminators_of_the_config_slot_types ... ok
[INFO] [stdout] test oci::config_validation::tests::agreement_holds_when_both_sides_describe_the_same_three_slots ... ok
[INFO] [stdout] test oci::config_validation::tests::accepted_supplied_by_matches_the_supplied_by_variants ... ok
[INFO] [stdout] test oci::config_validation::tests::agreement_holds_when_both_sides_name_the_same_supplied_by ... ok
[INFO] [stdout] test oci::config_validation::tests::a_well_formed_env_prefixed_name_is_still_reported ... ok
[INFO] [stdout] test oci::config_validation::tests::a_non_config_slot_kind_with_no_config_key_is_skipped_not_rejected ... ok
[INFO] [stdout] test oci::config_validation::tests::an_auth_mode_baked_literal_disagreeing_with_tested_value_is_refused_without_echo ... ok
[INFO] [stdout] test oci::config_validation::tests::an_auth_mode_key_addressing_a_non_string_is_a_violation ... ok
[INFO] [stdout] test oci::config_validation::tests::an_auth_mode_slot_over_a_baked_literal_is_accepted_because_it_is_structural ... ok
[INFO] [stdout] test oci::config_validation::tests::an_auth_mode_slot_whose_config_key_resolves_to_nothing_is_a_violation ... ok
[INFO] [stdout] test oci::config_validation::tests::an_auth_mode_slot_with_no_config_key_anchors_nothing_and_is_skipped ... ok
[INFO] [stdout] test oci::config_validation::tests::an_embedded_reference_is_not_demanded_because_no_slot_could_fill_it ... ok
[INFO] [stdout] test oci::config_validation::tests::an_endpoint_slot_over_a_resolved_literal_is_refused_without_echoing_it ... ok
[INFO] [stdout] test oci::config_validation::tests::a_non_string_supplied_by_is_refused ... ok
[INFO] [stdout] test oci::config_validation::tests::env_ref_name_yields_the_variable_for_every_accept_row ... ok
[INFO] [stdout] test oci::config_validation::tests::an_unknown_kind_names_the_key_and_the_accepted_kinds_without_echoing_it ... ok
[INFO] [stdout] test oci::config_validation::tests::an_env_prefixed_name_cannot_forge_extra_entries_in_the_list ... ok
[INFO] [stdout] test digest::verify::tests::verify_succeeds_when_bytes_match_expected_digest ... ok
[INFO] [stdout] test oci::config_validation::tests::an_env_prefixed_name_that_is_not_a_settable_variable_is_not_echoed ... ok
[INFO] [stdout] test oci::config_validation::tests::an_unknown_supplied_by_value_is_refused_and_never_echoed ... ok
[INFO] [stdout] test oci::config_validation::tests::every_undeclared_reference_is_listed_in_one_error ... ok
[INFO] [stdout] test oci::config_validation::tests::is_env_reference_recognises_exactly_the_two_reference_forms ... ok
[INFO] [stdout] test oci::config_validation::tests::the_empty_brace_form_is_refused_as_a_malformed_reference_too ... ok
[INFO] [stdout] test oci::config_validation::tests::every_malformed_config_key_is_a_named_violation_not_a_silent_pass ... ok
[INFO] [stdout] test oci::config_validation::tests::the_env_colon_reference_form_is_accepted_too ... ok
[INFO] [stdout] test oci::config_validation::tests::supplied_by_is_an_accepted_field_not_an_unknown_one ... ok
[INFO] [stdout] test digest::canonical::tests::try_from_oci_digest_succeeds_for_sha256 ... ok
[INFO] [stdout] test oci::config_validation::tests::a_value_slot_key_addressing_a_non_string_is_a_violation ... ok
[INFO] [stdout] test oci::config_validation::tests::the_env_prefixed_form_is_gated_identically_to_the_brace_form ... ok
[INFO] [stdout] test oci::config_validation::tests::an_endpoint_slot_over_an_environment_reference_is_accepted ... ok
[INFO] [stdout] test oci::config_validation::tests::a_declared_key_holding_any_valid_reference_always_passes ... ok
[INFO] [stdout] test oci::config_validation::tests::the_same_key_declared_twice_in_the_config_is_a_violation ... ok
[INFO] [stdout] test oci::config_validation::tests::the_real_fixture_passes_placeholder_validation_for_all_three_slots ... ok
[INFO] [stdout] test oci::config_validation::tests::the_same_config_key_claimed_by_two_package_slots_is_a_violation ... ok
[INFO] [stdout] test oci::config_validation::tests::the_listed_keys_are_capped_and_the_remainder_is_counted ... ok
[INFO] [stdout] test oci::config_validation::tests::the_real_fixture_has_no_undeclared_references ... ok
[INFO] [stdout] test oci::config_validation::tests::the_real_fixture_parses_to_its_three_declared_slots ... ok
[INFO] [stdout] test oci::config_validation::tests::the_gate_reaches_through_an_inline_table ... ok
[INFO] [stdout] test oci::config_validation::tests::parse_declared_config_slots_never_panics_on_arbitrary_bytes ... ok
[INFO] [stdout] test oci::config_validation::tests::declaring_a_path_suppresses_exactly_that_path_and_no_other ... ok
[INFO] [stdout] test oci::layout::tests::create_writes_oci_layout_marker_file_and_empty_index ... ok
[INFO] [stdout] test oci::layout::tests::write_blob_then_read_blob_round_trips_byte_identical ... ok
[INFO] [stdout] test oci::config_validation::tests::a_value_slot_with_no_config_key_is_a_violation_when_a_config_is_present ... ok
[INFO] [stdout] test oci::layout::tests::describe_blob_returns_the_same_descriptor_write_blob_does ... ok
[INFO] [stdout] test oci::layout::tests::empty_config_blob_digest_constant_matches_from_bytes_hash ... ok
[INFO] [stdout] test oci::media_types::tests::empty_config_descriptor_uses_standard_media_type_size_and_digest ... ok
[INFO] [stdout] test oci::media_types::tests::empty_config_digest_matches_hash_of_empty_json_blob ... ok
[INFO] [stdout] test oci::media_types::tests::vendor_media_type_wraps_custom_string_as_other ... ok
[INFO] [stdout] test oci::layout::tests::write_manifest_then_read_manifest_round_trips ... ok
[INFO] [stdout] test oci::config_validation::tests::non_utf8_config_bytes_are_an_error_not_a_panic ... ok
[INFO] [stdout] test oci::config_validation::tests::resolve_dotted_key_never_panics_on_arbitrary_dotted_keys ... ok
[INFO] [stdout] test oci::pack::tests::pack_server_writes_bootstrap_layer_with_vendor_media_type ... ok
[INFO] [stdout] test oci::unpack::tests::a_duplicated_attestation_layer_is_rejected_rather_than_last_wins ... ok
[INFO] [stdout] test oci::pack::tests::index_json_records_manifest_with_name_and_version_annotations ... ok
[INFO] [stdout] test digest::canonical::tests::canonicalize_is_stable_regardless_of_map_insertion_order ... ok
[INFO] [stdout] test oci::pack::tests::pack_uses_standard_non_null_empty_config_descriptor ... ok
[INFO] [stdout] test oci::pack::tests::pack_server_writes_the_supplied_spec_as_its_own_annotated_layer ... ok
[INFO] [stdout] test oci::pack::tests::pack_server_referenced_writes_binary_ref_layer_and_no_bootstrap_layer ... ok
[INFO] [stdout] test oci::unpack::tests::agent_pack_then_unpack_round_trips_losslessly ... ok
[INFO] [stdout] test oci::config_validation::tests::validate_config_slot_placeholders_never_panics ... ok
[INFO] [stdout] test oci::unpack::tests::a_duplicated_layer_media_type_is_rejected_rather_than_last_wins ... ok
[INFO] [stdout] test oci::config_validation::tests::validate_no_undeclared_env_refs_never_panics_on_arbitrary_documents ... ok
[INFO] [stdout] test package::agent::tests::agent_package_llm_slot_carries_tested_value ... ok
[INFO] [stdout] test oci::config_validation::tests::undeclared_agrees_with_what_resolve_dotted_key_can_address ... ok
[INFO] [stdout] test oci::config_validation::tests::an_undeclared_reference_is_always_refused_naming_its_key ... ok
[INFO] [stdout] test oci::pack::tests::packing_the_same_package_twice_yields_an_identical_manifest_digest ... ok
[INFO] [stdout] test oci::unpack::tests::missing_layer_yields_layout_error_not_a_panic ... ok
[INFO] [stdout] test package::server::tests::deploy_descriptor_round_trips_losslessly ... ok
[INFO] [stdout] test package::server::tests::deploy_descriptor_rejects_unknown_top_level_field ... ok
[INFO] [stdout] test package::server::tests::binary_ref_carries_no_inline_bytes ... ok
[INFO] [stdout] test package::server::tests::cedar_policy_has_no_file_path_field ... ok
[INFO] [stdout] test package::server::tests::cedar_policy_set_round_trips_as_flat_json_array ... ok
[INFO] [stdout] test package::server::tests::deploy_descriptor_parses_a_descriptor_missing_all_optional_tables ... ok
[INFO] [stdout] test oci::config_validation::tests::validate_no_undeclared_env_refs_never_panics ... ok
[INFO] [stdout] test package::server::tests::server_package_has_no_binary_ref_field ... ok
[INFO] [stdout] test package::team::tests::a_range_finalizer_agent_fails_and_names_that_component ... ok
[INFO] [stdout] test package::server::tests::server_package_round_trips_losslessly ... ok
[INFO] [stdout] test package::team::tests::a_range_built_in_server_fails_and_names_that_component ... ok
[INFO] [stdout] test package::team::tests::a_range_member_agent_fails_and_names_that_component ... ok
[INFO] [stdout] test package::team::tests::human_role_maps_to_human_role_config_slot ... ok
[INFO] [stdout] test package::team::tests::pinned_components_returns_every_pin_from_all_four_surfaces ... ok
[INFO] [stdout] test package::team::tests::team_package_round_trips_losslessly ... ok
[INFO] [stdout] test package::agent::tests::agent_package_connectors_field_is_component_ref_vec ... ok
[INFO] [stdout] test package::team::tests::human_role_has_no_identity_field ... ok
[INFO] [stdout] test package::team::tests::team_role_round_trips_with_snake_case_discriminator ... ok
[INFO] [stdout] test package::team::tests::the_error_states_the_one_level_depth_limit ... ok
[INFO] [stdout] test package::team::tests::the_returned_pin_order_is_deterministic_across_runs ... ok
[INFO] [stdout] test package::team::tests::validate_all_pinned_passes_a_pinned_team_and_fails_any_unpinned_one ... ok
[INFO] [stdout] test package::workflow::tests::pinned_components_errors_on_any_range_component ... ok
[INFO] [stdout] test package::workflow::tests::same_named_agent_and_server_are_distinct_and_sort_type_then_name ... ok
[INFO] [stdout] test oci::unpack::tests::team_pack_then_unpack_round_trips_losslessly ... ok
[INFO] [stdout] test reference::tests::component_type_accessor_works_for_both_variants ... ok
[INFO] [stdout] test reference::tests::component_type_orders_server_before_agent_before_team ... ok
[INFO] [stdout] test reference::tests::name_accessor_works_for_both_variants ... ok
[INFO] [stdout] test reference::tests::pin_json_written_before_resolved_from_existed_deserializes_to_none ... ok
[INFO] [stdout] test reference::tests::pinned_ref_always_carries_version_and_digest ... ok
[INFO] [stdout] test reference::tests::pinned_round_trips_flat_with_kind_discriminator ... ok
[INFO] [stdout] test reference::tests::range_round_trips_with_kind_discriminator ... ok
[INFO] [stdout] test package::agent::tests::agent_package_round_trips_with_ranged_connector_ref ... ok
[INFO] [stdout] test package::workflow::tests::pinned_components_returns_all_pins_when_fully_pinned ... ok
[INFO] [stdout] test slot::aggregate::tests::conflicting_tested_values_return_slot_conflict_error ... ok
[INFO] [stdout] test package::workflow::tests::workflow_manifest_round_trips_with_two_pins_and_provenance ... ok
[INFO] [stdout] test slot::aggregate::tests::identical_slots_with_the_same_config_key_still_dedup ... ok
[INFO] [stdout] test slot::aggregate::tests::aggregates_secret_endpoint_and_auth_mode_into_deterministic_order ... ok
[INFO] [stdout] test oci::unpack::tests::server_pack_then_unpack_round_trips_losslessly_including_bootstrap_bytes ... ok
[INFO] [stdout] test slot::aggregate::tests::dedup_two_identical_secrets_into_one_entry ... ok
[INFO] [stdout] test package::workflow::tests::new_sorts_components_by_type_then_name_for_stable_diffs ... ok
[INFO] [stdout] test oci::unpack::tests::tampering_the_manifest_blob_itself_makes_unpack_fail_with_digest_mismatch ... ok
[INFO] [stdout] test oci::unpack::tests::workflow_pack_then_unpack_round_trips_losslessly ... ok
[INFO] [stdout] test slot::aggregate::tests::aggregate_ordering_is_stable_under_permutation ... ok
[INFO] [stdout] test package::team::tests::a_range_entry_point_fails_and_names_that_component ... ok
[INFO] [stdout] test oci::config_validation::tests::parse_declared_config_slots_never_panics_on_arbitrary_text ... ok
[INFO] [stdout] test reference::tests::a_pin_carrying_the_range_it_resolved_emits_it_and_round_trips ... ok
[INFO] [stdout] test reference::tests::a_pin_with_no_resolved_range_emits_exactly_the_original_five_keys ... ok
[INFO] [stdout] test slot::aggregate::tests::identity_bearing_slots_differing_in_non_value_fields_error_in_either_order ... ok
[INFO] [stdout] test oci::pack::tests::pack_server_writes_no_spec_layer_when_the_caller_supplies_none ... ok
[INFO] [stdout] test package::workflow::tests::manifest_digest_is_stable_across_repeated_calls ... ok
[INFO] [stdout] test oci::unpack::tests::tampering_a_blob_byte_on_disk_makes_unpack_fail_with_digest_mismatch ... ok
[INFO] [stdout] test slot::aggregate::tests::preserves_all_distinct_conflict_free_slots ... ok
[INFO] [stdout] test slot::classification::tests::oauth_client_is_identity_bearing ... ok
[INFO] [stdout] test slot::deviation::tests::detects_deviation_for_differing_behavior_relevant_values ... ok
[INFO] [stdout] test slot::deviation::tests::identity_bearing_variants_are_never_behavior_relevant ... ok
[INFO] [stdout] test slot::classification::tests::auth_mode_is_behavior_relevant ... ok
[INFO] [stdout] test slot::deviation::tests::returns_none_for_differing_names ... ok
[INFO] [stdout] test slot::classification::tests::human_role_is_identity_bearing ... ok
[INFO] [stdout] test slot::classification::tests::new_variants_are_behavior_relevant_as_observed_through_detect_deviation ... ok
[INFO] [stdout] test slot::aggregate::tests::same_slot_keyed_and_unkeyed_errors_rather_than_first_wins ... ok
[INFO] [stdout] test slot::required::tests::duplicate_keys_are_preserved_rather_than_deduped ... ok
[INFO] [stdout] test slot::aggregate::tests::same_slot_with_two_different_config_keys_errors_in_either_order ... ok
[INFO] [stdout] test slot::classification::tests::budget_override_is_behavior_relevant ... ok
[INFO] [stdout] test slot::classification::tests::endpoint_is_behavior_relevant ... ok
[INFO] [stdout] test slot::deviation::tests::returns_none_for_mismatched_kinds ... ok
[INFO] [stdout] test slot::classification::tests::llm_provider_is_behavior_relevant ... ok
[INFO] [stdout] test slot::deviation::tests::returns_none_when_tested_equals_proposed ... ok
[INFO] [stdout] test slot::required::tests::classify_and_required_partition_every_slot_exactly_once ... ok
[INFO] [stdout] test slot::classification::tests::channel_binding_is_identity_bearing ... ok
[INFO] [stdout] test slot::types::tests::budget_override_round_trips_with_tested_value ... ok
[INFO] [stdout] test slot::types::tests::config_slot_without_a_key_emits_no_config_key_field_at_all ... ok
[INFO] [stdout] test slot::required::tests::each_required_slot_carries_its_class_and_config_key ... ok
[INFO] [stdout] test slot::types::tests::endpoint_round_trips_with_tested_value ... ok
[INFO] [stdout] test slot::required::tests::empty_slot_set_returns_an_empty_inventory ... ok
[INFO] [stdout] test slot::classification::tests::secret_is_identity_bearing ... ok
[INFO] [stdout] test slot::deviation::tests::never_flags_identity_bearing_slots ... ok
[INFO] [stdout] test slot::required::tests::ordering_is_stable_under_permutation ... ok
[INFO] [stdout] test slot::required::tests::required_slots_enumerates_a_credential_that_detect_deviation_never_can ... ok
[INFO] [stdout] test slot::types::tests::config_slot_with_a_key_serializes_it_and_round_trips ... ok
[INFO] [stdout] test slot::required::tests::returns_both_identity_bearing_and_behavior_relevant_slots ... ok
[INFO] [stdout] test slot::required::tests::supplied_by_does_not_change_a_slots_class ... ok
[INFO] [stdout] test slot::types::tests::llm_provider_round_trips_with_tested_value ... ok
[INFO] [stdout] test slot::types::tests::tested_value_is_none_for_identity_bearing_variants ... ok
[INFO] [stdout] test slot::types::tests::secret_variant_constructs_with_only_a_name_field ... ok
[INFO] [stdout] test slot::types::tests::key_uses_role_as_identifying_field_for_human_role ... ok
[INFO] [stdout] test slot::required::tests::the_projection_preserves_class_and_config_key ... ok
[INFO] [stdout] test slot::types::tests::legacy_config_slot_json_without_config_key_deserializes_to_none ... ok
[INFO] [stdout] test validation::allowlist::tests::validate_accepts_an_allowed_descriptor ... ok
[INFO] [stdout] test slot::types::tests::auth_mode_round_trips_with_tested_value ... ok
[INFO] [stdout] test slot::types::tests::oauth_client_round_trips_with_snake_case_discriminator ... ok
[INFO] [stdout] test slot::types::tests::channel_binding_round_trips_with_snake_case_discriminator ... ok
[INFO] [stdout] test validation::allowlist::tests::validate_rejects_a_disallowed_iam_action_prefix ... ok
[INFO] [stdout] test validation::allowlist::tests::validate_rejects_a_disallowed_tier ... ok
[INFO] [stdout] test slot::types::tests::tested_value_is_some_for_behavior_relevant_variants ... ok
[INFO] [stdout] test slot::types::tests::tested_value_is_some_for_the_two_new_behavior_relevant_variants ... ok
[INFO] [stdout] test validation::allowlist::tests::validate_is_deterministic_across_repeated_calls ... ok
[INFO] [stdout] test validation::allowlist::tests::validate_rejects_a_disallowed_target_type ... ok
[INFO] [stdout] test slot::types::tests::human_role_round_trips_with_all_fields_and_no_identity_field ... ok
[INFO] [stdout] test slot::types::tests::key_uses_endpoint_and_auth_mode_discriminators ... ok
[INFO] [stdout] test slot::types::tests::secret_round_trips_with_snake_case_discriminator ... ok
[INFO] [stdout] test validation::allowlist::tests::validate_rejects_a_wildcard_iam_action ... ok
[INFO] [stdout] test validation::allowlist::tests::validate_rejects_a_wildcard_iam_resource ... ok
[INFO] [stderr] error: test failed, to rerun pass `--lib`
[INFO] [stdout] test package::server::tests::fixture_coverage_all_tracked_deploy_descriptors_parse ... FAILED
[INFO] [stdout] 
[INFO] [stdout] failures:
[INFO] [stdout] 
[INFO] [stdout] ---- package::server::tests::fixture_coverage_all_tracked_deploy_descriptors_parse stdout ----
[INFO] [stdout] 
[INFO] [stdout] thread 'package::server::tests::fixture_coverage_all_tracked_deploy_descriptors_parse' (1324) panicked at src/package/server.rs:599:9:
[INFO] [stdout] git ls-files failed: status=ExitStatus(unix_wait_status(32768)) stderr=fatal: not a git repository (or any of the parent directories): .git
[INFO] [stdout] 
[INFO] [stdout] stack backtrace:
[INFO] [stdout]    0:     0x5b312e7fa361 - <<std[70759c8f55707aa4]::sys::backtrace::BacktraceLock>::print::DisplayBacktrace as core[df12db4294e9bfd3]::fmt::Display>::fmt
[INFO] [stdout]    1:     0x5b312e81181a - core[df12db4294e9bfd3]::fmt::write
[INFO] [stdout]    2:     0x5b312e7fef0c - <alloc[2182bb758b4b3781]::vec::Vec<u8> as core[df12db4294e9bfd3]::io::write::Write>::write_fmt
[INFO] [stdout]    3:     0x5b312e7d41e6 - std[70759c8f55707aa4]::panicking::default_hook::{closure#0}
[INFO] [stdout]    4:     0x5b312e7f1979 - std[70759c8f55707aa4]::panicking::default_hook
[INFO] [stdout]    5:     0x5b312e72cf30 - test[9d35eded1c95d3be]::test_main_inner::<test[9d35eded1c95d3be]::test_main_static::{closure#0}>::{closure#0}
[INFO] [stdout]    6:     0x5b312e7f1b32 - std[70759c8f55707aa4]::panicking::panic_with_hook
[INFO] [stdout]    7:     0x5b312e7d4292 - std[70759c8f55707aa4]::panicking::panic_handler::{closure#0}
[INFO] [stdout]    8:     0x5b312e7ccd39 - std[70759c8f55707aa4]::sys::backtrace::__rust_end_short_backtrace::<std[70759c8f55707aa4]::panicking::panic_handler::{closure#0}, !>
[INFO] [stdout]    9:     0x5b312e7d4e8d - __rustc[8fa7c3cbc660c2b3]::rust_begin_unwind
[INFO] [stdout]   10:     0x5b312e81203c - core[df12db4294e9bfd3]::panicking::panic_fmt
[INFO] [stdout]   11:     0x5b312e6fe365 - pmcp_package[75fca7a480ea4ac1]::package::server::tests::fixture_coverage_all_tracked_deploy_descriptors_parse
[INFO] [stdout]   12:     0x5b312e636949 - <pmcp_package[75fca7a480ea4ac1]::package::server::tests::fixture_coverage_all_tracked_deploy_descriptors_parse::{closure#0} as core[df12db4294e9bfd3]::ops::function::FnOnce<()>>::call_once
[INFO] [stdout]   13:     0x5b312e72021b - test[9d35eded1c95d3be]::__rust_begin_short_backtrace::<core[df12db4294e9bfd3]::result::Result<(), alloc[2182bb758b4b3781]::string::String>, fn() -> core[df12db4294e9bfd3]::result::Result<(), alloc[2182bb758b4b3781]::string::String>>
[INFO] [stdout]   14:     0x5b312e72d885 - test[9d35eded1c95d3be]::run_test::{closure#0}
[INFO] [stdout]   15:     0x5b312e727144 - std[70759c8f55707aa4]::sys::backtrace::__rust_begin_short_backtrace::<test[9d35eded1c95d3be]::run_test::{closure#1}, ()>
[INFO] [stdout]   16:     0x5b312e7309e2 - <std[70759c8f55707aa4]::thread::lifecycle::spawn_unchecked<test[9d35eded1c95d3be]::run_test::{closure#1}, ()>::{closure#1} as core[df12db4294e9bfd3]::ops::function::FnOnce<()>>::call_once::{shim:vtable#0}
[INFO] [stdout]   17:     0x5b312e7f93b9 - <std[70759c8f55707aa4]::sys::thread::unix::Thread>::new::thread_start
[INFO] [stdout]   18:     0x76cca740cdfa - <unknown>
[INFO] [stdout]   19:     0x76cca74a03d4 - clone
[INFO] [stdout]   20:                0x0 - <unknown>
[INFO] [stdout] 
[INFO] [stdout] 
[INFO] [stdout] failures:
[INFO] [stdout]     package::server::tests::fixture_coverage_all_tracked_deploy_descriptors_parse
[INFO] [stdout] 
[INFO] [stdout] test result: FAILED. 217 passed; 1 failed; 0 ignored; 0 measured; 0 filtered out; finished in 0.09s
[INFO] [stdout] 
[INFO] running `Command { std: "docker" "inspect" "d1ade9c14b729590bf459b35463d52c3109abc4f7c9e5d62fcd7f013c3c9a293", kill_on_drop: false }`
[INFO] running `Command { std: "docker" "rm" "-f" "d1ade9c14b729590bf459b35463d52c3109abc4f7c9e5d62fcd7f013c3c9a293", kill_on_drop: false }`
[INFO] [stdout] d1ade9c14b729590bf459b35463d52c3109abc4f7c9e5d62fcd7f013c3c9a293
