[INFO] fetching crate pma 0.7.0...
[INFO] testing pma-0.7.0 against 1.99.0-beta.8+cargoflags=--release for beta-release-1.100-2
[INFO] extracting crate pma 0.7.0 into /workspace/builds/worker-4-tc1/source
[INFO] started tweaking crates.io crate pma 0.7.0
[INFO] removed 0 missing tests
[INFO] finished tweaking crates.io crate pma 0.7.0
[INFO] tweaked toml for crates.io crate pma 0.7.0 written to /workspace/builds/worker-4-tc1/source/Cargo.toml
[INFO] validating manifest of crates.io crate pma 0.7.0 on toolchain 1.99.0-beta.8
[INFO] running `Command { std: CARGO_HOME="/workspace/cargo-home" RUSTUP_HOME="/workspace/rustup-home" "/workspace/cargo-home/bin/cargo" "+1.99.0-beta.8" "metadata" "--manifest-path" "Cargo.toml" "--no-deps", kill_on_drop: false }`
[INFO] crate crates.io crate pma 0.7.0 already has a lockfile, it will not be regenerated
[INFO] running `Command { std: CARGO_HOME="/workspace/cargo-home" RUSTUP_HOME="/workspace/rustup-home" "/workspace/cargo-home/bin/cargo" "+1.99.0-beta.8" "fetch" "--manifest-path" "Cargo.toml", kill_on_drop: false }`
[INFO] [stderr]     Blocking waiting for file lock on package cache
[INFO] [stderr]     Updating crates.io index
[INFO] [stderr]     Blocking waiting for file lock on package cache
[INFO] [stderr]  Downloading crates ...
[INFO] [stderr]   Downloaded thin-vec v0.2.20
[INFO] [stderr]   Downloaded sanduk-sandbox v0.1.0
[INFO] [stderr]   Downloaded pma-tui v0.7.0
[INFO] [stderr]   Downloaded smartstring v1.0.1
[INFO] [stderr]   Downloaded pma-web v0.7.0
[INFO] [stderr]   Downloaded pma-core v0.7.0
[INFO] [stderr]   Downloaded rhai v1.26.1
[INFO] [stderr]   Downloaded rhai_codegen v3.2.0
[INFO] running `Command { std: "docker" "create" "-v" "/var/lib/crater-agent-workspace/builds/worker-4-tc1/source:/opt/rustwide/workdir:ro,Z" "-v" "/var/lib/crater-agent-workspace/builds/worker-4-tc1/target:/opt/rustwide/target:rw,Z" "-v" "/var/lib/crater-agent-workspace/cargo-home:/opt/rustwide/cargo-home:ro,Z" "-v" "/var/lib/crater-agent-workspace/rustup-home:/opt/rustwide/rustup-home:ro,Z" "-m" "1610612736" "--network" "none" "ghcr.io/rust-lang/crates-build-env/linux@sha256:77db811e55d90add9212f6832c23229e3de5f1c1f9905e8cb07319ea15df73ac" "sleep" "infinity", kill_on_drop: false }`
[INFO] [stdout] c6712a476b6e6574b630090162bf4ab5c1d3f5422d749b6dab2f48b31ed5ac47
[INFO] running `Command { std: "docker" "start" "c6712a476b6e6574b630090162bf4ab5c1d3f5422d749b6dab2f48b31ed5ac47", kill_on_drop: false }`
[INFO] running `Command { std: "docker" "inspect" "c6712a476b6e6574b630090162bf4ab5c1d3f5422d749b6dab2f48b31ed5ac47", kill_on_drop: false }`
[INFO] running `Command { std: "docker" "exec" "-e" "SOURCE_DIR=/opt/rustwide/workdir" "-e" "CARGO_HOME=/opt/rustwide/cargo-home" "-e" "RUSTUP_HOME=/opt/rustwide/rustup-home" "-e" "CARGO_TARGET_DIR=/opt/rustwide/target" "-w" "/opt/rustwide/workdir" "--user" "0:0" "c6712a476b6e6574b630090162bf4ab5c1d3f5422d749b6dab2f48b31ed5ac47" "/opt/rustwide/cargo-home/bin/cargo" "+1.99.0-beta.8" "metadata" "--no-deps" "--format-version=1", kill_on_drop: false }`
[INFO] running `Command { std: "docker" "inspect" "c6712a476b6e6574b630090162bf4ab5c1d3f5422d749b6dab2f48b31ed5ac47", kill_on_drop: false }`
[INFO] running `Command { std: "docker" "exec" "-e" "SOURCE_DIR=/opt/rustwide/workdir" "-e" "CARGO_HOME=/opt/rustwide/cargo-home" "-e" "RUSTUP_HOME=/opt/rustwide/rustup-home" "-e" "CARGO_TARGET_DIR=/opt/rustwide/target" "-e" "CARGO_INCREMENTAL=0" "-e" "RUST_BACKTRACE=full" "-e" "RUSTFLAGS=--cap-lints=warn" "-e" "RUSTDOCFLAGS=--cap-lints=warn" "-w" "/opt/rustwide/workdir" "--user" "0:0" "c6712a476b6e6574b630090162bf4ab5c1d3f5422d749b6dab2f48b31ed5ac47" "/opt/rustwide/cargo-home/bin/cargo" "+1.99.0-beta.8" "build" "--frozen" "--message-format=json" "--release", kill_on_drop: false }`
[INFO] [stderr]    Compiling syn v3.0.5
[INFO] [stderr]    Compiling smallvec v1.16.1
[INFO] [stderr]    Compiling tiny-keccak v2.0.2
[INFO] [stderr]    Compiling libc v0.2.189
[INFO] [stderr]    Compiling portable-atomic v1.15.0
[INFO] [stderr]    Compiling cc v1.4.6
[INFO] [stderr]    Compiling zerocopy v0.8.57
[INFO] [stderr]    Compiling itertools v0.14.0
[INFO] [stderr]    Compiling strum_macros v0.28.0
[INFO] [stderr]    Compiling smartstring v1.0.1
[INFO] [stderr]    Compiling ahash v0.8.12
[INFO] [stderr]    Compiling num-traits v0.2.19
[INFO] [stderr]    Compiling enumflags2_derive v0.7.12
[INFO] [stderr]    Compiling serde_core v1.0.229
[INFO] [stderr]    Compiling instability v0.3.13
[INFO] [stderr]    Compiling rustix v1.1.4
[INFO] [stderr]    Compiling mio v1.2.3
[INFO] [stderr]    Compiling derive_more-impl v2.1.1
[INFO] [stderr]    Compiling lru v0.18.4
[INFO] [stderr]    Compiling winnow v1.0.4
[INFO] [stderr]    Compiling parking_lot_core v0.9.12
[INFO] [stderr]    Compiling hashlink v0.12.2
[INFO] [stderr]    Compiling enumflags2 v0.7.12
[INFO] [stderr]    Compiling parking_lot v0.12.5
[INFO] [stderr]    Compiling signal-hook-mio v0.2.5
[INFO] [stderr]    Compiling indexmap v2.14.2
[INFO] [stderr]    Compiling once_cell v1.21.4
[INFO] [stderr]    Compiling rhai_codegen v3.2.0
[INFO] [stderr]    Compiling thin-vec v0.2.20
[INFO] [stderr]    Compiling derive_more v2.1.1
[INFO] [stderr]    Compiling toml_writer v1.1.3+spec-1.1.0
[INFO] [stderr]    Compiling toml_datetime v1.1.2+spec-1.1.0
[INFO] [stderr]    Compiling line-clipping v0.3.8
[INFO] [stderr]    Compiling getrandom v0.2.17
[INFO] [stderr]    Compiling crossterm v0.29.0
[INFO] [stderr]    Compiling const-random-macro v0.1.16
[INFO] [stderr]    Compiling libsqlite3-sys v0.38.2
[INFO] [stderr]    Compiling const-random v0.1.18
[INFO] [stderr]    Compiling unicode-truncate v2.0.1
[INFO] [stderr]    Compiling toml_parser v1.1.4+spec-1.1.0
[INFO] [stderr]    Compiling strum v0.28.0
[INFO] [stderr]    Compiling toml_edit v0.25.15+spec-1.1.0
[INFO] [stderr]    Compiling serde_json v1.0.151
[INFO] [stderr]    Compiling darling_core v0.24.1
[INFO] [stderr]    Compiling thiserror-impl v2.0.20
[INFO] [stderr]    Compiling clap_derive v4.6.4
[INFO] [stderr]    Compiling thiserror v2.0.20
[INFO] [stderr]    Compiling kasuari v0.4.12
[INFO] [stderr]    Compiling landlock v0.4.7
[INFO] [stderr]    Compiling ratatui-core v0.1.2
[INFO] [stderr]    Compiling sanduk-sandbox v0.1.0
[INFO] [stderr]    Compiling rhai v1.26.1
[INFO] [stderr]    Compiling clap v4.6.6
[INFO] [stderr]    Compiling darling_macro v0.24.1
[INFO] [stderr]    Compiling darling v0.24.1
[INFO] [stderr]    Compiling ratatui-crossterm v0.1.2
[INFO] [stderr]    Compiling ratatui-widgets v0.3.2
[INFO] [stderr]    Compiling ratatui v0.30.2
[INFO] [stderr]    Compiling rusqlite v0.40.2
[INFO] [stderr]    Compiling pma-core v0.7.0
[INFO] [stderr]    Compiling pma-web v0.7.0
[INFO] [stderr]    Compiling pma-tui v0.7.0
[INFO] [stderr]    Compiling pma v0.7.0 (/opt/rustwide/workdir)
[INFO] [stderr]     Finished `release` profile [optimized] target(s) in 3m 33s
[INFO] running `Command { std: "docker" "inspect" "c6712a476b6e6574b630090162bf4ab5c1d3f5422d749b6dab2f48b31ed5ac47", kill_on_drop: false }`
[INFO] running `Command { std: "docker" "exec" "-e" "SOURCE_DIR=/opt/rustwide/workdir" "-e" "CARGO_HOME=/opt/rustwide/cargo-home" "-e" "RUSTUP_HOME=/opt/rustwide/rustup-home" "-e" "CARGO_TARGET_DIR=/opt/rustwide/target" "-e" "CARGO_INCREMENTAL=0" "-e" "RUST_BACKTRACE=full" "-e" "RUSTFLAGS=--cap-lints=warn" "-e" "RUSTDOCFLAGS=--cap-lints=warn" "-w" "/opt/rustwide/workdir" "--user" "0:0" "c6712a476b6e6574b630090162bf4ab5c1d3f5422d749b6dab2f48b31ed5ac47" "/opt/rustwide/cargo-home/bin/cargo" "+1.99.0-beta.8" "test" "--frozen" "--no-run" "--message-format=json" "--release", kill_on_drop: false }`
[INFO] [stderr]    Compiling pma v0.7.0 (/opt/rustwide/workdir)
[INFO] [stderr]     Finished `release` profile [optimized] target(s) in 10.75s
[INFO] running `Command { std: "docker" "inspect" "c6712a476b6e6574b630090162bf4ab5c1d3f5422d749b6dab2f48b31ed5ac47", kill_on_drop: false }`
[INFO] running `Command { std: "docker" "exec" "-e" "SOURCE_DIR=/opt/rustwide/workdir" "-e" "CARGO_HOME=/opt/rustwide/cargo-home" "-e" "RUSTUP_HOME=/opt/rustwide/rustup-home" "-e" "CARGO_TARGET_DIR=/opt/rustwide/target" "-e" "CARGO_INCREMENTAL=0" "-e" "RUST_BACKTRACE=full" "-e" "RUSTFLAGS=--cap-lints=warn" "-e" "RUSTDOCFLAGS=--cap-lints=warn" "-w" "/opt/rustwide/workdir" "--user" "0:0" "c6712a476b6e6574b630090162bf4ab5c1d3f5422d749b6dab2f48b31ed5ac47" "/opt/rustwide/cargo-home/bin/cargo" "+1.99.0-beta.8" "test" "--frozen" "--release", kill_on_drop: false }`
[INFO] [stderr]     Finished `release` profile [optimized] target(s) in 0.15s
[INFO] [stderr]      Running unittests src/main.rs (/opt/rustwide/target/release/deps/pma-e7c477a4f24b31cf)
[INFO] [stdout] 
[INFO] [stdout] running 3 tests
[INFO] [stdout] test tests::every_command_is_in_exactly_one_group ... ok
[INFO] [stdout] test tests::the_listing_does_not_wrap ... ok
[INFO] [stdout] test tests::every_queued_action_is_a_command_the_cli_parses ... ok
[INFO] [stdout] 
[INFO] [stderr]      Running tests/cli.rs (/opt/rustwide/target/release/deps/cli-ac5abf9c546f5f61)
[INFO] [stdout] test result: ok. 3 passed; 0 failed; 0 ignored; 0 measured; 0 filtered out; finished in 0.01s
[INFO] [stdout] 
[INFO] [stdout] 
[INFO] [stdout] running 82 tests
[INFO] [stdout] test a_directory_without_a_todo_is_skipped ... ok
[INFO] [stdout] test a_document_the_runtime_cannot_take_is_refused_at_propose ... ok
[INFO] [stdout] test a_check_that_cannot_run_is_unknown_and_takes_the_default_edge ... ok
[INFO] [stdout] test a_dry_run_names_a_node_the_policy_would_refuse ... ok
[INFO] [stdout] test a_call_around_a_rule_only_callee_runs_as_one_graph ... ok
[INFO] [stdout] test a_pass_runs_the_free_nodes_and_never_spends_without_approval ... ok
[INFO] [stdout] test a_git_setting_added_by_a_read_node_fails_its_run ... ok
[INFO] [stdout] test a_missing_checkout_is_cloned_from_its_recorded_slug ... ok
[INFO] [stdout] test a_cap_rolls_the_batch_back_and_a_raised_cap_resumes ... ok
[INFO] [stdout] test a_git_setting_added_by_the_agent_fails_the_run_before_pma_runs_git ... ok
[INFO] [stdout] test a_check_waits_until_the_run_is_decided ... ok
[INFO] [stdout] test a_node_that_writes_no_output_failed ... ok
[INFO] [stdout] test a_plan_id_names_its_target_and_arguments ... ok
[INFO] [stdout] test a_detached_workflow_runs_to_the_end_in_the_background ... ok
[INFO] [stdout] test a_failed_check_escalates_once_and_records_both_attempts ... ok
[INFO] [stdout] test a_detached_job_waits_for_approval_and_notifies ... ok
[INFO] [stdout] test a_foreground_approval_settles_the_waiting_job ... ok
[INFO] [stdout] test a_reduce_waits_for_every_branch ... ok
[INFO] [stdout] test a_rule_that_overflows_its_cap_stops_the_pass ... ok
[INFO] [stdout] test a_reduce_applies_the_rule_it_names ... ok
[INFO] [stdout] test a_replaced_git_dir_is_refused_before_pma_runs_git_in_it ... ok
[INFO] [stdout] test a_project_shows_its_state_tasks_and_runs ... ok
[INFO] [stdout] test a_refused_dispatch_leaves_no_worktree_behind ... ok
[INFO] [stdout] test a_batch_approval_refuses_a_list_with_anything_to_read_in_it ... ok
[INFO] [stdout] test a_sink_refuses_a_unit_alone_and_does_not_repeat_what_it_wrote ... ok
[INFO] [stdout] test a_stopped_instance_runs_nothing_more ... ok
[INFO] [stdout] test a_target_yields_the_type_the_workflow_reads ... ok
[INFO] [stdout] test a_workflow_document_is_a_draft_until_its_cost_is_accepted ... ok
[INFO] [stdout] test a_run_with_no_changes_is_not_published ... ok
[INFO] [stdout] test an_absent_project_is_not_ranked ... ok
[INFO] [stdout] test a_local_unattended_instance_leaves_verified_edits_unstaged ... ok
[INFO] [stdout] test a_campaign_applies_one_definition_across_repositories ... ok
[INFO] [stdout] test an_agent_node_is_priced_then_run_on_approval ... ok
[INFO] [stdout] test a_shadow_policy_refuses_scopes_and_approves_nothing ... ok
[INFO] [stdout] test a_target_can_name_a_heading_or_a_quadrant ... ok
[INFO] [stdout] test a_policy_is_a_draft_until_activated_and_replays_exactly ... ok
[INFO] [stdout] test a_worker_no_longer_names_a_model ... ok
[INFO] [stdout] test a_hook_added_during_a_run_stops_its_push ... ok
[INFO] [stdout] test a_preset_names_a_worker_a_model_and_its_configuration ... ok
[INFO] [stdout] test an_id_keeps_the_age_git_gave_an_item ... ok
[INFO] [stdout] test an_instance_resumes_under_its_own_revision ... ok
[INFO] [stdout] test an_instance_may_not_exceed_its_edit_cap ... ok
[INFO] [stdout] test clean_file_exits_zero_silently ... ok
[INFO] [stdout] test a_worker_without_json_output_or_an_allowlist_runs_the_same_path ... ok
[INFO] [stdout] test errors_in_any_file_exit_one_and_every_file_is_checked ... ok
[INFO] [stdout] test an_edit_node_dispatches_a_run_and_routes_on_its_verdict ... ok
[INFO] [stdout] test a_pull_request_holds_its_task_until_merged_or_closed ... ok
[INFO] [stdout] test an_id_keeps_an_items_age_and_its_run_across_a_reword ... ok
[INFO] [stdout] test an_applied_route_outranks_the_default_preset ... ok
[INFO] [stdout] test an_untiered_project_is_routed_at_the_default_tier ... ok
[INFO] [stdout] test prune_lists_then_removes_finished_items ... ok
[INFO] [stdout] test auto_dispatch_passes_over_refused_tasks_and_names_the_cause ... ok
[INFO] [stdout] test agent_runs_go_in_parallel_and_the_batch_budget_bounds_the_pass ... ok
[INFO] [stdout] test settings_toml_is_the_configuration ... ok
[INFO] [stdout] test an_infrastructure_rejection_uses_no_attempt_and_is_in_no_share ... ok
[INFO] [stdout] test front_ends_racing_on_one_run_act_only_on_what_they_were_shown ... ok
[INFO] [stdout] test notes_and_measured_dependencies ... ok
[INFO] [stdout] test the_documented_workflow_library_reads_as_documented ... FAILED
[INFO] [stdout] test next_lists_work_for_agents_and_for_you ... ok
[INFO] [stdout] test an_approval_requires_the_tree_last_shown ... ok
[INFO] [stdout] test a_retried_publish_publishes_only_what_was_approved ... ok
[INFO] [stdout] test the_web_view_is_local_and_shares_the_store ... ok
[INFO] [stdout] test the_web_understands_every_act_in_the_key_table ... ok
[INFO] [stdout] test front_ends_racing_on_one_plan_approve_it_once ... ok
[INFO] [stdout] test the_web_view_listens_on_the_port_named ... ok
[INFO] [stdout] test scan_rank_and_explain_a_real_repo ... ok
[INFO] [stdout] test warnings_alone_exit_zero ... ok
[INFO] [stdout] test an_agent_does_not_outlive_a_killed_session ... FAILED
[INFO] [stdout] test sync_plans_then_applies_and_settles ... ok
[INFO] [stdout] test a_second_session_leaves_running_runs_alone ... ok
[INFO] [stdout] test nodes_are_routed_apart_and_a_failed_validator_passes_nothing_on ... ok
[INFO] [stdout] test changelog_entries_are_drafted_beside_the_change ... ok
[INFO] [stdout] test tiers_and_tags_go_out_to_a_file_and_come_back ... ok
[INFO] [stdout] test the_scope_check_reads_the_whole_change_not_the_agents_report ... ok
[INFO] [stdout] test verify_runs_the_check_where_a_dispatch_would ... ok
[INFO] [stdout] test an_approval_is_evidence_about_a_tree_not_a_state ... ok
[INFO] [stdout] test verify_cannot_write_outside_its_worktree ... ok
[INFO] [stdout] test unknown_cost_counts_against_the_batch_budget ... ok
[INFO] [stdout] test the_agents_own_commits_are_not_published ... ok
[INFO] [stdout] test publishing_resumes_after_a_partial_failure ... ok
[INFO] [stdout] test dispatch_review_rework_and_push ... ok
[INFO] [stdout] test stopping_a_running_job_kills_its_agent ... FAILED
[INFO] [stdout] 
[INFO] [stdout] failures:
[INFO] [stdout] 
[INFO] [stdout] ---- the_documented_workflow_library_reads_as_documented stdout ----
[INFO] [stdout] 
[INFO] [stdout] thread 'the_documented_workflow_library_reads_as_documented' (12242) panicked at tests/cli.rs:5299:6:
[INFO] [stdout] called `Result::unwrap()` on an `Err` value: Os { code: 2, kind: NotFound, message: "No such file or directory" }
[INFO] [stdout] stack backtrace:
[INFO] [stdout]    0:     0x60a49affbc31 - <<std[70759c8f55707aa4]::sys::backtrace::BacktraceLock>::print::DisplayBacktrace as core[df12db4294e9bfd3]::fmt::Display>::fmt
[INFO] [stdout]    1:     0x60a49b01183a - core[df12db4294e9bfd3]::fmt::write
[INFO] [stdout]    2:     0x60a49b00060c - <alloc[2182bb758b4b3781]::vec::Vec<u8> as core[df12db4294e9bfd3]::io::write::Write>::write_fmt
[INFO] [stdout]    3:     0x60a49afd4706 - std[70759c8f55707aa4]::panicking::default_hook::{closure#0}
[INFO] [stdout]    4:     0x60a49aff2b29 - std[70759c8f55707aa4]::panicking::default_hook
[INFO] [stdout]    5:     0x60a49af8bc60 - test[9d35eded1c95d3be]::test_main_inner::<test[9d35eded1c95d3be]::test_main_static::{closure#0}>::{closure#0}
[INFO] [stdout]    6:     0x60a49aff2ce2 - std[70759c8f55707aa4]::panicking::panic_with_hook
[INFO] [stdout]    7:     0x60a49afd47b2 - std[70759c8f55707aa4]::panicking::panic_handler::{closure#0}
[INFO] [stdout]    8:     0x60a49afcd179 - std[70759c8f55707aa4]::sys::backtrace::__rust_end_short_backtrace::<std[70759c8f55707aa4]::panicking::panic_handler::{closure#0}, !>
[INFO] [stdout]    9:     0x60a49afd574d - __rustc[8fa7c3cbc660c2b3]::rust_begin_unwind
[INFO] [stdout]   10:     0x60a49b011f9c - core[df12db4294e9bfd3]::panicking::panic_fmt
[INFO] [stdout]   11:     0x60a49b011d72 - core[df12db4294e9bfd3]::result::unwrap_failed
[INFO] [stdout]   12:     0x60a49adb106f - <cli[c43509d623a15359]::the_documented_workflow_library_reads_as_documented::{closure#0} as core[df12db4294e9bfd3]::ops::function::FnOnce<()>>::call_once
[INFO] [stdout]   13:     0x60a49af7ef4b - test[9d35eded1c95d3be]::__rust_begin_short_backtrace::<core[df12db4294e9bfd3]::result::Result<(), alloc[2182bb758b4b3781]::string::String>, fn() -> core[df12db4294e9bfd3]::result::Result<(), alloc[2182bb758b4b3781]::string::String>>
[INFO] [stdout]   14:     0x60a49af8c5b5 - test[9d35eded1c95d3be]::run_test::{closure#0}
[INFO] [stdout]   15:     0x60a49af85e74 - std[70759c8f55707aa4]::sys::backtrace::__rust_begin_short_backtrace::<test[9d35eded1c95d3be]::run_test::{closure#1}, ()>
[INFO] [stdout]   16:     0x60a49af8f712 - <std[70759c8f55707aa4]::thread::lifecycle::spawn_unchecked<test[9d35eded1c95d3be]::run_test::{closure#1}, ()>::{closure#1} as core[df12db4294e9bfd3]::ops::function::FnOnce<()>>::call_once::{shim:vtable#0}
[INFO] [stdout]   17:     0x60a49affa839 - <std[70759c8f55707aa4]::sys::thread::unix::Thread>::new::thread_start
[INFO] [stdout]   18:     0x75a5f11dcdfa - <unknown>
[INFO] [stdout]   19:     0x75a5f12703d4 - clone
[INFO] [stdout]   20:                0x0 - <unknown>
[INFO] [stdout] 
[INFO] [stdout] ---- an_agent_does_not_outlive_a_killed_session stdout ----
[INFO] [stdout] 
[INFO] [stdout] thread 'an_agent_does_not_outlive_a_killed_session' (6341) panicked at tests/cli.rs:4687:5:
[INFO] [stdout] agent 7618 outlived its session
[INFO] [stdout] stack backtrace:
[INFO] [stdout]    0:     0x60a49affbc31 - <<std[70759c8f55707aa4]::sys::backtrace::BacktraceLock>::print::DisplayBacktrace as core[df12db4294e9bfd3]::fmt::Display>::fmt
[INFO] [stdout]    1:     0x60a49b01183a - core[df12db4294e9bfd3]::fmt::write
[INFO] [stdout]    2:     0x60a49b00060c - <alloc[2182bb758b4b3781]::vec::Vec<u8> as core[df12db4294e9bfd3]::io::write::Write>::write_fmt
[INFO] [stdout]    3:     0x60a49afd4706 - std[70759c8f55707aa4]::panicking::default_hook::{closure#0}
[INFO] [stdout]    4:     0x60a49aff2b29 - std[70759c8f55707aa4]::panicking::default_hook
[INFO] [stdout]    5:     0x60a49af8bc60 - test[9d35eded1c95d3be]::test_main_inner::<test[9d35eded1c95d3be]::test_main_static::{closure#0}>::{closure#0}
[INFO] [stdout]    6:     0x60a49aff2ce2 - std[70759c8f55707aa4]::panicking::panic_with_hook
[INFO] [stdout]    7:     0x60a49afd47b2 - std[70759c8f55707aa4]::panicking::panic_handler::{closure#0}
[INFO] [stdout]    8:     0x60a49afcd179 - std[70759c8f55707aa4]::sys::backtrace::__rust_end_short_backtrace::<std[70759c8f55707aa4]::panicking::panic_handler::{closure#0}, !>
[INFO] [stdout]    9:     0x60a49afd574d - __rustc[8fa7c3cbc660c2b3]::rust_begin_unwind
[INFO] [stdout]   10:     0x60a49b011f9c - core[df12db4294e9bfd3]::panicking::panic_fmt
[INFO] [stdout]   11:     0x60a49ad9bb7a - <cli[c43509d623a15359]::an_agent_does_not_outlive_a_killed_session::{closure#0} as core[df12db4294e9bfd3]::ops::function::FnOnce<()>>::call_once
[INFO] [stdout]   12:     0x60a49af7ef4b - test[9d35eded1c95d3be]::__rust_begin_short_backtrace::<core[df12db4294e9bfd3]::result::Result<(), alloc[2182bb758b4b3781]::string::String>, fn() -> core[df12db4294e9bfd3]::result::Result<(), alloc[2182bb758b4b3781]::string::String>>
[INFO] [stdout]   13:     0x60a49af8c5b5 - test[9d35eded1c95d3be]::run_test::{closure#0}
[INFO] [stdout]   14:     0x60a49af85e74 - std[70759c8f55707aa4]::sys::backtrace::__rust_begin_short_backtrace::<test[9d35eded1c95d3be]::run_test::{closure#1}, ()>
[INFO] [stdout]   15:     0x60a49af8f712 - <std[70759c8f55707aa4]::thread::lifecycle::spawn_unchecked<test[9d35eded1c95d3be]::run_test::{closure#1}, ()>::{closure#1} as core[df12db4294e9bfd3]::ops::function::FnOnce<()>>::call_once::{shim:vtable#0}
[INFO] [stdout]   16:     0x60a49affa839 - <std[70759c8f55707aa4]::sys::thread::unix::Thread>::new::thread_start
[INFO] [stdout]   17:     0x75a5f11dcdfa - <unknown>
[INFO] [stdout]   18:     0x75a5f12703d4 - clone
[INFO] [stdout]   19:                0x0 - <unknown>
[INFO] [stdout] 
[INFO] [stdout] ---- stopping_a_running_job_kills_its_agent stdout ----
[INFO] [stdout] 
[INFO] [stdout] thread 'stopping_a_running_job_kills_its_agent' (11812) panicked at tests/cli.rs:3185:9:
[INFO] [stdout] the agent outlived its job
[INFO] [stdout] stack backtrace:
[INFO] [stdout]    0:     0x60a49affbc31 - <<std[70759c8f55707aa4]::sys::backtrace::BacktraceLock>::print::DisplayBacktrace as core[df12db4294e9bfd3]::fmt::Display>::fmt
[INFO] [stdout]    1:     0x60a49b01183a - core[df12db4294e9bfd3]::fmt::write
[INFO] [stdout]    2:     0x60a49b00060c - <alloc[2182bb758b4b3781]::vec::Vec<u8> as core[df12db4294e9bfd3]::io::write::Write>::write_fmt
[INFO] [stdout]    3:     0x60a49afd4706 - std[70759c8f55707aa4]::panicking::default_hook::{closure#0}
[INFO] [stdout]    4:     0x60a49aff2b29 - std[70759c8f55707aa4]::panicking::default_hook
[INFO] [stdout]    5:     0x60a49af8bc60 - test[9d35eded1c95d3be]::test_main_inner::<test[9d35eded1c95d3be]::test_main_static::{closure#0}>::{closure#0}
[INFO] [stdout]    6:     0x60a49aff2ce2 - std[70759c8f55707aa4]::panicking::panic_with_hook
[INFO] [stdout]    7:     0x60a49afd47e4 - std[70759c8f55707aa4]::panicking::panic_handler::{closure#0}
[INFO] [stdout]    8:     0x60a49afcd179 - std[70759c8f55707aa4]::sys::backtrace::__rust_end_short_backtrace::<std[70759c8f55707aa4]::panicking::panic_handler::{closure#0}, !>
[INFO] [stdout]    9:     0x60a49afd574d - __rustc[8fa7c3cbc660c2b3]::rust_begin_unwind
[INFO] [stdout]   10:     0x60a49b011f9c - core[df12db4294e9bfd3]::panicking::panic_fmt
[INFO] [stdout]   11:     0x60a49ad93d74 - <cli[c43509d623a15359]::stopping_a_running_job_kills_its_agent::{closure#0} as core[df12db4294e9bfd3]::ops::function::FnOnce<()>>::call_once
[INFO] [stdout]   12:     0x60a49af7ef4b - test[9d35eded1c95d3be]::__rust_begin_short_backtrace::<core[df12db4294e9bfd3]::result::Result<(), alloc[2182bb758b4b3781]::string::String>, fn() -> core[df12db4294e9bfd3]::result::Result<(), alloc[2182bb758b4b3781]::string::String>>
[INFO] [stdout]   13:     0x60a49af8c5b5 - test[9d35eded1c95d3be]::run_test::{closure#0}
[INFO] [stdout]   14:     0x60a49af85e74 - std[70759c8f55707aa4]::sys::backtrace::__rust_begin_short_backtrace::<test[9d35eded1c95d3be]::run_test::{closure#1}, ()>
[INFO] [stdout]   15:     0x60a49af8f712 - <std[70759c8f55707aa4]::thread::lifecycle::spawn_unchecked<test[9d35eded1c95d3be]::run_test::{closure#1}, ()>::{closure#1} as core[df12db4294e9bfd3]::ops::function::FnOnce<()>>::call_once::{shim:vtable#0}
[INFO] [stdout]   16:     0x60a49affa839 - <std[70759c8f55707aa4]::sys::thread::unix::Thread>::new::thread_start
[INFO] [stdout]   17:     0x75a5f11dcdfa - <unknown>
[INFO] [stdout]   18:     0x75a5f12703d4 - clone
[INFO] [stdout]   19:                0x0 - <unknown>
[INFO] [stdout] 
[INFO] [stdout] 
[INFO] [stdout] failures:
[INFO] [stdout]     an_agent_does_not_outlive_a_killed_session
[INFO] [stdout]     stopping_a_running_job_kills_its_agent
[INFO] [stdout]     the_documented_workflow_library_reads_as_documented
[INFO] [stdout] 
[INFO] [stdout] test result: FAILED. 79 passed; 3 failed; 0 ignored; 0 measured; 0 filtered out; finished in 21.01s
[INFO] [stdout] 
[INFO] [stderr] error: test failed, to rerun pass `--test cli`
[INFO] running `Command { std: "docker" "inspect" "c6712a476b6e6574b630090162bf4ab5c1d3f5422d749b6dab2f48b31ed5ac47", kill_on_drop: false }`
[INFO] running `Command { std: "docker" "rm" "-f" "c6712a476b6e6574b630090162bf4ab5c1d3f5422d749b6dab2f48b31ed5ac47", kill_on_drop: false }`
[INFO] [stdout] c6712a476b6e6574b630090162bf4ab5c1d3f5422d749b6dab2f48b31ed5ac47
