[INFO] fetching crate ply-rs 0.1.3...
[INFO] testing ply-rs-0.1.3 against 1.100.0-beta.1+cargoflags=--release for beta-release-1.100-2
[INFO] extracting crate ply-rs 0.1.3 into /workspace/builds/worker-2-tc2/source
[INFO] started tweaking crates.io crate ply-rs 0.1.3
[INFO] removed 0 missing examples
[INFO] finished tweaking crates.io crate ply-rs 0.1.3
[INFO] tweaked toml for crates.io crate ply-rs 0.1.3 written to /workspace/builds/worker-2-tc2/source/Cargo.toml
[INFO] validating manifest of crates.io crate ply-rs 0.1.3 on toolchain 1.100.0-beta.1
[INFO] running `Command { std: CARGO_HOME="/workspace/cargo-home" RUSTUP_HOME="/workspace/rustup-home" "/workspace/cargo-home/bin/cargo" "+1.100.0-beta.1" "metadata" "--manifest-path" "Cargo.toml" "--no-deps", kill_on_drop: false }`
[INFO] crate crates.io crate ply-rs 0.1.3 already has a lockfile, it will not be regenerated
[INFO] running `Command { std: CARGO_HOME="/workspace/cargo-home" RUSTUP_HOME="/workspace/rustup-home" "/workspace/cargo-home/bin/cargo" "+1.100.0-beta.1" "fetch" "--manifest-path" "Cargo.toml", kill_on_drop: false }`
[INFO] running `Command { std: "docker" "create" "-v" "/var/lib/crater-agent-workspace/builds/worker-2-tc2/source:/opt/rustwide/workdir:ro,Z" "-v" "/var/lib/crater-agent-workspace/builds/worker-2-tc2/target:/opt/rustwide/target:rw,Z" "-v" "/var/lib/crater-agent-workspace/cargo-home:/opt/rustwide/cargo-home:ro,Z" "-v" "/var/lib/crater-agent-workspace/rustup-home:/opt/rustwide/rustup-home:ro,Z" "-m" "1610612736" "--network" "none" "ghcr.io/rust-lang/crates-build-env/linux@sha256:77db811e55d90add9212f6832c23229e3de5f1c1f9905e8cb07319ea15df73ac" "sleep" "infinity", kill_on_drop: false }`
[INFO] [stdout] 63ceaea221c0e2453bb926fbc23968ab755af18f058ab4cd54e09c9b1151043e
[INFO] running `Command { std: "docker" "start" "63ceaea221c0e2453bb926fbc23968ab755af18f058ab4cd54e09c9b1151043e", kill_on_drop: false }`
[INFO] running `Command { std: "docker" "inspect" "63ceaea221c0e2453bb926fbc23968ab755af18f058ab4cd54e09c9b1151043e", kill_on_drop: false }`
[INFO] running `Command { std: "docker" "exec" "-e" "SOURCE_DIR=/opt/rustwide/workdir" "-e" "CARGO_HOME=/opt/rustwide/cargo-home" "-e" "RUSTUP_HOME=/opt/rustwide/rustup-home" "-e" "CARGO_TARGET_DIR=/opt/rustwide/target" "-w" "/opt/rustwide/workdir" "--user" "0:0" "63ceaea221c0e2453bb926fbc23968ab755af18f058ab4cd54e09c9b1151043e" "/opt/rustwide/cargo-home/bin/cargo" "+1.100.0-beta.1" "metadata" "--no-deps" "--format-version=1", kill_on_drop: false }`
[INFO] running `Command { std: "docker" "inspect" "63ceaea221c0e2453bb926fbc23968ab755af18f058ab4cd54e09c9b1151043e", kill_on_drop: false }`
[INFO] running `Command { std: "docker" "exec" "-e" "SOURCE_DIR=/opt/rustwide/workdir" "-e" "CARGO_HOME=/opt/rustwide/cargo-home" "-e" "RUSTUP_HOME=/opt/rustwide/rustup-home" "-e" "CARGO_TARGET_DIR=/opt/rustwide/target" "-e" "CARGO_INCREMENTAL=0" "-e" "RUST_BACKTRACE=full" "-e" "RUSTFLAGS=--cap-lints=warn" "-e" "RUSTDOCFLAGS=--cap-lints=warn" "-w" "/opt/rustwide/workdir" "--user" "0:0" "63ceaea221c0e2453bb926fbc23968ab755af18f058ab4cd54e09c9b1151043e" "/opt/rustwide/cargo-home/bin/cargo" "+1.100.0-beta.1" "build" "--frozen" "--message-format=json" "--release", kill_on_drop: false }`
[INFO] [stderr]    Compiling proc-macro2 v1.0.19
[INFO] [stderr]    Compiling libc v0.2.76
[INFO] [stderr]    Compiling unicode-xid v0.2.1
[INFO] [stderr]    Compiling serde v1.0.115
[INFO] [stderr]    Compiling syn v1.0.39
[INFO] [stderr]    Compiling gimli v0.22.0
[INFO] [stderr]    Compiling ryu v1.0.5
[INFO] [stderr]    Compiling version_check v0.9.2
[INFO] [stderr]    Compiling adler v0.2.3
[INFO] [stderr]    Compiling miniz_oxide v0.4.1
[INFO] [stderr]    Compiling serde_derive v1.0.115
[INFO] [stderr]    Compiling serde_json v1.0.57
[INFO] [stderr]    Compiling cfg-if v0.1.10
[INFO] [stderr]    Compiling error-chain v0.12.4
[INFO] [stderr]    Compiling rustc-demangle v0.1.16
[INFO] [stderr]    Compiling object v0.20.0
[INFO] [stderr]    Compiling bitflags v1.2.1
[INFO] [stderr]    Compiling itoa v0.4.6
[INFO] [stderr]    Compiling pulldown-cmark v0.2.0
[INFO] [stderr]    Compiling semver-parser v0.7.0
[INFO] [stderr]    Compiling remove_dir_all v0.5.3
[INFO] [stderr]    Compiling walkdir v2.3.1
[INFO] [stderr]    Compiling quote v1.0.7
[INFO] [stderr]    Compiling rand v0.4.6
[INFO] [stderr]    Compiling glob v0.2.11
[INFO] [stderr]    Compiling bytecount v0.4.0
[INFO] [stderr]    Compiling byteorder v1.3.4
[INFO] [stderr]    Compiling peg-runtime v0.6.3
[INFO] [stderr]    Compiling peg-macros v0.6.3
[INFO] [stderr]    Compiling tempdir v0.3.7
[INFO] [stderr]    Compiling linked-hash-map v0.5.3
[INFO] [stderr]    Compiling addr2line v0.13.0
[INFO] [stderr]    Compiling backtrace v0.3.50
[INFO] [stderr]    Compiling peg v0.6.3
[INFO] [stderr]    Compiling semver v0.9.0
[INFO] [stderr]    Compiling cargo_metadata v0.6.4
[INFO] [stderr]    Compiling skeptic v0.13.4
[INFO] [stderr]    Compiling ply-rs v0.1.3 (/opt/rustwide/workdir)
[INFO] [stdout] warning: unnecessary parentheses around match arm expression
[INFO] [stdout]    --> src/parser/mod.rs:179:42
[INFO] [stdout]     |
[INFO] [stdout] 179 |             Ok(l @ Line::MagicNumber) => (l),
[INFO] [stdout]     |                                          ^ ^
[INFO] [stdout]     |
[INFO] [stdout]     = note: `#[warn(unused_parens)]` (part of `#[warn(unused)]`) on by default
[INFO] [stdout] help: remove these parentheses
[INFO] [stdout]     |
[INFO] [stdout] 179 -             Ok(l @ Line::MagicNumber) => (l),
[INFO] [stdout] 179 +             Ok(l @ Line::MagicNumber) => l,
[INFO] [stdout]     |
[INFO] [stdout] 
[INFO] [stdout] 
[INFO] [stdout] warning: unnecessary parentheses around match arm expression
[INFO] [stdout]    --> src/parser/mod.rs:199:44
[INFO] [stdout]     |
[INFO] [stdout] 199 |                   Ok(Line::Format(ref t)) => (
[INFO] [stdout]     |  ____________________________________________^
[INFO] [stdout] 200 | |                     if header_form_ver.is_none() {
[INFO] [stdout]     | |____________________^
[INFO] [stdout] ...
[INFO] [stdout] 216 |                       }
[INFO] [stdout]     |  ______________________^
[INFO] [stdout] 217 | |                 ),
[INFO] [stdout]     | |_________________^
[INFO] [stdout]     |
[INFO] [stdout] help: remove these parentheses
[INFO] [stdout]     |
[INFO] [stdout] 199 ~                 Ok(Line::Format(ref t)) => if header_form_ver.is_none() {
[INFO] [stdout] 200 |                         header_form_ver = Some(t.clone());
[INFO] [stdout] ...
[INFO] [stdout] 214 |                         }
[INFO] [stdout] 215 ~                     },
[INFO] [stdout]     |
[INFO] [stdout] 
[INFO] [stdout] 
[INFO] [stdout] warning: unnecessary parentheses around match arm expression
[INFO] [stdout]    --> src/parser/mod.rs:218:45
[INFO] [stdout]     |
[INFO] [stdout] 218 |                    Ok(Line::ObjInfo(ref o)) => (
[INFO] [stdout]     |  ______________________________________________^
[INFO] [stdout] 219 | |                      header_obj_infos.push(o.clone())
[INFO] [stdout]     | | ____________________^________________________________^
[INFO] [stdout]     | ||____________________|
[INFO] [stdout]     |  |
[INFO] [stdout] 220 |  |                 ),
[INFO] [stdout]     |  |_________________^
[INFO] [stdout]     |
[INFO] [stdout] help: remove these parentheses
[INFO] [stdout]     |
[INFO] [stdout] 218 -                 Ok(Line::ObjInfo(ref o)) => (
[INFO] [stdout] 219 -                     header_obj_infos.push(o.clone())
[INFO] [stdout] 220 -                 ),
[INFO] [stdout] 218 +                 Ok(Line::ObjInfo(ref o)) => header_obj_infos.push(o.clone()),
[INFO] [stdout]     |
[INFO] [stdout] 
[INFO] [stdout] 
[INFO] [stdout] warning: unnecessary parentheses around match arm expression
[INFO] [stdout]    --> src/parser/mod.rs:221:45
[INFO] [stdout]     |
[INFO] [stdout] 221 |                    Ok(Line::Comment(ref c)) => (
[INFO] [stdout]     |  ______________________________________________^
[INFO] [stdout] 222 | |                      header_comments.push(c.clone())
[INFO] [stdout]     | | ____________________^_______________________________^
[INFO] [stdout]     | ||____________________|
[INFO] [stdout]     |  |
[INFO] [stdout] 223 |  |                 ),
[INFO] [stdout]     |  |_________________^
[INFO] [stdout]     |
[INFO] [stdout] help: remove these parentheses
[INFO] [stdout]     |
[INFO] [stdout] 221 -                 Ok(Line::Comment(ref c)) => (
[INFO] [stdout] 222 -                     header_comments.push(c.clone())
[INFO] [stdout] 223 -                 ),
[INFO] [stdout] 221 +                 Ok(Line::Comment(ref c)) => header_comments.push(c.clone()),
[INFO] [stdout]     |
[INFO] [stdout] 
[INFO] [stdout] 
[INFO] [stdout] warning: unnecessary parentheses around match arm expression
[INFO] [stdout]    --> src/parser/mod.rs:227:42
[INFO] [stdout]     |
[INFO] [stdout] 227 |                   Ok(Line::Property(p)) => (
[INFO] [stdout]     |  __________________________________________^
[INFO] [stdout] 228 | |                     if header_elements.is_empty() {
[INFO] [stdout]     | |____________________^
[INFO] [stdout] ...
[INFO] [stdout] 238 |                       }
[INFO] [stdout]     |  ______________________^
[INFO] [stdout] 239 | |                 ),
[INFO] [stdout]     | |_________________^
[INFO] [stdout]     |
[INFO] [stdout] help: remove these parentheses
[INFO] [stdout]     |
[INFO] [stdout] 227 ~                 Ok(Line::Property(p)) => if header_elements.is_empty() {
[INFO] [stdout] 228 |                         return parse_ascii_error(
[INFO] [stdout] ...
[INFO] [stdout] 236 |                         header_elements.add(e);
[INFO] [stdout] 237 ~                     },
[INFO] [stdout]     |
[INFO] [stdout] 
[INFO] [stdout] 
[INFO] [stderr]     Finished `release` profile [optimized] target(s) in 23.32s
[INFO] running `Command { std: "docker" "inspect" "63ceaea221c0e2453bb926fbc23968ab755af18f058ab4cd54e09c9b1151043e", kill_on_drop: false }`
[INFO] running `Command { std: "docker" "exec" "-e" "SOURCE_DIR=/opt/rustwide/workdir" "-e" "CARGO_HOME=/opt/rustwide/cargo-home" "-e" "RUSTUP_HOME=/opt/rustwide/rustup-home" "-e" "CARGO_TARGET_DIR=/opt/rustwide/target" "-e" "CARGO_INCREMENTAL=0" "-e" "RUST_BACKTRACE=full" "-e" "RUSTFLAGS=--cap-lints=warn" "-e" "RUSTDOCFLAGS=--cap-lints=warn" "-w" "/opt/rustwide/workdir" "--user" "0:0" "63ceaea221c0e2453bb926fbc23968ab755af18f058ab4cd54e09c9b1151043e" "/opt/rustwide/cargo-home/bin/cargo" "+1.100.0-beta.1" "test" "--frozen" "--no-run" "--message-format=json" "--release", kill_on_drop: false }`
[INFO] [stderr]    Compiling libc v0.2.76
[INFO] [stderr]    Compiling serde v1.0.115
[INFO] [stderr]    Compiling adler v0.2.3
[INFO] [stderr]    Compiling gimli v0.22.0
[INFO] [stderr]    Compiling ryu v1.0.5
[INFO] [stderr]    Compiling rustc-demangle v0.1.16
[INFO] [stderr]    Compiling object v0.20.0
[INFO] [stderr]    Compiling error-chain v0.12.4
[INFO] [stderr]    Compiling bitflags v1.2.1
[INFO] [stderr]    Compiling miniz_oxide v0.4.1
[INFO] [stderr]    Compiling serde_json v1.0.57
[INFO] [stderr]    Compiling itoa v0.4.6
[INFO] [stderr]    Compiling semver-parser v0.7.0
[INFO] [stderr]    Compiling pulldown-cmark v0.2.0
[INFO] [stderr]    Compiling remove_dir_all v0.5.3
[INFO] [stderr]    Compiling walkdir v2.3.1
[INFO] [stderr]    Compiling rand v0.4.6
[INFO] [stderr]    Compiling glob v0.2.11
[INFO] [stderr]    Compiling bytecount v0.4.0
[INFO] [stderr]    Compiling tempdir v0.3.7
[INFO] [stdout] warning: unnecessary parentheses around match arm expression
[INFO] [stdout]    --> src/parser/mod.rs:179:42
[INFO] [stdout]     |
[INFO] [stdout] 179 |             Ok(l @ Line::MagicNumber) => (l),
[INFO] [stdout]     |                                          ^ ^
[INFO] [stdout]     |
[INFO] [stdout]     = note: `#[warn(unused_parens)]` (part of `#[warn(unused)]`) on by default
[INFO] [stdout] help: remove these parentheses
[INFO] [stdout]     |
[INFO] [stdout] 179 -             Ok(l @ Line::MagicNumber) => (l),
[INFO] [stdout] 179 +             Ok(l @ Line::MagicNumber) => l,
[INFO] [stdout]     |
[INFO] [stdout] 
[INFO] [stdout] 
[INFO] [stdout] warning: unnecessary parentheses around match arm expression
[INFO] [stdout]    --> src/parser/mod.rs:199:44
[INFO] [stdout]     |
[INFO] [stdout] 199 |                   Ok(Line::Format(ref t)) => (
[INFO] [stdout]     |  ____________________________________________^
[INFO] [stdout] 200 | |                     if header_form_ver.is_none() {
[INFO] [stdout]     | |____________________^
[INFO] [stdout] ...
[INFO] [stdout] 216 |                       }
[INFO] [stdout]     |  ______________________^
[INFO] [stdout] 217 | |                 ),
[INFO] [stdout]     | |_________________^
[INFO] [stdout]     |
[INFO] [stdout] help: remove these parentheses
[INFO] [stdout]     |
[INFO] [stdout] 199 ~                 Ok(Line::Format(ref t)) => if header_form_ver.is_none() {
[INFO] [stdout] 200 |                         header_form_ver = Some(t.clone());
[INFO] [stdout] ...
[INFO] [stdout] 214 |                         }
[INFO] [stdout] 215 ~                     },
[INFO] [stdout]     |
[INFO] [stdout] 
[INFO] [stdout] 
[INFO] [stdout] warning: unnecessary parentheses around match arm expression
[INFO] [stdout]    --> src/parser/mod.rs:218:45
[INFO] [stdout]     |
[INFO] [stdout] 218 |                    Ok(Line::ObjInfo(ref o)) => (
[INFO] [stdout]     |  ______________________________________________^
[INFO] [stdout] 219 | |                      header_obj_infos.push(o.clone())
[INFO] [stdout]     | | ____________________^________________________________^
[INFO] [stdout]     | ||____________________|
[INFO] [stdout]     |  |
[INFO] [stdout] 220 |  |                 ),
[INFO] [stdout]     |  |_________________^
[INFO] [stdout]     |
[INFO] [stdout] help: remove these parentheses
[INFO] [stdout]     |
[INFO] [stdout] 218 -                 Ok(Line::ObjInfo(ref o)) => (
[INFO] [stdout] 219 -                     header_obj_infos.push(o.clone())
[INFO] [stdout] 220 -                 ),
[INFO] [stdout] 218 +                 Ok(Line::ObjInfo(ref o)) => header_obj_infos.push(o.clone()),
[INFO] [stdout]     |
[INFO] [stdout] 
[INFO] [stdout] 
[INFO] [stdout] warning: unnecessary parentheses around match arm expression
[INFO] [stdout]    --> src/parser/mod.rs:221:45
[INFO] [stdout]     |
[INFO] [stdout] 221 |                    Ok(Line::Comment(ref c)) => (
[INFO] [stdout]     |  ______________________________________________^
[INFO] [stdout] 222 | |                      header_comments.push(c.clone())
[INFO] [stdout]     | | ____________________^_______________________________^
[INFO] [stdout]     | ||____________________|
[INFO] [stdout]     |  |
[INFO] [stdout] 223 |  |                 ),
[INFO] [stdout]     |  |_________________^
[INFO] [stdout]     |
[INFO] [stdout] help: remove these parentheses
[INFO] [stdout]     |
[INFO] [stdout] 221 -                 Ok(Line::Comment(ref c)) => (
[INFO] [stdout] 222 -                     header_comments.push(c.clone())
[INFO] [stdout] 223 -                 ),
[INFO] [stdout] 221 +                 Ok(Line::Comment(ref c)) => header_comments.push(c.clone()),
[INFO] [stdout]     |
[INFO] [stdout] 
[INFO] [stdout] 
[INFO] [stdout] warning: unnecessary parentheses around match arm expression
[INFO] [stdout]    --> src/parser/mod.rs:227:42
[INFO] [stdout]     |
[INFO] [stdout] 227 |                   Ok(Line::Property(p)) => (
[INFO] [stdout]     |  __________________________________________^
[INFO] [stdout] 228 | |                     if header_elements.is_empty() {
[INFO] [stdout]     | |____________________^
[INFO] [stdout] ...
[INFO] [stdout] 238 |                       }
[INFO] [stdout]     |  ______________________^
[INFO] [stdout] 239 | |                 ),
[INFO] [stdout]     | |_________________^
[INFO] [stdout]     |
[INFO] [stdout] help: remove these parentheses
[INFO] [stdout]     |
[INFO] [stdout] 227 ~                 Ok(Line::Property(p)) => if header_elements.is_empty() {
[INFO] [stdout] 228 |                         return parse_ascii_error(
[INFO] [stdout] ...
[INFO] [stdout] 236 |                         header_elements.add(e);
[INFO] [stdout] 237 ~                     },
[INFO] [stdout]     |
[INFO] [stdout] 
[INFO] [stdout] 
[INFO] [stderr]    Compiling addr2line v0.13.0
[INFO] [stderr]    Compiling backtrace v0.3.50
[INFO] [stderr]    Compiling semver v0.9.0
[INFO] [stderr]    Compiling cargo_metadata v0.6.4
[INFO] [stderr]    Compiling skeptic v0.13.4
[INFO] [stderr]    Compiling ply-rs v0.1.3 (/opt/rustwide/workdir)
[INFO] [stdout] warning: panic message is not a string literal
[INFO] [stdout]   --> tests/read.rs:10:26
[INFO] [stdout]    |
[INFO] [stdout] 10 |     assert!(ply.is_ok(), format!("failed: {}", ply.err().unwrap()));
[INFO] [stdout]    |                          ^^^^^^^^^^^^^^^^^^^^^^^^^^^^^^^^^^^^^^^^^
[INFO] [stdout]    |
[INFO] [stdout]    = note: this usage of `assert!()` is deprecated; it will be a hard error in Rust 2021
[INFO] [stdout]    = note: for more information, see <https://doc.rust-lang.org/edition-guide/rust-2021/panic-macro-consistency.html>
[INFO] [stdout]    = note: the `assert!()` macro supports formatting, so there's no need for the `format!()` macro here
[INFO] [stdout]    = note: for more information, see <https://doc.rust-lang.org/edition-guide/rust-2021/panic-macro-consistency.html>
[INFO] [stdout]    = note: `#[warn(non_fmt_panics)]` (part of `#[warn(rust_2021_compatibility)]`) on by default
[INFO] [stdout] help: remove the `format!(..)` macro call
[INFO] [stdout]    |
[INFO] [stdout] 10 -     assert!(ply.is_ok(), format!("failed: {}", ply.err().unwrap()));
[INFO] [stdout] 10 +     assert!(ply.is_ok(), "failed: {}", ply.err().unwrap());
[INFO] [stdout]    |
[INFO] [stdout] 
[INFO] [stdout] 
[INFO] [stdout] warning: panic message is not a string literal
[INFO] [stdout]   --> tests/write.rs:11:26
[INFO] [stdout]    |
[INFO] [stdout] 11 |     assert!(ply.is_ok(), format!("failed: {}", ply.err().unwrap()));
[INFO] [stdout]    |                          ^^^^^^^^^^^^^^^^^^^^^^^^^^^^^^^^^^^^^^^^^
[INFO] [stdout]    |
[INFO] [stdout]    = note: this usage of `assert!()` is deprecated; it will be a hard error in Rust 2021
[INFO] [stdout]    = note: for more information, see <https://doc.rust-lang.org/edition-guide/rust-2021/panic-macro-consistency.html>
[INFO] [stdout]    = note: the `assert!()` macro supports formatting, so there's no need for the `format!()` macro here
[INFO] [stdout]    = note: for more information, see <https://doc.rust-lang.org/edition-guide/rust-2021/panic-macro-consistency.html>
[INFO] [stdout]    = note: `#[warn(non_fmt_panics)]` (part of `#[warn(rust_2021_compatibility)]`) on by default
[INFO] [stdout] help: remove the `format!(..)` macro call
[INFO] [stdout]    |
[INFO] [stdout] 11 -     assert!(ply.is_ok(), format!("failed: {}", ply.err().unwrap()));
[INFO] [stdout] 11 +     assert!(ply.is_ok(), "failed: {}", ply.err().unwrap());
[INFO] [stdout]    |
[INFO] [stdout] 
[INFO] [stdout] 
[INFO] [stdout] warning: unnecessary parentheses around match arm expression
[INFO] [stdout]    --> src/parser/mod.rs:179:42
[INFO] [stdout]     |
[INFO] [stdout] 179 |             Ok(l @ Line::MagicNumber) => (l),
[INFO] [stdout]     |                                          ^ ^
[INFO] [stdout]     |
[INFO] [stdout]     = note: `#[warn(unused_parens)]` (part of `#[warn(unused)]`) on by default
[INFO] [stdout] help: remove these parentheses
[INFO] [stdout]     |
[INFO] [stdout] 179 -             Ok(l @ Line::MagicNumber) => (l),
[INFO] [stdout] 179 +             Ok(l @ Line::MagicNumber) => l,
[INFO] [stdout]     |
[INFO] [stdout] 
[INFO] [stdout] 
[INFO] [stdout] warning: unnecessary parentheses around match arm expression
[INFO] [stdout]    --> src/parser/mod.rs:199:44
[INFO] [stdout]     |
[INFO] [stdout] 199 |                   Ok(Line::Format(ref t)) => (
[INFO] [stdout]     |  ____________________________________________^
[INFO] [stdout] 200 | |                     if header_form_ver.is_none() {
[INFO] [stdout]     | |____________________^
[INFO] [stdout] ...
[INFO] [stdout] 216 |                       }
[INFO] [stdout]     |  ______________________^
[INFO] [stdout] 217 | |                 ),
[INFO] [stdout]     | |_________________^
[INFO] [stdout]     |
[INFO] [stdout] help: remove these parentheses
[INFO] [stdout]     |
[INFO] [stdout] 199 ~                 Ok(Line::Format(ref t)) => if header_form_ver.is_none() {
[INFO] [stdout] 200 |                         header_form_ver = Some(t.clone());
[INFO] [stdout] ...
[INFO] [stdout] 214 |                         }
[INFO] [stdout] 215 ~                     },
[INFO] [stdout]     |
[INFO] [stdout] 
[INFO] [stdout] 
[INFO] [stdout] warning: unnecessary parentheses around match arm expression
[INFO] [stdout]    --> src/parser/mod.rs:218:45
[INFO] [stdout]     |
[INFO] [stdout] 218 |                    Ok(Line::ObjInfo(ref o)) => (
[INFO] [stdout]     |  ______________________________________________^
[INFO] [stdout] 219 | |                      header_obj_infos.push(o.clone())
[INFO] [stdout]     | | ____________________^________________________________^
[INFO] [stdout]     | ||____________________|
[INFO] [stdout]     |  |
[INFO] [stdout] 220 |  |                 ),
[INFO] [stdout]     |  |_________________^
[INFO] [stdout]     |
[INFO] [stdout] help: remove these parentheses
[INFO] [stdout]     |
[INFO] [stdout] 218 -                 Ok(Line::ObjInfo(ref o)) => (
[INFO] [stdout] 219 -                     header_obj_infos.push(o.clone())
[INFO] [stdout] 220 -                 ),
[INFO] [stdout] 218 +                 Ok(Line::ObjInfo(ref o)) => header_obj_infos.push(o.clone()),
[INFO] [stdout]     |
[INFO] [stdout] 
[INFO] [stdout] 
[INFO] [stdout] warning: unnecessary parentheses around match arm expression
[INFO] [stdout]    --> src/parser/mod.rs:221:45
[INFO] [stdout]     |
[INFO] [stdout] 221 |                    Ok(Line::Comment(ref c)) => (
[INFO] [stdout]     |  ______________________________________________^
[INFO] [stdout] 222 | |                      header_comments.push(c.clone())
[INFO] [stdout]     | | ____________________^_______________________________^
[INFO] [stdout]     | ||____________________|
[INFO] [stdout]     |  |
[INFO] [stdout] 223 |  |                 ),
[INFO] [stdout]     |  |_________________^
[INFO] [stdout]     |
[INFO] [stdout] help: remove these parentheses
[INFO] [stdout]     |
[INFO] [stdout] 221 -                 Ok(Line::Comment(ref c)) => (
[INFO] [stdout] 222 -                     header_comments.push(c.clone())
[INFO] [stdout] 223 -                 ),
[INFO] [stdout] 221 +                 Ok(Line::Comment(ref c)) => header_comments.push(c.clone()),
[INFO] [stdout]     |
[INFO] [stdout] 
[INFO] [stdout] 
[INFO] [stdout] warning: unnecessary parentheses around match arm expression
[INFO] [stdout]    --> src/parser/mod.rs:227:42
[INFO] [stdout]     |
[INFO] [stdout] 227 |                   Ok(Line::Property(p)) => (
[INFO] [stdout]     |  __________________________________________^
[INFO] [stdout] 228 | |                     if header_elements.is_empty() {
[INFO] [stdout]     | |____________________^
[INFO] [stdout] ...
[INFO] [stdout] 238 |                       }
[INFO] [stdout]     |  ______________________^
[INFO] [stdout] 239 | |                 ),
[INFO] [stdout]     | |_________________^
[INFO] [stdout]     |
[INFO] [stdout] help: remove these parentheses
[INFO] [stdout]     |
[INFO] [stdout] 227 ~                 Ok(Line::Property(p)) => if header_elements.is_empty() {
[INFO] [stdout] 228 |                         return parse_ascii_error(
[INFO] [stdout] ...
[INFO] [stdout] 236 |                         header_elements.add(e);
[INFO] [stdout] 237 ~                     },
[INFO] [stdout]     |
[INFO] [stdout] 
[INFO] [stdout] 
[INFO] [stdout] warning: panic message is not a string literal
[INFO] [stdout]    --> src/parser/mod.rs:630:37
[INFO] [stdout]     |
[INFO] [stdout] 630 |         assert!(properties.is_ok(), format!("error: {:?}", properties));
[INFO] [stdout]     |                                     ^^^^^^^^^^^^^^^^^^^^^^^^^^^^^^^^^^
[INFO] [stdout]     |
[INFO] [stdout]     = note: this usage of `assert!()` is deprecated; it will be a hard error in Rust 2021
[INFO] [stdout]     = note: for more information, see <https://doc.rust-lang.org/edition-guide/rust-2021/panic-macro-consistency.html>
[INFO] [stdout]     = note: the `assert!()` macro supports formatting, so there's no need for the `format!()` macro here
[INFO] [stdout]     = note: for more information, see <https://doc.rust-lang.org/edition-guide/rust-2021/panic-macro-consistency.html>
[INFO] [stdout]     = note: `#[warn(non_fmt_panics)]` (part of `#[warn(rust_2021_compatibility)]`) on by default
[INFO] [stdout] help: remove the `format!(..)` macro call
[INFO] [stdout]     |
[INFO] [stdout] 630 -         assert!(properties.is_ok(), format!("error: {:?}", properties));
[INFO] [stdout] 630 +         assert!(properties.is_ok(), "error: {:?}", properties);
[INFO] [stdout]     |
[INFO] [stdout] 
[INFO] [stdout] 
[INFO] [stderr]     Finished `release` profile [optimized] target(s) in 47.63s
[INFO] running `Command { std: "docker" "inspect" "63ceaea221c0e2453bb926fbc23968ab755af18f058ab4cd54e09c9b1151043e", kill_on_drop: false }`
[INFO] running `Command { std: "docker" "exec" "-e" "SOURCE_DIR=/opt/rustwide/workdir" "-e" "CARGO_HOME=/opt/rustwide/cargo-home" "-e" "RUSTUP_HOME=/opt/rustwide/rustup-home" "-e" "CARGO_TARGET_DIR=/opt/rustwide/target" "-e" "CARGO_INCREMENTAL=0" "-e" "RUST_BACKTRACE=full" "-e" "RUSTFLAGS=--cap-lints=warn" "-e" "RUSTDOCFLAGS=--cap-lints=warn" "-w" "/opt/rustwide/workdir" "--user" "0:0" "63ceaea221c0e2453bb926fbc23968ab755af18f058ab4cd54e09c9b1151043e" "/opt/rustwide/cargo-home/bin/cargo" "+1.100.0-beta.1" "test" "--frozen" "--release", kill_on_drop: false }`
[INFO] [stderr] warning: unnecessary parentheses around match arm expression
[INFO] [stderr]    --> src/parser/mod.rs:179:42
[INFO] [stderr]     |
[INFO] [stderr] 179 |             Ok(l @ Line::MagicNumber) => (l),
[INFO] [stderr]     |                                          ^ ^
[INFO] [stderr]     |
[INFO] [stderr]     = note: `#[warn(unused_parens)]` (part of `#[warn(unused)]`) on by default
[INFO] [stderr] help: remove these parentheses
[INFO] [stderr]     |
[INFO] [stderr] 179 -             Ok(l @ Line::MagicNumber) => (l),
[INFO] [stderr] 179 +             Ok(l @ Line::MagicNumber) => l,
[INFO] [stderr]     |
[INFO] [stderr] 
[INFO] [stderr] warning: unnecessary parentheses around match arm expression
[INFO] [stderr]    --> src/parser/mod.rs:199:44
[INFO] [stderr]     |
[INFO] [stderr] 199 |                   Ok(Line::Format(ref t)) => (
[INFO] [stderr]     |  ____________________________________________^
[INFO] [stderr] 200 | |                     if header_form_ver.is_none() {
[INFO] [stderr]     | |____________________^
[INFO] [stderr] ...
[INFO] [stderr] 216 |                       }
[INFO] [stderr]     |  ______________________^
[INFO] [stderr] 217 | |                 ),
[INFO] [stderr]     | |_________________^
[INFO] [stderr]     |
[INFO] [stderr] help: remove these parentheses
[INFO] [stderr]     |
[INFO] [stderr] 199 ~                 Ok(Line::Format(ref t)) => if header_form_ver.is_none() {
[INFO] [stderr] 200 |                         header_form_ver = Some(t.clone());
[INFO] [stderr] ...
[INFO] [stderr] 214 |                         }
[INFO] [stderr] 215 ~                     },
[INFO] [stderr]     |
[INFO] [stderr] 
[INFO] [stderr] warning: unnecessary parentheses around match arm expression
[INFO] [stderr]    --> src/parser/mod.rs:218:45
[INFO] [stderr]     |
[INFO] [stderr] 218 |                    Ok(Line::ObjInfo(ref o)) => (
[INFO] [stderr]     |  ______________________________________________^
[INFO] [stderr] 219 | |                      header_obj_infos.push(o.clone())
[INFO] [stderr]     | | ____________________^________________________________^
[INFO] [stderr]     | ||____________________|
[INFO] [stderr]     |  |
[INFO] [stderr] 220 |  |                 ),
[INFO] [stderr]     |  |_________________^
[INFO] [stderr]     |
[INFO] [stderr] help: remove these parentheses
[INFO] [stderr]     |
[INFO] [stderr] 218 -                 Ok(Line::ObjInfo(ref o)) => (
[INFO] [stderr] 219 -                     header_obj_infos.push(o.clone())
[INFO] [stderr] 220 -                 ),
[INFO] [stderr] 218 +                 Ok(Line::ObjInfo(ref o)) => header_obj_infos.push(o.clone()),
[INFO] [stderr]     |
[INFO] [stderr] 
[INFO] [stderr] warning: unnecessary parentheses around match arm expression
[INFO] [stderr]    --> src/parser/mod.rs:221:45
[INFO] [stderr]     |
[INFO] [stderr] 221 |                    Ok(Line::Comment(ref c)) => (
[INFO] [stderr]     |  ______________________________________________^
[INFO] [stderr] 222 | |                      header_comments.push(c.clone())
[INFO] [stderr]     | | ____________________^_______________________________^
[INFO] [stderr]     | ||____________________|
[INFO] [stderr]     |  |
[INFO] [stderr] 223 |  |                 ),
[INFO] [stderr]     |  |_________________^
[INFO] [stderr]     |
[INFO] [stderr] help: remove these parentheses
[INFO] [stderr]     |
[INFO] [stderr] 221 -                 Ok(Line::Comment(ref c)) => (
[INFO] [stderr] 222 -                     header_comments.push(c.clone())
[INFO] [stderr] 223 -                 ),
[INFO] [stderr] 221 +                 Ok(Line::Comment(ref c)) => header_comments.push(c.clone()),
[INFO] [stderr]     |
[INFO] [stderr] 
[INFO] [stderr] warning: unnecessary parentheses around match arm expression
[INFO] [stderr]    --> src/parser/mod.rs:227:42
[INFO] [stderr]     |
[INFO] [stderr] 227 |                   Ok(Line::Property(p)) => (
[INFO] [stderr]     |  __________________________________________^
[INFO] [stderr] 228 | |                     if header_elements.is_empty() {
[INFO] [stderr]     | |____________________^
[INFO] [stderr] ...
[INFO] [stderr] 238 |                       }
[INFO] [stderr]     |  ______________________^
[INFO] [stderr] 239 | |                 ),
[INFO] [stderr]     | |_________________^
[INFO] [stderr]     |
[INFO] [stderr] help: remove these parentheses
[INFO] [stderr]     |
[INFO] [stderr] 227 ~                 Ok(Line::Property(p)) => if header_elements.is_empty() {
[INFO] [stderr] 228 |                         return parse_ascii_error(
[INFO] [stderr] ...
[INFO] [stderr] 236 |                         header_elements.add(e);
[INFO] [stderr] 237 ~                     },
[INFO] [stderr]     |
[INFO] [stderr] 
[INFO] [stderr] warning: `ply-rs` (lib) generated 5 warnings (run `cargo fix --lib -p ply-rs` to apply 5 suggestions)
[INFO] [stderr] warning: panic message is not a string literal
[INFO] [stderr]    --> src/parser/mod.rs:630:37
[INFO] [stderr]     |
[INFO] [stderr] 630 |         assert!(properties.is_ok(), format!("error: {:?}", properties));
[INFO] [stderr]     |                                     ^^^^^^^^^^^^^^^^^^^^^^^^^^^^^^^^^^
[INFO] [stderr]     |
[INFO] [stderr]     = note: this usage of `assert!()` is deprecated; it will be a hard error in Rust 2021
[INFO] [stderr]     = note: for more information, see <https://doc.rust-lang.org/edition-guide/rust-2021/panic-macro-consistency.html>
[INFO] [stderr]     = note: the `assert!()` macro supports formatting, so there's no need for the `format!()` macro here
[INFO] [stderr]     = note: for more information, see <https://doc.rust-lang.org/edition-guide/rust-2021/panic-macro-consistency.html>
[INFO] [stderr]     = note: `#[warn(non_fmt_panics)]` (part of `#[warn(rust_2021_compatibility)]`) on by default
[INFO] [stderr] help: remove the `format!(..)` macro call
[INFO] [stderr]     |
[INFO] [stderr] 630 -         assert!(properties.is_ok(), format!("error: {:?}", properties));
[INFO] [stderr] 630 +         assert!(properties.is_ok(), "error: {:?}", properties);
[INFO] [stderr]     |
[INFO] [stderr] 
[INFO] [stderr] warning: panic message is not a string literal
[INFO] [stderr]   --> tests/read.rs:10:26
[INFO] [stderr]    |
[INFO] [stderr] 10 |     assert!(ply.is_ok(), format!("failed: {}", ply.err().unwrap()));
[INFO] [stderr]    |                          ^^^^^^^^^^^^^^^^^^^^^^^^^^^^^^^^^^^^^^^^^
[INFO] [stderr]    |
[INFO] [stderr]    = note: this usage of `assert!()` is deprecated; it will be a hard error in Rust 2021
[INFO] [stderr]    = note: for more information, see <https://doc.rust-lang.org/edition-guide/rust-2021/panic-macro-consistency.html>
[INFO] [stderr]    = note: the `assert!()` macro supports formatting, so there's no need for the `format!()` macro here
[INFO] [stderr]    = note: for more information, see <https://doc.rust-lang.org/edition-guide/rust-2021/panic-macro-consistency.html>
[INFO] [stderr]    = note: `#[warn(non_fmt_panics)]` (part of `#[warn(rust_2021_compatibility)]`) on by default
[INFO] [stderr] help: remove the `format!(..)` macro call
[INFO] [stderr]    |
[INFO] [stderr] 10 -     assert!(ply.is_ok(), format!("failed: {}", ply.err().unwrap()));
[INFO] [stderr] 10 +     assert!(ply.is_ok(), "failed: {}", ply.err().unwrap());
[INFO] [stderr]    |
[INFO] [stderr] 
[INFO] [stderr] warning: panic message is not a string literal
[INFO] [stderr]   --> tests/write.rs:11:26
[INFO] [stderr]    |
[INFO] [stderr] 11 |     assert!(ply.is_ok(), format!("failed: {}", ply.err().unwrap()));
[INFO] [stderr]    |                          ^^^^^^^^^^^^^^^^^^^^^^^^^^^^^^^^^^^^^^^^^
[INFO] [stderr]    |
[INFO] [stderr]    = note: this usage of `assert!()` is deprecated; it will be a hard error in Rust 2021
[INFO] [stderr]    = note: for more information, see <https://doc.rust-lang.org/edition-guide/rust-2021/panic-macro-consistency.html>
[INFO] [stderr]    = note: the `assert!()` macro supports formatting, so there's no need for the `format!()` macro here
[INFO] [stderr]    = note: for more information, see <https://doc.rust-lang.org/edition-guide/rust-2021/panic-macro-consistency.html>
[INFO] [stderr]    = note: `#[warn(non_fmt_panics)]` (part of `#[warn(rust_2021_compatibility)]`) on by default
[INFO] [stderr] help: remove the `format!(..)` macro call
[INFO] [stderr]    |
[INFO] [stderr] 11 -     assert!(ply.is_ok(), format!("failed: {}", ply.err().unwrap()));
[INFO] [stderr] 11 +     assert!(ply.is_ok(), "failed: {}", ply.err().unwrap());
[INFO] [stderr]    |
[INFO] [stderr] 
[INFO] [stderr] warning: `ply-rs` (lib test) generated 6 warnings (5 duplicates) (run `cargo fix --lib -p ply-rs --tests` to apply 1 suggestion)
[INFO] [stderr] warning: `ply-rs` (test "read") generated 1 warning (run `cargo fix --test "read" -p ply-rs` to apply 1 suggestion)
[INFO] [stderr] warning: `ply-rs` (test "write") generated 1 warning (run `cargo fix --test "write" -p ply-rs` to apply 1 suggestion)
[INFO] [stderr]     Finished `release` profile [optimized] target(s) in 0.08s
[INFO] [stderr]      Running unittests src/lib.rs (/opt/rustwide/target/release/build/ply-rs/ab5da02a417b8c66/out/ply_rs-ab5da02a417b8c66)
[INFO] [stdout] 
[INFO] [stdout] running 26 tests
[INFO] [stdout] test parser::tests::comment_ok ... ok
[INFO] [stdout] test parser::tests::element_err ... ok
[INFO] [stdout] test parser::tests::comment_err ... ok
[INFO] [stdout] test parser::tests::format_err ... ok
[INFO] [stdout] test parser::tests::magic_number_ok ... ok
[INFO] [stdout] test parser::tests::element_ok ... ok
[INFO] [stdout] test parser::tests::format_ok ... ok
[INFO] [stdout] test parser::tests::obj_info_err ... ok
[INFO] [stdout] test parser::tests::line_breaks_ok ... ok
[INFO] [stdout] test parser::tests::parser_demo_ok ... ok
[INFO] [stdout] test parser::tests::line_ok ... ok
[INFO] [stdout] test parser::tests::magic_number_err ... ok
[INFO] [stdout] test parser::tests::data_line_ok ... ok
[INFO] [stdout] test parser::tests::obj_info_ok ... ok
[INFO] [stdout] test parser::tests::parser_header_ok ... ok
[INFO] [stdout] test parser::tests::parser_single_elements_ok ... ok
[INFO] [stdout] test parser::tests::property_ok ... ok
[INFO] [stdout] test ply::consistency::tests::consistent_new_line_fail_element ... ok
[INFO] [stdout] test parser::tests::property_list_ok ... ok
[INFO] [stdout] test parser::tests::read_property_ok ... ok
[INFO] [stdout] test ply::consistency::tests::consistent_new_line_fail_comment ... ok
[INFO] [stdout] test ply::consistency::tests::consistent_new_line_fail_property ... ok
[INFO] [stdout] test ply::consistency::tests::consistent_white_space_fail_element ... ok
[INFO] [stdout] test ply::consistency::tests::consistent_white_space_fail_property ... ok
[INFO] [stdout] test parser::tests::data_line_err ... ok
[INFO] [stdout] test ply::consistency::tests::consistent_new_line_fail_obj_infos ... ok
[INFO] [stdout] 
[INFO] [stdout] test result: ok. 26 passed; 0 failed; 0 ignored; 0 measured; 0 filtered out; finished in 0.02s
[INFO] [stdout] 
[INFO] [stderr]      Running tests/read.rs (/opt/rustwide/target/release/build/ply-rs/c1543c1b3e76b7c3/out/read-c1543c1b3e76b7c3)
[INFO] [stdout] 
[INFO] [stdout] running 10 tests
[INFO] [stdout] test read_empy_equal ... ok
[INFO] [stdout] test read_all_atomic_types_ok ... ok
[INFO] [stdout] test read_exponent_values_ok ... ok
[INFO] [stdout] test read_greg_turk_1 ... ok
[INFO] [stdout] test read_greg_turk_2 ... ok
[INFO] [stdout] test read_leading_spaces_ok ... ok
[INFO] [stdout] test read_empty ... ok
[INFO] [stdout] test read_house ... ok
[INFO] [stdout] test read_house_equal ... ok
[INFO] [stdout] test struct_test_1::read_into_struct ... ok
[INFO] [stdout] 
[INFO] [stdout] test result: ok. 10 passed; 0 failed; 0 ignored; 0 measured; 0 filtered out; finished in 0.01s
[INFO] [stdout] 
[INFO] [stderr]      Running tests/skeptic.rs (/opt/rustwide/target/release/build/ply-rs/b960217dc1668546/out/skeptic-b960217dc1668546)
[INFO] [stdout] 
[INFO] [stdout] running 3 tests
[INFO] [stdout] test readme_sect_getting_started_line_27 ... FAILED
[INFO] [stdout] test readme_sect_getting_started_line_68 ... FAILED
[INFO] [stdout] test readme_sect_getting_started_line_37 ... FAILED
[INFO] [stdout] 
[INFO] [stdout] failures:
[INFO] [stdout] 
[INFO] [stdout] ---- readme_sect_getting_started_line_27 stdout ----
[INFO] [stdout] 
[INFO] [stdout] thread 'readme_sect_getting_started_line_27' (1419) panicked at /opt/rustwide/cargo-home/registry/src/index.crates.io-1949cf8c6b5b557f/cargo_metadata-0.6.4/src/lib.rs:261:40:
[INFO] [stdout] called `Option::unwrap()` on a `None` value
[INFO] [stdout] stack backtrace:
[INFO] [stdout]    0:     0x5e3706802d11 - <<std[617be2ca0a6fd877]::sys::backtrace::BacktraceLock>::print::DisplayBacktrace as core[a373ad73a504971]::fmt::Display>::fmt
[INFO] [stdout]    1:     0x5e370681883a - core[a373ad73a504971]::fmt::write
[INFO] [stdout]    2:     0x5e370680857c - <alloc[2e1b2a31b91974c5]::vec::Vec<u8> as core[a373ad73a504971]::io::write::Write>::write_fmt
[INFO] [stdout]    3:     0x5e37067dd446 - std[617be2ca0a6fd877]::panicking::default_hook::{closure#0}
[INFO] [stdout]    4:     0x5e37067fa8b9 - std[617be2ca0a6fd877]::panicking::default_hook
[INFO] [stdout]    5:     0x5e37067356b0 - test[aada8e7e76ba119b]::test_main_inner::{closure#0}
[INFO] [stdout]    6:     0x5e37067faa72 - std[617be2ca0a6fd877]::panicking::panic_with_hook
[INFO] [stdout]    7:     0x5e37067dd524 - std[617be2ca0a6fd877]::panicking::panic_handler::{closure#0}
[INFO] [stdout]    8:     0x5e37067d6019 - std[617be2ca0a6fd877]::sys::backtrace::__rust_end_short_backtrace::<std[617be2ca0a6fd877]::panicking::panic_handler::{closure#0}, !>
[INFO] [stdout]    9:     0x5e37067de0fd - __rustc[ea4f61d10b84890b]::rust_begin_unwind
[INFO] [stdout]   10:     0x5e3706818f6c - core[a373ad73a504971]::panicking::panic_fmt
[INFO] [stdout]   11:     0x5e3706818f32 - core[a373ad73a504971]::panicking::panic
[INFO] [stdout]   12:     0x5e3706818ce9 - core[a373ad73a504971]::option::unwrap_failed
[INFO] [stdout]   13:     0x5e3706797ce2 - <cargo_metadata[55f39580f62161e3]::WorkspaceMember>::part
[INFO] [stdout]   14:     0x5e3706797d0a - <cargo_metadata[55f39580f62161e3]::WorkspaceMember>::version
[INFO] [stdout]   15:     0x5e370677622c - <alloc[2e1b2a31b91974c5]::vec::into_iter::IntoIter<cargo_metadata[55f39580f62161e3]::WorkspaceMember> as core[a373ad73a504971]::iter::traits::iterator::Iterator>::try_fold::<alloc[2e1b2a31b91974c5]::vec::in_place_drop::InPlaceDrop<alloc[2e1b2a31b91974c5]::string::String>, core[a373ad73a504971]::iter::adapters::map::map_try_fold<cargo_metadata[55f39580f62161e3]::WorkspaceMember, alloc[2e1b2a31b91974c5]::string::String, alloc[2e1b2a31b91974c5]::vec::in_place_drop::InPlaceDrop<alloc[2e1b2a31b91974c5]::string::String>, core[a373ad73a504971]::result::Result<alloc[2e1b2a31b91974c5]::vec::in_place_drop::InPlaceDrop<alloc[2e1b2a31b91974c5]::string::String>, !>, <skeptic[c67502a3d1068ac3]::rt::LockedDeps>::from_path<&std[617be2ca0a6fd877]::path::Path>::{closure#0}, alloc[2e1b2a31b91974c5]::vec::in_place_collect::write_in_place_with_drop<alloc[2e1b2a31b91974c5]::string::String>::{closure#0}>::{closure#0}, core[a373ad73a504971]::result::Result<alloc[2e1b2a31b91974c5]::vec::in_place_drop::InPlaceDrop<alloc[2e1b2a31b91974c5]::string::String>, !>>
[INFO] [stdout]   16:     0x5e370677b103 - alloc[2e1b2a31b91974c5]::vec::in_place_collect::from_iter_in_place::<core[a373ad73a504971]::iter::adapters::map::Map<alloc[2e1b2a31b91974c5]::vec::into_iter::IntoIter<cargo_metadata[55f39580f62161e3]::WorkspaceMember>, <skeptic[c67502a3d1068ac3]::rt::LockedDeps>::from_path<&std[617be2ca0a6fd877]::path::Path>::{closure#0}>, alloc[2e1b2a31b91974c5]::string::String>
[INFO] [stdout]   17:     0x5e370676b939 - skeptic[c67502a3d1068ac3]::rt::compile_test_case
[INFO] [stdout]   18:     0x5e370676ee03 - skeptic[c67502a3d1068ac3]::rt::run_test
[INFO] [stdout]   19:     0x5e370672889f - <skeptic[1ad2a2fb0a58057d]::readme_sect_getting_started_line_27::{closure#0} as core[a373ad73a504971]::ops::function::FnOnce<()>>::call_once
[INFO] [stdout]   20:     0x5e3706728afb - test[aada8e7e76ba119b]::__rust_begin_short_backtrace::<core[a373ad73a504971]::result::Result<(), alloc[2e1b2a31b91974c5]::string::String>, fn() -> core[a373ad73a504971]::result::Result<(), alloc[2e1b2a31b91974c5]::string::String>>
[INFO] [stdout]   21:     0x5e3706735cd5 - test[aada8e7e76ba119b]::run_test::{closure#0}
[INFO] [stdout]   22:     0x5e370672f5c4 - std[617be2ca0a6fd877]::sys::backtrace::__rust_begin_short_backtrace::<test[aada8e7e76ba119b]::run_test::{closure#1}, ()>
[INFO] [stdout]   23:     0x5e3706738d62 - <std[617be2ca0a6fd877]::thread::lifecycle::spawn_unchecked<test[aada8e7e76ba119b]::run_test::{closure#1}, ()>::{closure#1} as core[a373ad73a504971]::ops::function::FnOnce<()>>::call_once::{shim:vtable#0}
[INFO] [stdout]   24:     0x5e37068024ef - <std[617be2ca0a6fd877]::sys::thread::unix::Thread>::new::thread_start
[INFO] [stdout]   25:     0x78a50a7d7dfa - <unknown>
[INFO] [stdout]   26:     0x78a50a86b3d4 - clone
[INFO] [stdout]   27:                0x0 - <unknown>
[INFO] [stdout] 
[INFO] [stdout] ---- readme_sect_getting_started_line_68 stdout ----
[INFO] [stdout] 
[INFO] [stdout] thread 'readme_sect_getting_started_line_68' (1421) panicked at /opt/rustwide/cargo-home/registry/src/index.crates.io-1949cf8c6b5b557f/cargo_metadata-0.6.4/src/lib.rs:261:40:
[INFO] [stdout] called `Option::unwrap()` on a `None` value
[INFO] [stdout] stack backtrace:
[INFO] [stdout]    0:     0x5e3706802d11 - <<std[617be2ca0a6fd877]::sys::backtrace::BacktraceLock>::print::DisplayBacktrace as core[a373ad73a504971]::fmt::Display>::fmt
[INFO] [stdout]    1:     0x5e370681883a - core[a373ad73a504971]::fmt::write
[INFO] [stdout]    2:     0x5e370680857c - <alloc[2e1b2a31b91974c5]::vec::Vec<u8> as core[a373ad73a504971]::io::write::Write>::write_fmt
[INFO] [stdout]    3:     0x5e37067dd446 - std[617be2ca0a6fd877]::panicking::default_hook::{closure#0}
[INFO] [stdout]    4:     0x5e37067fa8b9 - std[617be2ca0a6fd877]::panicking::default_hook
[INFO] [stdout]    5:     0x5e37067356b0 - test[aada8e7e76ba119b]::test_main_inner::{closure#0}
[INFO] [stdout]    6:     0x5e37067faa72 - std[617be2ca0a6fd877]::panicking::panic_with_hook
[INFO] [stdout]    7:     0x5e37067dd524 - std[617be2ca0a6fd877]::panicking::panic_handler::{closure#0}
[INFO] [stdout]    8:     0x5e37067d6019 - std[617be2ca0a6fd877]::sys::backtrace::__rust_end_short_backtrace::<std[617be2ca0a6fd877]::panicking::panic_handler::{closure#0}, !>
[INFO] [stdout]    9:     0x5e37067de0fd - __rustc[ea4f61d10b84890b]::rust_begin_unwind
[INFO] [stdout]   10:     0x5e3706818f6c - core[a373ad73a504971]::panicking::panic_fmt
[INFO] [stdout]   11:     0x5e3706818f32 - core[a373ad73a504971]::panicking::panic
[INFO] [stdout]   12:     0x5e3706818ce9 - core[a373ad73a504971]::option::unwrap_failed
[INFO] [stdout]   13:     0x5e3706797ce2 - <cargo_metadata[55f39580f62161e3]::WorkspaceMember>::part
[INFO] [stdout]   14:     0x5e3706797d0a - <cargo_metadata[55f39580f62161e3]::WorkspaceMember>::version
[INFO] [stdout]   15:     0x5e370677622c - <alloc[2e1b2a31b91974c5]::vec::into_iter::IntoIter<cargo_metadata[55f39580f62161e3]::WorkspaceMember> as core[a373ad73a504971]::iter::traits::iterator::Iterator>::try_fold::<alloc[2e1b2a31b91974c5]::vec::in_place_drop::InPlaceDrop<alloc[2e1b2a31b91974c5]::string::String>, core[a373ad73a504971]::iter::adapters::map::map_try_fold<cargo_metadata[55f39580f62161e3]::WorkspaceMember, alloc[2e1b2a31b91974c5]::string::String, alloc[2e1b2a31b91974c5]::vec::in_place_drop::InPlaceDrop<alloc[2e1b2a31b91974c5]::string::String>, core[a373ad73a504971]::result::Result<alloc[2e1b2a31b91974c5]::vec::in_place_drop::InPlaceDrop<alloc[2e1b2a31b91974c5]::string::String>, !>, <skeptic[c67502a3d1068ac3]::rt::LockedDeps>::from_path<&std[617be2ca0a6fd877]::path::Path>::{closure#0}, alloc[2e1b2a31b91974c5]::vec::in_place_collect::write_in_place_with_drop<alloc[2e1b2a31b91974c5]::string::String>::{closure#0}>::{closure#0}, core[a373ad73a504971]::result::Result<alloc[2e1b2a31b91974c5]::vec::in_place_drop::InPlaceDrop<alloc[2e1b2a31b91974c5]::string::String>, !>>
[INFO] [stdout]   16:     0x5e370677b103 - alloc[2e1b2a31b91974c5]::vec::in_place_collect::from_iter_in_place::<core[a373ad73a504971]::iter::adapters::map::Map<alloc[2e1b2a31b91974c5]::vec::into_iter::IntoIter<cargo_metadata[55f39580f62161e3]::WorkspaceMember>, <skeptic[c67502a3d1068ac3]::rt::LockedDeps>::from_path<&std[617be2ca0a6fd877]::path::Path>::{closure#0}>, alloc[2e1b2a31b91974c5]::string::String>
[INFO] [stdout]   17:     0x5e370676b939 - skeptic[c67502a3d1068ac3]::rt::compile_test_case
[INFO] [stdout]   18:     0x5e370676ee03 - skeptic[c67502a3d1068ac3]::rt::run_test
[INFO] [stdout]   19:     0x5e3706728a3c - <skeptic[1ad2a2fb0a58057d]::readme_sect_getting_started_line_68::{closure#0} as core[a373ad73a504971]::ops::function::FnOnce<()>>::call_once
[INFO] [stdout]   20:     0x5e3706728afb - test[aada8e7e76ba119b]::__rust_begin_short_backtrace::<core[a373ad73a504971]::result::Result<(), alloc[2e1b2a31b91974c5]::string::String>, fn() -> core[a373ad73a504971]::result::Result<(), alloc[2e1b2a31b91974c5]::string::String>>
[INFO] [stdout]   21:     0x5e3706735cd5 - test[aada8e7e76ba119b]::run_test::{closure#0}
[INFO] [stdout]   22:     0x5e370672f5c4 - std[617be2ca0a6fd877]::sys::backtrace::__rust_begin_short_backtrace::<test[aada8e7e76ba119b]::run_test::{closure#1}, ()>
[INFO] [stdout]   23:     0x5e3706738d62 - <std[617be2ca0a6fd877]::thread::lifecycle::spawn_unchecked<test[aada8e7e76ba119b]::run_test::{closure#1}, ()>::{closure#1} as core[a373ad73a504971]::ops::function::FnOnce<()>>::call_once::{shim:vtable#0}
[INFO] [stdout]   24:     0x5e37068024ef - <std[617be2ca0a6fd877]::sys::thread::unix::Thread>::new::thread_start
[INFO] [stdout]   25:     0x78a50a7d7dfa - <unknown>
[INFO] [stdout]   26:     0x78a50a86b3d4 - clone
[INFO] [stdout]   27:                0x0 - <unknown>
[INFO] [stdout] 
[INFO] [stdout] ---- readme_sect_getting_started_line_37 stdout ----
[INFO] [stdout] 
[INFO] [stdout] thread 'readme_sect_getting_started_line_37' (1420) panicked at /opt/rustwide/cargo-home/registry/src/index.crates.io-1949cf8c6b5b557f/cargo_metadata-0.6.4/src/lib.rs:261:40:
[INFO] [stdout] called `Option::unwrap()` on a `None` value
[INFO] [stdout] stack backtrace:
[INFO] [stdout]    0:     0x5e3706802d11 - <<std[617be2ca0a6fd877]::sys::backtrace::BacktraceLock>::print::DisplayBacktrace as core[a373ad73a504971]::fmt::Display>::fmt
[INFO] [stdout]    1:     0x5e370681883a - core[a373ad73a504971]::fmt::write
[INFO] [stdout]    2:     0x5e370680857c - <alloc[2e1b2a31b91974c5]::vec::Vec<u8> as core[a373ad73a504971]::io::write::Write>::write_fmt
[INFO] [stdout]    3:     0x5e37067dd446 - std[617be2ca0a6fd877]::panicking::default_hook::{closure#0}
[INFO] [stdout]    4:     0x5e37067fa8b9 - std[617be2ca0a6fd877]::panicking::default_hook
[INFO] [stdout]    5:     0x5e37067356b0 - test[aada8e7e76ba119b]::test_main_inner::{closure#0}
[INFO] [stdout]    6:     0x5e37067faa72 - std[617be2ca0a6fd877]::panicking::panic_with_hook
[INFO] [stdout]    7:     0x5e37067dd524 - std[617be2ca0a6fd877]::panicking::panic_handler::{closure#0}
[INFO] [stdout]    8:     0x5e37067d6019 - std[617be2ca0a6fd877]::sys::backtrace::__rust_end_short_backtrace::<std[617be2ca0a6fd877]::panicking::panic_handler::{closure#0}, !>
[INFO] [stdout]    9:     0x5e37067de0fd - __rustc[ea4f61d10b84890b]::rust_begin_unwind
[INFO] [stdout]   10:     0x5e3706818f6c - core[a373ad73a504971]::panicking::panic_fmt
[INFO] [stdout]   11:     0x5e3706818f32 - core[a373ad73a504971]::panicking::panic
[INFO] [stdout]   12:     0x5e3706818ce9 - core[a373ad73a504971]::option::unwrap_failed
[INFO] [stdout]   13:     0x5e3706797ce2 - <cargo_metadata[55f39580f62161e3]::WorkspaceMember>::part
[INFO] [stdout]   14:     0x5e3706797d0a - <cargo_metadata[55f39580f62161e3]::WorkspaceMember>::version
[INFO] [stdout]   15:     0x5e370677622c - <alloc[2e1b2a31b91974c5]::vec::into_iter::IntoIter<cargo_metadata[55f39580f62161e3]::WorkspaceMember> as core[a373ad73a504971]::iter::traits::iterator::Iterator>::try_fold::<alloc[2e1b2a31b91974c5]::vec::in_place_drop::InPlaceDrop<alloc[2e1b2a31b91974c5]::string::String>, core[a373ad73a504971]::iter::adapters::map::map_try_fold<cargo_metadata[55f39580f62161e3]::WorkspaceMember, alloc[2e1b2a31b91974c5]::string::String, alloc[2e1b2a31b91974c5]::vec::in_place_drop::InPlaceDrop<alloc[2e1b2a31b91974c5]::string::String>, core[a373ad73a504971]::result::Result<alloc[2e1b2a31b91974c5]::vec::in_place_drop::InPlaceDrop<alloc[2e1b2a31b91974c5]::string::String>, !>, <skeptic[c67502a3d1068ac3]::rt::LockedDeps>::from_path<&std[617be2ca0a6fd877]::path::Path>::{closure#0}, alloc[2e1b2a31b91974c5]::vec::in_place_collect::write_in_place_with_drop<alloc[2e1b2a31b91974c5]::string::String>::{closure#0}>::{closure#0}, core[a373ad73a504971]::result::Result<alloc[2e1b2a31b91974c5]::vec::in_place_drop::InPlaceDrop<alloc[2e1b2a31b91974c5]::string::String>, !>>
[INFO] [stdout]   16:     0x5e370677b103 - alloc[2e1b2a31b91974c5]::vec::in_place_collect::from_iter_in_place::<core[a373ad73a504971]::iter::adapters::map::Map<alloc[2e1b2a31b91974c5]::vec::into_iter::IntoIter<cargo_metadata[55f39580f62161e3]::WorkspaceMember>, <skeptic[c67502a3d1068ac3]::rt::LockedDeps>::from_path<&std[617be2ca0a6fd877]::path::Path>::{closure#0}>, alloc[2e1b2a31b91974c5]::string::String>
[INFO] [stdout]   17:     0x5e370676b939 - skeptic[c67502a3d1068ac3]::rt::compile_test_case
[INFO] [stdout]   18:     0x5e370676a9b7 - skeptic[c67502a3d1068ac3]::rt::compile_test
[INFO] [stdout]   19:     0x5e370672896c - <skeptic[1ad2a2fb0a58057d]::readme_sect_getting_started_line_37::{closure#0} as core[a373ad73a504971]::ops::function::FnOnce<()>>::call_once
[INFO] [stdout]   20:     0x5e3706728afb - test[aada8e7e76ba119b]::__rust_begin_short_backtrace::<core[a373ad73a504971]::result::Result<(), alloc[2e1b2a31b91974c5]::string::String>, fn() -> core[a373ad73a504971]::result::Result<(), alloc[2e1b2a31b91974c5]::string::String>>
[INFO] [stdout]   21:     0x5e3706735cd5 - test[aada8e7e76ba119b]::run_test::{closure#0}
[INFO] [stdout]   22:     0x5e370672f5c4 - std[617be2ca0a6fd877]::sys::backtrace::__rust_begin_short_backtrace::<test[aada8e7e76ba119b]::run_test::{closure#1}, ()>
[INFO] [stdout]   23:     0x5e3706738d62 - <std[617be2ca0a6fd877]::thread::lifecycle::spawn_unchecked<test[aada8e7e76ba119b]::run_test::{closure#1}, ()>::{closure#1} as core[a373ad73a504971]::ops::function::FnOnce<()>>::call_once::{shim:vtable#0}
[INFO] [stdout]   24:     0x5e37068024ef - <std[617be2ca0a6fd877]::sys::thread::unix::Thread>::new::thread_start
[INFO] [stdout]   25:     0x78a50a7d7dfa - <unknown>
[INFO] [stdout]   26:     0x78a50a86b3d4 - clone
[INFO] [stdout]   27:                0x0 - <unknown>
[INFO] [stdout] 
[INFO] [stdout] 
[INFO] [stdout] failures:
[INFO] [stdout]     readme_sect_getting_started_line_27
[INFO] [stdout]     readme_sect_getting_started_line_37
[INFO] [stdout]     readme_sect_getting_started_line_68
[INFO] [stdout] 
[INFO] [stdout] test result: FAILED. 0 passed; 3 failed; 0 ignored; 0 measured; 0 filtered out; finished in 0.22s
[INFO] [stdout] 
[INFO] [stderr] error: test failed, to rerun pass `--test skeptic`
[INFO] running `Command { std: "docker" "inspect" "63ceaea221c0e2453bb926fbc23968ab755af18f058ab4cd54e09c9b1151043e", kill_on_drop: false }`
[INFO] running `Command { std: "docker" "rm" "-f" "63ceaea221c0e2453bb926fbc23968ab755af18f058ab4cd54e09c9b1151043e", kill_on_drop: false }`
[INFO] [stdout] 63ceaea221c0e2453bb926fbc23968ab755af18f058ab4cd54e09c9b1151043e
