[INFO] fetching crate ply-locales 0.1.2...
[INFO] testing ply-locales-0.1.2 against 1.99.0-beta.8+cargoflags=--release for beta-release-1.100-2
[INFO] extracting crate ply-locales 0.1.2 into /workspace/builds/worker-0-tc1/source
[INFO] started tweaking crates.io crate ply-locales 0.1.2
[INFO] removed 0 missing tests
[INFO] finished tweaking crates.io crate ply-locales 0.1.2
[INFO] tweaked toml for crates.io crate ply-locales 0.1.2 written to /workspace/builds/worker-0-tc1/source/Cargo.toml
[INFO] validating manifest of crates.io crate ply-locales 0.1.2 on toolchain 1.99.0-beta.8
[INFO] running `Command { std: CARGO_HOME="/workspace/cargo-home" RUSTUP_HOME="/workspace/rustup-home" "/workspace/cargo-home/bin/cargo" "+1.99.0-beta.8" "metadata" "--manifest-path" "Cargo.toml" "--no-deps", kill_on_drop: false }`
[INFO] crate crates.io crate ply-locales 0.1.2 already has a lockfile, it will not be regenerated
[INFO] running `Command { std: CARGO_HOME="/workspace/cargo-home" RUSTUP_HOME="/workspace/rustup-home" "/workspace/cargo-home/bin/cargo" "+1.99.0-beta.8" "fetch" "--manifest-path" "Cargo.toml", kill_on_drop: false }`
[INFO] [stderr]     Updating crates.io index
[INFO] [stderr]  Downloading crates ...
[INFO] [stderr]   Downloaded target-triple v1.0.1
[INFO] [stderr]   Downloaded trybuild v1.0.120
[INFO] running `Command { std: "docker" "create" "-v" "/var/lib/crater-agent-workspace/builds/worker-0-tc1/source:/opt/rustwide/workdir:ro,Z" "-v" "/var/lib/crater-agent-workspace/builds/worker-0-tc1/target:/opt/rustwide/target:rw,Z" "-v" "/var/lib/crater-agent-workspace/cargo-home:/opt/rustwide/cargo-home:ro,Z" "-v" "/var/lib/crater-agent-workspace/rustup-home:/opt/rustwide/rustup-home:ro,Z" "-m" "1610612736" "--network" "none" "ghcr.io/rust-lang/crates-build-env/linux@sha256:77db811e55d90add9212f6832c23229e3de5f1c1f9905e8cb07319ea15df73ac" "sleep" "infinity", kill_on_drop: false }`
[INFO] [stdout] bf09ba1f4d978b0e9848f8e3ba6402c286d54be05c07ace847c14666f9f933a1
[INFO] running `Command { std: "docker" "start" "bf09ba1f4d978b0e9848f8e3ba6402c286d54be05c07ace847c14666f9f933a1", kill_on_drop: false }`
[INFO] running `Command { std: "docker" "inspect" "bf09ba1f4d978b0e9848f8e3ba6402c286d54be05c07ace847c14666f9f933a1", kill_on_drop: false }`
[INFO] running `Command { std: "docker" "exec" "-e" "SOURCE_DIR=/opt/rustwide/workdir" "-e" "CARGO_HOME=/opt/rustwide/cargo-home" "-e" "RUSTUP_HOME=/opt/rustwide/rustup-home" "-e" "CARGO_TARGET_DIR=/opt/rustwide/target" "-w" "/opt/rustwide/workdir" "--user" "0:0" "bf09ba1f4d978b0e9848f8e3ba6402c286d54be05c07ace847c14666f9f933a1" "/opt/rustwide/cargo-home/bin/cargo" "+1.99.0-beta.8" "metadata" "--no-deps" "--format-version=1", kill_on_drop: false }`
[INFO] running `Command { std: "docker" "inspect" "bf09ba1f4d978b0e9848f8e3ba6402c286d54be05c07ace847c14666f9f933a1", kill_on_drop: false }`
[INFO] running `Command { std: "docker" "exec" "-e" "SOURCE_DIR=/opt/rustwide/workdir" "-e" "CARGO_HOME=/opt/rustwide/cargo-home" "-e" "RUSTUP_HOME=/opt/rustwide/rustup-home" "-e" "CARGO_TARGET_DIR=/opt/rustwide/target" "-e" "CARGO_INCREMENTAL=0" "-e" "RUST_BACKTRACE=full" "-e" "RUSTFLAGS=--cap-lints=warn" "-e" "RUSTDOCFLAGS=--cap-lints=warn" "-w" "/opt/rustwide/workdir" "--user" "0:0" "bf09ba1f4d978b0e9848f8e3ba6402c286d54be05c07ace847c14666f9f933a1" "/opt/rustwide/cargo-home/bin/cargo" "+1.99.0-beta.8" "build" "--frozen" "--message-format=json" "--release", kill_on_drop: false }`
[INFO] [stderr]    Compiling winnow v0.7.15
[INFO] [stderr]    Compiling indexmap v2.14.1
[INFO] [stderr]    Compiling ply-locales v0.1.2 (/opt/rustwide/workdir)
[INFO] [stderr]    Compiling serde_spanned v0.6.9
[INFO] [stderr]    Compiling toml_datetime v0.6.11
[INFO] [stderr]    Compiling tinystr v0.8.4
[INFO] [stderr]    Compiling thiserror v2.0.20
[INFO] [stderr]    Compiling fluent-syntax v0.12.0
[INFO] [stderr]    Compiling unic-langid-impl v0.9.6
[INFO] [stderr]    Compiling unic-langid v0.9.6
[INFO] [stderr]    Compiling toml_edit v0.22.27
[INFO] [stderr]    Compiling toml v0.8.23
[INFO] [stderr]     Finished `release` profile [optimized] target(s) in 15.37s
[INFO] running `Command { std: "docker" "inspect" "bf09ba1f4d978b0e9848f8e3ba6402c286d54be05c07ace847c14666f9f933a1", kill_on_drop: false }`
[INFO] running `Command { std: "docker" "exec" "-e" "SOURCE_DIR=/opt/rustwide/workdir" "-e" "CARGO_HOME=/opt/rustwide/cargo-home" "-e" "RUSTUP_HOME=/opt/rustwide/rustup-home" "-e" "CARGO_TARGET_DIR=/opt/rustwide/target" "-e" "CARGO_INCREMENTAL=0" "-e" "RUST_BACKTRACE=full" "-e" "RUSTFLAGS=--cap-lints=warn" "-e" "RUSTDOCFLAGS=--cap-lints=warn" "-w" "/opt/rustwide/workdir" "--user" "0:0" "bf09ba1f4d978b0e9848f8e3ba6402c286d54be05c07ace847c14666f9f933a1" "/opt/rustwide/cargo-home/bin/cargo" "+1.99.0-beta.8" "test" "--frozen" "--no-run" "--message-format=json" "--release", kill_on_drop: false }`
[INFO] [stderr]    Compiling target-triple v1.0.1
[INFO] [stderr]    Compiling tinystr v0.8.4
[INFO] [stderr]    Compiling serde v1.0.229
[INFO] [stderr]    Compiling serde_derive v1.0.229
[INFO] [stderr]    Compiling ply-locales v0.1.2 (/opt/rustwide/workdir)
[INFO] [stderr]    Compiling proc-macro2 v1.0.107
[INFO] [stderr]    Compiling type-map v0.5.1
[INFO] [stderr]    Compiling toml_datetime v1.1.1+spec-1.1.0
[INFO] [stderr]    Compiling serde_spanned v1.1.1
[INFO] [stderr]    Compiling winnow v0.7.15
[INFO] [stderr]    Compiling toml_writer v1.1.2+spec-1.1.0
[INFO] [stderr]    Compiling serde_json v1.0.151
[INFO] [stderr]    Compiling intl_pluralrules v7.0.2
[INFO] [stderr]    Compiling fluent-langneg v0.13.1
[INFO] [stderr]    Compiling intl-memoizer v0.5.3
[INFO] [stderr]    Compiling fluent-syntax v0.12.0
[INFO] [stderr]    Compiling self_cell v1.3.0
[INFO] [stderr]    Compiling unic-langid-impl v0.9.6
[INFO] [stderr]    Compiling glob v0.3.4
[INFO] [stderr]    Compiling toml v1.1.4+spec-1.1.0
[INFO] [stderr]    Compiling unic-langid v0.9.6
[INFO] [stderr]    Compiling fluent-bundle v0.16.0
[INFO] [stderr]    Compiling quote v1.0.47
[INFO] [stderr]    Compiling serde_spanned v0.6.9
[INFO] [stderr]    Compiling toml_datetime v0.6.11
[INFO] [stderr]    Compiling syn v3.0.4
[INFO] [stderr]    Compiling toml_edit v0.22.27
[INFO] [stderr]    Compiling trybuild v1.0.120
[INFO] [stderr]    Compiling toml v0.8.23
[INFO] [stdout] warning: use of deprecated constant `t::_::WARNING`: Locale 'es-ES' is missing translation for key 'missing-in-es' (defined in default locale 'en-US'). At runtime this key will fall back to 'en-US'.
[INFO] [stdout]  --> tests/integration_test.rs:3:1
[INFO] [stdout]   |
[INFO] [stdout] 3 | #[ply_locales("tests/locales_working")]
[INFO] [stdout]   | ^^^^^^^^^^^^^^^^^^^^^^^^^^^^^^^^^^^^^^^
[INFO] [stdout]   |
[INFO] [stdout]   = note: `#[warn(deprecated)]` on by default
[INFO] [stdout]   = note: this warning originates in the attribute macro `ply_locales` (in Nightly builds, run with -Z macro-backtrace for more info)
[INFO] [stdout] 
[INFO] [stdout] 
[INFO] [stdout] warning: use of deprecated constant `t::_::WARNING`: Locale 'es-ES' contains key 'extra-key-in-es' at tests/locales_working/es-ES.ftl:8 which does not exist in default locale 'en-US'. This key will be ignored.
[INFO] [stdout]  --> tests/integration_test.rs:3:1
[INFO] [stdout]   |
[INFO] [stdout] 3 | #[ply_locales("tests/locales_working")]
[INFO] [stdout]   | ^^^^^^^^^^^^^^^^^^^^^^^^^^^^^^^^^^^^^^^
[INFO] [stdout]   |
[INFO] [stdout]   = note: this warning originates in the attribute macro `ply_locales` (in Nightly builds, run with -Z macro-backtrace for more info)
[INFO] [stdout] 
[INFO] [stdout] 
[INFO] [stderr]     Finished `release` profile [optimized] target(s) in 52.08s
[INFO] running `Command { std: "docker" "inspect" "bf09ba1f4d978b0e9848f8e3ba6402c286d54be05c07ace847c14666f9f933a1", kill_on_drop: false }`
[INFO] running `Command { std: "docker" "exec" "-e" "SOURCE_DIR=/opt/rustwide/workdir" "-e" "CARGO_HOME=/opt/rustwide/cargo-home" "-e" "RUSTUP_HOME=/opt/rustwide/rustup-home" "-e" "CARGO_TARGET_DIR=/opt/rustwide/target" "-e" "CARGO_INCREMENTAL=0" "-e" "RUST_BACKTRACE=full" "-e" "RUSTFLAGS=--cap-lints=warn" "-e" "RUSTDOCFLAGS=--cap-lints=warn" "-w" "/opt/rustwide/workdir" "--user" "0:0" "bf09ba1f4d978b0e9848f8e3ba6402c286d54be05c07ace847c14666f9f933a1" "/opt/rustwide/cargo-home/bin/cargo" "+1.99.0-beta.8" "test" "--frozen" "--release", kill_on_drop: false }`
[INFO] [stderr] warning: use of deprecated constant `t::_::WARNING`: Locale 'es-ES' is missing translation for key 'missing-in-es' (defined in default locale 'en-US'). At runtime this key will fall back to 'en-US'.
[INFO] [stderr]  --> tests/integration_test.rs:3:1
[INFO] [stderr]   |
[INFO] [stderr] 3 | #[ply_locales("tests/locales_working")]
[INFO] [stderr]   | ^^^^^^^^^^^^^^^^^^^^^^^^^^^^^^^^^^^^^^^
[INFO] [stderr]   |
[INFO] [stderr]   = note: `#[warn(deprecated)]` on by default
[INFO] [stderr]   = note: this warning originates in the attribute macro `ply_locales` (in Nightly builds, run with -Z macro-backtrace for more info)
[INFO] [stderr] 
[INFO] [stderr] warning: use of deprecated constant `t::_::WARNING`: Locale 'es-ES' contains key 'extra-key-in-es' at tests/locales_working/es-ES.ftl:8 which does not exist in default locale 'en-US'. This key will be ignored.
[INFO] [stderr]  --> tests/integration_test.rs:3:1
[INFO] [stderr]   |
[INFO] [stderr] 3 | #[ply_locales("tests/locales_working")]
[INFO] [stderr]   | ^^^^^^^^^^^^^^^^^^^^^^^^^^^^^^^^^^^^^^^
[INFO] [stderr]   |
[INFO] [stderr]   = note: this warning originates in the attribute macro `ply_locales` (in Nightly builds, run with -Z macro-backtrace for more info)
[INFO] [stderr] 
[INFO] [stderr] warning: `ply-locales` (test "integration_test") generated 2 warnings
[INFO] [stderr]     Finished `release` profile [optimized] target(s) in 0.09s
[INFO] [stderr]      Running unittests src/lib.rs (/opt/rustwide/target/release/deps/ply_locales-344d60aa19af048e)
[INFO] [stdout] 
[INFO] [stdout] running 2 tests
[INFO] [stdout] test loader::tests::test_fluent_tab_support ... ok
[INFO] [stderr]      Running tests/integration_test.rs (/opt/rustwide/target/release/deps/integration_test-288a354b290c0183)
[INFO] [stdout] test loader::tests::test_langid_parsing ... ok
[INFO] [stdout] 
[INFO] [stdout] test result: ok. 2 passed; 0 failed; 0 ignored; 0 measured; 0 filtered out; finished in 0.00s
[INFO] [stdout] 
[INFO] [stdout] 
[INFO] [stdout] running 1 test
[INFO] [stdout] test test_locales_working_runtime ... ok
[INFO] [stdout] 
[INFO] [stdout] test result: ok. 1 passed; 0 failed; 0 ignored; 0 measured; 0 filtered out; finished in 0.00s
[INFO] [stdout] 
[INFO] [stderr]      Running tests/ui_test.rs (/opt/rustwide/target/release/deps/ui_test-19c68e23d0d95d0a)
[INFO] [stdout] 
[INFO] [stdout] running 1 test
[INFO] [stderr]    Compiling proc-macro2 v1.0.107
[INFO] [stderr]    Compiling quote v1.0.47
[INFO] [stderr]    Compiling unicode-ident v1.0.24
[INFO] [stderr]    Compiling serde_core v1.0.229
[INFO] [stderr]    Compiling serde v1.0.229
[INFO] [stderr]    Compiling thiserror v2.0.20
[INFO] [stderr]    Compiling hashbrown v0.17.1
[INFO] [stderr]    Compiling equivalent v1.0.2
[INFO] [stderr]    Compiling winnow v0.7.15
[INFO] [stderr]    Compiling toml_write v0.1.2
[INFO] [stderr]     Checking rustc-hash v2.1.3
[INFO] [stderr]    Compiling autocfg v1.5.1
[INFO] [stderr]    Compiling memchr v2.8.3
[INFO] [stderr]     Checking smallvec v1.15.2
[INFO] [stderr]     Checking type-map v0.5.1
[INFO] [stderr]     Checking self_cell v1.3.0
[INFO] [stderr]     Checking indexmap v2.14.1
[INFO] [stderr]    Compiling ply-locales v0.1.2 (/opt/rustwide/workdir)
[INFO] [stderr]     Checking syn v3.0.4
[INFO] [stderr]     Checking toml_datetime v0.6.11
[INFO] [stderr]     Checking serde_spanned v0.6.9
[INFO] [stderr]     Checking toml_edit v0.22.27
[INFO] [stderr]     Checking toml v0.8.23
[INFO] [stderr]    Compiling displaydoc v0.2.7
[INFO] [stderr]    Compiling thiserror-impl v2.0.20
[INFO] [stderr]     Checking tinystr v0.8.4
[INFO] [stderr]    Compiling unic-langid-impl v0.9.6
[INFO] [stderr]    Compiling unic-langid v0.9.6
[INFO] [stderr]     Checking intl-memoizer v0.5.3
[INFO] [stderr]     Checking intl_pluralrules v7.0.2
[INFO] [stderr]     Checking fluent-langneg v0.13.1
[INFO] [stderr]     Checking fluent-syntax v0.12.0
[INFO] [stderr]     Checking fluent-bundle v0.16.0
[INFO] [stderr]     Checking ply-locales-tests v0.0.0 (/opt/rustwide/target/tests/trybuild/ply-locales)
[INFO] [stderr]     Finished `dev` profile [unoptimized + debuginfo] target(s) in 21.82s
[INFO] [stderr] 
[INFO] [stderr] 
[INFO] [stdout] test test_ui_errors ... FAILED
[INFO] [stderr] test tests/ui/fail_wrong_format.rs ... mismatch
[INFO] [stdout] 
[INFO] [stderr] 
[INFO] [stdout] failures:
[INFO] [stderr] EXPECTED:
[INFO] [stdout] 
[INFO] [stderr] ┈┈┈┈┈┈┈┈┈┈┈┈┈┈┈┈┈┈┈┈┈┈┈┈┈┈┈┈┈┈┈┈┈┈┈┈┈┈┈┈┈┈┈┈┈┈┈┈┈┈┈┈┈┈┈┈┈┈┈┈
[INFO] [stdout] ---- test_ui_errors stdout ----
[INFO] [stderr] error: Invalid language identifier in directory name 'invalid_dir' in '../../../../tests/locales_wrong_format': Language tags use hyphens ('-'), not underscores ('_').
[INFO] [stdout] 
[INFO] [stderr]  --> tests/ui/fail_wrong_format.rs:3:15
[INFO] [stdout] thread 'test_ui_errors' (1039) panicked at /opt/rustwide/cargo-home/registry/src/index.crates.io-1949cf8c6b5b557f/trybuild-1.0.120/src/run.rs:103:13:
[INFO] [stderr]   |
[INFO] [stdout] 3 of 3 tests failed
[INFO] [stderr] 3 | #[ply_locales("../../../../tests/locales_wrong_format")]
[INFO] [stdout] stack backtrace:
[INFO] [stderr]   |               ^^^^^^^^^^^^^^^^^^^^^^^^^^^^^^^^^^^^^^^^
[INFO] [stdout]    0:     0x5ecc041e5071 - <<std[70759c8f55707aa4]::sys::backtrace::BacktraceLock>::print::DisplayBacktrace as core[df12db4294e9bfd3]::fmt::Display>::fmt
[INFO] [stderr] 
[INFO] [stdout]    1:     0x5ecc041fb6fa - core[df12db4294e9bfd3]::fmt::write
[INFO] [stderr] error: Unexpected file 'notes.txt' in locales directory '../../../../tests/locales_wrong_format'. Expected a .ftl file or a locale directory.
[INFO] [stdout]    2:     0x5ecc041e9b3c - <alloc[2182bb758b4b3781]::vec::Vec<u8> as core[df12db4294e9bfd3]::io::write::Write>::write_fmt
[INFO] [stderr]  --> tests/ui/fail_wrong_format.rs:3:15
[INFO] [stdout]    3:     0x5ecc041be556 - std[70759c8f55707aa4]::panicking::default_hook::{closure#0}
[INFO] [stderr]   |
[INFO] [stdout]    4:     0x5ecc041dc6e9 - std[70759c8f55707aa4]::panicking::default_hook
[INFO] [stderr] 3 | #[ply_locales("../../../../tests/locales_wrong_format")]
[INFO] [stdout]    5:     0x5ecc041759c0 - test[9d35eded1c95d3be]::test_main_inner::<test[9d35eded1c95d3be]::test_main_static::{closure#0}>::{closure#0}
[INFO] [stderr]   |               ^^^^^^^^^^^^^^^^^^^^^^^^^^^^^^^^^^^^^^^^
[INFO] [stdout]    6:     0x5ecc041dc8a2 - std[70759c8f55707aa4]::panicking::panic_with_hook
[INFO] [stderr] ┈┈┈┈┈┈┈┈┈┈┈┈┈┈┈┈┈┈┈┈┈┈┈┈┈┈┈┈┈┈┈┈┈┈┈┈┈┈┈┈┈┈┈┈┈┈┈┈┈┈┈┈┈┈┈┈┈┈┈┈
[INFO] [stdout]    7:     0x5ecc041be602 - std[70759c8f55707aa4]::panicking::panic_handler::{closure#0}
[INFO] [stderr] 
[INFO] [stdout]    8:     0x5ecc041b6ec9 - std[70759c8f55707aa4]::sys::backtrace::__rust_end_short_backtrace::<std[70759c8f55707aa4]::panicking::panic_handler::{closure#0}, !>
[INFO] [stderr] ACTUAL OUTPUT:
[INFO] [stdout]    9:     0x5ecc041bf1fd - __rustc[8fa7c3cbc660c2b3]::rust_begin_unwind
[INFO] [stderr] ┈┈┈┈┈┈┈┈┈┈┈┈┈┈┈┈┈┈┈┈┈┈┈┈┈┈┈┈┈┈┈┈┈┈┈┈┈┈┈┈┈┈┈┈┈┈┈┈┈┈┈┈┈┈┈┈┈┈┈┈
[INFO] [stdout]   10:     0x5ecc041fbe6c - core[df12db4294e9bfd3]::panicking::panic_fmt
[INFO] [stderr] error: Locales directory not found: /opt/rustwide/target/tests/trybuild/ply-locales/../../../../tests/locales_wrong_format
[INFO] [stdout]   11:     0x5ecc040ca1f8 - <trybuild[131f4b5eaf74227b]::Runner>::run
[INFO] [stderr]  --> tests/ui/fail_wrong_format.rs:3:15
[INFO] [stdout]   12:     0x5ecc040cd5e0 - <trybuild[131f4b5eaf74227b]::TestCases as core[df12db4294e9bfd3]::ops::drop::Drop>::drop
[INFO] [stderr]   |
[INFO] [stdout]   13:     0x5ecc040c3c1e - <ui_test[48bce647e9ea4505]::test_ui_errors::{closure#0} as core[df12db4294e9bfd3]::ops::function::FnOnce<()>>::call_once
[INFO] [stderr] 3 | #[ply_locales("../../../../tests/locales_wrong_format")]
[INFO] [stdout]   14:     0x5ecc04168cab - test[9d35eded1c95d3be]::__rust_begin_short_backtrace::<core[df12db4294e9bfd3]::result::Result<(), alloc[2182bb758b4b3781]::string::String>, fn() -> core[df12db4294e9bfd3]::result::Result<(), alloc[2182bb758b4b3781]::string::String>>
[INFO] [stderr]   |               ^^^^^^^^^^^^^^^^^^^^^^^^^^^^^^^^^^^^^^^^
[INFO] [stdout]   15:     0x5ecc04176315 - test[9d35eded1c95d3be]::run_test::{closure#0}
[INFO] [stderr] ┈┈┈┈┈┈┈┈┈┈┈┈┈┈┈┈┈┈┈┈┈┈┈┈┈┈┈┈┈┈┈┈┈┈┈┈┈┈┈┈┈┈┈┈┈┈┈┈┈┈┈┈┈┈┈┈┈┈┈┈
[INFO] [stdout]   16:     0x5ecc0416fbd4 - std[70759c8f55707aa4]::sys::backtrace::__rust_begin_short_backtrace::<test[9d35eded1c95d3be]::run_test::{closure#1}, ()>
[INFO] [stderr] note: If the actual output is the correct output you can bless it by rerunning
[INFO] [stdout]   17:     0x5ecc04179472 - <std[70759c8f55707aa4]::thread::lifecycle::spawn_unchecked<test[9d35eded1c95d3be]::run_test::{closure#1}, ()>::{closure#1} as core[df12db4294e9bfd3]::ops::function::FnOnce<()>>::call_once::{shim:vtable#0}
[INFO] [stderr]       your test with the environment variable TRYBUILD=overwrite
[INFO] [stdout]   18:     0x5ecc041e4329 - <std[70759c8f55707aa4]::sys::thread::unix::Thread>::new::thread_start
[INFO] [stderr] 
[INFO] [stdout]   19:     0x77cc9506adfa - <unknown>
[INFO] [stderr] test tests/ui/fail_bad_usage.rs ... mismatch
[INFO] [stdout]   20:     0x77cc950fe3d4 - clone
[INFO] [stderr] 
[INFO] [stdout]   21:                0x0 - <unknown>
[INFO] [stderr] EXPECTED:
[INFO] [stdout] 
[INFO] [stderr] ┈┈┈┈┈┈┈┈┈┈┈┈┈┈┈┈┈┈┈┈┈┈┈┈┈┈┈┈┈┈┈┈┈┈┈┈┈┈┈┈┈┈┈┈┈┈┈┈┈┈┈┈┈┈┈┈┈┈┈┈
[INFO] [stdout] 
[INFO] [stderr] error: Function 'NUMBER' requires exactly 1 positional argument, found 0 in message 'bad-func-call' for locale 'en-US'
[INFO] [stdout] failures:
[INFO] [stderr]   --> ../../../../tests/locales_bad_usage/en-US.ftl:12:32-37
[INFO] [stdout]     test_ui_errors
[INFO] [stderr]    |
[INFO] [stdout] 
[INFO] [stderr] 12 | bad-func-call = Missing arg: { NUMBER() } and bad opt: { NUMBER($amount, badOpt: 1) }
[INFO] [stdout] test result: FAILED. 0 passed; 1 failed; 0 ignored; 0 measured; 0 filtered out; finished in 30.00s
[INFO] [stderr]    |                                ^^^^^^ Expected 1 argument, found 0
[INFO] [stdout] 
[INFO] [stderr] 
[INFO] [stderr]  --> tests/ui/fail_bad_usage.rs:3:15
[INFO] [stderr]   |
[INFO] [stderr] 3 | #[ply_locales("../../../../tests/locales_bad_usage")]
[INFO] [stderr]   |               ^^^^^^^^^^^^^^^^^^^^^^^^^^^^^^^^^^^^^
[INFO] [stderr] 
[INFO] [stderr] error: Unknown argument 'badOpt' in call to function 'NUMBER' in message 'bad-func-call' for locale 'en-US'
[INFO] [stderr]   --> ../../../../tests/locales_bad_usage/en-US.ftl:12:74-79
[INFO] [stderr]    |
[INFO] [stderr] 12 | bad-func-call = Missing arg: { NUMBER() } and bad opt: { NUMBER($amount, badOpt: 1) }
[INFO] [stderr]    |                                                                          ^^^^^^ Function 'NUMBER' does not accept option 'badOpt'
[INFO] [stderr] 
[INFO] [stderr]  --> tests/ui/fail_bad_usage.rs:3:15
[INFO] [stderr]   |
[INFO] [stderr] 3 | #[ply_locales("../../../../tests/locales_bad_usage")]
[INFO] [stderr]   |               ^^^^^^^^^^^^^^^^^^^^^^^^^^^^^^^^^^^^^
[INFO] [stderr] 
[INFO] [stderr] error: Missing argument 'case' in call to term '-param-term' in message 'bad-term-call' for locale 'en-US'
[INFO] [stderr]   --> ../../../../tests/locales_bad_usage/en-US.ftl:11:28-38
[INFO] [stderr]    |
[INFO] [stderr] 11 | bad-term-call = Missing: { -param-term } and extra: { -param-term(case: "nom", extra: "val") }
[INFO] [stderr]    |                            ^^^^^^^^^^^ Missing argument 'case'
[INFO] [stderr] 
[INFO] [stderr]  --> tests/ui/fail_bad_usage.rs:3:15
[INFO] [stderr]   |
[INFO] [stderr] 3 | #[ply_locales("../../../../tests/locales_bad_usage")]
[INFO] [stderr]   |               ^^^^^^^^^^^^^^^^^^^^^^^^^^^^^^^^^^^^^
[INFO] [stderr] 
[INFO] [stderr] error: Unknown argument 'extra' in call to term '-param-term' in message 'bad-term-call' for locale 'en-US'
[INFO] [stderr]   --> ../../../../tests/locales_bad_usage/en-US.ftl:11:80-84
[INFO] [stderr]    |
[INFO] [stderr] 11 | bad-term-call = Missing: { -param-term } and extra: { -param-term(case: "nom", extra: "val") }
[INFO] [stderr]    |                                                                                ^^^^^ Term '-param-term' does not accept argument 'extra'
[INFO] [stderr] 
[INFO] [stderr]  --> tests/ui/fail_bad_usage.rs:3:15
[INFO] [stderr]   |
[INFO] [stderr] 3 | #[ply_locales("../../../../tests/locales_bad_usage")]
[INFO] [stderr]   |               ^^^^^^^^^^^^^^^^^^^^^^^^^^^^^^^^^^^^^
[INFO] [stderr] 
[INFO] [stderr] error: Unknown function in message 'missing-dep' for locale 'en-US'
[INFO] [stderr]   --> ../../../../tests/locales_bad_usage/en-US.ftl:13:51-62
[INFO] [stderr]    |
[INFO] [stderr] 13 | missing-dep = Welcome to { -missing-brand } and { UNKNOWN_FUNC($val) }.
[INFO] [stderr]    |                                                   ^^^^^^^^^^^^ Function 'UNKNOWN_FUNC' is not defined
[INFO] [stderr] 
[INFO] [stderr]  --> tests/ui/fail_bad_usage.rs:3:15
[INFO] [stderr]   |
[INFO] [stderr] 3 | #[ply_locales("../../../../tests/locales_bad_usage")]
[INFO] [stderr]   |               ^^^^^^^^^^^^^^^^^^^^^^^^^^^^^^^^^^^^^
[INFO] [stderr] 
[INFO] [stderr] error: Missing dependency in message 'missing-dep' for locale 'en-US'
[INFO] [stderr]   --> ../../../../tests/locales_bad_usage/en-US.ftl:13:28-41
[INFO] [stderr]    |
[INFO] [stderr] 13 | missing-dep = Welcome to { -missing-brand } and { UNKNOWN_FUNC($val) }.
[INFO] [stderr]    |                            ^^^^^^^^^^^^^^ Term '-missing-brand' is not defined in locale 'en-US'
[INFO] [stderr] 
[INFO] [stderr]  --> tests/ui/fail_bad_usage.rs:3:15
[INFO] [stderr]   |
[INFO] [stderr] 3 | #[ply_locales("../../../../tests/locales_bad_usage")]
[INFO] [stderr]   |               ^^^^^^^^^^^^^^^^^^^^^^^^^^^^^^^^^^^^^
[INFO] [stderr] 
[INFO] [stderr] error: Circular dependency detected in locale 'en-US'
[INFO] [stderr]  --> ../../../../tests/locales_bad_usage/en-US.ftl
[INFO] [stderr]   |
[INFO] [stderr] 1 | -term-a = { -term-b }
[INFO] [stderr] 2 | -term-b =
[INFO] [stderr] 3 |     Term B referencing { -term-a }
[INFO] [stderr]   |
[INFO] [stderr]   = cycle: -term-a -> -term-b -> -term-a
[INFO] [stderr] 
[INFO] [stderr]  --> tests/ui/fail_bad_usage.rs:3:15
[INFO] [stderr]   |
[INFO] [stderr] 3 | #[ply_locales("../../../../tests/locales_bad_usage")]
[INFO] [stderr]   |               ^^^^^^^^^^^^^^^^^^^^^^^^^^^^^^^^^^^^^
[INFO] [stderr] 
[INFO] [stderr] error: Circular dependency detected in locale 'en-US'
[INFO] [stderr]  --> ../../../../tests/locales_bad_usage/en-US.ftl
[INFO] [stderr]   |
[INFO] [stderr] 5 | -term-c = { -term-d }
[INFO] [stderr]          ...
[INFO] [stderr]        8 | -term-d = { -term-c }
[INFO] [stderr]          |
[INFO] [stderr]          = cycle: -term-c -> -term-d -> -term-c
[INFO] [stderr] 
[INFO] [stderr]  --> tests/ui/fail_bad_usage.rs:3:15
[INFO] [stderr]   |
[INFO] [stderr] 3 | #[ply_locales("../../../../tests/locales_bad_usage")]
[INFO] [stderr]   |               ^^^^^^^^^^^^^^^^^^^^^^^^^^^^^^^^^^^^^
[INFO] [stderr] 
[INFO] [stderr] error: Mismatched Fluent variables in message 'greet' for locale 'de-DE'
[INFO] [stderr]  --> ../../../../tests/locales_bad_usage/de-DE.ftl:1
[INFO] [stderr]   |
[INFO] [stderr] 1 | greet = Hallo, { $user }!
[INFO] [stderr]   |
[INFO] [stderr]   = expected: [$name]
[INFO] [stderr]   = found:    [$user]
[INFO] [stderr] 
[INFO] [stderr]  --> tests/ui/fail_bad_usage.rs:3:15
[INFO] [stderr]   |
[INFO] [stderr] 3 | #[ply_locales("../../../../tests/locales_bad_usage")]
[INFO] [stderr]   |               ^^^^^^^^^^^^^^^^^^^^^^^^^^^^^^^^^^^^^
[INFO] [stderr] 
[INFO] [stderr] error: Mismatched Fluent variables in message 'order-summary' for locale 'de-DE'
[INFO] [stderr]  --> ../../../../tests/locales_bad_usage/de-DE.ftl:2
[INFO] [stderr]   |
[INFO] [stderr] 2 | order-summary = Bestellung { $order_id } für { $client } hat { $item_count } Artikel.
[INFO] [stderr]   |
[INFO] [stderr]   = expected: [$order_id, $customer, $item_count]
[INFO] [stderr]   = found:    [$order_id, $client, $item_count]
[INFO] [stderr] 
[INFO] [stderr]  --> tests/ui/fail_bad_usage.rs:3:15
[INFO] [stderr]   |
[INFO] [stderr] 3 | #[ply_locales("../../../../tests/locales_bad_usage")]
[INFO] [stderr]   |               ^^^^^^^^^^^^^^^^^^^^^^^^^^^^^^^^^^^^^
[INFO] [stderr] 
[INFO] [stderr] error: Mismatched Fluent variables in message 'shared-photos' for locale 'de-DE'
[INFO] [stderr]  --> ../../../../tests/locales_bad_usage/de-DE.ftl:4
[INFO] [stderr]   |
[INFO] [stderr] 4 | shared-photos =
[INFO] [stderr] 5 |     {$user} {$photoCount ->
[INFO] [stderr] 6 |         [one] hat ein neues Foto
[INFO] [stderr] 7 |        *[other] hat {$photoCount} neue Fotos
[INFO] [stderr] 8 |     } zu seinem Stream hinzugefügt.
[INFO] [stderr]   |
[INFO] [stderr]   = expected: [$userName, $photoCount, $userGender]
[INFO] [stderr]   = found:    [$user, $photoCount]
[INFO] [stderr] 
[INFO] [stderr]  --> tests/ui/fail_bad_usage.rs:3:15
[INFO] [stderr]   |
[INFO] [stderr] 3 | #[ply_locales("../../../../tests/locales_bad_usage")]
[INFO] [stderr]   |               ^^^^^^^^^^^^^^^^^^^^^^^^^^^^^^^^^^^^^
[INFO] [stderr] 
[INFO] [stderr] error: Mismatched Fluent variables in message 'balance' for locale 'ja-JP'
[INFO] [stderr]  --> ../../../../tests/locales_bad_usage/ja-JP.ftl:3
[INFO] [stderr]   |
[INFO] [stderr] 3 | balance = 残高は { $amount } { $currency } です ({ $extra_param })。
[INFO] [stderr]   |
[INFO] [stderr]   = expected: [$amount, $currency]
[INFO] [stderr]   = found:    [$amount, $currency, $extra_param]
[INFO] [stderr] 
[INFO] [stderr]  --> tests/ui/fail_bad_usage.rs:3:15
[INFO] [stderr]   |
[INFO] [stderr] 3 | #[ply_locales("../../../../tests/locales_bad_usage")]
[INFO] [stderr]   |               ^^^^^^^^^^^^^^^^^^^^^^^^^^^^^^^^^^^^^
[INFO] [stderr] 
[INFO] [stderr] error: Mismatched Fluent variables in message 'greet' for locale 'ja-JP'
[INFO] [stderr]  --> ../../../../tests/locales_bad_usage/ja-JP.ftl:1
[INFO] [stderr]   |
[INFO] [stderr] 1 | greet = こんにちは！
[INFO] [stderr]   |
[INFO] [stderr]   = expected: [$name]
[INFO] [stderr]   = found:    []
[INFO] [stderr] 
[INFO] [stderr]  --> tests/ui/fail_bad_usage.rs:3:15
[INFO] [stderr]   |
[INFO] [stderr] 3 | #[ply_locales("../../../../tests/locales_bad_usage")]
[INFO] [stderr]   |               ^^^^^^^^^^^^^^^^^^^^^^^^^^^^^^^^^^^^^
[INFO] [stderr] ┈┈┈┈┈┈┈┈┈┈┈┈┈┈┈┈┈┈┈┈┈┈┈┈┈┈┈┈┈┈┈┈┈┈┈┈┈┈┈┈┈┈┈┈┈┈┈┈┈┈┈┈┈┈┈┈┈┈┈┈
[INFO] [stderr] 
[INFO] [stderr] ACTUAL OUTPUT:
[INFO] [stderr] ┈┈┈┈┈┈┈┈┈┈┈┈┈┈┈┈┈┈┈┈┈┈┈┈┈┈┈┈┈┈┈┈┈┈┈┈┈┈┈┈┈┈┈┈┈┈┈┈┈┈┈┈┈┈┈┈┈┈┈┈
[INFO] [stderr] error: Locales directory not found: /opt/rustwide/target/tests/trybuild/ply-locales/../../../../tests/locales_bad_usage
[INFO] [stderr]  --> tests/ui/fail_bad_usage.rs:3:15
[INFO] [stderr]   |
[INFO] [stderr] 3 | #[ply_locales("../../../../tests/locales_bad_usage")]
[INFO] [stderr]   |               ^^^^^^^^^^^^^^^^^^^^^^^^^^^^^^^^^^^^^
[INFO] [stderr] ┈┈┈┈┈┈┈┈┈┈┈┈┈┈┈┈┈┈┈┈┈┈┈┈┈┈┈┈┈┈┈┈┈┈┈┈┈┈┈┈┈┈┈┈┈┈┈┈┈┈┈┈┈┈┈┈┈┈┈┈
[INFO] [stderr] note: If the actual output is the correct output you can bless it by rerunning
[INFO] [stderr]       your test with the environment variable TRYBUILD=overwrite
[INFO] [stderr] 
[INFO] [stderr] test tests/ui/fail_syntax_error.rs ... mismatch
[INFO] [stderr] 
[INFO] [stderr] EXPECTED:
[INFO] [stderr] ┈┈┈┈┈┈┈┈┈┈┈┈┈┈┈┈┈┈┈┈┈┈┈┈┈┈┈┈┈┈┈┈┈┈┈┈┈┈┈┈┈┈┈┈┈┈┈┈┈┈┈┈┈┈┈┈┈┈┈┈
[INFO] [stderr] error: Syntax error in Fluent file '../../../../tests/locales_syntax_error/en-US.ftl'
[INFO] [stderr]  --> ../../../../tests/locales_syntax_error/en-US.ftl:1:16-17
[INFO] [stderr]   |
[INFO] [stderr] 1 | greet = Hello, {}!
[INFO] [stderr]   |                ^^ Expression can't be empty
[INFO] [stderr] 
[INFO] [stderr]  --> tests/ui/fail_syntax_error.rs:3:15
[INFO] [stderr]   |
[INFO] [stderr] 3 | #[ply_locales("../../../../tests/locales_syntax_error")]
[INFO] [stderr]   |               ^^^^^^^^^^^^^^^^^^^^^^^^^^^^^^^^^^^^^^^^
[INFO] [stderr] ┈┈┈┈┈┈┈┈┈┈┈┈┈┈┈┈┈┈┈┈┈┈┈┈┈┈┈┈┈┈┈┈┈┈┈┈┈┈┈┈┈┈┈┈┈┈┈┈┈┈┈┈┈┈┈┈┈┈┈┈
[INFO] [stderr] 
[INFO] [stderr] ACTUAL OUTPUT:
[INFO] [stderr] ┈┈┈┈┈┈┈┈┈┈┈┈┈┈┈┈┈┈┈┈┈┈┈┈┈┈┈┈┈┈┈┈┈┈┈┈┈┈┈┈┈┈┈┈┈┈┈┈┈┈┈┈┈┈┈┈┈┈┈┈
[INFO] [stderr] error: Locales directory not found: /opt/rustwide/target/tests/trybuild/ply-locales/../../../../tests/locales_syntax_error
[INFO] [stderr]  --> tests/ui/fail_syntax_error.rs:3:15
[INFO] [stderr]   |
[INFO] [stderr] 3 | #[ply_locales("../../../../tests/locales_syntax_error")]
[INFO] [stderr]   |               ^^^^^^^^^^^^^^^^^^^^^^^^^^^^^^^^^^^^^^^^
[INFO] [stderr] ┈┈┈┈┈┈┈┈┈┈┈┈┈┈┈┈┈┈┈┈┈┈┈┈┈┈┈┈┈┈┈┈┈┈┈┈┈┈┈┈┈┈┈┈┈┈┈┈┈┈┈┈┈┈┈┈┈┈┈┈
[INFO] [stderr] note: If the actual output is the correct output you can bless it by rerunning
[INFO] [stderr]       your test with the environment variable TRYBUILD=overwrite
[INFO] [stderr] 
[INFO] [stderr] 
[INFO] [stderr] 
[INFO] [stderr] error: test failed, to rerun pass `--test ui_test`
[INFO] running `Command { std: "docker" "inspect" "bf09ba1f4d978b0e9848f8e3ba6402c286d54be05c07ace847c14666f9f933a1", kill_on_drop: false }`
[INFO] running `Command { std: "docker" "rm" "-f" "bf09ba1f4d978b0e9848f8e3ba6402c286d54be05c07ace847c14666f9f933a1", kill_on_drop: false }`
[INFO] [stdout] bf09ba1f4d978b0e9848f8e3ba6402c286d54be05c07ace847c14666f9f933a1
