[INFO] fetching crate plux-lua-manager 0.1.2...
[INFO] testing plux-lua-manager-0.1.2 against 1.99.0-beta.8+cargoflags=--release for beta-release-1.100-2
[INFO] extracting crate plux-lua-manager 0.1.2 into /workspace/builds/worker-5-tc1/source
[INFO] started tweaking crates.io crate plux-lua-manager 0.1.2
[INFO] finished tweaking crates.io crate plux-lua-manager 0.1.2
[INFO] tweaked toml for crates.io crate plux-lua-manager 0.1.2 written to /workspace/builds/worker-5-tc1/source/Cargo.toml
[INFO] validating manifest of crates.io crate plux-lua-manager 0.1.2 on toolchain 1.99.0-beta.8
[INFO] running `Command { std: CARGO_HOME="/workspace/cargo-home" RUSTUP_HOME="/workspace/rustup-home" "/workspace/cargo-home/bin/cargo" "+1.99.0-beta.8" "metadata" "--manifest-path" "Cargo.toml" "--no-deps", kill_on_drop: false }`
[INFO] crate crates.io crate plux-lua-manager 0.1.2 already has a lockfile, it will not be regenerated
[INFO] running `Command { std: CARGO_HOME="/workspace/cargo-home" RUSTUP_HOME="/workspace/rustup-home" "/workspace/cargo-home/bin/cargo" "+1.99.0-beta.8" "fetch" "--manifest-path" "Cargo.toml", kill_on_drop: false }`
[INFO] [stderr]     Updating crates.io index
[INFO] [stderr]  Downloading crates ...
[INFO] [stderr]   Downloaded thiserror-impl v2.0.16
[INFO] [stderr]   Downloaded thiserror v2.0.16
[INFO] [stderr]   Downloaded cc v1.2.35
[INFO] [stderr]   Downloaded zip v5.0.1
[INFO] [stderr]   Downloaded env_home v0.1.0
[INFO] [stderr]   Downloaded crc v3.3.0
[INFO] [stderr]   Downloaded deflate64 v0.1.9
[INFO] [stderr]   Downloaded plux-codegen v0.2.2
[INFO] [stderr]   Downloaded find-msvc-tools v0.1.0
[INFO] [stderr]   Downloaded deranged v0.5.3
[INFO] [stderr]   Downloaded which v7.0.3
[INFO] [stderr]   Downloaded wasi v0.14.5+wasi-0.2.4
[INFO] [stderr]   Downloaded bzip2 v0.6.0
[INFO] [stderr]   Downloaded mlua-sys v0.8.3
[INFO] [stderr]   Downloaded plux-rs v1.1.0
[INFO] [stderr]   Downloaded ppmd-rust v1.2.1
[INFO] [stderr]   Downloaded zopfli v0.8.2
[INFO] [stderr]   Downloaded libbz2-rs-sys v0.2.2
[INFO] [stderr]   Downloaded wit-bindgen v0.45.1
[INFO] [stderr]   Downloaded wasip2 v1.0.0+wasi-0.2.4
[INFO] [stderr]   Downloaded time v0.3.43
[INFO] [stderr]   Downloaded mlua v0.11.3
[INFO] [stderr]   Downloaded lzma-rust2 v0.13.0
[INFO] [stderr]   Downloaded winsafe v0.0.19
[INFO] [stderr]   Downloaded lua-src v548.1.1
[INFO] [stderr]   Downloaded luajit-src v210.6.1+f9140a6
[INFO] running `Command { std: "docker" "create" "-v" "/var/lib/crater-agent-workspace/builds/worker-5-tc1/source:/opt/rustwide/workdir:ro,Z" "-v" "/var/lib/crater-agent-workspace/builds/worker-5-tc1/target:/opt/rustwide/target:rw,Z" "-v" "/var/lib/crater-agent-workspace/cargo-home:/opt/rustwide/cargo-home:ro,Z" "-v" "/var/lib/crater-agent-workspace/rustup-home:/opt/rustwide/rustup-home:ro,Z" "-m" "1610612736" "--network" "none" "ghcr.io/rust-lang/crates-build-env/linux@sha256:77db811e55d90add9212f6832c23229e3de5f1c1f9905e8cb07319ea15df73ac" "sleep" "infinity", kill_on_drop: false }`
[INFO] [stdout] b4d0785825baa0f278e1b1d26dc49ebb8332bda28bfdbe972e0fb529c02a022d
[INFO] running `Command { std: "docker" "start" "b4d0785825baa0f278e1b1d26dc49ebb8332bda28bfdbe972e0fb529c02a022d", kill_on_drop: false }`
[INFO] running `Command { std: "docker" "inspect" "b4d0785825baa0f278e1b1d26dc49ebb8332bda28bfdbe972e0fb529c02a022d", kill_on_drop: false }`
[INFO] running `Command { std: "docker" "exec" "-e" "SOURCE_DIR=/opt/rustwide/workdir" "-e" "CARGO_HOME=/opt/rustwide/cargo-home" "-e" "RUSTUP_HOME=/opt/rustwide/rustup-home" "-e" "CARGO_TARGET_DIR=/opt/rustwide/target" "-w" "/opt/rustwide/workdir" "--user" "0:0" "b4d0785825baa0f278e1b1d26dc49ebb8332bda28bfdbe972e0fb529c02a022d" "/opt/rustwide/cargo-home/bin/cargo" "+1.99.0-beta.8" "metadata" "--no-deps" "--format-version=1", kill_on_drop: false }`
[INFO] running `Command { std: "docker" "inspect" "b4d0785825baa0f278e1b1d26dc49ebb8332bda28bfdbe972e0fb529c02a022d", kill_on_drop: false }`
[INFO] running `Command { std: "docker" "exec" "-e" "SOURCE_DIR=/opt/rustwide/workdir" "-e" "CARGO_HOME=/opt/rustwide/cargo-home" "-e" "RUSTUP_HOME=/opt/rustwide/rustup-home" "-e" "CARGO_TARGET_DIR=/opt/rustwide/target" "-e" "CARGO_INCREMENTAL=0" "-e" "RUST_BACKTRACE=full" "-e" "RUSTFLAGS=--cap-lints=warn" "-e" "RUSTDOCFLAGS=--cap-lints=warn" "-w" "/opt/rustwide/workdir" "--user" "0:0" "b4d0785825baa0f278e1b1d26dc49ebb8332bda28bfdbe972e0fb529c02a022d" "/opt/rustwide/cargo-home/bin/cargo" "+1.99.0-beta.8" "build" "--frozen" "--message-format=json" "--release", kill_on_drop: false }`
[INFO] [stderr]    Compiling proc-macro2 v1.0.101
[INFO] [stderr]    Compiling libc v0.2.175
[INFO] [stderr]    Compiling find-msvc-tools v0.1.0
[INFO] [stderr]    Compiling cfg-if v1.0.3
[INFO] [stderr]    Compiling rustix v1.0.8
[INFO] [stderr]    Compiling linux-raw-sys v0.9.4
[INFO] [stderr]    Compiling bitflags v2.9.4
[INFO] [stderr]    Compiling env_home v0.1.0
[INFO] [stderr]    Compiling either v1.15.0
[INFO] [stderr]    Compiling zstd-safe v7.2.4
[INFO] [stderr]    Compiling lock_api v0.4.13
[INFO] [stderr]    Compiling zlib-rs v0.5.2
[INFO] [stderr]    Compiling crc-catalog v2.4.0
[INFO] [stderr]    Compiling deranged v0.5.3
[INFO] [stderr]    Compiling thiserror v2.0.16
[INFO] [stderr]    Compiling crc32fast v1.5.0
[INFO] [stderr]    Compiling sha2 v0.10.9
[INFO] [stderr]    Compiling crc v3.3.0
[INFO] [stderr]    Compiling simd-adler32 v0.3.7
[INFO] [stderr]    Compiling semver v1.0.26
[INFO] [stderr]    Compiling log v0.4.28
[INFO] [stderr]    Compiling time-core v0.1.6
[INFO] [stderr]    Compiling libbz2-rs-sys v0.2.2
[INFO] [stderr]    Compiling bumpalo v3.19.0
[INFO] [stderr]    Compiling parking_lot_core v0.9.11
[INFO] [stderr]    Compiling indexmap v2.11.0
[INFO] [stderr]    Compiling getrandom v0.3.3
[INFO] [stderr]    Compiling sha1 v0.10.6
[INFO] [stderr]    Compiling aes v0.8.4
[INFO] [stderr]    Compiling zopfli v0.8.2
[INFO] [stderr]    Compiling ordered-float v2.10.1
[INFO] [stderr]    Compiling rayon-core v1.13.0
[INFO] [stderr]    Compiling pbkdf2 v0.12.2
[INFO] [stderr]    Compiling winnow v0.7.13
[INFO] [stderr]    Compiling ppmd-rust v1.2.1
[INFO] [stderr]    Compiling lzma-rust2 v0.13.0
[INFO] [stderr]    Compiling deflate64 v0.1.9
[INFO] [stderr]    Compiling jobserver v0.1.34
[INFO] [stderr]    Compiling quote v1.0.40
[INFO] [stderr]    Compiling syn v2.0.106
[INFO] [stderr]    Compiling cc v1.2.35
[INFO] [stderr]    Compiling bzip2 v0.6.0
[INFO] [stderr]    Compiling parking_lot v0.12.4
[INFO] [stderr]    Compiling toml_writer v1.0.2
[INFO] [stderr]    Compiling time v0.3.43
[INFO] [stderr]    Compiling rayon v1.11.0
[INFO] [stderr]    Compiling lua-src v548.1.1
[INFO] [stderr]    Compiling which v7.0.3
[INFO] [stderr]    Compiling luajit-src v210.6.1+f9140a6
[INFO] [stderr]    Compiling toml_parser v1.0.2
[INFO] [stderr]    Compiling zstd-sys v2.0.16+zstd.1.5.7
[INFO] [stderr]    Compiling mlua-sys v0.8.3
[INFO] [stderr]    Compiling libz-rs-sys v0.5.2
[INFO] [stderr]    Compiling flate2 v1.1.2
[INFO] [stderr]    Compiling serde_derive v1.0.219
[INFO] [stderr]    Compiling zeroize_derive v1.4.2
[INFO] [stderr]    Compiling thiserror-impl v2.0.16
[INFO] [stderr]    Compiling plux-codegen v0.2.2
[INFO] [stderr]    Compiling zeroize v1.8.1
[INFO] [stderr]    Compiling serde v1.0.219
[INFO] [stderr]    Compiling erased-serde v0.4.6
[INFO] [stderr]    Compiling toml_datetime v0.7.0
[INFO] [stderr]    Compiling bstr v1.12.0
[INFO] [stderr]    Compiling serde_spanned v1.0.0
[INFO] [stderr]    Compiling serde-value v0.7.0
[INFO] [stderr]    Compiling hashbrown v0.16.0
[INFO] [stderr]    Compiling toml v0.9.5
[INFO] [stderr]    Compiling mlua v0.11.3
[INFO] [stderr]    Compiling zstd v0.13.3
[INFO] [stderr]    Compiling zip v5.0.1
[INFO] [stderr]    Compiling plux-rs v1.1.0
[INFO] [stderr]    Compiling plux-lua-manager v0.1.2 (/opt/rustwide/workdir)
[INFO] [stderr]     Finished `release` profile [optimized] target(s) in 1m 04s
[INFO] running `Command { std: "docker" "inspect" "b4d0785825baa0f278e1b1d26dc49ebb8332bda28bfdbe972e0fb529c02a022d", kill_on_drop: false }`
[INFO] running `Command { std: "docker" "exec" "-e" "SOURCE_DIR=/opt/rustwide/workdir" "-e" "CARGO_HOME=/opt/rustwide/cargo-home" "-e" "RUSTUP_HOME=/opt/rustwide/rustup-home" "-e" "CARGO_TARGET_DIR=/opt/rustwide/target" "-e" "CARGO_INCREMENTAL=0" "-e" "RUST_BACKTRACE=full" "-e" "RUSTFLAGS=--cap-lints=warn" "-e" "RUSTDOCFLAGS=--cap-lints=warn" "-w" "/opt/rustwide/workdir" "--user" "0:0" "b4d0785825baa0f278e1b1d26dc49ebb8332bda28bfdbe972e0fb529c02a022d" "/opt/rustwide/cargo-home/bin/cargo" "+1.99.0-beta.8" "test" "--frozen" "--no-run" "--message-format=json" "--release", kill_on_drop: false }`
[INFO] [stderr]    Compiling plux-lua-manager v0.1.2 (/opt/rustwide/workdir)
[INFO] [stderr]     Finished `release` profile [optimized] target(s) in 1.19s
[INFO] running `Command { std: "docker" "inspect" "b4d0785825baa0f278e1b1d26dc49ebb8332bda28bfdbe972e0fb529c02a022d", kill_on_drop: false }`
[INFO] running `Command { std: "docker" "exec" "-e" "SOURCE_DIR=/opt/rustwide/workdir" "-e" "CARGO_HOME=/opt/rustwide/cargo-home" "-e" "RUSTUP_HOME=/opt/rustwide/rustup-home" "-e" "CARGO_TARGET_DIR=/opt/rustwide/target" "-e" "CARGO_INCREMENTAL=0" "-e" "RUST_BACKTRACE=full" "-e" "RUSTFLAGS=--cap-lints=warn" "-e" "RUSTDOCFLAGS=--cap-lints=warn" "-w" "/opt/rustwide/workdir" "--user" "0:0" "b4d0785825baa0f278e1b1d26dc49ebb8332bda28bfdbe972e0fb529c02a022d" "/opt/rustwide/cargo-home/bin/cargo" "+1.99.0-beta.8" "test" "--frozen" "--release", kill_on_drop: false }`
[INFO] [stderr]     Finished `release` profile [optimized] target(s) in 0.11s
[INFO] [stdout] 
[INFO] [stderr]      Running unittests src/lib.rs (/opt/rustwide/target/release/deps/plux_lua_manager-b83c850255518869)
[INFO] [stdout] running 2 tests
[INFO] [stdout] test lua::conversion::tests::test_complex_conversion ... ok
[INFO] [stdout] test lua::conversion::tests::test_primitive_conversion ... FAILED
[INFO] [stderr] error: test failed, to rerun pass `--lib`
[INFO] [stdout] 
[INFO] [stdout] failures:
[INFO] [stdout] 
[INFO] [stdout] ---- lua::conversion::tests::test_primitive_conversion stdout ----
[INFO] [stdout] 
[INFO] [stdout] thread 'lua::conversion::tests::test_primitive_conversion' (1567) panicked at src/lua/conversion.rs:91:9:
[INFO] [stdout] assertion `left == right` failed
[INFO] [stdout]   left: Number(3.140000104904175)
[INFO] [stdout]  right: Number(3.14)
[INFO] [stdout] stack backtrace:
[INFO] [stdout]    0:     0x5db36b8b39f1 - <<std[70759c8f55707aa4]::sys::backtrace::BacktraceLock>::print::DisplayBacktrace as core[df12db4294e9bfd3]::fmt::Display>::fmt
[INFO] [stdout]    1:     0x5db36b8c81fa - core[df12db4294e9bfd3]::fmt::write
[INFO] [stdout]    2:     0x5db36b8b7edc - <alloc[2182bb758b4b3781]::vec::Vec<u8> as core[df12db4294e9bfd3]::io::write::Write>::write_fmt
[INFO] [stdout]    3:     0x5db36b88fe56 - std[70759c8f55707aa4]::panicking::default_hook::{closure#0}
[INFO] [stdout]    4:     0x5db36b8abfd9 - std[70759c8f55707aa4]::panicking::default_hook
[INFO] [stdout]    5:     0x5db36b7f03a0 - test[9d35eded1c95d3be]::test_main_inner::<test[9d35eded1c95d3be]::test_main_static::{closure#0}>::{closure#0}
[INFO] [stdout]    6:     0x5db36b8ac302 - std[70759c8f55707aa4]::panicking::panic_with_hook
[INFO] [stdout]    7:     0x5db36b88ff02 - std[70759c8f55707aa4]::panicking::panic_handler::{closure#0}
[INFO] [stdout]    8:     0x5db36b888c89 - std[70759c8f55707aa4]::sys::backtrace::__rust_end_short_backtrace::<std[70759c8f55707aa4]::panicking::panic_handler::{closure#0}, !>
[INFO] [stdout]    9:     0x5db36b890afd - __rustc[8fa7c3cbc660c2b3]::rust_begin_unwind
[INFO] [stdout]   10:     0x5db36b8c89ac - core[df12db4294e9bfd3]::panicking::panic_fmt
[INFO] [stdout]   11:     0x5db36b8c88c3 - core[df12db4294e9bfd3]::panicking::assert_failed_inner
[INFO] [stdout]   12:     0x5db36b7e2507 - core[df12db4294e9bfd3]::panicking::assert_failed::<mlua[e6c434956b4a5661]::value::Value, mlua[e6c434956b4a5661]::value::Value>
[INFO] [stdout]   13:     0x5db36b7e0129 - plux_lua_manager[5e566d8c93248bc6]::lua::conversion::tests::test_primitive_conversion
[INFO] [stdout]   14:     0x5db36b7e35f9 - <plux_lua_manager[5e566d8c93248bc6]::lua::conversion::tests::test_primitive_conversion::{closure#0} as core[df12db4294e9bfd3]::ops::function::FnOnce<()>>::call_once
[INFO] [stdout]   15:     0x5db36b7e368b - test[9d35eded1c95d3be]::__rust_begin_short_backtrace::<core[df12db4294e9bfd3]::result::Result<(), alloc[2182bb758b4b3781]::string::String>, fn() -> core[df12db4294e9bfd3]::result::Result<(), alloc[2182bb758b4b3781]::string::String>>
[INFO] [stdout]   16:     0x5db36b7f0cf5 - test[9d35eded1c95d3be]::run_test::{closure#0}
[INFO] [stdout]   17:     0x5db36b7ea5b4 - std[70759c8f55707aa4]::sys::backtrace::__rust_begin_short_backtrace::<test[9d35eded1c95d3be]::run_test::{closure#1}, ()>
[INFO] [stdout]   18:     0x5db36b7f3e52 - <std[70759c8f55707aa4]::thread::lifecycle::spawn_unchecked<test[9d35eded1c95d3be]::run_test::{closure#1}, ()>::{closure#1} as core[df12db4294e9bfd3]::ops::function::FnOnce<()>>::call_once::{shim:vtable#0}
[INFO] [stdout]   19:     0x5db36b8b32b9 - <std[70759c8f55707aa4]::sys::thread::unix::Thread>::new::thread_start
[INFO] [stdout]   20:     0x7393ac798dfa - <unknown>
[INFO] [stdout]   21:     0x7393ac82c3d4 - clone
[INFO] [stdout]   22:                0x0 - <unknown>
[INFO] [stdout] 
[INFO] [stdout] 
[INFO] [stdout] failures:
[INFO] [stdout]     lua::conversion::tests::test_primitive_conversion
[INFO] [stdout] 
[INFO] [stdout] test result: FAILED. 1 passed; 1 failed; 0 ignored; 0 measured; 0 filtered out; finished in 0.00s
[INFO] [stdout] 
[INFO] running `Command { std: "docker" "inspect" "b4d0785825baa0f278e1b1d26dc49ebb8332bda28bfdbe972e0fb529c02a022d", kill_on_drop: false }`
[INFO] running `Command { std: "docker" "rm" "-f" "b4d0785825baa0f278e1b1d26dc49ebb8332bda28bfdbe972e0fb529c02a022d", kill_on_drop: false }`
[INFO] [stdout] b4d0785825baa0f278e1b1d26dc49ebb8332bda28bfdbe972e0fb529c02a022d
