[INFO] fetching crate plutofilter-rs 0.4.1...
[INFO] testing plutofilter-rs-0.4.1 against 1.99.0-beta.8+cargoflags=--release for beta-release-1.100-2
[INFO] extracting crate plutofilter-rs 0.4.1 into /workspace/builds/worker-3-tc1/source
[INFO] removed /workspace/builds/worker-3-tc1/source/.cargo/config.toml
[INFO] started tweaking crates.io crate plutofilter-rs 0.4.1
[INFO] removed 0 missing examples
[INFO] removed 0 missing tests
[INFO] finished tweaking crates.io crate plutofilter-rs 0.4.1
[INFO] tweaked toml for crates.io crate plutofilter-rs 0.4.1 written to /workspace/builds/worker-3-tc1/source/Cargo.toml
[INFO] validating manifest of crates.io crate plutofilter-rs 0.4.1 on toolchain 1.99.0-beta.8
[INFO] running `Command { std: CARGO_HOME="/workspace/cargo-home" RUSTUP_HOME="/workspace/rustup-home" "/workspace/cargo-home/bin/cargo" "+1.99.0-beta.8" "metadata" "--manifest-path" "Cargo.toml" "--no-deps", kill_on_drop: false }`
[INFO] crate crates.io crate plutofilter-rs 0.4.1 already has a lockfile, it will not be regenerated
[INFO] running `Command { std: CARGO_HOME="/workspace/cargo-home" RUSTUP_HOME="/workspace/rustup-home" "/workspace/cargo-home/bin/cargo" "+1.99.0-beta.8" "fetch" "--manifest-path" "Cargo.toml", kill_on_drop: false }`
[INFO] [stderr]  Downloading crates ...
[INFO] [stderr]   Downloaded ravif v0.12.0
[INFO] [stderr]   Downloaded aligned v0.4.2
[INFO] [stderr]   Downloaded avif-serialize v0.8.6
[INFO] [stderr]   Downloaded libfuzzer-sys v0.4.10
[INFO] [stderr]   Downloaded gif v0.14.0
[INFO] [stderr]   Downloaded png v0.18.0
[INFO] [stderr]   Downloaded moxcms v0.7.8
[INFO] [stderr]   Downloaded image v0.25.9
[INFO] [stderr]   Downloaded tiff v0.10.3
[INFO] running `Command { std: "docker" "create" "-v" "/var/lib/crater-agent-workspace/builds/worker-3-tc1/source:/opt/rustwide/workdir:ro,Z" "-v" "/var/lib/crater-agent-workspace/builds/worker-3-tc1/target:/opt/rustwide/target:rw,Z" "-v" "/var/lib/crater-agent-workspace/cargo-home:/opt/rustwide/cargo-home:ro,Z" "-v" "/var/lib/crater-agent-workspace/rustup-home:/opt/rustwide/rustup-home:ro,Z" "-m" "1610612736" "--network" "none" "ghcr.io/rust-lang/crates-build-env/linux@sha256:77db811e55d90add9212f6832c23229e3de5f1c1f9905e8cb07319ea15df73ac" "sleep" "infinity", kill_on_drop: false }`
[INFO] [stdout] 1c982216898435eb8f7e1163a81eb0e039137784bba281f90b5b269b02ebf6b7
[INFO] running `Command { std: "docker" "start" "1c982216898435eb8f7e1163a81eb0e039137784bba281f90b5b269b02ebf6b7", kill_on_drop: false }`
[INFO] running `Command { std: "docker" "inspect" "1c982216898435eb8f7e1163a81eb0e039137784bba281f90b5b269b02ebf6b7", kill_on_drop: false }`
[INFO] running `Command { std: "docker" "exec" "-e" "SOURCE_DIR=/opt/rustwide/workdir" "-e" "CARGO_HOME=/opt/rustwide/cargo-home" "-e" "RUSTUP_HOME=/opt/rustwide/rustup-home" "-e" "CARGO_TARGET_DIR=/opt/rustwide/target" "-w" "/opt/rustwide/workdir" "--user" "0:0" "1c982216898435eb8f7e1163a81eb0e039137784bba281f90b5b269b02ebf6b7" "/opt/rustwide/cargo-home/bin/cargo" "+1.99.0-beta.8" "metadata" "--no-deps" "--format-version=1", kill_on_drop: false }`
[INFO] running `Command { std: "docker" "inspect" "1c982216898435eb8f7e1163a81eb0e039137784bba281f90b5b269b02ebf6b7", kill_on_drop: false }`
[INFO] running `Command { std: "docker" "exec" "-e" "SOURCE_DIR=/opt/rustwide/workdir" "-e" "CARGO_HOME=/opt/rustwide/cargo-home" "-e" "RUSTUP_HOME=/opt/rustwide/rustup-home" "-e" "CARGO_TARGET_DIR=/opt/rustwide/target" "-e" "CARGO_INCREMENTAL=0" "-e" "RUST_BACKTRACE=full" "-e" "RUSTFLAGS=--cap-lints=warn" "-e" "RUSTDOCFLAGS=--cap-lints=warn" "-w" "/opt/rustwide/workdir" "--user" "0:0" "1c982216898435eb8f7e1163a81eb0e039137784bba281f90b5b269b02ebf6b7" "/opt/rustwide/cargo-home/bin/cargo" "+1.99.0-beta.8" "build" "--frozen" "--message-format=json" "--release", kill_on_drop: false }`
[INFO] [stderr]    Compiling proc-macro2 v1.0.103
[INFO] [stderr]    Compiling unicode-ident v1.0.20
[INFO] [stderr]    Compiling quote v1.0.41
[INFO] [stderr]    Compiling autocfg v1.5.0
[INFO] [stderr]    Compiling crossbeam-utils v0.8.21
[INFO] [stderr]    Compiling cfg-if v1.0.4
[INFO] [stderr]    Compiling rayon-core v1.13.0
[INFO] [stderr]    Compiling simd-adler32 v0.3.7
[INFO] [stderr]    Compiling anyhow v1.0.100
[INFO] [stderr]    Compiling memchr v2.7.6
[INFO] [stderr]    Compiling either v1.15.0
[INFO] [stderr]    Compiling adler2 v2.0.1
[INFO] [stderr]    Compiling zerocopy v0.8.27
[INFO] [stderr]    Compiling stable_deref_trait v1.2.1
[INFO] [stderr]    Compiling crc32fast v1.5.0
[INFO] [stderr]    Compiling thiserror v2.0.17
[INFO] [stderr]    Compiling arrayvec v0.7.6
[INFO] [stderr]    Compiling as-slice v0.2.1
[INFO] [stderr]    Compiling log v0.4.28
[INFO] [stderr]    Compiling av-scenechange v0.14.1
[INFO] [stderr]    Compiling built v0.8.0
[INFO] [stderr]    Compiling paste v1.0.15
[INFO] [stderr]    Compiling libc v0.2.177
[INFO] [stderr]    Compiling aligned v0.4.2
[INFO] [stderr]    Compiling miniz_oxide v0.8.9
[INFO] [stderr]    Compiling quick-error v2.0.1
[INFO] [stderr]    Compiling y4m v0.8.0
[INFO] [stderr]    Compiling pastey v0.1.1
[INFO] [stderr]    Compiling nom v8.0.0
[INFO] [stderr]    Compiling core2 v0.4.0
[INFO] [stderr]    Compiling bitstream-io v4.9.0
[INFO] [stderr]    Compiling num-traits v0.2.19
[INFO] [stderr]    Compiling itertools v0.14.0
[INFO] [stderr]    Compiling noop_proc_macro v0.3.0
[INFO] [stderr]    Compiling new_debug_unreachable v1.0.6
[INFO] [stderr]    Compiling rav1e v0.8.1
[INFO] [stderr]    Compiling zune-core v0.4.12
[INFO] [stderr]    Compiling weezl v0.1.10
[INFO] [stderr]    Compiling imgref v1.12.0
[INFO] [stderr]    Compiling avif-serialize v0.8.6
[INFO] [stderr]    Compiling zune-inflate v0.2.54
[INFO] [stderr]    Compiling loop9 v0.1.5
[INFO] [stderr]    Compiling zune-jpeg v0.4.21
[INFO] [stderr]    Compiling fdeflate v0.3.7
[INFO] [stderr]    Compiling crossbeam-epoch v0.9.18
[INFO] [stderr]    Compiling lebe v0.5.3
[INFO] [stderr]    Compiling syn v2.0.108
[INFO] [stderr]    Compiling zune-core v0.5.0
[INFO] [stderr]    Compiling simd_helpers v0.1.0
[INFO] [stderr]    Compiling crossbeam-deque v0.8.6
[INFO] [stderr]    Compiling flate2 v1.1.5
[INFO] [stderr]    Compiling color_quant v1.1.0
[INFO] [stderr]    Compiling bytemuck v1.24.0
[INFO] [stderr]    Compiling bitflags v2.10.0
[INFO] [stderr]    Compiling bit_field v0.10.3
[INFO] [stderr]    Compiling smallvec v1.15.1
[INFO] [stderr]    Compiling byteorder-lite v0.1.0
[INFO] [stderr]    Compiling rgb v0.8.52
[INFO] [stderr]    Compiling gif v0.14.0
[INFO] [stderr]    Compiling qoi v0.4.1
[INFO] [stderr]    Compiling zune-jpeg v0.5.5
[INFO] [stderr]    Compiling png v0.18.0
[INFO] [stderr]    Compiling rayon v1.11.0
[INFO] [stderr]    Compiling image-webp v0.2.4
[INFO] [stderr]    Compiling num-integer v0.1.46
[INFO] [stderr]    Compiling pxfm v0.1.25
[INFO] [stderr]    Compiling num-bigint v0.4.6
[INFO] [stderr]    Compiling maybe-rayon v0.1.1
[INFO] [stderr]    Compiling num-rational v0.4.2
[INFO] [stderr]    Compiling moxcms v0.7.8
[INFO] [stderr]    Compiling equator-macro v0.4.2
[INFO] [stderr]    Compiling zerocopy-derive v0.8.27
[INFO] [stderr]    Compiling thiserror-impl v2.0.17
[INFO] [stderr]    Compiling profiling-procmacros v1.0.17
[INFO] [stderr]    Compiling arg_enum_proc_macro v0.3.4
[INFO] [stderr]    Compiling num-derive v0.4.2
[INFO] [stderr]    Compiling fax_derive v0.2.0
[INFO] [stderr]    Compiling profiling v1.0.17
[INFO] [stderr]    Compiling equator v0.4.2
[INFO] [stderr]    Compiling fax v0.2.6
[INFO] [stderr]    Compiling aligned-vec v0.6.4
[INFO] [stderr]    Compiling v_frame v0.3.9
[INFO] [stderr]    Compiling av1-grain v0.2.5
[INFO] [stderr]    Compiling half v2.7.1
[INFO] [stderr]    Compiling exr v1.74.0
[INFO] [stderr]    Compiling tiff v0.10.3
[INFO] [stderr]    Compiling ravif v0.12.0
[INFO] [stderr]    Compiling image v0.25.9
[INFO] [stderr]    Compiling plutofilter-rs v0.4.1 (/opt/rustwide/workdir)
[INFO] [stderr]     Finished `release` profile [optimized] target(s) in 2m 20s
[INFO] running `Command { std: "docker" "inspect" "1c982216898435eb8f7e1163a81eb0e039137784bba281f90b5b269b02ebf6b7", kill_on_drop: false }`
[INFO] running `Command { std: "docker" "exec" "-e" "SOURCE_DIR=/opt/rustwide/workdir" "-e" "CARGO_HOME=/opt/rustwide/cargo-home" "-e" "RUSTUP_HOME=/opt/rustwide/rustup-home" "-e" "CARGO_TARGET_DIR=/opt/rustwide/target" "-e" "CARGO_INCREMENTAL=0" "-e" "RUST_BACKTRACE=full" "-e" "RUSTFLAGS=--cap-lints=warn" "-e" "RUSTDOCFLAGS=--cap-lints=warn" "-w" "/opt/rustwide/workdir" "--user" "0:0" "1c982216898435eb8f7e1163a81eb0e039137784bba281f90b5b269b02ebf6b7" "/opt/rustwide/cargo-home/bin/cargo" "+1.99.0-beta.8" "test" "--frozen" "--no-run" "--message-format=json" "--release", kill_on_drop: false }`
[INFO] [stderr]    Compiling plutofilter-rs v0.4.1 (/opt/rustwide/workdir)
[INFO] [stderr]     Finished `release` profile [optimized] target(s) in 57.83s
[INFO] running `Command { std: "docker" "inspect" "1c982216898435eb8f7e1163a81eb0e039137784bba281f90b5b269b02ebf6b7", kill_on_drop: false }`
[INFO] running `Command { std: "docker" "exec" "-e" "SOURCE_DIR=/opt/rustwide/workdir" "-e" "CARGO_HOME=/opt/rustwide/cargo-home" "-e" "RUSTUP_HOME=/opt/rustwide/rustup-home" "-e" "CARGO_TARGET_DIR=/opt/rustwide/target" "-e" "CARGO_INCREMENTAL=0" "-e" "RUST_BACKTRACE=full" "-e" "RUSTFLAGS=--cap-lints=warn" "-e" "RUSTDOCFLAGS=--cap-lints=warn" "-w" "/opt/rustwide/workdir" "--user" "0:0" "1c982216898435eb8f7e1163a81eb0e039137784bba281f90b5b269b02ebf6b7" "/opt/rustwide/cargo-home/bin/cargo" "+1.99.0-beta.8" "test" "--frozen" "--release", kill_on_drop: false }`
[INFO] [stderr]     Finished `release` profile [optimized] target(s) in 0.11s
[INFO] [stdout] 
[INFO] [stderr]      Running unittests src/lib.rs (/opt/rustwide/target/release/deps/plutofilter_rs-675ffccb9764868b)
[INFO] [stdout] running 0 tests
[INFO] [stderr]      Running tests/blend-modes.rs (/opt/rustwide/target/release/deps/blend_modes-cfd58ea3873c8d58)
[INFO] [stdout] 
[INFO] [stdout] test result: ok. 0 passed; 0 failed; 0 ignored; 0 measured; 0 filtered out; finished in 0.00s
[INFO] [stdout] 
[INFO] [stdout] 
[INFO] [stdout] running 12 tests
[INFO] [stdout] test blend_modes_tests::test_exclusion ... FAILED
[INFO] [stdout] test blend_modes_tests::test_difference ... FAILED
[INFO] [stdout] test blend_modes_tests::test_color_dodge ... FAILED
[INFO] [stdout] test blend_modes_tests::test_darken ... FAILED
[INFO] [stdout] test blend_modes_tests::test_lighten ... FAILED
[INFO] [stdout] test blend_modes_tests::test_screen ... FAILED
[INFO] [stdout] test blend_modes_tests::test_normal ... FAILED
[INFO] [stdout] test blend_modes_tests::test_hard_light ... FAILED
[INFO] [stdout] test blend_modes_tests::test_soft_light ... FAILED
[INFO] [stdout] test blend_modes_tests::test_overlay ... FAILED
[INFO] [stdout] test blend_modes_tests::test_multiply ... FAILED
[INFO] [stdout] test blend_modes_tests::test_color_burn ... FAILED
[INFO] [stdout] 
[INFO] [stdout] failures:
[INFO] [stdout] 
[INFO] [stdout] ---- blend_modes_tests::test_exclusion stdout ----
[INFO] [stdout] error while create_dir_all: Read-only file system (os error 30)
[INFO] [stdout] thread 'blend_modes_tests::test_exclusion' (3363) panicked at src/lib.rs:78:17:
[INFO] [stdout] Unable to find image path.
[INFO] [stdout] stack backtrace:
[INFO] [stdout]    0:     0x59a7c3b1b751 - <unknown>
[INFO] [stdout]    1:     0x59a7c3b31bda - <unknown>
[INFO] [stdout]    2:     0x59a7c3b1fe5c - <unknown>
[INFO] [stdout]    3:     0x59a7c3af6ea6 - <unknown>
[INFO] [stdout]    4:     0x59a7c3b13cb9 - <unknown>
[INFO] [stdout]    5:     0x59a7c36b06d0 - <unknown>
[INFO] [stdout]    6:     0x59a7c3b13fe2 - <unknown>
[INFO] [stdout]    7:     0x59a7c3af6f84 - <unknown>
[INFO] [stdout]    8:     0x59a7c3aefb89 - <unknown>
[INFO] [stdout]    9:     0x59a7c3af7b4d - <unknown>
[INFO] [stdout]   10:     0x59a7c3b3230c - <unknown>
[INFO] [stdout]   11:     0x59a7c36eb50f - <unknown>
[INFO] [stdout]   12:     0x59a7c369dddd - <unknown>
[INFO] [stdout]   13:     0x59a7c36a19bd - <unknown>
[INFO] [stdout]   14:     0x59a7c367583d - <unknown>
[INFO] [stdout]   15:     0x59a7c36a39bb - <unknown>
[INFO] [stdout]   16:     0x59a7c36b1025 - <unknown>
[INFO] [stdout]   17:     0x59a7c36aa8e4 - <unknown>
[INFO] [stdout]   18:     0x59a7c36b4182 - <unknown>
[INFO] [stdout]   19:     0x59a7c3b1b019 - <unknown>
[INFO] [stdout]   20:     0x7ce676024dfa - <unknown>
[INFO] [stdout]   21:     0x7ce6760b83d4 - clone
[INFO] [stdout]   22:                0x0 - <unknown>
[INFO] [stdout] 
[INFO] [stdout] ---- blend_modes_tests::test_difference stdout ----
[INFO] [stdout] error while create_dir_all: Read-only file system (os error 30)
[INFO] [stdout] thread 'blend_modes_tests::test_difference' (3362) panicked at src/lib.rs:78:17:
[INFO] [stdout] Unable to find image path.
[INFO] [stdout] stack backtrace:
[INFO] [stdout]    0:     0x59a7c3b1b751 - <unknown>
[INFO] [stdout]    1:     0x59a7c3b31bda - <unknown>
[INFO] [stdout]    2:     0x59a7c3b1fe5c - <unknown>
[INFO] [stdout]    3:     0x59a7c3af6ea6 - <unknown>
[INFO] [stdout]    4:     0x59a7c3b13cb9 - <unknown>
[INFO] [stdout]    5:     0x59a7c36b06d0 - <unknown>
[INFO] [stdout]    6:     0x59a7c3b13fe2 - <unknown>
[INFO] [stdout]    7:     0x59a7c3af6f84 - <unknown>
[INFO] [stdout]    8:     0x59a7c3aefb89 - <unknown>
[INFO] [stdout]    9:     0x59a7c3af7b4d - <unknown>
[INFO] [stdout]   10:     0x59a7c3b3230c - <unknown>
[INFO] [stdout]   11:     0x59a7c36eb50f - <unknown>
[INFO] [stdout]   12:     0x59a7c369dddd - <unknown>
[INFO] [stdout]   13:     0x59a7c36a1e9d - <unknown>
[INFO] [stdout]   14:     0x59a7c367591d - <unknown>
[INFO] [stdout]   15:     0x59a7c36a39bb - <unknown>
[INFO] [stdout]   16:     0x59a7c36b1025 - <unknown>
[INFO] [stdout]   17:     0x59a7c36aa8e4 - <unknown>
[INFO] [stdout]   18:     0x59a7c36b4182 - <unknown>
[INFO] [stdout]   19:     0x59a7c3b1b019 - <unknown>
[INFO] [stdout]   20:     0x7ce676024dfa - <unknown>
[INFO] [stdout]   21:     0x7ce6760b83d4 - clone
[INFO] [stdout]   22:                0x0 - <unknown>
[INFO] [stdout] 
[INFO] [stdout] ---- blend_modes_tests::test_color_dodge stdout ----
[INFO] [stdout] error while create_dir_all: Read-only file system (os error 30)
[INFO] [stdout] thread 'blend_modes_tests::test_color_dodge' (3360) panicked at src/lib.rs:78:17:
[INFO] [stdout] Unable to find image path.
[INFO] [stdout] stack backtrace:
[INFO] [stdout]    0:     0x59a7c3b1b751 - <unknown>
[INFO] [stdout]    1:     0x59a7c3b31bda - <unknown>
[INFO] [stdout]    2:     0x59a7c3b1fe5c - <unknown>
[INFO] [stdout]    3:     0x59a7c3af6ea6 - <unknown>
[INFO] [stdout]    4:     0x59a7c3b13cb9 - <unknown>
[INFO] [stdout]    5:     0x59a7c36b06d0 - <unknown>
[INFO] [stdout]    6:     0x59a7c3b13fe2 - <unknown>
[INFO] [stdout]    7:     0x59a7c3af6f84 - <unknown>
[INFO] [stdout]    8:     0x59a7c3aefb89 - <unknown>
[INFO] [stdout]    9:     0x59a7c3af7b4d - <unknown>
[INFO] [stdout]   10:     0x59a7c3b3230c - <unknown>
[INFO] [stdout]   11:     0x59a7c36eb50f - <unknown>
[INFO] [stdout]   12:     0x59a7c369dddd - <unknown>
[INFO] [stdout]   13:     0x59a7c36a25ed - <unknown>
[INFO] [stdout]   14:     0x59a7c3675a6d - <unknown>
[INFO] [stdout]   15:     0x59a7c36a39bb - <unknown>
[INFO] [stdout]   16:     0x59a7c36b1025 - <unknown>
[INFO] [stdout]   17:     0x59a7c36aa8e4 - <unknown>
[INFO] [stdout]   18:     0x59a7c36b4182 - <unknown>
[INFO] [stdout]   19:     0x59a7c3b1b019 - <unknown>
[INFO] [stdout]   20:     0x7ce676024dfa - <unknown>
[INFO] [stdout]   21:     0x7ce6760b83d4 - clone
[INFO] [stdout]   22:                0x0 - <unknown>
[INFO] [stdout] 
[INFO] [stdout] ---- blend_modes_tests::test_darken stdout ----
[INFO] [stdout] error while create_dir_all: Read-only file system (os error 30)
[INFO] [stdout] thread 'blend_modes_tests::test_darken' (3361) panicked at src/lib.rs:78:17:
[INFO] [stdout] Unable to find image path.
[INFO] [stdout] stack backtrace:
[INFO] [stdout]    0:     0x59a7c3b1b751 - <unknown>
[INFO] [stdout]    1:     0x59a7c3b31bda - <unknown>
[INFO] [stdout]    2:     0x59a7c3b1fe5c - <unknown>
[INFO] [stdout]    3:     0x59a7c3af6ea6 - <unknown>
[INFO] [stdout]    4:     0x59a7c3b13cb9 - <unknown>
[INFO] [stdout]    5:     0x59a7c36b06d0 - <unknown>
[INFO] [stdout]    6:     0x59a7c3b13fe2 - <unknown>
[INFO] [stdout]    7:     0x59a7c3af6f84 - <unknown>
[INFO] [stdout]    8:     0x59a7c3aefb89 - <unknown>
[INFO] [stdout]    9:     0x59a7c3af7b4d - <unknown>
[INFO] [stdout]   10:     0x59a7c3b3230c - <unknown>
[INFO] [stdout]   11:     0x59a7c36eb50f - <unknown>
[INFO] [stdout]   12:     0x59a7c369dddd - <unknown>
[INFO] [stdout]   13:     0x59a7c36a0b1d - <unknown>
[INFO] [stdout]   14:     0x59a7c367559d - <unknown>
[INFO] [stdout]   15:     0x59a7c36a39bb - <unknown>
[INFO] [stdout]   16:     0x59a7c36b1025 - <unknown>
[INFO] [stdout]   17:     0x59a7c36aa8e4 - <unknown>
[INFO] [stdout]   18:     0x59a7c36b4182 - <unknown>
[INFO] [stdout]   19:     0x59a7c3b1b019 - <unknown>
[INFO] [stdout]   20:     0x7ce676024dfa - <unknown>
[INFO] [stdout]   21:     0x7ce6760b83d4 - clone
[INFO] [stdout]   22:                0x0 - <unknown>
[INFO] [stdout] 
[INFO] [stdout] ---- blend_modes_tests::test_lighten stdout ----
[INFO] [stdout] error while create_dir_all: Read-only file system (os error 30)
[INFO] [stdout] thread 'blend_modes_tests::test_lighten' (3365) panicked at src/lib.rs:78:17:
[INFO] [stdout] Unable to find image path.
[INFO] [stdout] stack backtrace:
[INFO] [stdout]    0:     0x59a7c3b1b751 - <unknown>
[INFO] [stdout]    1:     0x59a7c3b31bda - <unknown>
[INFO] [stdout]    2:     0x59a7c3b1fe5c - <unknown>
[INFO] [stdout]    3:     0x59a7c3af6ea6 - <unknown>
[INFO] [stdout]    4:     0x59a7c3b13cb9 - <unknown>
[INFO] [stdout]    5:     0x59a7c36b06d0 - <unknown>
[INFO] [stdout]    6:     0x59a7c3b13fe2 - <unknown>
[INFO] [stdout]    7:     0x59a7c3af6f84 - <unknown>
[INFO] [stdout]    8:     0x59a7c3aefb89 - <unknown>
[INFO] [stdout]    9:     0x59a7c3af7b4d - <unknown>
[INFO] [stdout]   10:     0x59a7c3b3230c - <unknown>
[INFO] [stdout]   11:     0x59a7c36eb50f - <unknown>
[INFO] [stdout]   12:     0x59a7c369dddd - <unknown>
[INFO] [stdout]   13:     0x59a7c36a126d - <unknown>
[INFO] [stdout]   14:     0x59a7c36756ed - <unknown>
[INFO] [stdout]   15:     0x59a7c36a39bb - <unknown>
[INFO] [stdout]   16:     0x59a7c36b1025 - <unknown>
[INFO] [stdout]   17:     0x59a7c36aa8e4 - <unknown>
[INFO] [stdout]   18:     0x59a7c36b4182 - <unknown>
[INFO] [stdout]   19:     0x59a7c3b1b019 - <unknown>
[INFO] [stdout]   20:     0x7ce676024dfa - <unknown>
[INFO] [stdout]   21:     0x7ce6760b83d4 - clone
[INFO] [stdout]   22:                0x0 - <unknown>
[INFO] [stdout] 
[INFO] [stdout] ---- blend_modes_tests::test_screen stdout ----
[INFO] [stdout] error while create_dir_all: Read-only file system (os error 30)
[INFO] [stdout] thread 'blend_modes_tests::test_screen' (3369) panicked at src/lib.rs:78:17:
[INFO] [stdout] Unable to find image path.
[INFO] [stdout] stack backtrace:
[INFO] [stdout]    0:     0x59a7c3b1b751 - <unknown>
[INFO] [stdout]    1:     0x59a7c3b31bda - <unknown>
[INFO] [stdout]    2:     0x59a7c3b1fe5c - <unknown>
[INFO] [stdout]    3:     0x59a7c3af6ea6 - <unknown>
[INFO] [stdout]    4:     0x59a7c3b13cb9 - <unknown>
[INFO] [stdout]    5:     0x59a7c36b06d0 - <unknown>
[INFO] [stdout]    6:     0x59a7c3b13fe2 - <unknown>
[INFO] [stdout]    7:     0x59a7c3af6f84 - <unknown>
[INFO] [stdout]    8:     0x59a7c3aefb89 - <unknown>
[INFO] [stdout]    9:     0x59a7c3af7b4d - <unknown>
[INFO] [stdout]   10:     0x59a7c3b3230c - <unknown>
[INFO] [stdout]   11:     0x59a7c36eb50f - <unknown>
[INFO] [stdout]   12:     0x59a7c369dddd - <unknown>
[INFO] [stdout]   13:     0x59a7c36a0ffd - <unknown>
[INFO] [stdout]   14:     0x59a7c367567d - <unknown>
[INFO] [stdout]   15:     0x59a7c36a39bb - <unknown>
[INFO] [stdout]   16:     0x59a7c36b1025 - <unknown>
[INFO] [stdout]   17:     0x59a7c36aa8e4 - <unknown>
[INFO] [stdout]   18:     0x59a7c36b4182 - <unknown>
[INFO] [stdout]   19:     0x59a7c3b1b019 - <unknown>
[INFO] [stdout]   20:     0x7ce676024dfa - <unknown>
[INFO] [stdout]   21:     0x7ce6760b83d4 - clone
[INFO] [stdout]   22:                0x0 - <unknown>
[INFO] [stdout] 
[INFO] [stdout] ---- blend_modes_tests::test_normal stdout ----
[INFO] [stdout] error while create_dir_all: Read-only file system (os error 30)
[INFO] [stdout] thread 'blend_modes_tests::test_normal' (3367) panicked at src/lib.rs:78:17:
[INFO] [stdout] Unable to find image path.
[INFO] [stdout] stack backtrace:
[INFO] [stdout]    0:     0x59a7c3b1b751 - <unknown>
[INFO] [stdout]    1:     0x59a7c3b31bda - <unknown>
[INFO] [stdout]    2:     0x59a7c3b1fe5c - <unknown>
[INFO] [stdout]    3:     0x59a7c3af6ea6 - <unknown>
[INFO] [stdout]    4:     0x59a7c3b13cb9 - <unknown>
[INFO] [stdout]    5:     0x59a7c36b06d0 - <unknown>
[INFO] [stdout]    6:     0x59a7c3b13fe2 - <unknown>
[INFO] [stdout]    7:     0x59a7c3af6f84 - <unknown>
[INFO] [stdout]    8:     0x59a7c3aefb89 - <unknown>
[INFO] [stdout]    9:     0x59a7c3af7b4d - <unknown>
[INFO] [stdout]   10:     0x59a7c3b3230c - <unknown>
[INFO] [stdout]   11:     0x59a7c36eb50f - <unknown>
[INFO] [stdout]   12:     0x59a7c369dddd - <unknown>
[INFO] [stdout]   13:     0x59a7c36a0d8d - <unknown>
[INFO] [stdout]   14:     0x59a7c367560d - <unknown>
[INFO] [stdout]   15:     0x59a7c36a39bb - <unknown>
[INFO] [stdout]   16:     0x59a7c36b1025 - <unknown>
[INFO] [stdout]   17:     0x59a7c36aa8e4 - <unknown>
[INFO] [stdout]   18:     0x59a7c36b4182 - <unknown>
[INFO] [stdout]   19:     0x59a7c3b1b019 - <unknown>
[INFO] [stdout]   20:     0x7ce676024dfa - <unknown>
[INFO] [stdout]   21:     0x7ce6760b83d4 - clone
[INFO] [stdout]   22:                0x0 - <unknown>
[INFO] [stdout] 
[INFO] [stdout] ---- blend_modes_tests::test_hard_light stdout ----
[INFO] [stdout] error while create_dir_all: Read-only file system (os error 30)
[INFO] [stdout] thread 'blend_modes_tests::test_hard_light' (3364) panicked at src/lib.rs:78:17:
[INFO] [stdout] Unable to find image path.
[INFO] [stdout] stack backtrace:
[INFO] [stdout]    0:     0x59a7c3b1b751 - <unknown>
[INFO] [stdout]    1:     0x59a7c3b31bda - <unknown>
[INFO] [stdout]    2:     0x59a7c3b1fe5c - <unknown>
[INFO] [stdout]    3:     0x59a7c3af6ea6 - <unknown>
[INFO] [stdout]    4:     0x59a7c3b13cb9 - <unknown>
[INFO] [stdout]    5:     0x59a7c36b06d0 - <unknown>
[INFO] [stdout]    6:     0x59a7c3b13fe2 - <unknown>
[INFO] [stdout]    7:     0x59a7c3af6f84 - <unknown>
[INFO] [stdout]    8:     0x59a7c3aefb89 - <unknown>
[INFO] [stdout]    9:     0x59a7c3af7b4d - <unknown>
[INFO] [stdout]   10:     0x59a7c3b3230c - <unknown>
[INFO] [stdout]   11:     0x59a7c36eb50f - <unknown>
[INFO] [stdout]   12:     0x59a7c369dddd - <unknown>
[INFO] [stdout]   13:     0x59a7c36a210d - <unknown>
[INFO] [stdout]   14:     0x59a7c367598d - <unknown>
[INFO] [stdout]   15:     0x59a7c36a39bb - <unknown>
[INFO] [stdout]   16:     0x59a7c36b1025 - <unknown>
[INFO] [stdout]   17:     0x59a7c36aa8e4 - <unknown>
[INFO] [stdout]   18:     0x59a7c36b4182 - <unknown>
[INFO] [stdout]   19:     0x59a7c3b1b019 - <unknown>
[INFO] [stdout]   20:     0x7ce676024dfa - <unknown>
[INFO] [stdout]   21:     0x7ce6760b83d4 - clone
[INFO] [stdout]   22:                0x0 - <unknown>
[INFO] [stdout] 
[INFO] [stdout] ---- blend_modes_tests::test_soft_light stdout ----
[INFO] [stdout] error while create_dir_all: Read-only file system (os error 30)
[INFO] [stdout] thread 'blend_modes_tests::test_soft_light' (3370) panicked at src/lib.rs:78:17:
[INFO] [stdout] Unable to find image path.
[INFO] [stdout] stack backtrace:
[INFO] [stdout]    0:     0x59a7c3b1b751 - <unknown>
[INFO] [stdout]    1:     0x59a7c3b31bda - <unknown>
[INFO] [stdout]    2:     0x59a7c3b1fe5c - <unknown>
[INFO] [stdout]    3:     0x59a7c3af6ea6 - <unknown>
[INFO] [stdout]    4:     0x59a7c3b13cb9 - <unknown>
[INFO] [stdout]    5:     0x59a7c36b06d0 - <unknown>
[INFO] [stdout]    6:     0x59a7c3b13fe2 - <unknown>
[INFO] [stdout]    7:     0x59a7c3af6f84 - <unknown>
[INFO] [stdout]    8:     0x59a7c3aefb89 - <unknown>
[INFO] [stdout]    9:     0x59a7c3af7b4d - <unknown>
[INFO] [stdout]   10:     0x59a7c3b3230c - <unknown>
[INFO] [stdout]   11:     0x59a7c36eb50f - <unknown>
[INFO] [stdout]   12:     0x59a7c369dddd - <unknown>
[INFO] [stdout]   13:     0x59a7c36a237d - <unknown>
[INFO] [stdout]   14:     0x59a7c36759fd - <unknown>
[INFO] [stdout]   15:     0x59a7c36a39bb - <unknown>
[INFO] [stdout]   16:     0x59a7c36b1025 - <unknown>
[INFO] [stdout]   17:     0x59a7c36aa8e4 - <unknown>
[INFO] [stdout]   18:     0x59a7c36b4182 - <unknown>
[INFO] [stdout]   19:     0x59a7c3b1b019 - <unknown>
[INFO] [stdout]   20:     0x7ce676024dfa - <unknown>
[INFO] [stdout]   21:     0x7ce6760b83d4 - clone
[INFO] [stdout]   22:                0x0 - <unknown>
[INFO] [stdout] 
[INFO] [stdout] ---- blend_modes_tests::test_overlay stdout ----
[INFO] [stdout] error while create_dir_all: Read-only file system (os error 30)
[INFO] [stdout] thread 'blend_modes_tests::test_overlay' (3368) panicked at src/lib.rs:78:17:
[INFO] [stdout] Unable to find image path.
[INFO] [stdout] stack backtrace:
[INFO] [stdout]    0:     0x59a7c3b1b751 - <unknown>
[INFO] [stdout]    1:     0x59a7c3b31bda - <unknown>
[INFO] [stdout]    2:     0x59a7c3b1fe5c - <unknown>
[INFO] [stdout]    3:     0x59a7c3af6ea6 - <unknown>
[INFO] [stdout]    4:     0x59a7c3b13cb9 - <unknown>
[INFO] [stdout]    5:     0x59a7c36b06d0 - <unknown>
[INFO] [stdout]    6:     0x59a7c3b13fe2 - <unknown>
[INFO] [stdout]    7:     0x59a7c3af6f84 - <unknown>
[INFO] [stdout]    8:     0x59a7c3aefb89 - <unknown>
[INFO] [stdout]    9:     0x59a7c3af7b4d - <unknown>
[INFO] [stdout]   10:     0x59a7c3b3230c - <unknown>
[INFO] [stdout]   11:     0x59a7c36eb50f - <unknown>
[INFO] [stdout]   12:     0x59a7c369dddd - <unknown>
[INFO] [stdout]   13:     0x59a7c36a14dd - <unknown>
[INFO] [stdout]   14:     0x59a7c367575d - <unknown>
[INFO] [stdout]   15:     0x59a7c36a39bb - <unknown>
[INFO] [stdout]   16:     0x59a7c36b1025 - <unknown>
[INFO] [stdout]   17:     0x59a7c36aa8e4 - <unknown>
[INFO] [stdout]   18:     0x59a7c36b4182 - <unknown>
[INFO] [stdout]   19:     0x59a7c3b1b019 - <unknown>
[INFO] [stdout]   20:     0x7ce676024dfa - <unknown>
[INFO] [stdout]   21:     0x7ce6760b83d4 - clone
[INFO] [stdout]   22:                0x0 - <unknown>
[INFO] [stdout] 
[INFO] [stdout] ---- blend_modes_tests::test_multiply stdout ----
[INFO] [stdout] error while create_dir_all: Read-only file system (os error 30)
[INFO] [stdout] thread 'blend_modes_tests::test_multiply' (3366) panicked at src/lib.rs:78:17:
[INFO] [stdout] Unable to find image path.
[INFO] [stdout] stack backtrace:
[INFO] [stdout]    0:     0x59a7c3b1b751 - <unknown>
[INFO] [stdout]    1:     0x59a7c3b31bda - <unknown>
[INFO] [stdout]    2:     0x59a7c3b1fe5c - <unknown>
[INFO] [stdout]    3:     0x59a7c3af6ea6 - <unknown>
[INFO] [stdout]    4:     0x59a7c3b13cb9 - <unknown>
[INFO] [stdout]    5:     0x59a7c36b06d0 - <unknown>
[INFO] [stdout]    6:     0x59a7c3b13fe2 - <unknown>
[INFO] [stdout]    7:     0x59a7c3af6f84 - <unknown>
[INFO] [stdout]    8:     0x59a7c3aefb89 - <unknown>
[INFO] [stdout]    9:     0x59a7c3af7b4d - <unknown>
[INFO] [stdout]   10:     0x59a7c3b3230c - <unknown>
[INFO] [stdout]   11:     0x59a7c36eb50f - <unknown>
[INFO] [stdout]   12:     0x59a7c369dddd - <unknown>
[INFO] [stdout]   13:     0x59a7c36a174d - <unknown>
[INFO] [stdout]   14:     0x59a7c36757cd - <unknown>
[INFO] [stdout]   15:     0x59a7c36a39bb - <unknown>
[INFO] [stdout]   16:     0x59a7c36b1025 - <unknown>
[INFO] [stdout]   17:     0x59a7c36aa8e4 - <unknown>
[INFO] [stdout]   18:     0x59a7c36b4182 - <unknown>
[INFO] [stdout]   19:     0x59a7c3b1b019 - <unknown>
[INFO] [stdout]   20:     0x7ce676024dfa - <unknown>
[INFO] [stdout]   21:     0x7ce6760b83d4 - clone
[INFO] [stdout]   22:                0x0 - <unknown>
[INFO] [stdout] 
[INFO] [stdout] ---- blend_modes_tests::test_color_burn stdout ----
[INFO] [stdout] error while create_dir_all: Read-only file system (os error 30)
[INFO] [stdout] thread 'blend_modes_tests::test_color_burn' (3359) panicked at src/lib.rs:78:17:
[INFO] [stdout] Unable to find image path.
[INFO] [stdout] stack backtrace:
[INFO] [stdout]    0:     0x59a7c3b1b751 - <unknown>
[INFO] [stdout]    1:     0x59a7c3b31bda - <unknown>
[INFO] [stdout]    2:     0x59a7c3b1fe5c - <unknown>
[INFO] [stdout]    3:     0x59a7c3af6ea6 - <unknown>
[INFO] [stdout]    4:     0x59a7c3b13cb9 - <unknown>
[INFO] [stdout]    5:     0x59a7c36b06d0 - <unknown>
[INFO] [stdout]    6:     0x59a7c3b13fe2 - <unknown>
[INFO] [stdout]    7:     0x59a7c3af6f84 - <unknown>
[INFO] [stdout]    8:     0x59a7c3aefb89 - <unknown>
[INFO] [stdout]    9:     0x59a7c3af7b4d - <unknown>
[INFO] [stdout]   10:     0x59a7c3b3230c - <unknown>
[INFO] [stdout]   11:     0x59a7c36eb50f - <unknown>
[INFO] [stdout]   12:     0x59a7c369dddd - <unknown>
[INFO] [stdout]   13:     0x59a7c36a1c2d - <unknown>
[INFO] [stdout]   14:     0x59a7c36758ad - <unknown>
[INFO] [stdout]   15:     0x59a7c36a39bb - <unknown>
[INFO] [stdout]   16:     0x59a7c36b1025 - <unknown>
[INFO] [stdout]   17:     0x59a7c36aa8e4 - <unknown>
[INFO] [stdout]   18:     0x59a7c36b4182 - <unknown>
[INFO] [stdout]   19:     0x59a7c3b1b019 - <unknown>
[INFO] [stdout]   20:     0x7ce676024dfa - <unknown>
[INFO] [stdout]   21:     0x7ce6760b83d4 - clone
[INFO] [stdout]   22:                0x0 - <unknown>
[INFO] [stdout] 
[INFO] [stdout] 
[INFO] [stdout] failures:
[INFO] [stdout]     blend_modes_tests::test_color_burn
[INFO] [stdout]     blend_modes_tests::test_color_dodge
[INFO] [stdout]     blend_modes_tests::test_darken
[INFO] [stdout]     blend_modes_tests::test_difference
[INFO] [stdout]     blend_modes_tests::test_exclusion
[INFO] [stdout]     blend_modes_tests::test_hard_light
[INFO] [stdout]     blend_modes_tests::test_lighten
[INFO] [stdout]     blend_modes_tests::test_multiply
[INFO] [stdout]     blend_modes_tests::test_normal
[INFO] [stdout]     blend_modes_tests::test_overlay
[INFO] [stdout]     blend_modes_tests::test_screen
[INFO] [stdout]     blend_modes_tests::test_soft_light
[INFO] [stdout] 
[INFO] [stdout] test result: FAILED. 0 passed; 12 failed; 0 ignored; 0 measured; 0 filtered out; finished in 0.01s
[INFO] [stdout] 
[INFO] [stderr] error: test failed, to rerun pass `--test blend-modes`
[INFO] running `Command { std: "docker" "inspect" "1c982216898435eb8f7e1163a81eb0e039137784bba281f90b5b269b02ebf6b7", kill_on_drop: false }`
[INFO] running `Command { std: "docker" "rm" "-f" "1c982216898435eb8f7e1163a81eb0e039137784bba281f90b5b269b02ebf6b7", kill_on_drop: false }`
[INFO] [stdout] 1c982216898435eb8f7e1163a81eb0e039137784bba281f90b5b269b02ebf6b7
