[INFO] fetching crate plusplus 0.4.2...
[INFO] testing plusplus-0.4.2 against 1.100.0-beta.1+cargoflags=--release for beta-release-1.100-2
[INFO] extracting crate plusplus 0.4.2 into /workspace/builds/worker-2-tc2/source
[INFO] started tweaking crates.io crate plusplus 0.4.2
[INFO] removed 0 missing examples
[INFO] finished tweaking crates.io crate plusplus 0.4.2
[INFO] tweaked toml for crates.io crate plusplus 0.4.2 written to /workspace/builds/worker-2-tc2/source/Cargo.toml
[INFO] validating manifest of crates.io crate plusplus 0.4.2 on toolchain 1.100.0-beta.1
[INFO] running `Command { std: CARGO_HOME="/workspace/cargo-home" RUSTUP_HOME="/workspace/rustup-home" "/workspace/cargo-home/bin/cargo" "+1.100.0-beta.1" "metadata" "--manifest-path" "Cargo.toml" "--no-deps", kill_on_drop: false }`
[INFO] crate crates.io crate plusplus 0.4.2 already has a lockfile, it will not be regenerated
[INFO] running `Command { std: CARGO_HOME="/workspace/cargo-home" RUSTUP_HOME="/workspace/rustup-home" "/workspace/cargo-home/bin/cargo" "+1.100.0-beta.1" "fetch" "--manifest-path" "Cargo.toml", kill_on_drop: false }`
[INFO] running `Command { std: "docker" "create" "-v" "/var/lib/crater-agent-workspace/builds/worker-2-tc2/source:/opt/rustwide/workdir:ro,Z" "-v" "/var/lib/crater-agent-workspace/builds/worker-2-tc2/target:/opt/rustwide/target:rw,Z" "-v" "/var/lib/crater-agent-workspace/cargo-home:/opt/rustwide/cargo-home:ro,Z" "-v" "/var/lib/crater-agent-workspace/rustup-home:/opt/rustwide/rustup-home:ro,Z" "-m" "1610612736" "--network" "none" "ghcr.io/rust-lang/crates-build-env/linux@sha256:77db811e55d90add9212f6832c23229e3de5f1c1f9905e8cb07319ea15df73ac" "sleep" "infinity", kill_on_drop: false }`
[INFO] [stdout] 7bb8565e133fc6e7ff38bb718c5f33554be335eddcc1cec21985d891a1313aa5
[INFO] running `Command { std: "docker" "start" "7bb8565e133fc6e7ff38bb718c5f33554be335eddcc1cec21985d891a1313aa5", kill_on_drop: false }`
[INFO] running `Command { std: "docker" "inspect" "7bb8565e133fc6e7ff38bb718c5f33554be335eddcc1cec21985d891a1313aa5", kill_on_drop: false }`
[INFO] running `Command { std: "docker" "exec" "-e" "SOURCE_DIR=/opt/rustwide/workdir" "-e" "CARGO_HOME=/opt/rustwide/cargo-home" "-e" "RUSTUP_HOME=/opt/rustwide/rustup-home" "-e" "CARGO_TARGET_DIR=/opt/rustwide/target" "-w" "/opt/rustwide/workdir" "--user" "0:0" "7bb8565e133fc6e7ff38bb718c5f33554be335eddcc1cec21985d891a1313aa5" "/opt/rustwide/cargo-home/bin/cargo" "+1.100.0-beta.1" "metadata" "--no-deps" "--format-version=1", kill_on_drop: false }`
[INFO] running `Command { std: "docker" "inspect" "7bb8565e133fc6e7ff38bb718c5f33554be335eddcc1cec21985d891a1313aa5", kill_on_drop: false }`
[INFO] running `Command { std: "docker" "exec" "-e" "SOURCE_DIR=/opt/rustwide/workdir" "-e" "CARGO_HOME=/opt/rustwide/cargo-home" "-e" "RUSTUP_HOME=/opt/rustwide/rustup-home" "-e" "CARGO_TARGET_DIR=/opt/rustwide/target" "-e" "CARGO_INCREMENTAL=0" "-e" "RUST_BACKTRACE=full" "-e" "RUSTFLAGS=--cap-lints=warn" "-e" "RUSTDOCFLAGS=--cap-lints=warn" "-w" "/opt/rustwide/workdir" "--user" "0:0" "7bb8565e133fc6e7ff38bb718c5f33554be335eddcc1cec21985d891a1313aa5" "/opt/rustwide/cargo-home/bin/cargo" "+1.100.0-beta.1" "build" "--frozen" "--message-format=json" "--release", kill_on_drop: false }`
[INFO] [stderr]    Compiling winnow v1.0.3
[INFO] [stderr]    Compiling toml_datetime v1.1.1+spec-1.1.0
[INFO] [stderr]    Compiling indexmap v2.14.0
[INFO] [stderr]    Compiling toml_parser v1.1.2+spec-1.1.0
[INFO] [stderr]    Compiling toml_edit v0.25.12+spec-1.1.0
[INFO] [stderr]    Compiling proc-macro-crate v3.5.0
[INFO] [stderr]    Compiling plusplus-macros v0.4.0
[INFO] [stderr]    Compiling plusplus v0.4.2 (/opt/rustwide/workdir)
[INFO] [stderr]     Finished `release` profile [optimized] target(s) in 4.56s
[INFO] running `Command { std: "docker" "inspect" "7bb8565e133fc6e7ff38bb718c5f33554be335eddcc1cec21985d891a1313aa5", kill_on_drop: false }`
[INFO] running `Command { std: "docker" "exec" "-e" "SOURCE_DIR=/opt/rustwide/workdir" "-e" "CARGO_HOME=/opt/rustwide/cargo-home" "-e" "RUSTUP_HOME=/opt/rustwide/rustup-home" "-e" "CARGO_TARGET_DIR=/opt/rustwide/target" "-e" "CARGO_INCREMENTAL=0" "-e" "RUST_BACKTRACE=full" "-e" "RUSTFLAGS=--cap-lints=warn" "-e" "RUSTDOCFLAGS=--cap-lints=warn" "-w" "/opt/rustwide/workdir" "--user" "0:0" "7bb8565e133fc6e7ff38bb718c5f33554be335eddcc1cec21985d891a1313aa5" "/opt/rustwide/cargo-home/bin/cargo" "+1.100.0-beta.1" "test" "--frozen" "--no-run" "--message-format=json" "--release", kill_on_drop: false }`
[INFO] [stderr]    Compiling aws-lc-rs v1.17.0
[INFO] [stderr]    Compiling rustls-pki-types v1.14.1
[INFO] [stderr]    Compiling socket2 v0.6.4
[INFO] [stderr]    Compiling mio v1.2.1
[INFO] [stderr]    Compiling http v1.4.1
[INFO] [stderr]    Compiling rustls v0.23.40
[INFO] [stderr]    Compiling cc v1.2.63
[INFO] [stderr]    Compiling syn v2.0.117
[INFO] [stderr]    Compiling bitflags v2.12.1
[INFO] [stderr]    Compiling log v0.4.31
[INFO] [stderr]    Compiling rustls-native-certs v0.8.4
[INFO] [stderr]    Compiling tokio v1.52.3
[INFO] [stderr]    Compiling cmake v0.1.58
[INFO] [stderr]    Compiling aws-lc-sys v0.41.0
[INFO] [stderr]    Compiling http-body v1.0.1
[INFO] [stderr]    Compiling http-body-util v0.1.3
[INFO] [stderr]    Compiling synstructure v0.13.2
[INFO] [stderr]    Compiling tokio-util v0.7.18
[INFO] [stderr]    Compiling tower v0.5.3
[INFO] [stderr]    Compiling zerofrom-derive v0.1.7
[INFO] [stderr]    Compiling yoke-derive v0.8.2
[INFO] [stderr]    Compiling zerovec-derive v0.11.3
[INFO] [stderr]    Compiling displaydoc v0.2.6
[INFO] [stderr]    Compiling plusplus-macros v0.4.0
[INFO] [stderr]    Compiling h2 v0.4.14
[INFO] [stderr]    Compiling zerofrom v0.1.8
[INFO] [stderr]    Compiling yoke v0.8.3
[INFO] [stderr]    Compiling zerovec v0.11.6
[INFO] [stderr]    Compiling zerotrie v0.2.4
[INFO] [stderr]    Compiling plusplus v0.4.2 (/opt/rustwide/workdir)
[INFO] [stderr]    Compiling tinystr v0.8.3
[INFO] [stderr]    Compiling potential_utf v0.1.5
[INFO] [stderr]    Compiling icu_collections v2.2.0
[INFO] [stderr]    Compiling icu_locale_core v2.2.0
[INFO] [stderr]    Compiling icu_provider v2.2.0
[INFO] [stderr]    Compiling icu_properties v2.2.0
[INFO] [stderr]    Compiling icu_normalizer v2.2.0
[INFO] [stderr]    Compiling hyper v1.10.1
[INFO] [stderr]    Compiling hyper-util v0.1.20
[INFO] [stderr]    Compiling idna_adapter v1.2.2
[INFO] [stderr]    Compiling idna v1.1.0
[INFO] [stderr]    Compiling url v2.5.8
[INFO] [stderr]    Compiling tower-http v0.6.11
[INFO] [stderr]    Compiling rustls-webpki v0.103.13
[INFO] [stderr]    Compiling tokio-rustls v0.26.4
[INFO] [stderr]    Compiling rustls-platform-verifier v0.7.0
[INFO] [stderr]    Compiling hyper-rustls v0.27.9
[INFO] [stderr]    Compiling reqwest v0.13.4
[INFO] [stderr]     Finished `release` profile [optimized] target(s) in 1m 49s
[INFO] running `Command { std: "docker" "inspect" "7bb8565e133fc6e7ff38bb718c5f33554be335eddcc1cec21985d891a1313aa5", kill_on_drop: false }`
[INFO] running `Command { std: "docker" "exec" "-e" "SOURCE_DIR=/opt/rustwide/workdir" "-e" "CARGO_HOME=/opt/rustwide/cargo-home" "-e" "RUSTUP_HOME=/opt/rustwide/rustup-home" "-e" "CARGO_TARGET_DIR=/opt/rustwide/target" "-e" "CARGO_INCREMENTAL=0" "-e" "RUST_BACKTRACE=full" "-e" "RUSTFLAGS=--cap-lints=warn" "-e" "RUSTDOCFLAGS=--cap-lints=warn" "-w" "/opt/rustwide/workdir" "--user" "0:0" "7bb8565e133fc6e7ff38bb718c5f33554be335eddcc1cec21985d891a1313aa5" "/opt/rustwide/cargo-home/bin/cargo" "+1.100.0-beta.1" "test" "--frozen" "--release", kill_on_drop: false }`
[INFO] [stderr]     Finished `release` profile [optimized] target(s) in 0.18s
[INFO] [stderr]      Running unittests src/lib.rs (/opt/rustwide/target/release/build/plusplus/d6f3fbad6c6b405b/out/plusplus-d6f3fbad6c6b405b)
[INFO] [stderr]    Doc-tests plusplus
[INFO] [stdout] 
[INFO] [stdout] running 3 tests
[INFO] [stdout] test tests::overrides ... ok
[INFO] [stdout] test tests::test_drops ... ok
[INFO] [stdout] test tests::test_clone ... ok
[INFO] [stdout] 
[INFO] [stdout] test result: ok. 3 passed; 0 failed; 0 ignored; 0 measured; 0 filtered out; finished in 0.00s
[INFO] [stdout] 
[INFO] [stdout] 
[INFO] [stdout] running 1 test
[INFO] [stdout] test src/lib.rs - (line 9) ... FAILED
[INFO] [stdout] 
[INFO] [stdout] failures:
[INFO] [stdout] 
[INFO] [stdout] ---- src/lib.rs - (line 9) stdout ----
[INFO] [stdout] Test executable failed (exit status: 101).
[INFO] [stdout] 
[INFO] [stdout] stdout:
[INFO] [stdout] hi from ObjectOne
[INFO] [stdout] hello from ObjectTwo
[INFO] [stdout] 
[INFO] [stdout] hi from ObjectOne
[INFO] [stdout] hello from ObjectTwo
[INFO] [stdout] 
[INFO] [stdout] hi from ObjectOne
[INFO] [stdout] 
[INFO] [stdout] 
[INFO] [stdout] stderr:
[INFO] [stdout] 
[INFO] [stdout] thread 'main' (2343) panicked at /tmp/rustdoctestRwoHgw/doctest_bundle_2024.rs:195:54:
[INFO] [stdout] called `Result::unwrap()` on an `Err` value: reqwest::Error { kind: Request, url: "https://crouton.net/", source: hyper_util::client::legacy::Error(Connect, ConnectError("dns error", Custom { kind: Uncategorized, error: "failed to lookup address information: Temporary failure in name resolution" })) }
[INFO] [stdout] stack backtrace:
[INFO] [stdout]    0:     0x592b150ac241 - std[617be2ca0a6fd877]::backtrace_rs::backtrace::libunwind::trace
[INFO] [stdout]                                at /rustc/e3feeb59cd1bdd011a2bfcc0747b55125d9b8527/library/std/src/../../backtrace/src/backtrace/libunwind.rs:117:9
[INFO] [stdout]    1:     0x592b150ac241 - std[617be2ca0a6fd877]::backtrace_rs::backtrace::trace_unsynchronized::<std[617be2ca0a6fd877]::sys::backtrace::_print_fmt::{closure#1}>
[INFO] [stdout]                                at /rustc/e3feeb59cd1bdd011a2bfcc0747b55125d9b8527/library/std/src/../../backtrace/src/backtrace/mod.rs:66:14
[INFO] [stdout]    2:     0x592b150ac241 - std[617be2ca0a6fd877]::sys::backtrace::_print_fmt
[INFO] [stdout]                                at /rustc/e3feeb59cd1bdd011a2bfcc0747b55125d9b8527/library/std/src/sys/backtrace.rs:74:9
[INFO] [stdout]    3:     0x592b150ac241 - <<std[617be2ca0a6fd877]::sys::backtrace::BacktraceLock>::print::DisplayBacktrace as core[a373ad73a504971]::fmt::Display>::fmt
[INFO] [stdout]                                at /rustc/e3feeb59cd1bdd011a2bfcc0747b55125d9b8527/library/std/src/sys/backtrace.rs:44:26
[INFO] [stdout]    4:     0x592b150c299a - <core[a373ad73a504971]::fmt::rt::Argument>::fmt
[INFO] [stdout]                                at /rustc/e3feeb59cd1bdd011a2bfcc0747b55125d9b8527/library/core/src/fmt/rt.rs:152:76
[INFO] [stdout]    5:     0x592b150c299a - core[a373ad73a504971]::fmt::write
[INFO] [stdout]    6:     0x592b150b1dbc - core[a373ad73a504971]::io::write::default_write_fmt::<std[617be2ca0a6fd877]::sys::stdio::unix::Stderr>
[INFO] [stdout]                                at /rustc/e3feeb59cd1bdd011a2bfcc0747b55125d9b8527/library/core/src/io/write.rs:402:11
[INFO] [stdout]    7:     0x592b150b1dbc - <std[617be2ca0a6fd877]::sys::stdio::unix::Stderr as core[a373ad73a504971]::io::write::Write>::write_fmt
[INFO] [stdout]                                at /rustc/e3feeb59cd1bdd011a2bfcc0747b55125d9b8527/library/core/src/io/write.rs:335:13
[INFO] [stdout]    8:     0x592b15086576 - <std[617be2ca0a6fd877]::sys::backtrace::BacktraceLock>::print
[INFO] [stdout]                                at /rustc/e3feeb59cd1bdd011a2bfcc0747b55125d9b8527/library/std/src/sys/backtrace.rs:47:9
[INFO] [stdout]    9:     0x592b15086576 - std[617be2ca0a6fd877]::panicking::default_hook::{closure#0}
[INFO] [stdout]                                at /rustc/e3feeb59cd1bdd011a2bfcc0747b55125d9b8527/library/std/src/panicking.rs:289:27
[INFO] [stdout]   10:     0x592b150a3851 - std[617be2ca0a6fd877]::panicking::default_hook
[INFO] [stdout]                                at /rustc/e3feeb59cd1bdd011a2bfcc0747b55125d9b8527/library/std/src/panicking.rs:316:9
[INFO] [stdout]   11:     0x592b150a3b7b - std[617be2ca0a6fd877]::panicking::panic_with_hook
[INFO] [stdout]                                at /rustc/e3feeb59cd1bdd011a2bfcc0747b55125d9b8527/library/std/src/panicking.rs:811:13
[INFO] [stdout]   12:     0x592b15086622 - std[617be2ca0a6fd877]::panicking::panic_handler::{closure#0}
[INFO] [stdout]                                at /rustc/e3feeb59cd1bdd011a2bfcc0747b55125d9b8527/library/std/src/panicking.rs:685:13
[INFO] [stdout]   13:     0x592b1507f109 - std[617be2ca0a6fd877]::sys::backtrace::__rust_end_short_backtrace::<std[617be2ca0a6fd877]::panicking::panic_handler::{closure#0}, !>
[INFO] [stdout]                                at /rustc/e3feeb59cd1bdd011a2bfcc0747b55125d9b8527/library/std/src/sys/backtrace.rs:182:18
[INFO] [stdout]   14:     0x592b1508759d - __rustc[ea4f61d10b84890b]::rust_begin_unwind
[INFO] [stdout]                                at /rustc/e3feeb59cd1bdd011a2bfcc0747b55125d9b8527/library/std/src/panicking.rs:676:5
[INFO] [stdout]   15:     0x592b150c319c - core[a373ad73a504971]::panicking::panic_fmt
[INFO] [stdout]                                at /rustc/e3feeb59cd1bdd011a2bfcc0747b55125d9b8527/library/core/src/panicking.rs:80:14
[INFO] [stdout]   16:     0x592b150c2f12 - core[a373ad73a504971]::result::unwrap_failed
[INFO] [stdout]                                at /rustc/e3feeb59cd1bdd011a2bfcc0747b55125d9b8527/library/core/src/result.rs:1870:5
[INFO] [stdout]   17:     0x592b14c46b2f - doctest_bundle_2024[8cc95805e96201d2]::__doctest_0::main::doc::main::{closure#0}
[INFO] [stdout]   18:     0x592b14c53597 - <core[a373ad73a504971]::pin::Pin<&mut doctest_bundle_2024[8cc95805e96201d2]::__doctest_0::main::doc::main::{closure#0}> as core[a373ad73a504971]::future::future::Future>::poll
[INFO] [stdout]   19:     0x592b14c448ca - <tokio[ad9580bf0d97d77e]::runtime::scheduler::current_thread::CoreGuard>::block_on::<core[a373ad73a504971]::pin::Pin<&mut doctest_bundle_2024[8cc95805e96201d2]::__doctest_0::main::doc::main::{closure#0}>>::{closure#0}::{closure#0}::{closure#0}
[INFO] [stdout]   20:     0x592b14c4485a - <tokio[ad9580bf0d97d77e]::runtime::scheduler::current_thread::CoreGuard>::block_on::<core[a373ad73a504971]::pin::Pin<&mut doctest_bundle_2024[8cc95805e96201d2]::__doctest_0::main::doc::main::{closure#0}>>::{closure#0}::{closure#0}
[INFO] [stdout]   21:     0x592b14c3b5fd - <tokio[ad9580bf0d97d77e]::runtime::scheduler::current_thread::Context>::enter::<core[a373ad73a504971]::task::poll::Poll<()>, <tokio[ad9580bf0d97d77e]::runtime::scheduler::current_thread::CoreGuard>::block_on<core[a373ad73a504971]::pin::Pin<&mut doctest_bundle_2024[8cc95805e96201d2]::__doctest_0::main::doc::main::{closure#0}>>::{closure#0}::{closure#0}>
[INFO] [stdout]   22:     0x592b14c44138 - <tokio[ad9580bf0d97d77e]::runtime::scheduler::current_thread::CoreGuard>::block_on::<core[a373ad73a504971]::pin::Pin<&mut doctest_bundle_2024[8cc95805e96201d2]::__doctest_0::main::doc::main::{closure#0}>>::{closure#0}
[INFO] [stdout]   23:     0x592b14c43fb8 - <tokio[ad9580bf0d97d77e]::runtime::scheduler::current_thread::CoreGuard>::enter::<<tokio[ad9580bf0d97d77e]::runtime::scheduler::current_thread::CoreGuard>::block_on<core[a373ad73a504971]::pin::Pin<&mut doctest_bundle_2024[8cc95805e96201d2]::__doctest_0::main::doc::main::{closure#0}>>::{closure#0}, core[a373ad73a504971]::option::Option<()>>::{closure#0}
[INFO] [stdout]   24:     0x592b14c3ab38 - <tokio[ad9580bf0d97d77e]::runtime::context::scoped::Scoped<tokio[ad9580bf0d97d77e]::runtime::scheduler::Context>>::set::<<tokio[ad9580bf0d97d77e]::runtime::scheduler::current_thread::CoreGuard>::enter<<tokio[ad9580bf0d97d77e]::runtime::scheduler::current_thread::CoreGuard>::block_on<core[a373ad73a504971]::pin::Pin<&mut doctest_bundle_2024[8cc95805e96201d2]::__doctest_0::main::doc::main::{closure#0}>>::{closure#0}, core[a373ad73a504971]::option::Option<()>>::{closure#0}, (alloc[2e1b2a31b91974c5]::boxed::Box<tokio[ad9580bf0d97d77e]::runtime::scheduler::current_thread::Core>, core[a373ad73a504971]::option::Option<()>)>
[INFO] [stdout]   25:     0x592b14c444a8 - tokio[ad9580bf0d97d77e]::runtime::context::set_scheduler::<(alloc[2e1b2a31b91974c5]::boxed::Box<tokio[ad9580bf0d97d77e]::runtime::scheduler::current_thread::Core>, core[a373ad73a504971]::option::Option<()>), <tokio[ad9580bf0d97d77e]::runtime::scheduler::current_thread::CoreGuard>::enter<<tokio[ad9580bf0d97d77e]::runtime::scheduler::current_thread::CoreGuard>::block_on<core[a373ad73a504971]::pin::Pin<&mut doctest_bundle_2024[8cc95805e96201d2]::__doctest_0::main::doc::main::{closure#0}>>::{closure#0}, core[a373ad73a504971]::option::Option<()>>::{closure#0}>::{closure#0}
[INFO] [stdout]   26:     0x592b14c3bbfb - <std[617be2ca0a6fd877]::thread::local::LocalKey<tokio[ad9580bf0d97d77e]::runtime::context::Context>>::try_with::<tokio[ad9580bf0d97d77e]::runtime::context::set_scheduler<(alloc[2e1b2a31b91974c5]::boxed::Box<tokio[ad9580bf0d97d77e]::runtime::scheduler::current_thread::Core>, core[a373ad73a504971]::option::Option<()>), <tokio[ad9580bf0d97d77e]::runtime::scheduler::current_thread::CoreGuard>::enter<<tokio[ad9580bf0d97d77e]::runtime::scheduler::current_thread::CoreGuard>::block_on<core[a373ad73a504971]::pin::Pin<&mut doctest_bundle_2024[8cc95805e96201d2]::__doctest_0::main::doc::main::{closure#0}>>::{closure#0}, core[a373ad73a504971]::option::Option<()>>::{closure#0}>::{closure#0}, (alloc[2e1b2a31b91974c5]::boxed::Box<tokio[ad9580bf0d97d77e]::runtime::scheduler::current_thread::Core>, core[a373ad73a504971]::option::Option<()>)>
[INFO] [stdout]   27:     0x592b14c3ba9a - <std[617be2ca0a6fd877]::thread::local::LocalKey<tokio[ad9580bf0d97d77e]::runtime::context::Context>>::with::<tokio[ad9580bf0d97d77e]::runtime::context::set_scheduler<(alloc[2e1b2a31b91974c5]::boxed::Box<tokio[ad9580bf0d97d77e]::runtime::scheduler::current_thread::Core>, core[a373ad73a504971]::option::Option<()>), <tokio[ad9580bf0d97d77e]::runtime::scheduler::current_thread::CoreGuard>::enter<<tokio[ad9580bf0d97d77e]::runtime::scheduler::current_thread::CoreGuard>::block_on<core[a373ad73a504971]::pin::Pin<&mut doctest_bundle_2024[8cc95805e96201d2]::__doctest_0::main::doc::main::{closure#0}>>::{closure#0}, core[a373ad73a504971]::option::Option<()>>::{closure#0}>::{closure#0}, (alloc[2e1b2a31b91974c5]::boxed::Box<tokio[ad9580bf0d97d77e]::runtime::scheduler::current_thread::Core>, core[a373ad73a504971]::option::Option<()>)>
[INFO] [stdout]   28:     0x592b14c3c8c6 - <tokio[ad9580bf0d97d77e]::runtime::scheduler::current_thread::CoreGuard>::enter::<<tokio[ad9580bf0d97d77e]::runtime::scheduler::current_thread::CoreGuard>::block_on<core[a373ad73a504971]::pin::Pin<&mut doctest_bundle_2024[8cc95805e96201d2]::__doctest_0::main::doc::main::{closure#0}>>::{closure#0}, core[a373ad73a504971]::option::Option<()>>
[INFO] [stdout]   29:     0x592b14c3ca5f - <tokio[ad9580bf0d97d77e]::runtime::scheduler::current_thread::CoreGuard>::block_on::<core[a373ad73a504971]::pin::Pin<&mut doctest_bundle_2024[8cc95805e96201d2]::__doctest_0::main::doc::main::{closure#0}>>
[INFO] [stdout]   30:     0x592b14c43bff - <tokio[ad9580bf0d97d77e]::runtime::scheduler::current_thread::CurrentThread>::block_on::<doctest_bundle_2024[8cc95805e96201d2]::__doctest_0::main::doc::main::{closure#0}>::{closure#0}
[INFO] [stdout]   31:     0x592b14c4214c - tokio[ad9580bf0d97d77e]::runtime::context::runtime::enter_runtime::<<tokio[ad9580bf0d97d77e]::runtime::scheduler::current_thread::CurrentThread>::block_on<doctest_bundle_2024[8cc95805e96201d2]::__doctest_0::main::doc::main::{closure#0}>::{closure#0}, ()>
[INFO] [stdout]   32:     0x592b14c3ac08 - <tokio[ad9580bf0d97d77e]::runtime::scheduler::current_thread::CurrentThread>::block_on::<doctest_bundle_2024[8cc95805e96201d2]::__doctest_0::main::doc::main::{closure#0}>
[INFO] [stdout]   33:     0x592b14c3a9de - <tokio[ad9580bf0d97d77e]::runtime::runtime::Runtime>::block_on_inner::<doctest_bundle_2024[8cc95805e96201d2]::__doctest_0::main::doc::main::{closure#0}>
[INFO] [stdout]   34:     0x592b14c3aaa6 - <tokio[ad9580bf0d97d77e]::runtime::runtime::Runtime>::block_on::<doctest_bundle_2024[8cc95805e96201d2]::__doctest_0::main::doc::main::{closure#0}>
[INFO] [stdout]   35:     0x592b14c4e029 - doctest_bundle_2024[8cc95805e96201d2]::__doctest_0::main::doc::main
[INFO] [stdout]   36:     0x592b14c4d02e - doctest_bundle_2024[8cc95805e96201d2]::__doctest_0::main
[INFO] [stdout]   37:     0x592b14c4d036 - doctest_bundle_2024[8cc95805e96201d2]::__doctest_0::__main_fn
[INFO] [stdout]   38:     0x592b14c36db0 - doctest_runner_2024[a5234fb354d81c5]::__doctest_0::TEST::{closure#0}
[INFO] [stdout]   39:     0x592b14c3a346 - <doctest_runner_2024[a5234fb354d81c5]::__doctest_0::TEST::{closure#0} as core[a373ad73a504971]::ops::function::FnOnce<()>>::call_once
[INFO] [stdout]   40:     0x592b14c3718d - doctest_runner_2024[a5234fb354d81c5]::main
[INFO] [stdout]   41:     0x592b14c3a2d3 - <fn() -> std[617be2ca0a6fd877]::process::ExitCode as core[a373ad73a504971]::ops::function::FnOnce<()>>::call_once
[INFO] [stdout]   42:     0x592b14c366ce - std[617be2ca0a6fd877]::sys::backtrace::__rust_begin_short_backtrace::<fn() -> std[617be2ca0a6fd877]::process::ExitCode, std[617be2ca0a6fd877]::process::ExitCode>
[INFO] [stdout]   43:     0x592b14c36bc9 - std[617be2ca0a6fd877]::rt::lang_start::<std[617be2ca0a6fd877]::process::ExitCode>::{closure#0}
[INFO] [stdout]   44:     0x592b150a2878 - <&dyn core[a373ad73a504971]::ops::function::Fn<(), Output = i32> + core[a373ad73a504971]::marker::Sync + core[a373ad73a504971]::panic::unwind_safe::RefUnwindSafe as core[a373ad73a504971]::ops::function::FnOnce<()>>::call_once
[INFO] [stdout]                                at /rustc/e3feeb59cd1bdd011a2bfcc0747b55125d9b8527/library/core/src/ops/function.rs:287:21
[INFO] [stdout]   45:     0x592b150a2878 - std[617be2ca0a6fd877]::panicking::catch_unwind::do_call::<&dyn core[a373ad73a504971]::ops::function::Fn<(), Output = i32> + core[a373ad73a504971]::marker::Sync + core[a373ad73a504971]::panic::unwind_safe::RefUnwindSafe, i32>
[INFO] [stdout]                                at /rustc/e3feeb59cd1bdd011a2bfcc0747b55125d9b8527/library/std/src/panicking.rs:573:43
[INFO] [stdout]   46:     0x592b150a2878 - std[617be2ca0a6fd877]::panicking::catch_unwind::<i32, &dyn core[a373ad73a504971]::ops::function::Fn<(), Output = i32> + core[a373ad73a504971]::marker::Sync + core[a373ad73a504971]::panic::unwind_safe::RefUnwindSafe>
[INFO] [stdout]                                at /rustc/e3feeb59cd1bdd011a2bfcc0747b55125d9b8527/library/std/src/panicking.rs:541:19
[INFO] [stdout]   47:     0x592b150a2878 - std[617be2ca0a6fd877]::panic::catch_unwind::<&dyn core[a373ad73a504971]::ops::function::Fn<(), Output = i32> + core[a373ad73a504971]::marker::Sync + core[a373ad73a504971]::panic::unwind_safe::RefUnwindSafe, i32>
[INFO] [stdout]                                at /rustc/e3feeb59cd1bdd011a2bfcc0747b55125d9b8527/library/std/src/panic.rs:359:14
[INFO] [stdout]   48:     0x592b150a2878 - std[617be2ca0a6fd877]::rt::lang_start_internal::{closure#0}
[INFO] [stdout]                                at /rustc/e3feeb59cd1bdd011a2bfcc0747b55125d9b8527/library/std/src/rt.rs:175:24
[INFO] [stdout]   49:     0x592b150a2878 - std[617be2ca0a6fd877]::panicking::catch_unwind::do_call::<std[617be2ca0a6fd877]::rt::lang_start_internal::{closure#0}, isize>
[INFO] [stdout]                                at /rustc/e3feeb59cd1bdd011a2bfcc0747b55125d9b8527/library/std/src/panicking.rs:573:43
[INFO] [stdout]   50:     0x592b150a2878 - std[617be2ca0a6fd877]::panicking::catch_unwind::<isize, std[617be2ca0a6fd877]::rt::lang_start_internal::{closure#0}>
[INFO] [stdout]                                at /rustc/e3feeb59cd1bdd011a2bfcc0747b55125d9b8527/library/std/src/panicking.rs:541:19
[INFO] [stdout]   51:     0x592b150a2878 - std[617be2ca0a6fd877]::panic::catch_unwind::<std[617be2ca0a6fd877]::rt::lang_start_internal::{closure#0}, isize>
[INFO] [stdout]                                at /rustc/e3feeb59cd1bdd011a2bfcc0747b55125d9b8527/library/std/src/panic.rs:359:14
[INFO] [stdout]   52:     0x592b150a2878 - std[617be2ca0a6fd877]::rt::lang_start_internal
[INFO] [stdout]                                at /rustc/e3feeb59cd1bdd011a2bfcc0747b55125d9b8527/library/std/src/rt.rs:171:5
[INFO] [stdout]   53:     0x592b14c35d11 - std[617be2ca0a6fd877]::rt::lang_start::<std[617be2ca0a6fd877]::process::ExitCode>
[INFO] [stdout]   54:     0x592b14c3a455 - main
[INFO] [stdout]   55:     0x774920f51601 - <unknown>
[INFO] [stdout]   56:     0x774920f51718 - __libc_start_main
[INFO] [stdout]   57:     0x592b14c34ea5 - _start
[INFO] [stdout]   58:                0x0 - <unknown>
[INFO] [stdout] 
[INFO] [stdout] 
[INFO] [stdout] 
[INFO] [stdout] failures:
[INFO] [stdout]     src/lib.rs - (line 9)
[INFO] [stdout] 
[INFO] [stdout] test result: FAILED. 0 passed; 1 failed; 0 ignored; 0 measured; 0 filtered out; finished in 0.09s
[INFO] [stdout] 
[INFO] [stdout] all doctests ran in 1.12s; merged doctests compilation took 1.02s
[INFO] [stderr] error: doctest failed, to rerun pass `--doc`
[INFO] running `Command { std: "docker" "inspect" "7bb8565e133fc6e7ff38bb718c5f33554be335eddcc1cec21985d891a1313aa5", kill_on_drop: false }`
[INFO] running `Command { std: "docker" "rm" "-f" "7bb8565e133fc6e7ff38bb718c5f33554be335eddcc1cec21985d891a1313aa5", kill_on_drop: false }`
[INFO] [stdout] 7bb8565e133fc6e7ff38bb718c5f33554be335eddcc1cec21985d891a1313aa5
