[INFO] fetching crate pluma 1.0.0...
[INFO] testing pluma-1.0.0 against 1.99.0-beta.8+cargoflags=--release for beta-release-1.100-2
[INFO] extracting crate pluma 1.0.0 into /workspace/builds/worker-0-tc1/source
[INFO] started tweaking crates.io crate pluma 1.0.0
[INFO] finished tweaking crates.io crate pluma 1.0.0
[INFO] tweaked toml for crates.io crate pluma 1.0.0 written to /workspace/builds/worker-0-tc1/source/Cargo.toml
[INFO] validating manifest of crates.io crate pluma 1.0.0 on toolchain 1.99.0-beta.8
[INFO] running `Command { std: CARGO_HOME="/workspace/cargo-home" RUSTUP_HOME="/workspace/rustup-home" "/workspace/cargo-home/bin/cargo" "+1.99.0-beta.8" "metadata" "--manifest-path" "Cargo.toml" "--no-deps", kill_on_drop: false }`
[INFO] crate crates.io crate pluma 1.0.0 already has a lockfile, it will not be regenerated
[INFO] running `Command { std: CARGO_HOME="/workspace/cargo-home" RUSTUP_HOME="/workspace/rustup-home" "/workspace/cargo-home/bin/cargo" "+1.99.0-beta.8" "fetch" "--manifest-path" "Cargo.toml", kill_on_drop: false }`
[INFO] [stderr]     Updating crates.io index
[INFO] [stderr]  Downloading crates ...
[INFO] [stderr]   Downloaded pluma-plugin-trait v1.1.0
[INFO] running `Command { std: "docker" "create" "-v" "/var/lib/crater-agent-workspace/builds/worker-0-tc1/source:/opt/rustwide/workdir:ro,Z" "-v" "/var/lib/crater-agent-workspace/builds/worker-0-tc1/target:/opt/rustwide/target:rw,Z" "-v" "/var/lib/crater-agent-workspace/cargo-home:/opt/rustwide/cargo-home:ro,Z" "-v" "/var/lib/crater-agent-workspace/rustup-home:/opt/rustwide/rustup-home:ro,Z" "-m" "1610612736" "--network" "none" "ghcr.io/rust-lang/crates-build-env/linux@sha256:77db811e55d90add9212f6832c23229e3de5f1c1f9905e8cb07319ea15df73ac" "sleep" "infinity", kill_on_drop: false }`
[INFO] [stdout] f63adcc880a5005a6af92f11fe6c38ddd271dbfad9da6f28bc709d84569cbe5e
[INFO] running `Command { std: "docker" "start" "f63adcc880a5005a6af92f11fe6c38ddd271dbfad9da6f28bc709d84569cbe5e", kill_on_drop: false }`
[INFO] running `Command { std: "docker" "inspect" "f63adcc880a5005a6af92f11fe6c38ddd271dbfad9da6f28bc709d84569cbe5e", kill_on_drop: false }`
[INFO] running `Command { std: "docker" "exec" "-e" "SOURCE_DIR=/opt/rustwide/workdir" "-e" "CARGO_HOME=/opt/rustwide/cargo-home" "-e" "RUSTUP_HOME=/opt/rustwide/rustup-home" "-e" "CARGO_TARGET_DIR=/opt/rustwide/target" "-w" "/opt/rustwide/workdir" "--user" "0:0" "f63adcc880a5005a6af92f11fe6c38ddd271dbfad9da6f28bc709d84569cbe5e" "/opt/rustwide/cargo-home/bin/cargo" "+1.99.0-beta.8" "metadata" "--no-deps" "--format-version=1", kill_on_drop: false }`
[INFO] running `Command { std: "docker" "inspect" "f63adcc880a5005a6af92f11fe6c38ddd271dbfad9da6f28bc709d84569cbe5e", kill_on_drop: false }`
[INFO] running `Command { std: "docker" "exec" "-e" "SOURCE_DIR=/opt/rustwide/workdir" "-e" "CARGO_HOME=/opt/rustwide/cargo-home" "-e" "RUSTUP_HOME=/opt/rustwide/rustup-home" "-e" "CARGO_TARGET_DIR=/opt/rustwide/target" "-e" "CARGO_INCREMENTAL=0" "-e" "RUST_BACKTRACE=full" "-e" "RUSTFLAGS=--cap-lints=warn" "-e" "RUSTDOCFLAGS=--cap-lints=warn" "-w" "/opt/rustwide/workdir" "--user" "0:0" "f63adcc880a5005a6af92f11fe6c38ddd271dbfad9da6f28bc709d84569cbe5e" "/opt/rustwide/cargo-home/bin/cargo" "+1.99.0-beta.8" "build" "--frozen" "--message-format=json" "--release", kill_on_drop: false }`
[INFO] [stderr]    Compiling pluma-plugin-trait v1.1.0
[INFO] [stderr]    Compiling pluma v1.0.0 (/opt/rustwide/workdir)
[INFO] [stderr]     Finished `release` profile [optimized] target(s) in 0.30s
[INFO] running `Command { std: "docker" "inspect" "f63adcc880a5005a6af92f11fe6c38ddd271dbfad9da6f28bc709d84569cbe5e", kill_on_drop: false }`
[INFO] running `Command { std: "docker" "exec" "-e" "SOURCE_DIR=/opt/rustwide/workdir" "-e" "CARGO_HOME=/opt/rustwide/cargo-home" "-e" "RUSTUP_HOME=/opt/rustwide/rustup-home" "-e" "CARGO_TARGET_DIR=/opt/rustwide/target" "-e" "CARGO_INCREMENTAL=0" "-e" "RUST_BACKTRACE=full" "-e" "RUSTFLAGS=--cap-lints=warn" "-e" "RUSTDOCFLAGS=--cap-lints=warn" "-w" "/opt/rustwide/workdir" "--user" "0:0" "f63adcc880a5005a6af92f11fe6c38ddd271dbfad9da6f28bc709d84569cbe5e" "/opt/rustwide/cargo-home/bin/cargo" "+1.99.0-beta.8" "test" "--frozen" "--no-run" "--message-format=json" "--release", kill_on_drop: false }`
[INFO] [stderr]    Compiling pluma v1.0.0 (/opt/rustwide/workdir)
[INFO] [stderr]     Finished `release` profile [optimized] target(s) in 0.30s
[INFO] running `Command { std: "docker" "inspect" "f63adcc880a5005a6af92f11fe6c38ddd271dbfad9da6f28bc709d84569cbe5e", kill_on_drop: false }`
[INFO] running `Command { std: "docker" "exec" "-e" "SOURCE_DIR=/opt/rustwide/workdir" "-e" "CARGO_HOME=/opt/rustwide/cargo-home" "-e" "RUSTUP_HOME=/opt/rustwide/rustup-home" "-e" "CARGO_TARGET_DIR=/opt/rustwide/target" "-e" "CARGO_INCREMENTAL=0" "-e" "RUST_BACKTRACE=full" "-e" "RUSTFLAGS=--cap-lints=warn" "-e" "RUSTDOCFLAGS=--cap-lints=warn" "-w" "/opt/rustwide/workdir" "--user" "0:0" "f63adcc880a5005a6af92f11fe6c38ddd271dbfad9da6f28bc709d84569cbe5e" "/opt/rustwide/cargo-home/bin/cargo" "+1.99.0-beta.8" "test" "--frozen" "--release", kill_on_drop: false }`
[INFO] [stderr]     Finished `release` profile [optimized] target(s) in 0.01s
[INFO] [stderr]      Running unittests RustIO.rs (/opt/rustwide/target/release/deps/pluma-e8e4566cda913242)
[INFO] [stdout] 
[INFO] [stdout] running 2 tests
[INFO] [stdout] test tests::test_null_c_str ... ok
[INFO] [stdout] test tests::test_c_str_conversion ... ok
[INFO] [stdout] 
[INFO] [stdout] test result: ok. 2 passed; 0 failed; 0 ignored; 0 measured; 0 filtered out; finished in 0.00s
[INFO] [stdout] 
[INFO] [stderr]    Doc-tests pluma
[INFO] [stdout] 
[INFO] [stdout] running 2 tests
[INFO] [stdout] test RustIO.rs - (line 9) ... FAILED
[INFO] [stderr] error: doctest failed, to rerun pass `--doc`
[INFO] [stdout] test RustIO.rs - pluma_export_plugin (line 91) ... FAILED
[INFO] [stdout] 
[INFO] [stdout] failures:
[INFO] [stdout] 
[INFO] [stdout] ---- RustIO.rs - (line 9) stdout ----
[INFO] [stdout] error[E0432]: unresolved import `pluma_plugin_trait::PlumaPlugin`
[INFO] [stdout]   --> RustIO.rs:11:5
[INFO] [stdout]    |
[INFO] [stdout] 11 | use pluma_plugin_trait::PlumaPlugin;
[INFO] [stdout]    |     ^^^^^^^^^^^^^^^^^^^^-----------
[INFO] [stdout]    |                         |
[INFO] [stdout]    |                         no `PlumaPlugin` in the root
[INFO] [stdout]    |
[INFO] [stdout] help: a similar name exists in the module
[INFO] [stdout]    |
[INFO] [stdout] 11 - use pluma_plugin_trait::PlumaPlugin;
[INFO] [stdout] 11 + use pluma_plugin_trait::PluMAPlugin;
[INFO] [stdout]    |
[INFO] [stdout] 
[INFO] [stdout] error[E0432]: unresolved import `pluma_io`
[INFO] [stdout]   --> RustIO.rs:12:5
[INFO] [stdout]    |
[INFO] [stdout] 12 | use pluma_io::PluginManager;
[INFO] [stdout]    |     ^^^^^^^^ use of unresolved module or unlinked crate `pluma_io`
[INFO] [stdout]    |
[INFO] [stdout]    = help: if you wanted to use a crate named `pluma_io`, use `cargo add pluma_io` to add it to your `Cargo.toml`
[INFO] [stdout] 
[INFO] [stdout] error[E0433]: cannot find `export_plugin` in `pluma_plugin_trait`
[INFO] [stdout]   --> RustIO.rs:40:21
[INFO] [stdout]    |
[INFO] [stdout] 40 | pluma_plugin_trait::export_plugin!(MyPlugin);
[INFO] [stdout]    |                     ^^^^^^^^^^^^^ could not find `export_plugin` in `pluma_plugin_trait`
[INFO] [stdout] 
[INFO] [stdout] error: aborting due to 3 previous errors
[INFO] [stdout] 
[INFO] [stdout] Some errors have detailed explanations: E0432, E0433.
[INFO] [stdout] For more information about an error, try `rustc --explain E0432`.
[INFO] [stdout] Couldn't compile the test.
[INFO] [stdout] ---- RustIO.rs - pluma_export_plugin (line 91) stdout ----
[INFO] [stdout] error[E0432]: unresolved import `pluma_plugin_trait::PlumaPlugin`
[INFO] [stdout]   --> RustIO.rs:93:5
[INFO] [stdout]    |
[INFO] [stdout] 93 | use pluma_plugin_trait::PlumaPlugin;
[INFO] [stdout]    |     ^^^^^^^^^^^^^^^^^^^^-----------
[INFO] [stdout]    |                         |
[INFO] [stdout]    |                         no `PlumaPlugin` in the root
[INFO] [stdout]    |
[INFO] [stdout] help: a similar name exists in the module
[INFO] [stdout]    |
[INFO] [stdout] 93 - use pluma_plugin_trait::PlumaPlugin;
[INFO] [stdout] 93 + use pluma_plugin_trait::PluMAPlugin;
[INFO] [stdout]    |
[INFO] [stdout] 
[INFO] [stdout] error: cannot find macro `pluma_export_plugin` in this scope
[INFO] [stdout]    --> RustIO.rs:102:1
[INFO] [stdout]     |
[INFO] [stdout] 102 | pluma_export_plugin!(MyPlugin);
[INFO] [stdout]     | ^^^^^^^^^^^^^^^^^^^
[INFO] [stdout] 
[INFO] [stdout] error: aborting due to 2 previous errors
[INFO] [stdout] 
[INFO] [stdout] For more information about this error, try `rustc --explain E0432`.
[INFO] [stdout] Couldn't compile the test.
[INFO] [stdout] 
[INFO] [stdout] failures:
[INFO] [stdout]     RustIO.rs - (line 9)
[INFO] [stdout]     RustIO.rs - pluma_export_plugin (line 91)
[INFO] [stdout] 
[INFO] [stdout] test result: FAILED. 0 passed; 2 failed; 0 ignored; 0 measured; 0 filtered out; finished in 0.08s
[INFO] [stdout] 
[INFO] running `Command { std: "docker" "inspect" "f63adcc880a5005a6af92f11fe6c38ddd271dbfad9da6f28bc709d84569cbe5e", kill_on_drop: false }`
[INFO] running `Command { std: "docker" "rm" "-f" "f63adcc880a5005a6af92f11fe6c38ddd271dbfad9da6f28bc709d84569cbe5e", kill_on_drop: false }`
[INFO] [stdout] f63adcc880a5005a6af92f11fe6c38ddd271dbfad9da6f28bc709d84569cbe5e
