[INFO] fetching crate plugctx 0.1.3...
[INFO] testing plugctx-0.1.3 against 1.99.0-beta.8+cargoflags=--release for beta-release-1.100-2
[INFO] extracting crate plugctx 0.1.3 into /workspace/builds/worker-1-tc1/source
[INFO] started tweaking crates.io crate plugctx 0.1.3
[INFO] removed 0 missing examples
[INFO] removed 0 missing tests
[INFO] finished tweaking crates.io crate plugctx 0.1.3
[INFO] tweaked toml for crates.io crate plugctx 0.1.3 written to /workspace/builds/worker-1-tc1/source/Cargo.toml
[INFO] validating manifest of crates.io crate plugctx 0.1.3 on toolchain 1.99.0-beta.8
[INFO] running `Command { std: CARGO_HOME="/workspace/cargo-home" RUSTUP_HOME="/workspace/rustup-home" "/workspace/cargo-home/bin/cargo" "+1.99.0-beta.8" "metadata" "--manifest-path" "Cargo.toml" "--no-deps", kill_on_drop: false }`
[INFO] crate crates.io crate plugctx 0.1.3 already has a lockfile, it will not be regenerated
[INFO] running `Command { std: CARGO_HOME="/workspace/cargo-home" RUSTUP_HOME="/workspace/rustup-home" "/workspace/cargo-home/bin/cargo" "+1.99.0-beta.8" "fetch" "--manifest-path" "Cargo.toml", kill_on_drop: false }`
[INFO] [stderr]     Updating crates.io index
[INFO] [stderr]  Downloading crates ...
[INFO] [stderr]   Downloaded wasmtime-wasi-io v47.0.3
[INFO] [stderr]   Downloaded pulley-macros v47.0.3
[INFO] [stderr]   Downloaded wasmtime-internal-component-util v47.0.3
[INFO] [stderr]   Downloaded cranelift-bitset v0.134.3
[INFO] [stderr]   Downloaded cranelift-control v0.134.3
[INFO] [stderr]   Downloaded wasmtime-internal-jit-icache-coherence v47.0.3
[INFO] [stderr]   Downloaded wasmtime-internal-jit-debug v47.0.3
[INFO] [stderr]   Downloaded cranelift-native v0.134.3
[INFO] [stderr]   Downloaded wat v1.256.0
[INFO] [stderr]   Downloaded cranelift-codegen-shared v0.134.3
[INFO] [stderr]   Downloaded wasmtime-internal-versioned-export-macros v47.0.3
[INFO] [stderr]   Downloaded wasmtime-wasi v47.0.3
[INFO] [stderr]   Downloaded wasmtime-internal-unwinder v47.0.3
[INFO] [stderr]   Downloaded cranelift-srcgen v0.134.3
[INFO] [stderr]   Downloaded cranelift-entity v0.134.3
[INFO] [stderr]   Downloaded cranelift-assembler-x64 v0.134.3
[INFO] [stderr]   Downloaded wasmtime-internal-wit-bindgen v47.0.3
[INFO] [stderr]   Downloaded wasmtime-internal-cache v47.0.3
[INFO] [stderr]   Downloaded mach2 v0.6.0
[INFO] [stderr]   Downloaded zerovec-derive v0.11.4
[INFO] [stderr]   Downloaded cranelift-bforest v0.134.3
[INFO] [stderr]   Downloaded cranelift-assembler-x64-meta v0.134.3
[INFO] [stderr]   Downloaded wasmtime-internal-fiber v47.0.3
[INFO] [stderr]   Downloaded fxprof-processed-profile v0.8.1
[INFO] [stderr]   Downloaded addr2line v0.26.1
[INFO] [stderr]   Downloaded cranelift-frontend v0.134.3
[INFO] [stderr]   Downloaded wasmtime-internal-core v47.0.3
[INFO] [stderr]   Downloaded wasmprinter v0.252.0
[INFO] [stderr]   Downloaded pulley-interpreter v47.0.3
[INFO] [stderr]   Downloaded cranelift-codegen-meta v0.134.3
[INFO] [stderr]   Downloaded wasm-compose v0.252.0
[INFO] [stderr]   Downloaded cap-std v4.0.3
[INFO] [stderr]   Downloaded cap-fs-ext v4.0.3
[INFO] [stderr]   Downloaded target-triple v1.0.1
[INFO] [stderr]   Downloaded wasm-encoder v0.256.0
[INFO] [stderr]   Downloaded wasm-encoder v0.252.0
[INFO] [stderr]   Downloaded cpp_demangle v0.5.1
[INFO] [stderr]   Downloaded cranelift-isle v0.134.3
[INFO] [stderr]   Downloaded trybuild v1.0.120
[INFO] [stderr]   Downloaded wit-parser v0.252.0
[INFO] [stderr]   Downloaded wast v256.0.0
[INFO] [stderr]   Downloaded regalloc2 v0.15.2
[INFO] [stderr]   Downloaded cap-primitives v4.0.3
[INFO] [stderr]   Downloaded wasmparser v0.252.0
[INFO] [stderr]   Downloaded wasmparser v0.256.0
[INFO] [stderr]   Downloaded wasmtime-environ v47.0.3
[INFO] [stderr]   Downloaded gimli v0.33.0
[INFO] [stderr]   Downloaded wasmtime-internal-cranelift v47.0.3
[INFO] [stderr]   Downloaded wasmtime-internal-component-macro v47.0.3
[INFO] [stderr]   Downloaded wasmtime v47.0.3
[INFO] [stderr]   Downloaded wasmtime-internal-component-util v43.0.2
[INFO] [stderr]   Downloaded cranelift-bforest v0.130.2
[INFO] [stderr]   Downloaded wasmtime-internal-winch v43.0.2
[INFO] [stderr]   Downloaded cranelift-codegen v0.134.3
[INFO] [stderr]   Downloaded extism v1.30.0
[INFO] [stderr]   Downloaded wiggle v43.0.2
[INFO] [stderr]   Downloaded witx v0.9.1
[INFO] [stderr]   Downloaded wast v35.0.2
[INFO] [stderr]   Downloaded wiggle-macro v43.0.2
[INFO] [stderr]   Downloaded wiggle-generate v43.0.2
[INFO] [stderr]   Downloaded wasmtime-internal-core v43.0.2
[INFO] [stderr]   Downloaded wasmprinter v0.245.1
[INFO] [stderr]   Downloaded cranelift-entity v0.130.2
[INFO] [stderr]   Downloaded cranelift-bitset v0.130.2
[INFO] [stderr]   Downloaded wasmtime-environ v43.0.2
[INFO] [stderr]   Downloaded object v0.38.1
[INFO] [stderr]   Downloaded wasmtime v43.0.2
[INFO] [stderr]   Downloaded wasmtime-internal-unwinder v43.0.2
[INFO] [stderr]   Downloaded wasmtime-internal-cache v43.0.2
[INFO] [stderr]   Downloaded cap-time-ext v3.4.5
[INFO] [stderr]   Downloaded cranelift-isle v0.130.2
[INFO] [stderr]   Downloaded wasmtime-internal-wit-bindgen v43.0.2
[INFO] [stderr]   Downloaded cap-fs-ext v3.4.5
[INFO] [stderr]   Downloaded cap-rand v3.4.5
[INFO] [stderr]   Downloaded ureq-proto v0.6.1
[INFO] [stderr]   Downloaded pulley-interpreter v43.0.2
[INFO] [stderr]   Downloaded cranelift-codegen-shared v0.130.2
[INFO] [stderr]   Downloaded cranelift-assembler-x64 v0.130.2
[INFO] [stderr]   Downloaded cranelift-assembler-x64-meta v0.130.2
[INFO] [stderr]   Downloaded wasmtime-internal-component-macro v43.0.2
[INFO] [stderr]   Downloaded cranelift-control v0.130.2
[INFO] [stderr]   Downloaded wasmtime-internal-jit-debug v43.0.2
[INFO] [stderr]   Downloaded wit-parser v0.245.1
[INFO] [stderr]   Downloaded im-rc v15.1.0
[INFO] [stderr]   Downloaded cap-primitives v3.4.5
[INFO] [stderr]   Downloaded cranelift-native v0.130.2
[INFO] [stderr]   Downloaded cranelift-frontend v0.130.2
[INFO] [stderr]   Downloaded extism-manifest v1.30.0
[INFO] [stderr]   Downloaded wasi-common v43.0.2
[INFO] [stderr]   Downloaded cap-std v3.4.5
[INFO] [stderr]   Downloaded winch-codegen v43.0.2
[INFO] [stderr]   Downloaded ureq v3.4.0
[INFO] [stderr]   Downloaded pulley-macros v43.0.2
[INFO] [stderr]   Downloaded wasmtime-internal-jit-icache-coherence v43.0.2
[INFO] [stderr]   Downloaded extism-convert v1.30.0
[INFO] [stderr]   Downloaded extism-convert-macros v1.30.0
[INFO] [stderr]   Downloaded wasmtime-internal-fiber v43.0.2
[INFO] [stderr]   Downloaded wasm-compose v0.245.1
[INFO] [stderr]   Downloaded proc-macro-utils v0.10.0
[INFO] [stderr]   Downloaded cranelift-codegen-meta v0.130.2
[INFO] [stderr]   Downloaded wasmtime-internal-cranelift v43.0.2
[INFO] [stderr]   Downloaded wasmtime-internal-versioned-export-macros v43.0.2
[INFO] [stderr]   Downloaded cranelift-srcgen v0.130.2
[INFO] [stderr]   Downloaded manyhow v0.11.4
[INFO] [stderr]   Downloaded manyhow-macros v0.11.4
[INFO] [stderr]   Downloaded cranelift-codegen v0.130.2
[INFO] running `Command { std: "docker" "create" "-v" "/var/lib/crater-agent-workspace/builds/worker-1-tc1/source:/opt/rustwide/workdir:ro,Z" "-v" "/var/lib/crater-agent-workspace/builds/worker-1-tc1/target:/opt/rustwide/target:rw,Z" "-v" "/var/lib/crater-agent-workspace/cargo-home:/opt/rustwide/cargo-home:ro,Z" "-v" "/var/lib/crater-agent-workspace/rustup-home:/opt/rustwide/rustup-home:ro,Z" "-m" "1610612736" "--network" "none" "ghcr.io/rust-lang/crates-build-env/linux@sha256:77db811e55d90add9212f6832c23229e3de5f1c1f9905e8cb07319ea15df73ac" "sleep" "infinity", kill_on_drop: false }`
[INFO] [stdout] d8043ee372cf7f913c279cbd6599d8d84685699f321395a56b2189293b200295
[INFO] running `Command { std: "docker" "start" "d8043ee372cf7f913c279cbd6599d8d84685699f321395a56b2189293b200295", kill_on_drop: false }`
[INFO] running `Command { std: "docker" "inspect" "d8043ee372cf7f913c279cbd6599d8d84685699f321395a56b2189293b200295", kill_on_drop: false }`
[INFO] running `Command { std: "docker" "exec" "-e" "SOURCE_DIR=/opt/rustwide/workdir" "-e" "CARGO_HOME=/opt/rustwide/cargo-home" "-e" "RUSTUP_HOME=/opt/rustwide/rustup-home" "-e" "CARGO_TARGET_DIR=/opt/rustwide/target" "-w" "/opt/rustwide/workdir" "--user" "0:0" "d8043ee372cf7f913c279cbd6599d8d84685699f321395a56b2189293b200295" "/opt/rustwide/cargo-home/bin/cargo" "+1.99.0-beta.8" "metadata" "--no-deps" "--format-version=1", kill_on_drop: false }`
[INFO] running `Command { std: "docker" "inspect" "d8043ee372cf7f913c279cbd6599d8d84685699f321395a56b2189293b200295", kill_on_drop: false }`
[INFO] running `Command { std: "docker" "exec" "-e" "SOURCE_DIR=/opt/rustwide/workdir" "-e" "CARGO_HOME=/opt/rustwide/cargo-home" "-e" "RUSTUP_HOME=/opt/rustwide/rustup-home" "-e" "CARGO_TARGET_DIR=/opt/rustwide/target" "-e" "CARGO_INCREMENTAL=0" "-e" "RUST_BACKTRACE=full" "-e" "RUSTFLAGS=--cap-lints=warn" "-e" "RUSTDOCFLAGS=--cap-lints=warn" "-w" "/opt/rustwide/workdir" "--user" "0:0" "d8043ee372cf7f913c279cbd6599d8d84685699f321395a56b2189293b200295" "/opt/rustwide/cargo-home/bin/cargo" "+1.99.0-beta.8" "build" "--frozen" "--message-format=json" "--release", kill_on_drop: false }`
[INFO] [stderr]    Compiling syn v3.0.3
[INFO] [stderr]    Compiling thiserror-impl v2.0.20
[INFO] [stderr]    Compiling thiserror v2.0.20
[INFO] [stderr]    Compiling plugctx v0.1.3 (/opt/rustwide/workdir)
[INFO] [stderr]     Finished `release` profile [optimized] target(s) in 5.36s
[INFO] running `Command { std: "docker" "inspect" "d8043ee372cf7f913c279cbd6599d8d84685699f321395a56b2189293b200295", kill_on_drop: false }`
[INFO] running `Command { std: "docker" "exec" "-e" "SOURCE_DIR=/opt/rustwide/workdir" "-e" "CARGO_HOME=/opt/rustwide/cargo-home" "-e" "RUSTUP_HOME=/opt/rustwide/rustup-home" "-e" "CARGO_TARGET_DIR=/opt/rustwide/target" "-e" "CARGO_INCREMENTAL=0" "-e" "RUST_BACKTRACE=full" "-e" "RUSTFLAGS=--cap-lints=warn" "-e" "RUSTDOCFLAGS=--cap-lints=warn" "-w" "/opt/rustwide/workdir" "--user" "0:0" "d8043ee372cf7f913c279cbd6599d8d84685699f321395a56b2189293b200295" "/opt/rustwide/cargo-home/bin/cargo" "+1.99.0-beta.8" "test" "--frozen" "--no-run" "--message-format=json" "--release", kill_on_drop: false }`
[INFO] [stderr]    Compiling syn v3.0.3
[INFO] [stderr]    Compiling syn v2.0.119
[INFO] [stderr]    Compiling zerocopy v0.8.56
[INFO] [stderr]    Compiling crossbeam-utils v0.8.22
[INFO] [stderr]    Compiling crossbeam-epoch v0.9.20
[INFO] [stderr]    Compiling crossbeam-deque v0.8.7
[INFO] [stderr]    Compiling getrandom v0.3.4
[INFO] [stderr]    Compiling bitflags v2.13.1
[INFO] [stderr]    Compiling either v1.17.0
[INFO] [stderr]    Compiling serde_json v1.0.151
[INFO] [stderr]    Compiling getrandom v0.4.3
[INFO] [stderr]    Compiling target-triple v1.0.1
[INFO] [stderr]    Compiling winnow v1.0.4
[INFO] [stderr]    Compiling clap_builder v4.6.6
[INFO] [stderr]    Compiling serde_spanned v1.1.1
[INFO] [stderr]    Compiling toml_datetime v1.1.1+spec-1.1.0
[INFO] [stderr]    Compiling wait-timeout v0.2.1
[INFO] [stderr]    Compiling bit-vec v0.8.0
[INFO] [stderr]    Compiling toml_writer v1.1.2+spec-1.1.0
[INFO] [stderr]    Compiling tracing-log v0.2.0
[INFO] [stderr]    Compiling rustix v1.1.4
[INFO] [stderr]    Compiling rand_core v0.9.5
[INFO] [stderr]    Compiling itertools v0.10.5
[INFO] [stderr]    Compiling toml_parser v1.1.3+spec-1.1.0
[INFO] [stderr]    Compiling plotters v0.3.7
[INFO] [stderr]    Compiling is-terminal v0.4.17
[INFO] [stderr]    Compiling thread_local v1.1.10
[INFO] [stderr]    Compiling termcolor v1.4.1
[INFO] [stderr]    Compiling rand v0.9.5
[INFO] [stderr]    Compiling rand_xorshift v0.4.0
[INFO] [stderr]    Compiling bit-set v0.8.0
[INFO] [stderr]    Compiling smallvec v1.15.2
[INFO] [stderr]    Compiling tracing-subscriber v0.3.23
[INFO] [stderr]    Compiling rayon-core v1.13.0
[INFO] [stderr]    Compiling toml v1.1.4+spec-1.1.0
[INFO] [stderr]    Compiling criterion-plot v0.5.0
[INFO] [stderr]    Compiling rayon v1.12.0
[INFO] [stderr]    Compiling tempfile v3.27.0
[INFO] [stderr]    Compiling rusty-fork v0.3.1
[INFO] [stderr]    Compiling serde_derive v1.0.229
[INFO] [stderr]    Compiling futures-macro v0.3.34
[INFO] [stderr]    Compiling thiserror-impl v2.0.20
[INFO] [stderr]    Compiling zerocopy-derive v0.8.56
[INFO] [stderr]    Compiling clap v4.6.6
[INFO] [stderr]    Compiling futures-util v0.3.34
[INFO] [stderr]    Compiling thiserror v2.0.20
[INFO] [stderr]    Compiling plugctx v0.1.3 (/opt/rustwide/workdir)
[INFO] [stderr]    Compiling serde v1.0.229
[INFO] [stderr]    Compiling tinytemplate v1.2.1
[INFO] [stderr]    Compiling trybuild v1.0.120
[INFO] [stderr]    Compiling futures-executor v0.3.34
[INFO] [stderr]    Compiling futures v0.3.34
[INFO] [stderr]    Compiling half v2.7.1
[INFO] [stderr]    Compiling ppv-lite86 v0.2.21
[INFO] [stderr]    Compiling ciborium-ll v0.2.2
[INFO] [stderr]    Compiling rand_chacha v0.9.0
[INFO] [stderr]    Compiling ciborium v0.2.2
[INFO] [stderr]    Compiling proptest v1.11.0
[INFO] [stderr]    Compiling criterion v0.5.1
[INFO] [stderr]     Finished `release` profile [optimized] target(s) in 46.66s
[INFO] running `Command { std: "docker" "inspect" "d8043ee372cf7f913c279cbd6599d8d84685699f321395a56b2189293b200295", kill_on_drop: false }`
[INFO] running `Command { std: "docker" "exec" "-e" "SOURCE_DIR=/opt/rustwide/workdir" "-e" "CARGO_HOME=/opt/rustwide/cargo-home" "-e" "RUSTUP_HOME=/opt/rustwide/rustup-home" "-e" "CARGO_TARGET_DIR=/opt/rustwide/target" "-e" "CARGO_INCREMENTAL=0" "-e" "RUST_BACKTRACE=full" "-e" "RUSTFLAGS=--cap-lints=warn" "-e" "RUSTDOCFLAGS=--cap-lints=warn" "-w" "/opt/rustwide/workdir" "--user" "0:0" "d8043ee372cf7f913c279cbd6599d8d84685699f321395a56b2189293b200295" "/opt/rustwide/cargo-home/bin/cargo" "+1.99.0-beta.8" "test" "--frozen" "--release", kill_on_drop: false }`
[INFO] [stderr]     Finished `release` profile [optimized] target(s) in 0.19s
[INFO] [stderr]      Running unittests src/lib.rs (/opt/rustwide/target/release/deps/plugctx-d71816ab0145694b)
[INFO] [stdout] 
[INFO] [stdout] running 3 tests
[INFO] [stdout] test shared::tests::shared_counts_downgrade_and_weak_helpers ... ok
[INFO] [stdout] test plugin::tests::box_dyn_plugin_delegates_build_and_dependencies ... ok
[INFO] [stdout] test shared::tests::erase_helpers_roundtrip ... ok
[INFO] [stdout] 
[INFO] [stdout] test result: ok. 3 passed; 0 failed; 0 ignored; 0 measured; 0 filtered out; finished in 0.00s
[INFO] [stdout] 
[INFO] [stderr]      Running tests/acceptance_story_10_1.rs (/opt/rustwide/target/release/deps/acceptance_story_10_1-fb7ffcb61426e17c)
[INFO] [stdout] 
[INFO] [stdout] running 3 tests
[INFO] [stdout] test publishing_docs_are_executable_trusted_publishing_steps ... FAILED
[INFO] [stdout] test release_workflow_uses_oidc_trusted_publishing ... FAILED
[INFO] [stdout] test publish_dry_run_still_green_without_live_upload ... FAILED
[INFO] [stdout] 
[INFO] [stdout] failures:
[INFO] [stdout] 
[INFO] [stdout] ---- publishing_docs_are_executable_trusted_publishing_steps stdout ----
[INFO] [stdout] 
[INFO] [stdout] thread 'publishing_docs_are_executable_trusted_publishing_steps' (2363) panicked at tests/acceptance_story_10_1.rs:17:29:
[INFO] [stdout] missing required artifact docs/publishing.md at /opt/docs/publishing.md: No such file or directory (os error 2)
[INFO] [stdout] stack backtrace:
[INFO] [stdout]    0:     0x5fd9676478a1 - <<std[70759c8f55707aa4]::sys::backtrace::BacktraceLock>::print::DisplayBacktrace as core[df12db4294e9bfd3]::fmt::Display>::fmt
[INFO] [stdout]    1:     0x5fd96765bb0a - core[df12db4294e9bfd3]::fmt::write
[INFO] [stdout]    2:     0x5fd96764bd5c - <alloc[2182bb758b4b3781]::vec::Vec<u8> as core[df12db4294e9bfd3]::io::write::Write>::write_fmt
[INFO] [stdout]    3:     0x5fd9676236b6 - std[70759c8f55707aa4]::panicking::default_hook::{closure#0}
[INFO] [stdout]    4:     0x5fd96763fc99 - std[70759c8f55707aa4]::panicking::default_hook
[INFO] [stdout]    5:     0x5fd9675db760 - test[9d35eded1c95d3be]::test_main_inner::<test[9d35eded1c95d3be]::test_main_static::{closure#0}>::{closure#0}
[INFO] [stdout]    6:     0x5fd96763fe52 - std[70759c8f55707aa4]::panicking::panic_with_hook
[INFO] [stdout]    7:     0x5fd967623762 - std[70759c8f55707aa4]::panicking::panic_handler::{closure#0}
[INFO] [stdout]    8:     0x5fd96761c359 - std[70759c8f55707aa4]::sys::backtrace::__rust_end_short_backtrace::<std[70759c8f55707aa4]::panicking::panic_handler::{closure#0}, !>
[INFO] [stdout]    9:     0x5fd96762435d - __rustc[8fa7c3cbc660c2b3]::rust_begin_unwind
[INFO] [stdout]   10:     0x5fd96765c23c - core[df12db4294e9bfd3]::panicking::panic_fmt
[INFO] [stdout]   11:     0x5fd9675cd02a - acceptance_story_10_1[516bee73b91abf68]::read_required::{closure#0}
[INFO] [stdout]   12:     0x5fd9675cd2c6 - acceptance_story_10_1[516bee73b91abf68]::read_required
[INFO] [stdout]   13:     0x5fd9675ce767 - <acceptance_story_10_1[516bee73b91abf68]::publishing_docs_are_executable_trusted_publishing_steps::{closure#0} as core[df12db4294e9bfd3]::ops::function::FnOnce<()>>::call_once
[INFO] [stdout]   14:     0x5fd9675cea4b - test[9d35eded1c95d3be]::__rust_begin_short_backtrace::<core[df12db4294e9bfd3]::result::Result<(), alloc[2182bb758b4b3781]::string::String>, fn() -> core[df12db4294e9bfd3]::result::Result<(), alloc[2182bb758b4b3781]::string::String>>
[INFO] [stdout]   15:     0x5fd9675dc0b5 - test[9d35eded1c95d3be]::run_test::{closure#0}
[INFO] [stdout]   16:     0x5fd9675d5974 - std[70759c8f55707aa4]::sys::backtrace::__rust_begin_short_backtrace::<test[9d35eded1c95d3be]::run_test::{closure#1}, ()>
[INFO] [stdout]   17:     0x5fd9675df212 - <std[70759c8f55707aa4]::thread::lifecycle::spawn_unchecked<test[9d35eded1c95d3be]::run_test::{closure#1}, ()>::{closure#1} as core[df12db4294e9bfd3]::ops::function::FnOnce<()>>::call_once::{shim:vtable#0}
[INFO] [stdout]   18:     0x5fd967646e09 - <std[70759c8f55707aa4]::sys::thread::unix::Thread>::new::thread_start
[INFO] [stdout]   19:     0x776ea0526dfa - <unknown>
[INFO] [stdout]   20:     0x776ea05ba3d4 - clone
[INFO] [stdout]   21:                0x0 - <unknown>
[INFO] [stdout] 
[INFO] [stdout] ---- release_workflow_uses_oidc_trusted_publishing stdout ----
[INFO] [stdout] 
[INFO] [stdout] thread 'release_workflow_uses_oidc_trusted_publishing' (2364) panicked at tests/acceptance_story_10_1.rs:17:29:
[INFO] [stdout] missing required artifact .github/workflows/release.yml at /opt/.github/workflows/release.yml: No such file or directory (os error 2)
[INFO] [stdout] stack backtrace:
[INFO] [stdout]    0:     0x5fd9676478a1 - <<std[70759c8f55707aa4]::sys::backtrace::BacktraceLock>::print::DisplayBacktrace as core[df12db4294e9bfd3]::fmt::Display>::fmt
[INFO] [stdout]    1:     0x5fd96765bb0a - core[df12db4294e9bfd3]::fmt::write
[INFO] [stdout]    2:     0x5fd96764bd5c - <alloc[2182bb758b4b3781]::vec::Vec<u8> as core[df12db4294e9bfd3]::io::write::Write>::write_fmt
[INFO] [stdout]    3:     0x5fd9676236b6 - std[70759c8f55707aa4]::panicking::default_hook::{closure#0}
[INFO] [stdout]    4:     0x5fd96763fc99 - std[70759c8f55707aa4]::panicking::default_hook
[INFO] [stdout]    5:     0x5fd9675db760 - test[9d35eded1c95d3be]::test_main_inner::<test[9d35eded1c95d3be]::test_main_static::{closure#0}>::{closure#0}
[INFO] [stdout]    6:     0x5fd96763fe52 - std[70759c8f55707aa4]::panicking::panic_with_hook
[INFO] [stdout]    7:     0x5fd967623762 - std[70759c8f55707aa4]::panicking::panic_handler::{closure#0}
[INFO] [stdout]    8:     0x5fd96761c359 - std[70759c8f55707aa4]::sys::backtrace::__rust_end_short_backtrace::<std[70759c8f55707aa4]::panicking::panic_handler::{closure#0}, !>
[INFO] [stdout]    9:     0x5fd96762435d - __rustc[8fa7c3cbc660c2b3]::rust_begin_unwind
[INFO] [stdout]   10:     0x5fd96765c23c - core[df12db4294e9bfd3]::panicking::panic_fmt
[INFO] [stdout]   11:     0x5fd9675cd02a - acceptance_story_10_1[516bee73b91abf68]::read_required::{closure#0}
[INFO] [stdout]   12:     0x5fd9675cd2c6 - acceptance_story_10_1[516bee73b91abf68]::read_required
[INFO] [stdout]   13:     0x5fd9675ce17d - <acceptance_story_10_1[516bee73b91abf68]::release_workflow_uses_oidc_trusted_publishing::{closure#0} as core[df12db4294e9bfd3]::ops::function::FnOnce<()>>::call_once
[INFO] [stdout]   14:     0x5fd9675cea4b - test[9d35eded1c95d3be]::__rust_begin_short_backtrace::<core[df12db4294e9bfd3]::result::Result<(), alloc[2182bb758b4b3781]::string::String>, fn() -> core[df12db4294e9bfd3]::result::Result<(), alloc[2182bb758b4b3781]::string::String>>
[INFO] [stdout]   15:     0x5fd9675dc0b5 - test[9d35eded1c95d3be]::run_test::{closure#0}
[INFO] [stdout]   16:     0x5fd9675d5974 - std[70759c8f55707aa4]::sys::backtrace::__rust_begin_short_backtrace::<test[9d35eded1c95d3be]::run_test::{closure#1}, ()>
[INFO] [stdout]   17:     0x5fd9675df212 - <std[70759c8f55707aa4]::thread::lifecycle::spawn_unchecked<test[9d35eded1c95d3be]::run_test::{closure#1}, ()>::{closure#1} as core[df12db4294e9bfd3]::ops::function::FnOnce<()>>::call_once::{shim:vtable#0}
[INFO] [stdout]   18:     0x5fd967646e09 - <std[70759c8f55707aa4]::sys::thread::unix::Thread>::new::thread_start
[INFO] [stdout]   19:     0x776ea0526dfa - <unknown>
[INFO] [stdout]   20:     0x776ea05ba3d4 - clone
[INFO] [stdout]   21:                0x0 - <unknown>
[INFO] [stdout] 
[INFO] [stdout] ---- publish_dry_run_still_green_without_live_upload stdout ----
[INFO] [stdout] 
[INFO] [stdout] thread 'publish_dry_run_still_green_without_live_upload' (2362) panicked at tests/acceptance_story_10_1.rs:93:5:
[INFO] [stdout] ci-publish-dry-run.sh 须仍成功（本故事不实际上架；FR1 AC#3）
[INFO] [stdout] 
[INFO] [stdout] bash: scripts/ci-publish-dry-run.sh: No such file or directory
[INFO] [stdout] 
[INFO] [stdout] stack backtrace:
[INFO] [stdout]    0:     0x5fd9676478a1 - <<std[70759c8f55707aa4]::sys::backtrace::BacktraceLock>::print::DisplayBacktrace as core[df12db4294e9bfd3]::fmt::Display>::fmt
[INFO] [stdout]    1:     0x5fd96765bb0a - core[df12db4294e9bfd3]::fmt::write
[INFO] [stdout]    2:     0x5fd96764bd5c - <alloc[2182bb758b4b3781]::vec::Vec<u8> as core[df12db4294e9bfd3]::io::write::Write>::write_fmt
[INFO] [stdout]    3:     0x5fd9676236b6 - std[70759c8f55707aa4]::panicking::default_hook::{closure#0}
[INFO] [stdout]    4:     0x5fd96763fc99 - std[70759c8f55707aa4]::panicking::default_hook
[INFO] [stdout]    5:     0x5fd9675db760 - test[9d35eded1c95d3be]::test_main_inner::<test[9d35eded1c95d3be]::test_main_static::{closure#0}>::{closure#0}
[INFO] [stdout]    6:     0x5fd96763fe52 - std[70759c8f55707aa4]::panicking::panic_with_hook
[INFO] [stdout]    7:     0x5fd967623762 - std[70759c8f55707aa4]::panicking::panic_handler::{closure#0}
[INFO] [stdout]    8:     0x5fd96761c359 - std[70759c8f55707aa4]::sys::backtrace::__rust_end_short_backtrace::<std[70759c8f55707aa4]::panicking::panic_handler::{closure#0}, !>
[INFO] [stdout]    9:     0x5fd96762435d - __rustc[8fa7c3cbc660c2b3]::rust_begin_unwind
[INFO] [stdout]   10:     0x5fd96765c23c - core[df12db4294e9bfd3]::panicking::panic_fmt
[INFO] [stdout]   11:     0x5fd9675ce680 - <acceptance_story_10_1[516bee73b91abf68]::publish_dry_run_still_green_without_live_upload::{closure#0} as core[df12db4294e9bfd3]::ops::function::FnOnce<()>>::call_once
[INFO] [stdout]   12:     0x5fd9675cea4b - test[9d35eded1c95d3be]::__rust_begin_short_backtrace::<core[df12db4294e9bfd3]::result::Result<(), alloc[2182bb758b4b3781]::string::String>, fn() -> core[df12db4294e9bfd3]::result::Result<(), alloc[2182bb758b4b3781]::string::String>>
[INFO] [stdout]   13:     0x5fd9675dc0b5 - test[9d35eded1c95d3be]::run_test::{closure#0}
[INFO] [stdout]   14:     0x5fd9675d5974 - std[70759c8f55707aa4]::sys::backtrace::__rust_begin_short_backtrace::<test[9d35eded1c95d3be]::run_test::{closure#1}, ()>
[INFO] [stdout]   15:     0x5fd9675df212 - <std[70759c8f55707aa4]::thread::lifecycle::spawn_unchecked<test[9d35eded1c95d3be]::run_test::{closure#1}, ()>::{closure#1} as core[df12db4294e9bfd3]::ops::function::FnOnce<()>>::call_once::{shim:vtable#0}
[INFO] [stdout]   16:     0x5fd967646e09 - <std[70759c8f55707aa4]::sys::thread::unix::Thread>::new::thread_start
[INFO] [stdout]   17:     0x776ea0526dfa - <unknown>
[INFO] [stdout]   18:     0x776ea05ba3d4 - clone
[INFO] [stdout]   19:                0x0 - <unknown>
[INFO] [stdout] 
[INFO] [stdout] 
[INFO] [stdout] failures:
[INFO] [stdout]     publish_dry_run_still_green_without_live_upload
[INFO] [stdout]     publishing_docs_are_executable_trusted_publishing_steps
[INFO] [stdout]     release_workflow_uses_oidc_trusted_publishing
[INFO] [stdout] 
[INFO] [stdout] test result: FAILED. 0 passed; 3 failed; 0 ignored; 0 measured; 0 filtered out; finished in 0.01s
[INFO] [stdout] 
[INFO] [stderr] error: test failed, to rerun pass `--test acceptance_story_10_1`
[INFO] running `Command { std: "docker" "inspect" "d8043ee372cf7f913c279cbd6599d8d84685699f321395a56b2189293b200295", kill_on_drop: false }`
[INFO] running `Command { std: "docker" "rm" "-f" "d8043ee372cf7f913c279cbd6599d8d84685699f321395a56b2189293b200295", kill_on_drop: false }`
[INFO] [stdout] d8043ee372cf7f913c279cbd6599d8d84685699f321395a56b2189293b200295
