[INFO] fetching crate plsync 0.2.2...
[INFO] testing plsync-0.2.2 against 1.100.0-beta.1+cargoflags=--release for beta-release-1.100-2
[INFO] extracting crate plsync 0.2.2 into /workspace/builds/worker-6-tc2/source
[INFO] started tweaking crates.io crate plsync 0.2.2
[INFO] removed 0 missing tests
[INFO] finished tweaking crates.io crate plsync 0.2.2
[INFO] tweaked toml for crates.io crate plsync 0.2.2 written to /workspace/builds/worker-6-tc2/source/Cargo.toml
[INFO] validating manifest of crates.io crate plsync 0.2.2 on toolchain 1.100.0-beta.1
[INFO] running `Command { std: CARGO_HOME="/workspace/cargo-home" RUSTUP_HOME="/workspace/rustup-home" "/workspace/cargo-home/bin/cargo" "+1.100.0-beta.1" "metadata" "--manifest-path" "Cargo.toml" "--no-deps", kill_on_drop: false }`
[INFO] crate crates.io crate plsync 0.2.2 already has a lockfile, it will not be regenerated
[INFO] running `Command { std: CARGO_HOME="/workspace/cargo-home" RUSTUP_HOME="/workspace/rustup-home" "/workspace/cargo-home/bin/cargo" "+1.100.0-beta.1" "fetch" "--manifest-path" "Cargo.toml", kill_on_drop: false }`
[INFO] running `Command { std: "docker" "create" "-v" "/var/lib/crater-agent-workspace/builds/worker-6-tc2/source:/opt/rustwide/workdir:ro,Z" "-v" "/var/lib/crater-agent-workspace/builds/worker-6-tc2/target:/opt/rustwide/target:rw,Z" "-v" "/var/lib/crater-agent-workspace/cargo-home:/opt/rustwide/cargo-home:ro,Z" "-v" "/var/lib/crater-agent-workspace/rustup-home:/opt/rustwide/rustup-home:ro,Z" "-m" "1610612736" "--network" "none" "ghcr.io/rust-lang/crates-build-env/linux@sha256:77db811e55d90add9212f6832c23229e3de5f1c1f9905e8cb07319ea15df73ac" "sleep" "infinity", kill_on_drop: false }`
[INFO] [stdout] f4261a1107ce380e19e48047168ee803ff577b4d2939dd029c2358b877586333
[INFO] running `Command { std: "docker" "start" "f4261a1107ce380e19e48047168ee803ff577b4d2939dd029c2358b877586333", kill_on_drop: false }`
[INFO] running `Command { std: "docker" "inspect" "f4261a1107ce380e19e48047168ee803ff577b4d2939dd029c2358b877586333", kill_on_drop: false }`
[INFO] running `Command { std: "docker" "exec" "-e" "SOURCE_DIR=/opt/rustwide/workdir" "-e" "CARGO_HOME=/opt/rustwide/cargo-home" "-e" "RUSTUP_HOME=/opt/rustwide/rustup-home" "-e" "CARGO_TARGET_DIR=/opt/rustwide/target" "-w" "/opt/rustwide/workdir" "--user" "0:0" "f4261a1107ce380e19e48047168ee803ff577b4d2939dd029c2358b877586333" "/opt/rustwide/cargo-home/bin/cargo" "+1.100.0-beta.1" "metadata" "--no-deps" "--format-version=1", kill_on_drop: false }`
[INFO] running `Command { std: "docker" "inspect" "f4261a1107ce380e19e48047168ee803ff577b4d2939dd029c2358b877586333", kill_on_drop: false }`
[INFO] running `Command { std: "docker" "exec" "-e" "SOURCE_DIR=/opt/rustwide/workdir" "-e" "CARGO_HOME=/opt/rustwide/cargo-home" "-e" "RUSTUP_HOME=/opt/rustwide/rustup-home" "-e" "CARGO_TARGET_DIR=/opt/rustwide/target" "-e" "CARGO_INCREMENTAL=0" "-e" "RUST_BACKTRACE=full" "-e" "RUSTFLAGS=--cap-lints=warn" "-e" "RUSTDOCFLAGS=--cap-lints=warn" "-w" "/opt/rustwide/workdir" "--user" "0:0" "f4261a1107ce380e19e48047168ee803ff577b4d2939dd029c2358b877586333" "/opt/rustwide/cargo-home/bin/cargo" "+1.100.0-beta.1" "build" "--frozen" "--message-format=json" "--release", kill_on_drop: false }`
[INFO] [stderr]    Compiling libc v0.2.170
[INFO] [stderr]    Compiling unicode-ident v1.0.17
[INFO] [stderr]    Compiling memchr v2.7.4
[INFO] [stderr]    Compiling rayon-core v1.12.1
[INFO] [stderr]    Compiling anstyle-query v1.1.2
[INFO] [stderr]    Compiling colorchoice v1.0.3
[INFO] [stderr]    Compiling anstyle v1.0.10
[INFO] [stderr]    Compiling is_terminal_polyfill v1.70.1
[INFO] [stderr]    Compiling regex-syntax v0.8.5
[INFO] [stderr]    Compiling portable-atomic v1.11.0
[INFO] [stderr]    Compiling clap_lex v0.7.4
[INFO] [stderr]    Compiling unicode-width v0.2.0
[INFO] [stderr]    Compiling anstyle-parse v0.2.6
[INFO] [stderr]    Compiling either v1.14.0
[INFO] [stderr]    Compiling log v0.4.26
[INFO] [stderr]    Compiling number_prefix v0.4.0
[INFO] [stderr]    Compiling humantime v2.1.0
[INFO] [stderr]    Compiling glob-match v0.2.1
[INFO] [stderr]    Compiling proc-macro2 v1.0.93
[INFO] [stderr]    Compiling anstream v0.6.18
[INFO] [stderr]    Compiling quote v1.0.38
[INFO] [stderr]    Compiling clap_builder v4.5.31
[INFO] [stderr]    Compiling syn v2.0.98
[INFO] [stderr]    Compiling aho-corasick v1.1.3
[INFO] [stderr]    Compiling rayon v1.10.0
[INFO] [stderr]    Compiling console v0.15.11
[INFO] [stderr]    Compiling atty v0.2.14
[INFO] [stderr]    Compiling filetime v0.2.25
[INFO] [stderr]    Compiling regex-automata v0.4.9
[INFO] [stderr]    Compiling clap_derive v4.5.28
[INFO] [stderr]    Compiling indicatif v0.17.11
[INFO] [stderr]    Compiling clap v4.5.31
[INFO] [stderr]    Compiling regex v1.11.1
[INFO] [stderr]    Compiling env_logger v0.9.3
[INFO] [stderr]    Compiling plsync v0.2.2 (/opt/rustwide/workdir)
[INFO] [stderr]     Finished `release` profile [optimized] target(s) in 32.34s
[INFO] running `Command { std: "docker" "inspect" "f4261a1107ce380e19e48047168ee803ff577b4d2939dd029c2358b877586333", kill_on_drop: false }`
[INFO] running `Command { std: "docker" "exec" "-e" "SOURCE_DIR=/opt/rustwide/workdir" "-e" "CARGO_HOME=/opt/rustwide/cargo-home" "-e" "RUSTUP_HOME=/opt/rustwide/rustup-home" "-e" "CARGO_TARGET_DIR=/opt/rustwide/target" "-e" "CARGO_INCREMENTAL=0" "-e" "RUST_BACKTRACE=full" "-e" "RUSTFLAGS=--cap-lints=warn" "-e" "RUSTDOCFLAGS=--cap-lints=warn" "-w" "/opt/rustwide/workdir" "--user" "0:0" "f4261a1107ce380e19e48047168ee803ff577b4d2939dd029c2358b877586333" "/opt/rustwide/cargo-home/bin/cargo" "+1.100.0-beta.1" "test" "--frozen" "--no-run" "--message-format=json" "--release", kill_on_drop: false }`
[INFO] [stderr]    Compiling rustix v1.0.2
[INFO] [stderr]    Compiling bitflags v2.9.0
[INFO] [stderr]    Compiling linux-raw-sys v0.9.2
[INFO] [stderr]    Compiling fastrand v2.3.0
[INFO] [stderr]    Compiling getrandom v0.3.1
[INFO] [stderr]    Compiling tempfile v3.19.0
[INFO] [stderr]    Compiling plsync v0.2.2 (/opt/rustwide/workdir)
[INFO] [stderr]     Finished `release` profile [optimized] target(s) in 4.87s
[INFO] running `Command { std: "docker" "inspect" "f4261a1107ce380e19e48047168ee803ff577b4d2939dd029c2358b877586333", kill_on_drop: false }`
[INFO] running `Command { std: "docker" "exec" "-e" "SOURCE_DIR=/opt/rustwide/workdir" "-e" "CARGO_HOME=/opt/rustwide/cargo-home" "-e" "RUSTUP_HOME=/opt/rustwide/rustup-home" "-e" "CARGO_TARGET_DIR=/opt/rustwide/target" "-e" "CARGO_INCREMENTAL=0" "-e" "RUST_BACKTRACE=full" "-e" "RUSTFLAGS=--cap-lints=warn" "-e" "RUSTDOCFLAGS=--cap-lints=warn" "-w" "/opt/rustwide/workdir" "--user" "0:0" "f4261a1107ce380e19e48047168ee803ff577b4d2939dd029c2358b877586333" "/opt/rustwide/cargo-home/bin/cargo" "+1.100.0-beta.1" "test" "--frozen" "--release", kill_on_drop: false }`
[INFO] [stderr]     Finished `release` profile [optimized] target(s) in 0.09s
[INFO] [stderr]      Running unittests src/lib.rs (/opt/rustwide/target/release/build/plsync/fb8b344d4821e978/out/plsync-fb8b344d4821e978)
[INFO] [stdout] 
[INFO] [stdout] running 0 tests
[INFO] [stdout] 
[INFO] [stdout] test result: ok. 0 passed; 0 failed; 0 ignored; 0 measured; 0 filtered out; finished in 0.00s
[INFO] [stdout] 
[INFO] [stderr]      Running unittests src/main.rs (/opt/rustwide/target/release/build/plsync/7274b8dfc3b8970f/out/plsync-7274b8dfc3b8970f)
[INFO] [stdout] 
[INFO] [stdout] running 0 tests
[INFO] [stdout] 
[INFO] [stdout] test result: ok. 0 passed; 0 failed; 0 ignored; 0 measured; 0 filtered out; finished in 0.00s
[INFO] [stdout] 
[INFO] [stderr]      Running tests/integration_test.rs (/opt/rustwide/target/release/build/plsync/f13b01c798d01af4/out/integration_test-f13b01c798d01af4)
[INFO] [stdout] 
[INFO] [stdout] running 7 tests
[INFO] [stdout] test dry_run ... ok
[INFO] [stdout] test broken_link_in_src ... ok
[INFO] [stdout] test fresh_copy ... ok
[INFO] [stdout] test dest_read_only ... FAILED
[INFO] [stdout] test rewrite_partially_written_files ... ok
[INFO] [stdout] test skip_up_to_date_files ... ok
[INFO] [stdout] test preserve_permissions ... ok
[INFO] [stdout] 
[INFO] [stdout] failures:
[INFO] [stdout] 
[INFO] [stdout] ---- dest_read_only stdout ----
[INFO] [stdout] 
[INFO] [stdout] thread 'dest_read_only' (964) panicked at tests/integration_test.rs:185:5:
[INFO] [stdout] assertion `left == right` failed
[INFO] [stdout]   left: 0
[INFO] [stdout]  right: 1
[INFO] [stdout] stack backtrace:
[INFO] [stdout]    0:     0x6093f0aa9181 - <<std[617be2ca0a6fd877]::sys::backtrace::BacktraceLock>::print::DisplayBacktrace as core[a373ad73a504971]::fmt::Display>::fmt
[INFO] [stdout]    1:     0x6093f0abe31a - core[a373ad73a504971]::fmt::write
[INFO] [stdout]    2:     0x6093f0aad9fc - <alloc[2e1b2a31b91974c5]::vec::Vec<u8> as core[a373ad73a504971]::io::write::Write>::write_fmt
[INFO] [stdout]    3:     0x6093f0a81b56 - std[617be2ca0a6fd877]::panicking::default_hook::{closure#0}
[INFO] [stdout]    4:     0x6093f0a9f309 - std[617be2ca0a6fd877]::panicking::default_hook
[INFO] [stdout]    5:     0x6093f0a0bca0 - test[aada8e7e76ba119b]::test_main_inner::{closure#0}
[INFO] [stdout]    6:     0x6093f0a9f632 - std[617be2ca0a6fd877]::panicking::panic_with_hook
[INFO] [stdout]    7:     0x6093f0a81c02 - std[617be2ca0a6fd877]::panicking::panic_handler::{closure#0}
[INFO] [stdout]    8:     0x6093f0a7a569 - std[617be2ca0a6fd877]::sys::backtrace::__rust_end_short_backtrace::<std[617be2ca0a6fd877]::panicking::panic_handler::{closure#0}, !>
[INFO] [stdout]    9:     0x6093f0a829bd - __rustc[ea4f61d10b84890b]::rust_begin_unwind
[INFO] [stdout]   10:     0x6093f0abea4c - core[a373ad73a504971]::panicking::panic_fmt
[INFO] [stdout]   11:     0x6093f0abe963 - core[a373ad73a504971]::panicking::assert_failed_inner
[INFO] [stdout]   12:     0x6093f0aba93d - core[a373ad73a504971]::panicking::assert_failed::<u64, u64>
[INFO] [stdout]   13:     0x6093f09fd876 - <integration_test[6ebe18ed42ec0d5a]::dest_read_only::{closure#0} as core[a373ad73a504971]::ops::function::FnOnce<()>>::call_once
[INFO] [stdout]   14:     0x6093f09ff0eb - test[aada8e7e76ba119b]::__rust_begin_short_backtrace::<core[a373ad73a504971]::result::Result<(), alloc[2e1b2a31b91974c5]::string::String>, fn() -> core[a373ad73a504971]::result::Result<(), alloc[2e1b2a31b91974c5]::string::String>>
[INFO] [stdout]   15:     0x6093f0a0c2c5 - test[aada8e7e76ba119b]::run_test::{closure#0}
[INFO] [stdout]   16:     0x6093f0a05bb4 - std[617be2ca0a6fd877]::sys::backtrace::__rust_begin_short_backtrace::<test[aada8e7e76ba119b]::run_test::{closure#1}, ()>
[INFO] [stdout]   17:     0x6093f0a0f352 - <std[617be2ca0a6fd877]::thread::lifecycle::spawn_unchecked<test[aada8e7e76ba119b]::run_test::{closure#1}, ()>::{closure#1} as core[a373ad73a504971]::ops::function::FnOnce<()>>::call_once::{shim:vtable#0}
[INFO] [stdout]   18:     0x6093f0aa839f - <std[617be2ca0a6fd877]::sys::thread::unix::Thread>::new::thread_start
[INFO] [stdout]   19:     0x73a4ea3d0dfa - <unknown>
[INFO] [stdout]   20:     0x73a4ea4643d4 - clone
[INFO] [stdout]   21:                0x0 - <unknown>
[INFO] [stdout] 
[INFO] [stdout] 
[INFO] [stdout] failures:
[INFO] [stdout]     dest_read_only
[INFO] [stdout] 
[INFO] [stdout] test result: FAILED. 6 passed; 1 failed; 0 ignored; 0 measured; 0 filtered out; finished in 0.07s
[INFO] [stdout] 
[INFO] [stderr] error: test failed, to rerun pass `--test integration_test`
[INFO] running `Command { std: "docker" "inspect" "f4261a1107ce380e19e48047168ee803ff577b4d2939dd029c2358b877586333", kill_on_drop: false }`
[INFO] running `Command { std: "docker" "rm" "-f" "f4261a1107ce380e19e48047168ee803ff577b4d2939dd029c2358b877586333", kill_on_drop: false }`
[INFO] [stdout] f4261a1107ce380e19e48047168ee803ff577b4d2939dd029c2358b877586333
