[INFO] fetching crate plsql-parser 0.7.0...
[INFO] testing plsql-parser-0.7.0 against 1.99.0-beta.8+cargoflags=--release for beta-release-1.100-2
[INFO] extracting crate plsql-parser 0.7.0 into /workspace/builds/worker-5-tc1/source
[INFO] started tweaking crates.io crate plsql-parser 0.7.0
[INFO] removed 0 missing tests
[INFO] finished tweaking crates.io crate plsql-parser 0.7.0
[INFO] tweaked toml for crates.io crate plsql-parser 0.7.0 written to /workspace/builds/worker-5-tc1/source/Cargo.toml
[INFO] validating manifest of crates.io crate plsql-parser 0.7.0 on toolchain 1.99.0-beta.8
[INFO] running `Command { std: CARGO_HOME="/workspace/cargo-home" RUSTUP_HOME="/workspace/rustup-home" "/workspace/cargo-home/bin/cargo" "+1.99.0-beta.8" "metadata" "--manifest-path" "Cargo.toml" "--no-deps", kill_on_drop: false }`
[INFO] crate crates.io crate plsql-parser 0.7.0 already has a lockfile, it will not be regenerated
[INFO] running `Command { std: CARGO_HOME="/workspace/cargo-home" RUSTUP_HOME="/workspace/rustup-home" "/workspace/cargo-home/bin/cargo" "+1.99.0-beta.8" "fetch" "--manifest-path" "Cargo.toml", kill_on_drop: false }`
[INFO] [stderr]     Updating crates.io index
[INFO] [stderr]  Downloading crates ...
[INFO] [stderr]   Downloaded plsql-core v0.7.0
[INFO] running `Command { std: "docker" "create" "-v" "/var/lib/crater-agent-workspace/builds/worker-5-tc1/source:/opt/rustwide/workdir:ro,Z" "-v" "/var/lib/crater-agent-workspace/builds/worker-5-tc1/target:/opt/rustwide/target:rw,Z" "-v" "/var/lib/crater-agent-workspace/cargo-home:/opt/rustwide/cargo-home:ro,Z" "-v" "/var/lib/crater-agent-workspace/rustup-home:/opt/rustwide/rustup-home:ro,Z" "-m" "1610612736" "--network" "none" "ghcr.io/rust-lang/crates-build-env/linux@sha256:77db811e55d90add9212f6832c23229e3de5f1c1f9905e8cb07319ea15df73ac" "sleep" "infinity", kill_on_drop: false }`
[INFO] [stdout] 861db8d52dea5376648ade3ff877459f27c6e57bce7f0611207e25b0719cc409
[INFO] running `Command { std: "docker" "start" "861db8d52dea5376648ade3ff877459f27c6e57bce7f0611207e25b0719cc409", kill_on_drop: false }`
[INFO] running `Command { std: "docker" "inspect" "861db8d52dea5376648ade3ff877459f27c6e57bce7f0611207e25b0719cc409", kill_on_drop: false }`
[INFO] running `Command { std: "docker" "exec" "-e" "SOURCE_DIR=/opt/rustwide/workdir" "-e" "CARGO_HOME=/opt/rustwide/cargo-home" "-e" "RUSTUP_HOME=/opt/rustwide/rustup-home" "-e" "CARGO_TARGET_DIR=/opt/rustwide/target" "-w" "/opt/rustwide/workdir" "--user" "0:0" "861db8d52dea5376648ade3ff877459f27c6e57bce7f0611207e25b0719cc409" "/opt/rustwide/cargo-home/bin/cargo" "+1.99.0-beta.8" "metadata" "--no-deps" "--format-version=1", kill_on_drop: false }`
[INFO] running `Command { std: "docker" "inspect" "861db8d52dea5376648ade3ff877459f27c6e57bce7f0611207e25b0719cc409", kill_on_drop: false }`
[INFO] running `Command { std: "docker" "exec" "-e" "SOURCE_DIR=/opt/rustwide/workdir" "-e" "CARGO_HOME=/opt/rustwide/cargo-home" "-e" "RUSTUP_HOME=/opt/rustwide/rustup-home" "-e" "CARGO_TARGET_DIR=/opt/rustwide/target" "-e" "CARGO_INCREMENTAL=0" "-e" "RUST_BACKTRACE=full" "-e" "RUSTFLAGS=--cap-lints=warn" "-e" "RUSTDOCFLAGS=--cap-lints=warn" "-w" "/opt/rustwide/workdir" "--user" "0:0" "861db8d52dea5376648ade3ff877459f27c6e57bce7f0611207e25b0719cc409" "/opt/rustwide/cargo-home/bin/cargo" "+1.99.0-beta.8" "build" "--frozen" "--message-format=json" "--release", kill_on_drop: false }`
[INFO] [stderr]    Compiling rustix v1.1.4
[INFO] [stderr]    Compiling owo-colors v4.3.0
[INFO] [stderr]    Compiling syn v2.0.117
[INFO] [stderr]    Compiling memchr v2.8.1
[INFO] [stderr]    Compiling serde_json v1.0.150
[INFO] [stderr]    Compiling terminal_size v0.4.4
[INFO] [stderr]    Compiling miette-derive v7.6.0
[INFO] [stderr]    Compiling serde_derive v1.0.228
[INFO] [stderr]    Compiling tracing-attributes v0.1.31
[INFO] [stderr]    Compiling miette v7.6.0
[INFO] [stderr]    Compiling tracing v0.1.44
[INFO] [stderr]    Compiling serde v1.0.228
[INFO] [stderr]    Compiling plsql-core v0.7.0
[INFO] [stderr]    Compiling plsql-parser v0.7.0 (/opt/rustwide/workdir)
[INFO] [stderr]     Finished `release` profile [optimized] target(s) in 27.53s
[INFO] running `Command { std: "docker" "inspect" "861db8d52dea5376648ade3ff877459f27c6e57bce7f0611207e25b0719cc409", kill_on_drop: false }`
[INFO] running `Command { std: "docker" "exec" "-e" "SOURCE_DIR=/opt/rustwide/workdir" "-e" "CARGO_HOME=/opt/rustwide/cargo-home" "-e" "RUSTUP_HOME=/opt/rustwide/rustup-home" "-e" "CARGO_TARGET_DIR=/opt/rustwide/target" "-e" "CARGO_INCREMENTAL=0" "-e" "RUST_BACKTRACE=full" "-e" "RUSTFLAGS=--cap-lints=warn" "-e" "RUSTDOCFLAGS=--cap-lints=warn" "-w" "/opt/rustwide/workdir" "--user" "0:0" "861db8d52dea5376648ade3ff877459f27c6e57bce7f0611207e25b0719cc409" "/opt/rustwide/cargo-home/bin/cargo" "+1.99.0-beta.8" "test" "--frozen" "--no-run" "--message-format=json" "--release", kill_on_drop: false }`
[INFO] [stderr]    Compiling rustix v1.1.4
[INFO] [stderr]    Compiling getrandom v0.3.4
[INFO] [stderr]    Compiling getrandom v0.4.2
[INFO] [stderr]    Compiling zerocopy v0.8.50
[INFO] [stderr]    Compiling fastrand v2.4.1
[INFO] [stderr]    Compiling wait-timeout v0.2.1
[INFO] [stderr]    Compiling quick-error v1.2.3
[INFO] [stderr]    Compiling bit-vec v0.8.0
[INFO] [stderr]    Compiling unarray v0.1.4
[INFO] [stderr]    Compiling rand_core v0.9.5
[INFO] [stderr]    Compiling bit-set v0.8.0
[INFO] [stderr]    Compiling rand_xorshift v0.4.0
[INFO] [stderr]    Compiling rand v0.9.4
[INFO] [stderr]    Compiling terminal_size v0.4.4
[INFO] [stderr]    Compiling tempfile v3.27.0
[INFO] [stderr]    Compiling miette v7.6.0
[INFO] [stderr]    Compiling rusty-fork v0.3.1
[INFO] [stderr]    Compiling plsql-core v0.7.0
[INFO] [stderr]    Compiling ppv-lite86 v0.2.21
[INFO] [stderr]    Compiling rand_chacha v0.9.0
[INFO] [stderr]    Compiling proptest v1.11.0
[INFO] [stderr]    Compiling plsql-parser v0.7.0 (/opt/rustwide/workdir)
[INFO] [stderr]     Finished `release` profile [optimized] target(s) in 43.94s
[INFO] running `Command { std: "docker" "inspect" "861db8d52dea5376648ade3ff877459f27c6e57bce7f0611207e25b0719cc409", kill_on_drop: false }`
[INFO] running `Command { std: "docker" "exec" "-e" "SOURCE_DIR=/opt/rustwide/workdir" "-e" "CARGO_HOME=/opt/rustwide/cargo-home" "-e" "RUSTUP_HOME=/opt/rustwide/rustup-home" "-e" "CARGO_TARGET_DIR=/opt/rustwide/target" "-e" "CARGO_INCREMENTAL=0" "-e" "RUST_BACKTRACE=full" "-e" "RUSTFLAGS=--cap-lints=warn" "-e" "RUSTDOCFLAGS=--cap-lints=warn" "-w" "/opt/rustwide/workdir" "--user" "0:0" "861db8d52dea5376648ade3ff877459f27c6e57bce7f0611207e25b0719cc409" "/opt/rustwide/cargo-home/bin/cargo" "+1.99.0-beta.8" "test" "--frozen" "--release", kill_on_drop: false }`
[INFO] [stderr]     Finished `release` profile [optimized] target(s) in 0.13s
[INFO] [stderr]      Running unittests src/lib.rs (/opt/rustwide/target/release/deps/plsql_parser-6b365010cb1ec432)
[INFO] [stdout] 
[INFO] [stdout] running 32 tests
[INFO] [stdout] test ast::tests::cst_default_has_empty_source_map ... ok
[INFO] [stdout] test ast::tests::source_file_is_spanned ... ok
[INFO] [stdout] test ast::tests::source_map_len ... ok
[INFO] [stdout] test ast::tests::source_map_serializes_round_trip ... ok
[INFO] [stdout] test ast::tests::source_map_insert_and_get ... ok
[INFO] [stdout] test ast::tests::spanned_trait_is_object_safe ... ok
[INFO] [stdout] test dialect::tests::all_features_have_workaround_hints ... ok
[INFO] [stdout] test dialect::tests::earliest_version_table_matches_oracle_version_defaults ... ok
[INFO] [stdout] test dialect::tests::no_diagnostic_when_target_supports_feature ... ok
[INFO] [stdout] test dialect::tests::vector_workarounds_consolidate_under_one_hint ... ok
[INFO] [stdout] test dialect::tests::earliest_version_is_consistent_with_core_default_features ... ok
[INFO] [stdout] test dialect::tests::remediation_lists_earliest_version_label ... ok
[INFO] [stdout] test ast::tests::ast_decl_all_variants_are_spanned ... ok
[INFO] [stdout] test ast::tests::ast_default_has_empty_source_map ... ok
[INFO] [stdout] test dialect::tests::diagnostic_emitted_for_unsupported_feature_on_lower_target ... ok
[INFO] [stdout] test tests::parse_options_default_is_19c_with_recovery ... ok
[INFO] [stdout] test tests::parse_file_pairs_result_with_its_file_id ... ok
[INFO] [stdout] test tests::parse_metrics_default_is_zero ... ok
[INFO] [stdout] test tokens::tests::reconstruct_preserves_comments ... ok
[INFO] [stdout] test tests::parse_file_forwards_default_parse_options ... ok
[INFO] [stdout] test tests::parse_file_handles_empty_input_without_panicking ... ok
[INFO] [stdout] test tests::parse_file_propagates_backend_metrics ... ok
[INFO] [stdout] test tests::parse_options_round_trips_through_json ... ok
[INFO] [stdout] test tokens::tests::empty_tape_reconstructs_to_empty_string ... ok
[INFO] [stdout] test tokens::tests::trivia_table_get_out_of_bounds_returns_empty ... ok
[INFO] [stdout] test tokens::tests::trivia_table_total_count ... ok
[INFO] [stdout] test visit::tests::visitor_collects_names ... ok
[INFO] [stdout] test tokens::tests::reconstruct_with_leading_and_inter_token_trivia ... ok
[INFO] [stdout] test tokens::tests::single_token_no_trivia ... ok
[INFO] [stdout] test visit::tests::default_visitor_recurse_all_variants ... ok
[INFO] [stdout] test visit::tests::visitor_counts_ddl_by_kind ... ok
[INFO] [stderr]      Running tests/conformance.rs (/opt/rustwide/target/release/deps/conformance-ee76b5caea24483c)
[INFO] [stdout] test visit::tests::visitor_counts_declarations ... ok
[INFO] [stdout] 
[INFO] [stdout] test result: ok. 32 passed; 0 failed; 0 ignored; 0 measured; 0 filtered out; finished in 0.02s
[INFO] [stdout] 
[INFO] [stdout] 
[INFO] [stdout] running 8 tests
[INFO] [stdout] test tests::stub_backend_conformance ... ok
[INFO] [stdout] test tests::stub_backend_is_send_sync ... ok
[INFO] [stdout] test tests::stub_backend_name ... ok
[INFO] [stdout] test tests::stub_backend_recover_always_false ... ok
[INFO] [stdout] test tests::stub_backend_round_trip_empty ... ok
[INFO] [stdout] test tests::stub_backend_round_trip_simple ... ok
[INFO] [stdout] test tests::stub_backend_round_trip_with_whitespace ... ok
[INFO] [stdout] test tests::parse_with_backend_wraps_correctly ... ok
[INFO] [stdout] 
[INFO] [stdout] test result: ok. 8 passed; 0 failed; 0 ignored; 0 measured; 0 filtered out; finished in 0.01s
[INFO] [stdout] 
[INFO] [stderr]      Running tests/dialect_features.rs (/opt/rustwide/target/release/deps/dialect_features-d3fea5b2b55db33a)
[INFO] [stdout] 
[INFO] [stdout] running 7 tests
[INFO] [stdout] test plsql_vector_diagnostic_targets_pre_23ai_versions ... ok
[INFO] [stdout] test diagnostics_for_full_feature_matrix_are_unique ... ok
[INFO] [stdout] test package_resettable_diagnostic_targets_pre_26ai_versions ... ok
[INFO] [stdout] test remediation_strings_are_stable_per_feature ... ok
[INFO] [stdout] test sparse_vector_diagnostic_targets_pre_26ai_versions ... ok
[INFO] [stdout] test sql_boolean_diagnostic_targets_pre_23ai_versions ... ok
[INFO] [stdout] test vector_arithmetic_diagnostic_targets_pre_26ai_versions ... ok
[INFO] [stdout] 
[INFO] [stdout] test result: ok. 7 passed; 0 failed; 0 ignored; 0 measured; 0 filtered out; finished in 0.01s
[INFO] [stdout] 
[INFO] [stderr]      Running tests/fuzz_corpus_derived.rs (/opt/rustwide/target/release/deps/fuzz_corpus_derived-d6c520ec24fbc08a)
[INFO] [stdout] 
[INFO] [stdout] running 5 tests
[INFO] [stdout] test parser_surface_never_panics_on_byte_garbage ... ok
[INFO] [stdout] test parser_surface_never_panics_on_very_long_input ... ok
[INFO] [stdout] test parser_surface_never_panics_on_empty_input ... ok
[INFO] [stdout] test corpus_smoke_runs_against_vendored_inputs ... FAILED
[INFO] [stdout] test proptest_random_strings_never_panic ... ok
[INFO] [stdout] 
[INFO] [stdout] failures:
[INFO] [stdout] 
[INFO] [stdout] ---- corpus_smoke_runs_against_vendored_inputs stdout ----
[INFO] [stdout] 
[INFO] [stdout] thread 'corpus_smoke_runs_against_vendored_inputs' (935) panicked at tests/fuzz_corpus_derived.rs:96:5:
[INFO] [stdout] expected >=10 seed inputs, got 0
[INFO] [stdout] stack backtrace:
[INFO] [stdout]    0:     0x5fa9b670c571 - <<std[70759c8f55707aa4]::sys::backtrace::BacktraceLock>::print::DisplayBacktrace as core[df12db4294e9bfd3]::fmt::Display>::fmt
[INFO] [stdout]    1:     0x5fa9b6721e7a - core[df12db4294e9bfd3]::fmt::write
[INFO] [stdout]    2:     0x5fa9b671113c - <alloc[2182bb758b4b3781]::vec::Vec<u8> as core[df12db4294e9bfd3]::io::write::Write>::write_fmt
[INFO] [stdout]    3:     0x5fa9b66e6de6 - std[70759c8f55707aa4]::panicking::default_hook::{closure#0}
[INFO] [stdout]    4:     0x5fa9b6704569 - std[70759c8f55707aa4]::panicking::default_hook
[INFO] [stdout]    5:     0x5fa9b669e800 - test[9d35eded1c95d3be]::test_main_inner::<test[9d35eded1c95d3be]::test_main_static::{closure#0}>::{closure#0}
[INFO] [stdout]    6:     0x5fa9b6704722 - std[70759c8f55707aa4]::panicking::panic_with_hook
[INFO] [stdout]    7:     0x5fa9b66e6e92 - std[70759c8f55707aa4]::panicking::panic_handler::{closure#0}
[INFO] [stdout]    8:     0x5fa9b66df899 - std[70759c8f55707aa4]::sys::backtrace::__rust_end_short_backtrace::<std[70759c8f55707aa4]::panicking::panic_handler::{closure#0}, !>
[INFO] [stdout]    9:     0x5fa9b66e7a8d - __rustc[8fa7c3cbc660c2b3]::rust_begin_unwind
[INFO] [stdout]   10:     0x5fa9b672265c - core[df12db4294e9bfd3]::panicking::panic_fmt
[INFO] [stdout]   11:     0x5fa9b663c4ec - <fuzz_corpus_derived[6dad17a008847ce]::corpus_smoke_runs_against_vendored_inputs::{closure#0} as core[df12db4294e9bfd3]::ops::function::FnOnce<()>>::call_once
[INFO] [stdout]   12:     0x5fa9b6691aeb - test[9d35eded1c95d3be]::__rust_begin_short_backtrace::<core[df12db4294e9bfd3]::result::Result<(), alloc[2182bb758b4b3781]::string::String>, fn() -> core[df12db4294e9bfd3]::result::Result<(), alloc[2182bb758b4b3781]::string::String>>
[INFO] [stdout]   13:     0x5fa9b669f155 - test[9d35eded1c95d3be]::run_test::{closure#0}
[INFO] [stdout]   14:     0x5fa9b6698a14 - std[70759c8f55707aa4]::sys::backtrace::__rust_begin_short_backtrace::<test[9d35eded1c95d3be]::run_test::{closure#1}, ()>
[INFO] [stdout]   15:     0x5fa9b66a22b2 - <std[70759c8f55707aa4]::thread::lifecycle::spawn_unchecked<test[9d35eded1c95d3be]::run_test::{closure#1}, ()>::{closure#1} as core[df12db4294e9bfd3]::ops::function::FnOnce<()>>::call_once::{shim:vtable#0}
[INFO] [stdout]   16:     0x5fa9b670bad9 - <std[70759c8f55707aa4]::sys::thread::unix::Thread>::new::thread_start
[INFO] [stdout]   17:     0x7c7aa98c2dfa - <unknown>
[INFO] [stdout]   18:     0x7c7aa99563d4 - clone
[INFO] [stdout]   19:                0x0 - <unknown>
[INFO] [stdout] 
[INFO] [stdout] 
[INFO] [stdout] failures:
[INFO] [stdout]     corpus_smoke_runs_against_vendored_inputs
[INFO] [stdout] 
[INFO] [stdout] test result: FAILED. 4 passed; 1 failed; 0 ignored; 0 measured; 0 filtered out; finished in 0.20s
[INFO] [stdout] 
[INFO] [stderr] error: test failed, to rerun pass `--test fuzz_corpus_derived`
[INFO] running `Command { std: "docker" "inspect" "861db8d52dea5376648ade3ff877459f27c6e57bce7f0611207e25b0719cc409", kill_on_drop: false }`
[INFO] running `Command { std: "docker" "rm" "-f" "861db8d52dea5376648ade3ff877459f27c6e57bce7f0611207e25b0719cc409", kill_on_drop: false }`
[INFO] [stdout] 861db8d52dea5376648ade3ff877459f27c6e57bce7f0611207e25b0719cc409
