[INFO] fetching crate plsql-lineage 0.7.0...
[INFO] testing plsql-lineage-0.7.0 against 1.100.0-beta.1+cargoflags=--release for beta-release-1.100-2
[INFO] extracting crate plsql-lineage 0.7.0 into /workspace/builds/worker-1-tc2/source
[INFO] started tweaking crates.io crate plsql-lineage 0.7.0
[INFO] removed 0 missing tests
[INFO] finished tweaking crates.io crate plsql-lineage 0.7.0
[INFO] tweaked toml for crates.io crate plsql-lineage 0.7.0 written to /workspace/builds/worker-1-tc2/source/Cargo.toml
[INFO] validating manifest of crates.io crate plsql-lineage 0.7.0 on toolchain 1.100.0-beta.1
[INFO] running `Command { std: CARGO_HOME="/workspace/cargo-home" RUSTUP_HOME="/workspace/rustup-home" "/workspace/cargo-home/bin/cargo" "+1.100.0-beta.1" "metadata" "--manifest-path" "Cargo.toml" "--no-deps", kill_on_drop: false }`
[INFO] crate crates.io crate plsql-lineage 0.7.0 already has a lockfile, it will not be regenerated
[INFO] running `Command { std: CARGO_HOME="/workspace/cargo-home" RUSTUP_HOME="/workspace/rustup-home" "/workspace/cargo-home/bin/cargo" "+1.100.0-beta.1" "fetch" "--manifest-path" "Cargo.toml", kill_on_drop: false }`
[INFO] [stderr] warning: `package.homepage` is redundant with `package.repository`
[INFO] [stderr]   --> Cargo.toml:52:12
[INFO] [stderr]    |
[INFO] [stderr] 52 | homepage = "https://github.com/MuhDur/plsql-intelligence"
[INFO] [stderr]    |            ^^^^^^^^^^^^^^^^^^^^^^^^^^^^^^^^^^^^^^^^^^^^^^
[INFO] [stderr] ...
[INFO] [stderr] 56 | repository = "https://github.com/MuhDur/plsql-intelligence"
[INFO] [stderr]    |              ----------------------------------------------
[INFO] [stderr]    |
[INFO] [stderr]    = note: `cargo::redundant_homepage` is set to `warn` by default
[INFO] [stderr] help: consider removing `package.homepage`
[INFO] [stderr] warning: `plsql-lineage` (manifest) generated 1 warning
[INFO] running `Command { std: "docker" "create" "-v" "/var/lib/crater-agent-workspace/builds/worker-1-tc2/source:/opt/rustwide/workdir:ro,Z" "-v" "/var/lib/crater-agent-workspace/builds/worker-1-tc2/target:/opt/rustwide/target:rw,Z" "-v" "/var/lib/crater-agent-workspace/cargo-home:/opt/rustwide/cargo-home:ro,Z" "-v" "/var/lib/crater-agent-workspace/rustup-home:/opt/rustwide/rustup-home:ro,Z" "-m" "1610612736" "--network" "none" "ghcr.io/rust-lang/crates-build-env/linux@sha256:77db811e55d90add9212f6832c23229e3de5f1c1f9905e8cb07319ea15df73ac" "sleep" "infinity", kill_on_drop: false }`
[INFO] [stdout] 1767756a38eb29c43217b2a812f9481b6c964e0eb51a35be471558228e02b6ae
[INFO] running `Command { std: "docker" "start" "1767756a38eb29c43217b2a812f9481b6c964e0eb51a35be471558228e02b6ae", kill_on_drop: false }`
[INFO] running `Command { std: "docker" "inspect" "1767756a38eb29c43217b2a812f9481b6c964e0eb51a35be471558228e02b6ae", kill_on_drop: false }`
[INFO] running `Command { std: "docker" "exec" "-e" "SOURCE_DIR=/opt/rustwide/workdir" "-e" "CARGO_HOME=/opt/rustwide/cargo-home" "-e" "RUSTUP_HOME=/opt/rustwide/rustup-home" "-e" "CARGO_TARGET_DIR=/opt/rustwide/target" "-w" "/opt/rustwide/workdir" "--user" "0:0" "1767756a38eb29c43217b2a812f9481b6c964e0eb51a35be471558228e02b6ae" "/opt/rustwide/cargo-home/bin/cargo" "+1.100.0-beta.1" "metadata" "--no-deps" "--format-version=1", kill_on_drop: false }`
[INFO] running `Command { std: "docker" "inspect" "1767756a38eb29c43217b2a812f9481b6c964e0eb51a35be471558228e02b6ae", kill_on_drop: false }`
[INFO] running `Command { std: "docker" "exec" "-e" "SOURCE_DIR=/opt/rustwide/workdir" "-e" "CARGO_HOME=/opt/rustwide/cargo-home" "-e" "RUSTUP_HOME=/opt/rustwide/rustup-home" "-e" "CARGO_TARGET_DIR=/opt/rustwide/target" "-e" "CARGO_INCREMENTAL=0" "-e" "RUST_BACKTRACE=full" "-e" "RUSTFLAGS=--cap-lints=warn" "-e" "RUSTDOCFLAGS=--cap-lints=warn" "-w" "/opt/rustwide/workdir" "--user" "0:0" "1767756a38eb29c43217b2a812f9481b6c964e0eb51a35be471558228e02b6ae" "/opt/rustwide/cargo-home/bin/cargo" "+1.100.0-beta.1" "build" "--frozen" "--message-format=json" "--release", kill_on_drop: false }`
[INFO] [stderr] warning: `package.homepage` is redundant with `package.repository`
[INFO] [stderr]   --> Cargo.toml:52:12
[INFO] [stderr]    |
[INFO] [stderr] 52 | homepage = "https://github.com/MuhDur/plsql-intelligence"
[INFO] [stderr]    |            ^^^^^^^^^^^^^^^^^^^^^^^^^^^^^^^^^^^^^^^^^^^^^^
[INFO] [stderr] ...
[INFO] [stderr] 56 | repository = "https://github.com/MuhDur/plsql-intelligence"
[INFO] [stderr]    |              ----------------------------------------------
[INFO] [stderr]    |
[INFO] [stderr]    = note: `cargo::redundant_homepage` is set to `warn` by default
[INFO] [stderr] help: consider removing `package.homepage`
[INFO] [stderr] warning: `plsql-lineage` (manifest) generated 1 warning
[INFO] [stderr]    Compiling rustix v1.1.4
[INFO] [stderr]    Compiling owo-colors v4.3.0
[INFO] [stderr]    Compiling is_ci v1.2.0
[INFO] [stderr]    Compiling textwrap v0.16.2
[INFO] [stderr]    Compiling hybrid-array v0.4.12
[INFO] [stderr]    Compiling supports-unicode v3.0.0
[INFO] [stderr]    Compiling supports-hyperlinks v3.2.0
[INFO] [stderr]    Compiling serde_json v1.0.150
[INFO] [stderr]    Compiling miette-derive v7.6.0
[INFO] [stderr]    Compiling chrono v0.4.45
[INFO] [stderr]    Compiling clap_derive v4.6.1
[INFO] [stderr]    Compiling plsql-render v0.7.0
[INFO] [stderr]    Compiling supports-color v3.0.2
[INFO] [stderr]    Compiling crypto-common v0.2.2
[INFO] [stderr]    Compiling block-buffer v0.12.0
[INFO] [stderr]    Compiling terminal_size v0.4.4
[INFO] [stderr]    Compiling clap v4.6.1
[INFO] [stderr]    Compiling digest v0.11.3
[INFO] [stderr]    Compiling miette v7.6.0
[INFO] [stderr]    Compiling sha2 v0.11.0
[INFO] [stderr]    Compiling plsql-core v0.7.0
[INFO] [stderr]    Compiling plsql-output v0.7.0
[INFO] [stderr]    Compiling plsql-parser v0.7.0
[INFO] [stderr]    Compiling plsql-catalog v0.7.0
[INFO] [stderr]    Compiling plsql-privileges v0.7.0
[INFO] [stderr]    Compiling plsql-depgraph v0.7.0
[INFO] [stderr]    Compiling plsql-ir v0.7.0
[INFO] [stderr]    Compiling plsql-lineage v0.7.0 (/opt/rustwide/workdir)
[INFO] [stderr]     Finished `release` profile [optimized] target(s) in 51.26s
[INFO] running `Command { std: "docker" "inspect" "1767756a38eb29c43217b2a812f9481b6c964e0eb51a35be471558228e02b6ae", kill_on_drop: false }`
[INFO] running `Command { std: "docker" "exec" "-e" "SOURCE_DIR=/opt/rustwide/workdir" "-e" "CARGO_HOME=/opt/rustwide/cargo-home" "-e" "RUSTUP_HOME=/opt/rustwide/rustup-home" "-e" "CARGO_TARGET_DIR=/opt/rustwide/target" "-e" "CARGO_INCREMENTAL=0" "-e" "RUST_BACKTRACE=full" "-e" "RUSTFLAGS=--cap-lints=warn" "-e" "RUSTDOCFLAGS=--cap-lints=warn" "-w" "/opt/rustwide/workdir" "--user" "0:0" "1767756a38eb29c43217b2a812f9481b6c964e0eb51a35be471558228e02b6ae" "/opt/rustwide/cargo-home/bin/cargo" "+1.100.0-beta.1" "test" "--frozen" "--no-run" "--message-format=json" "--release", kill_on_drop: false }`
[INFO] [stderr] warning: `package.homepage` is redundant with `package.repository`
[INFO] [stderr]   --> Cargo.toml:52:12
[INFO] [stderr]    |
[INFO] [stderr] 52 | homepage = "https://github.com/MuhDur/plsql-intelligence"
[INFO] [stderr]    |            ^^^^^^^^^^^^^^^^^^^^^^^^^^^^^^^^^^^^^^^^^^^^^^
[INFO] [stderr] ...
[INFO] [stderr] 56 | repository = "https://github.com/MuhDur/plsql-intelligence"
[INFO] [stderr]    |              ----------------------------------------------
[INFO] [stderr]    |
[INFO] [stderr]    = note: `cargo::redundant_homepage` is set to `warn` by default
[INFO] [stderr] help: consider removing `package.homepage`
[INFO] [stderr] warning: `plsql-lineage` (manifest) generated 1 warning
[INFO] [stderr]    Compiling rustix v1.1.4
[INFO] [stderr]    Compiling getrandom v0.4.2
[INFO] [stderr]    Compiling terminal_size v0.4.4
[INFO] [stderr]    Compiling tempfile v3.27.0
[INFO] [stderr]    Compiling miette v7.6.0
[INFO] [stderr]    Compiling plsql-core v0.7.0
[INFO] [stderr]    Compiling plsql-output v0.7.0
[INFO] [stderr]    Compiling plsql-parser v0.7.0
[INFO] [stderr]    Compiling plsql-catalog v0.7.0
[INFO] [stderr]    Compiling plsql-privileges v0.7.0
[INFO] [stderr]    Compiling plsql-depgraph v0.7.0
[INFO] [stderr]    Compiling plsql-ir v0.7.0
[INFO] [stderr]    Compiling plsql-lineage v0.7.0 (/opt/rustwide/workdir)
[INFO] [stderr]     Finished `release` profile [optimized] target(s) in 1m 03s
[INFO] running `Command { std: "docker" "inspect" "1767756a38eb29c43217b2a812f9481b6c964e0eb51a35be471558228e02b6ae", kill_on_drop: false }`
[INFO] running `Command { std: "docker" "exec" "-e" "SOURCE_DIR=/opt/rustwide/workdir" "-e" "CARGO_HOME=/opt/rustwide/cargo-home" "-e" "RUSTUP_HOME=/opt/rustwide/rustup-home" "-e" "CARGO_TARGET_DIR=/opt/rustwide/target" "-e" "CARGO_INCREMENTAL=0" "-e" "RUST_BACKTRACE=full" "-e" "RUSTFLAGS=--cap-lints=warn" "-e" "RUSTDOCFLAGS=--cap-lints=warn" "-w" "/opt/rustwide/workdir" "--user" "0:0" "1767756a38eb29c43217b2a812f9481b6c964e0eb51a35be471558228e02b6ae" "/opt/rustwide/cargo-home/bin/cargo" "+1.100.0-beta.1" "test" "--frozen" "--release", kill_on_drop: false }`
[INFO] [stderr] warning: `package.homepage` is redundant with `package.repository`
[INFO] [stderr]   --> Cargo.toml:52:12
[INFO] [stderr]    |
[INFO] [stderr] 52 | homepage = "https://github.com/MuhDur/plsql-intelligence"
[INFO] [stderr]    |            ^^^^^^^^^^^^^^^^^^^^^^^^^^^^^^^^^^^^^^^^^^^^^^
[INFO] [stderr] ...
[INFO] [stderr] 56 | repository = "https://github.com/MuhDur/plsql-intelligence"
[INFO] [stderr]    |              ----------------------------------------------
[INFO] [stderr]    |
[INFO] [stderr]    = note: `cargo::redundant_homepage` is set to `warn` by default
[INFO] [stderr] help: consider removing `package.homepage`
[INFO] [stderr] warning: `plsql-lineage` (manifest) generated 1 warning
[INFO] [stderr]     Finished `release` profile [optimized] target(s) in 0.10s
[INFO] [stderr]      Running unittests src/lib.rs (/opt/rustwide/target/release/build/plsql-lineage/6ccdd5459da3e858/out/plsql_lineage-6ccdd5459da3e858)
[INFO] [stdout] 
[INFO] [stdout] running 103 tests
[INFO] [stdout] test impact_tests::callers_returns_only_call_edges ... ok
[INFO] [stdout] test impact_tests::classify_rename_envelope_carries_schema_id ... ok
[INFO] [stdout] test impact_tests::callers_envelope_carries_schema_id ... ok
[INFO] [stdout] test impact_tests::callers_unknown_target_returns_default ... ok
[INFO] [stdout] test impact_tests::classify_change_envelope_wraps_semantic_change_set ... ok
[INFO] [stdout] test impact_tests::classify_rename_explicit_beats_git ... ok
[INFO] [stdout] test impact_tests::classify_rename_half_matched_explicit_keeps_delete ... ok
[INFO] [stdout] test impact_tests::classify_rename_ignores_git_rename_below_threshold ... ok
[INFO] [stdout] test impact_tests::classify_rename_promotes_persistent_id_pair ... ok
[INFO] [stdout] test impact_tests::classify_rename_uses_git_rename_above_threshold ... ok
[INFO] [stdout] test impact_tests::column_access_envelope_carries_schema_id ... ok
[INFO] [stdout] test impact_tests::classify_rename_no_hints_means_no_renames ... ok
[INFO] [stdout] test impact_tests::classify_rename_promotes_explicit_mapping ... ok
[INFO] [stdout] test impact_tests::column_readers_known_column_no_accessors_returns_none_error ... ok
[INFO] [stdout] test impact_tests::classify_rename_half_matched_git_rename_keeps_delete ... ok
[INFO] [stdout] test impact_tests::confidence_min_and_max_match_rank ... ok
[INFO] [stdout] test impact_tests::classify_rename_half_matched_persistent_id_keeps_delete ... ok
[INFO] [stdout] test impact_tests::dependencies_envelope_has_distinct_schema_id ... ok
[INFO] [stdout] test impact_tests::compare_oracle_deps_categorises_classifications ... ok
[INFO] [stdout] test impact_tests::compare_oracle_deps_envelope_carries_schema_id ... ok
[INFO] [stdout] test impact_tests::explain_edge_reports_unknown_reason_and_remediation_for_opaque_edge ... ok
[INFO] [stdout] test impact_tests::detect_orphans_distinct_inbound_edge_still_counts_as_referenced ... ok
[INFO] [stdout] test impact_tests::column_readers_unknown_column_returns_empty ... ok
[INFO] [stdout] test impact_tests::column_readers_picks_up_exact_and_unknown_column_edges ... ok
[INFO] [stdout] test impact_tests::explain_edge_returns_summary_and_confidence ... ok
[INFO] [stdout] test impact_tests::detect_orphans_self_loop_is_not_an_inbound_reference ... ok
[INFO] [stdout] test impact_tests::explain_envelope_carries_schema_id ... ok
[INFO] [stdout] test impact_tests::explain_node_counts_incoming_and_outgoing ... ok
[INFO] [stdout] test impact_tests::graphml_emits_unknown_reason_synthetic_nodes ... ok
[INFO] [stdout] test impact_tests::explain_path_handles_missing_route_gracefully ... ok
[INFO] [stdout] test impact_tests::graphml_emits_anchor_affected_and_edges ... ok
[INFO] [stdout] test impact_tests::doctor_partitions_mixed_confidence_graph ... ok
[INFO] [stdout] test impact_tests::graphml_envelope_carries_schema_id ... ok
[INFO] [stdout] test impact_tests::explain_path_aggregates_confidence_and_collects_blockers ... ok
[INFO] [stdout] test impact_tests::impact_respects_max_depth ... ok
[INFO] [stdout] test impact_tests::impact_envelope_round_trips_and_carries_schema_id ... ok
[INFO] [stdout] test impact_tests::impact_records_opaque_edges_as_unknown_edges ... ok
[INFO] [stdout] test impact_tests::column_writers_includes_derives_column ... ok
[INFO] [stdout] test impact_tests::impact_result_serializes_with_affected_nodes ... ok
[INFO] [stdout] test impact_tests::doctor_handles_empty_graph_without_division_by_zero ... ok
[INFO] [stdout] test impact_tests::impact_returns_empty_for_unknown_anchor ... ok
[INFO] [stdout] test impact_tests::graphml_xml_escaping_works ... ok
[INFO] [stdout] test impact_tests::impact_does_not_loop_on_cycles ... ok
[INFO] [stdout] test impact_tests::html_report_embeds_svg_and_summary ... ok
[INFO] [stdout] test impact_tests::html_report_shows_unknown_reasons ... ok
[INFO] [stdout] test impact_tests::html_envelope_carries_schema_id ... ok
[INFO] [stdout] test impact_tests::impact_aggregates_path_confidence_by_max_of_min ... ok
[INFO] [stdout] test impact_tests::parse_unified_diff_dashdash_plusplus_content_in_hunk_not_header ... ok
[INFO] [stdout] test impact_tests::html_report_escapes_html_in_anchor ... ok
[INFO] [stdout] test impact_tests::parse_unified_diff_deleted_comment_last_hunk_line_is_not_header ... ok
[INFO] [stdout] test impact_tests::parse_unified_diff_edited_comment_midhunk_counts_correctly ... ok
[INFO] [stdout] test impact_tests::doctor_counts_match_graph_shape ... ok
[INFO] [stdout] test impact_tests::parse_unified_diff_rejects_orphan_plus_header ... ok
[INFO] [stdout] test impact_tests::parse_unified_diff_emits_body_for_modified_plsql ... ok
[INFO] [stdout] test impact_tests::parse_unified_diff_rename_emits_drop_plus_create ... ok
[INFO] [stdout] test impact_tests::parse_unified_diff_handles_multi_file_diff ... ok
[INFO] [stdout] test impact_tests::parse_unified_diff_emits_dropped_for_deleted_file ... ok
[INFO] [stdout] test impact_tests::parse_change_file_reads_from_disk ... ok
[INFO] [stdout] test impact_tests::parse_unified_diff_deleted_comment_in_multi_file_keeps_counts ... ok
[INFO] [stdout] test impact_tests::parse_unified_diff_skips_non_plsql_files ... ok
[INFO] [stdout] test impact_tests::recompile_order_envelope_carries_schema_id ... ok
[INFO] [stdout] test impact_tests::recompile_order_ignores_edges_to_objects_outside_set ... ok
[INFO] [stdout] test impact_tests::recompile_order_isolates_cycles ... ok
[INFO] [stdout] test impact_tests::recompile_order_returns_empty_for_empty_set ... ok
[INFO] [stdout] test impact_tests::parse_unified_diff_headerless_multi_file_splits ... ok
[INFO] [stdout] test impact_tests::parse_unified_diff_emits_created_for_new_file ... ok
[INFO] [stdout] test impact_tests::doctor_envelope_carries_schema_id ... ok
[INFO] [stdout] test impact_tests::impact_walks_downstream_chain ... ok
[INFO] [stdout] test impact_tests::recompile_order_returns_missing_for_unknown_objects ... ok
[INFO] [stdout] test impact_tests::recompile_order_sorts_linear_chain_callee_first ... ok
[INFO] [stdout] test impact_tests::schema_descriptors_have_unique_ids ... ok
[INFO] [stdout] test impact_tests::unsafe_paths_empty_when_only_safe_paths_exist ... ok
[INFO] [stdout] test impact_tests::unsafe_paths_returns_only_dynamic_path ... ok
[INFO] [stdout] test impact_tests::unsafe_paths_envelope_carries_schema_id ... ok
[INFO] [stdout] test impact_tests::unsafe_paths_handles_two_consecutive_unsafe_edges ... ok
[INFO] [stdout] test impact_tests::unsafe_paths_respects_max_depth ... ok
[INFO] [stdout] test tests::changeset_empty_is_empty ... ok
[INFO] [stdout] test tests::changeset_roundtrip_json ... ok
[INFO] [stdout] test impact_tests::lab_hero_diff_parses_into_body_changes_for_employee_mgmt ... FAILED
[INFO] [stdout] test tests::changeset_tagged_serde_envelope ... ok
[INFO] [stdout] test impact_tests::unsafe_paths_truncates_when_max_paths_hit ... ok
[INFO] [stdout] test impact_tests::unsafe_paths_unknown_destination_returns_with_from_only ... ok
[INFO] [stdout] test tests::classify_dir_diff_empty_dirs ... ok
[INFO] [stdout] test tests::classify_dir_diff_created_dropped_modified ... ok
[INFO] [stdout] test tests::confidence_serializes_lowercase ... ok
[INFO] [stdout] test tests::classify_dir_diff_identical_dirs_produce_empty ... ok
[INFO] [stdout] test tests::dependencies_leaf_node_has_no_upstream ... ok
[INFO] [stdout] test impact_tests::unsafe_paths_unknown_anchor_returns_default ... ok
[INFO] [stdout] test tests::dependencies_maps_confidence_tiers ... ok
[INFO] [stdout] test impact_tests::column_writers_unknown_column_returns_empty ... ok
[INFO] [stdout] test tests::dependencies_respects_max_depth ... ok
[INFO] [stdout] test tests::dependencies_from_facts_walks_upstream_without_depgraph ... ok
[INFO] [stdout] test tests::dependencies_returns_direct_upstream ... ok
[INFO] [stdout] test tests::dependencies_sets_query_metadata ... ok
[INFO] [stdout] test tests::dependencies_unbounded_traversal ... ok
[INFO] [stdout] test tests::classify_dir_diff_non_sql_files_ignored ... ok
[INFO] [stdout] test tests::fact_backed_lineage_matches_depgraph_output_gate ... ok
[INFO] [stdout] test tests::fact_backed_lineage_respects_max_depth ... ok
[INFO] [stdout] test tests::dependencies_unknown_node_returns_empty ... ok
[INFO] [stdout] test tests::impact_from_facts_walks_downstream_without_depgraph ... ok
[INFO] [stdout] test tests::dependency_edges_from_facts_filters_dependency_edge_facts ... ok
[INFO] [stdout] test tests::dependencies_walks_transitively ... ok
[INFO] [stdout] test tests::result_roundtrip_json ... ok
[INFO] [stdout] 
[INFO] [stdout] failures:
[INFO] [stdout] 
[INFO] [stdout] ---- impact_tests::lab_hero_diff_parses_into_body_changes_for_employee_mgmt stdout ----
[INFO] [stdout] 
[INFO] [stdout] thread 'impact_tests::lab_hero_diff_parses_into_body_changes_for_employee_mgmt' (1151) panicked at src/lib.rs:4448:43:
[INFO] [stdout] hero diff must parse: Io("/opt/rustwide/workdir/../../corpus/lab/hero_diff/change.diff: No such file or directory (os error 2)")
[INFO] [stdout] stack backtrace:
[INFO] [stdout]    0:     0x6153a8b8a421 - <<std[617be2ca0a6fd877]::sys::backtrace::BacktraceLock>::print::DisplayBacktrace as core[a373ad73a504971]::fmt::Display>::fmt
[INFO] [stdout]    1:     0x6153a8ba004a - core[a373ad73a504971]::fmt::write
[INFO] [stdout]    2:     0x6153a8b8e92c - <alloc[2e1b2a31b91974c5]::vec::Vec<u8> as core[a373ad73a504971]::io::write::Write>::write_fmt
[INFO] [stdout]    3:     0x6153a8b648f6 - std[617be2ca0a6fd877]::panicking::default_hook::{closure#0}
[INFO] [stdout]    4:     0x6153a8b81769 - std[617be2ca0a6fd877]::panicking::default_hook
[INFO] [stdout]    5:     0x6153a8ae7360 - test[aada8e7e76ba119b]::test_main_inner::{closure#0}
[INFO] [stdout]    6:     0x6153a8b81922 - std[617be2ca0a6fd877]::panicking::panic_with_hook
[INFO] [stdout]    7:     0x6153a8b649a2 - std[617be2ca0a6fd877]::panicking::panic_handler::{closure#0}
[INFO] [stdout]    8:     0x6153a8b5d369 - std[617be2ca0a6fd877]::sys::backtrace::__rust_end_short_backtrace::<std[617be2ca0a6fd877]::panicking::panic_handler::{closure#0}, !>
[INFO] [stdout]    9:     0x6153a8b655ad - __rustc[ea4f61d10b84890b]::rust_begin_unwind
[INFO] [stdout]   10:     0x6153a8ba07ac - core[a373ad73a504971]::panicking::panic_fmt
[INFO] [stdout]   11:     0x6153a8ba0582 - core[a373ad73a504971]::result::unwrap_failed
[INFO] [stdout]   12:     0x6153a8a91044 - <plsql_lineage[6c4cd1a124c90a95]::impact_tests::lab_hero_diff_parses_into_body_changes_for_employee_mgmt::{closure#0} as core[a373ad73a504971]::ops::function::FnOnce<()>>::call_once
[INFO] [stdout]   13:     0x6153a8ada7ab - test[aada8e7e76ba119b]::__rust_begin_short_backtrace::<core[a373ad73a504971]::result::Result<(), alloc[2e1b2a31b91974c5]::string::String>, fn() -> core[a373ad73a504971]::result::Result<(), alloc[2e1b2a31b91974c5]::string::String>>
[INFO] [stdout]   14:     0x6153a8ae7985 - test[aada8e7e76ba119b]::run_test::{closure#0}
[INFO] [stdout]   15:     0x6153a8ae1274 - std[617be2ca0a6fd877]::sys::backtrace::__rust_begin_short_backtrace::<test[aada8e7e76ba119b]::run_test::{closure#1}, ()>
[INFO] [stdout]   16:     0x6153a8aeaa12 - <std[617be2ca0a6fd877]::thread::lifecycle::spawn_unchecked<test[aada8e7e76ba119b]::run_test::{closure#1}, ()>::{closure#1} as core[a373ad73a504971]::ops::function::FnOnce<()>>::call_once::{shim:vtable#0}
[INFO] [stdout]   17:     0x6153a8b893ff - <std[617be2ca0a6fd877]::sys::thread::unix::Thread>::new::thread_start
[INFO] [stdout]   18:     0x7d73c3177dfa - <unknown>
[INFO] [stdout]   19:     0x7d73c320b3d4 - clone
[INFO] [stdout]   20:                0x0 - <unknown>
[INFO] [stdout] 
[INFO] [stdout] 
[INFO] [stdout] failures:
[INFO] [stdout]     impact_tests::lab_hero_diff_parses_into_body_changes_for_employee_mgmt
[INFO] [stdout] 
[INFO] [stdout] test result: FAILED. 102 passed; 1 failed; 0 ignored; 0 measured; 0 filtered out; finished in 0.03s
[INFO] [stdout] 
[INFO] [stderr] error: test failed, to rerun pass `--lib`
[INFO] running `Command { std: "docker" "inspect" "1767756a38eb29c43217b2a812f9481b6c964e0eb51a35be471558228e02b6ae", kill_on_drop: false }`
[INFO] running `Command { std: "docker" "rm" "-f" "1767756a38eb29c43217b2a812f9481b6c964e0eb51a35be471558228e02b6ae", kill_on_drop: false }`
[INFO] [stdout] 1767756a38eb29c43217b2a812f9481b6c964e0eb51a35be471558228e02b6ae
