[INFO] fetching crate pls-bitcoin-lib 0.4.1...
[INFO] testing pls-bitcoin-lib-0.4.1 against 1.99.0-beta.8+cargoflags=--release for beta-release-1.100-2
[INFO] extracting crate pls-bitcoin-lib 0.4.1 into /workspace/builds/worker-0-tc1/source
[INFO] started tweaking crates.io crate pls-bitcoin-lib 0.4.1
[INFO] removed 0 missing tests
[INFO] finished tweaking crates.io crate pls-bitcoin-lib 0.4.1
[INFO] tweaked toml for crates.io crate pls-bitcoin-lib 0.4.1 written to /workspace/builds/worker-0-tc1/source/Cargo.toml
[INFO] validating manifest of crates.io crate pls-bitcoin-lib 0.4.1 on toolchain 1.99.0-beta.8
[INFO] running `Command { std: CARGO_HOME="/workspace/cargo-home" RUSTUP_HOME="/workspace/rustup-home" "/workspace/cargo-home/bin/cargo" "+1.99.0-beta.8" "metadata" "--manifest-path" "Cargo.toml" "--no-deps", kill_on_drop: false }`
[INFO] crate crates.io crate pls-bitcoin-lib 0.4.1 already has a lockfile, it will not be regenerated
[INFO] running `Command { std: CARGO_HOME="/workspace/cargo-home" RUSTUP_HOME="/workspace/rustup-home" "/workspace/cargo-home/bin/cargo" "+1.99.0-beta.8" "fetch" "--manifest-path" "Cargo.toml", kill_on_drop: false }`
[INFO] [stderr]     Updating crates.io index
[INFO] [stderr]  Downloading crates ...
[INFO] [stderr]   Downloaded nigiri-rs v0.6.0
[INFO] [stderr]   Downloaded nigiri-rs-core v0.4.1
[INFO] [stderr]   Downloaded nigiri-rs-macros v0.3.0
[INFO] [stderr]   Downloaded secp256k1-zkp v0.11.0
[INFO] [stderr]   Downloaded nigiri-rs-fixtures v0.3.0
[INFO] [stderr]   Downloaded hex-conservative v0.2.3
[INFO] [stderr]   Downloaded bitcoin-private v0.1.0
[INFO] [stderr]   Downloaded base58ck v0.1.101
[INFO] [stderr]   Downloaded bitcoin-consensus-encoding v1.2.0
[INFO] [stderr]   Downloaded bitcoin-units v0.1.101
[INFO] [stderr]   Downloaded hex-conservative v1.3.0
[INFO] [stderr]   Downloaded bollard-stubs v1.52.1-rc.29.1.3
[INFO] [stderr]   Downloaded bollard v0.20.2
[INFO] [stderr]   Downloaded elements v0.25.3
[INFO] [stderr]   Downloaded bitcoin v0.32.102
[INFO] [stderr]   Downloaded secp256k1-zkp-sys v0.10.1
[INFO] running `Command { std: "docker" "create" "-v" "/var/lib/crater-agent-workspace/builds/worker-0-tc1/source:/opt/rustwide/workdir:ro,Z" "-v" "/var/lib/crater-agent-workspace/builds/worker-0-tc1/target:/opt/rustwide/target:rw,Z" "-v" "/var/lib/crater-agent-workspace/cargo-home:/opt/rustwide/cargo-home:ro,Z" "-v" "/var/lib/crater-agent-workspace/rustup-home:/opt/rustwide/rustup-home:ro,Z" "-m" "1610612736" "--network" "none" "ghcr.io/rust-lang/crates-build-env/linux@sha256:77db811e55d90add9212f6832c23229e3de5f1c1f9905e8cb07319ea15df73ac" "sleep" "infinity", kill_on_drop: false }`
[INFO] [stdout] e6096cf2a2648313b5456966f4cdbe32d770101e29114c7be92840de3befd3f3
[INFO] running `Command { std: "docker" "start" "e6096cf2a2648313b5456966f4cdbe32d770101e29114c7be92840de3befd3f3", kill_on_drop: false }`
[INFO] running `Command { std: "docker" "inspect" "e6096cf2a2648313b5456966f4cdbe32d770101e29114c7be92840de3befd3f3", kill_on_drop: false }`
[INFO] running `Command { std: "docker" "exec" "-e" "SOURCE_DIR=/opt/rustwide/workdir" "-e" "CARGO_HOME=/opt/rustwide/cargo-home" "-e" "RUSTUP_HOME=/opt/rustwide/rustup-home" "-e" "CARGO_TARGET_DIR=/opt/rustwide/target" "-w" "/opt/rustwide/workdir" "--user" "0:0" "e6096cf2a2648313b5456966f4cdbe32d770101e29114c7be92840de3befd3f3" "/opt/rustwide/cargo-home/bin/cargo" "+1.99.0-beta.8" "metadata" "--no-deps" "--format-version=1", kill_on_drop: false }`
[INFO] running `Command { std: "docker" "inspect" "e6096cf2a2648313b5456966f4cdbe32d770101e29114c7be92840de3befd3f3", kill_on_drop: false }`
[INFO] running `Command { std: "docker" "exec" "-e" "SOURCE_DIR=/opt/rustwide/workdir" "-e" "CARGO_HOME=/opt/rustwide/cargo-home" "-e" "RUSTUP_HOME=/opt/rustwide/rustup-home" "-e" "CARGO_TARGET_DIR=/opt/rustwide/target" "-e" "CARGO_INCREMENTAL=0" "-e" "RUST_BACKTRACE=full" "-e" "RUSTFLAGS=--cap-lints=warn" "-e" "RUSTDOCFLAGS=--cap-lints=warn" "-w" "/opt/rustwide/workdir" "--user" "0:0" "e6096cf2a2648313b5456966f4cdbe32d770101e29114c7be92840de3befd3f3" "/opt/rustwide/cargo-home/bin/cargo" "+1.99.0-beta.8" "build" "--frozen" "--message-format=json" "--release", kill_on_drop: false }`
[INFO] [stderr]    Compiling bitcoin-io v0.1.101
[INFO] [stderr]    Compiling arrayvec v0.7.8
[INFO] [stderr]    Compiling bitcoin v0.32.102
[INFO] [stderr]    Compiling bitcoin-units v0.1.101
[INFO] [stderr]    Compiling bech32 v0.11.1
[INFO] [stderr]    Compiling secp256k1-sys v0.10.1
[INFO] [stderr]    Compiling indexmap v2.14.2
[INFO] [stderr]    Compiling hex-conservative v0.2.3
[INFO] [stderr]    Compiling bitcoin_hashes v0.14.101
[INFO] [stderr]    Compiling base58ck v0.1.101
[INFO] [stderr]    Compiling secp256k1 v0.29.1
[INFO] [stderr]    Compiling pls-bitcoin-lib v0.4.1 (/opt/rustwide/workdir)
[INFO] [stderr]     Finished `release` profile [optimized] target(s) in 24.29s
[INFO] running `Command { std: "docker" "inspect" "e6096cf2a2648313b5456966f4cdbe32d770101e29114c7be92840de3befd3f3", kill_on_drop: false }`
[INFO] running `Command { std: "docker" "exec" "-e" "SOURCE_DIR=/opt/rustwide/workdir" "-e" "CARGO_HOME=/opt/rustwide/cargo-home" "-e" "RUSTUP_HOME=/opt/rustwide/rustup-home" "-e" "CARGO_TARGET_DIR=/opt/rustwide/target" "-e" "CARGO_INCREMENTAL=0" "-e" "RUST_BACKTRACE=full" "-e" "RUSTFLAGS=--cap-lints=warn" "-e" "RUSTDOCFLAGS=--cap-lints=warn" "-w" "/opt/rustwide/workdir" "--user" "0:0" "e6096cf2a2648313b5456966f4cdbe32d770101e29114c7be92840de3befd3f3" "/opt/rustwide/cargo-home/bin/cargo" "+1.99.0-beta.8" "test" "--frozen" "--no-run" "--message-format=json" "--release", kill_on_drop: false }`
[INFO] [stderr]    Compiling syn v3.0.5
[INFO] [stderr]    Compiling smallvec v1.16.1
[INFO] [stderr]    Compiling mio v1.2.3
[INFO] [stderr]    Compiling zerocopy v0.8.57
[INFO] [stderr]    Compiling getrandom v0.2.17
[INFO] [stderr]    Compiling cc v1.4.5
[INFO] [stderr]    Compiling bitcoin-internals v0.6.0
[INFO] [stderr]    Compiling serde_json v1.0.151
[INFO] [stderr]    Compiling rustls v0.23.45
[INFO] [stderr]    Compiling bitcoin-private v0.1.0
[INFO] [stderr]    Compiling bitcoin v0.32.102
[INFO] [stderr]    Compiling encoding_rs v0.8.41
[INFO] [stderr]    Compiling sync_wrapper v1.0.2
[INFO] [stderr]    Compiling bech32 v0.11.1
[INFO] [stderr]    Compiling rustls-native-certs v0.8.4
[INFO] [stderr]    Compiling rstest_macros v0.27.0
[INFO] [stderr]    Compiling xattr v1.6.1
[INFO] [stderr]    Compiling filetime v0.2.29
[INFO] [stderr]    Compiling rand_core v0.6.4
[INFO] [stderr]    Compiling uuid v1.26.1
[INFO] [stderr]    Compiling relative-path v1.9.3
[INFO] [stderr]    Compiling nigiri-rs-macros v0.3.0
[INFO] [stderr]    Compiling futures-timer v3.0.4
[INFO] [stderr]    Compiling tar v0.4.46
[INFO] [stderr]    Compiling bitcoin-consensus-encoding v1.2.0
[INFO] [stderr]    Compiling cmake v0.1.58
[INFO] [stderr]    Compiling aws-lc-sys v0.45.0
[INFO] [stderr]    Compiling secp256k1-sys v0.10.1
[INFO] [stderr]    Compiling secp256k1-zkp-sys v0.10.1
[INFO] [stderr]    Compiling synstructure v0.14.0
[INFO] [stderr]    Compiling ppv-lite86 v0.2.21
[INFO] [stderr]    Compiling rand_chacha v0.3.1
[INFO] [stderr]    Compiling rand v0.8.8
[INFO] [stderr]    Compiling zerofrom-derive v0.1.8
[INFO] [stderr]    Compiling yoke-derive v0.8.3
[INFO] [stderr]    Compiling zerovec-derive v0.11.6
[INFO] [stderr]    Compiling displaydoc v0.2.7
[INFO] [stderr]    Compiling serde_derive v1.0.229
[INFO] [stderr]    Compiling tokio-macros v2.7.2
[INFO] [stderr]    Compiling futures-macro v0.3.34
[INFO] [stderr]    Compiling multiversion-macros v0.9.0
[INFO] [stderr]    Compiling thiserror-impl v2.0.20
[INFO] [stderr]    Compiling serde_repr v0.1.21
[INFO] [stderr]    Compiling tokio v1.53.1
[INFO] [stderr]    Compiling zerofrom v0.1.8
[INFO] [stderr]    Compiling yoke v0.8.3
[INFO] [stderr]    Compiling zerovec v0.11.8
[INFO] [stderr]    Compiling zerotrie v0.2.5
[INFO] [stderr]    Compiling futures-util v0.3.34
[INFO] [stderr]    Compiling thiserror v2.0.20
[INFO] [stderr]    Compiling multiversion v0.9.0
[INFO] [stderr]    Compiling tinystr v0.8.4
[INFO] [stderr]    Compiling potential_utf v0.1.6
[INFO] [stderr]    Compiling icu_collections v2.3.0
[INFO] [stderr]    Compiling icu_locale_core v2.3.0
[INFO] [stderr]    Compiling serde v1.0.229
[INFO] [stderr]    Compiling icu_provider v2.3.1
[INFO] [stderr]    Compiling icu_normalizer v2.3.0
[INFO] [stderr]    Compiling bitcoin_hashes v0.14.101
[INFO] [stderr]    Compiling icu_properties v2.3.0
[INFO] [stderr]    Compiling bitcoin-units v0.1.101
[INFO] [stderr]    Compiling bollard-stubs v1.52.1-rc.29.1.3
[INFO] [stderr]    Compiling serde_urlencoded v0.7.1
[INFO] [stderr]    Compiling rstest v0.27.0
[INFO] [stderr]    Compiling secp256k1 v0.29.1
[INFO] [stderr]    Compiling base58ck v0.1.101
[INFO] [stderr]    Compiling idna_adapter v1.2.2
[INFO] [stderr]    Compiling idna v1.1.0
[INFO] [stderr]    Compiling url v2.5.8
[INFO] [stderr]    Compiling secp256k1-zkp v0.11.0
[INFO] [stderr]    Compiling tokio-util v0.7.19
[INFO] [stderr]    Compiling tower v0.5.3
[INFO] [stderr]    Compiling tower-http v0.6.11
[INFO] [stderr]    Compiling h2 v0.4.19
[INFO] [stderr]    Compiling hyper v1.11.1
[INFO] [stderr]    Compiling hyper-util v0.1.20
[INFO] [stderr]    Compiling elements v0.25.3
[INFO] [stderr]    Compiling pls-bitcoin-lib v0.4.1 (/opt/rustwide/workdir)
[INFO] [stderr]    Compiling hyperlocal v0.9.1
[INFO] [stderr]    Compiling bollard v0.20.2
[INFO] [stderr]    Compiling aws-lc-rs v1.18.1
[INFO] [stderr]    Compiling rustls-webpki v0.103.15
[INFO] [stderr]    Compiling tokio-rustls v0.26.5
[INFO] [stderr]    Compiling rustls-platform-verifier v0.7.0
[INFO] [stderr]    Compiling hyper-rustls v0.27.9
[INFO] [stderr]    Compiling reqwest v0.13.5
[INFO] [stderr]    Compiling nigiri-rs-core v0.4.1
[INFO] [stderr]    Compiling nigiri-rs-fixtures v0.3.0
[INFO] [stderr]    Compiling nigiri-rs v0.6.0
[INFO] [stderr]     Finished `release` profile [optimized] target(s) in 3m 17s
[INFO] running `Command { std: "docker" "inspect" "e6096cf2a2648313b5456966f4cdbe32d770101e29114c7be92840de3befd3f3", kill_on_drop: false }`
[INFO] running `Command { std: "docker" "exec" "-e" "SOURCE_DIR=/opt/rustwide/workdir" "-e" "CARGO_HOME=/opt/rustwide/cargo-home" "-e" "RUSTUP_HOME=/opt/rustwide/rustup-home" "-e" "CARGO_TARGET_DIR=/opt/rustwide/target" "-e" "CARGO_INCREMENTAL=0" "-e" "RUST_BACKTRACE=full" "-e" "RUSTFLAGS=--cap-lints=warn" "-e" "RUSTDOCFLAGS=--cap-lints=warn" "-w" "/opt/rustwide/workdir" "--user" "0:0" "e6096cf2a2648313b5456966f4cdbe32d770101e29114c7be92840de3befd3f3" "/opt/rustwide/cargo-home/bin/cargo" "+1.99.0-beta.8" "test" "--frozen" "--release", kill_on_drop: false }`
[INFO] [stderr]     Finished `release` profile [optimized] target(s) in 0.31s
[INFO] [stdout] 
[INFO] [stderr]      Running unittests src/lib.rs (/opt/rustwide/target/release/deps/pls_bitcoin_lib-8695a171a7b0ea27)
[INFO] [stdout] running 0 tests
[INFO] [stdout] 
[INFO] [stdout] test result: ok. 0 passed; 0 failed; 0 ignored; 0 measured; 0 filtered out; finished in 0.00s
[INFO] [stdout] 
[INFO] [stderr]      Running tests/multisig.rs (/opt/rustwide/target/release/deps/multisig-5d32614e1787fd85)
[INFO] [stdout] 
[INFO] [stdout] running 16 tests
[INFO] [stdout] test multisig_mount_tests::it_verifies_multisig_creation::case_3 ... ok
[INFO] [stdout] test multisig_mount_tests::it_verifies_multisig_creation::case_2 ... ok
[INFO] [stdout] test multisig_mount_tests::it_verifies_multisig_creation::case_1 ... ok
[INFO] [stdout] test multisig_mount_tests::it_verifies_multisig_creation::case_4 ... ok
[INFO] [stdout] test multisig_spending_tests::it_spends_multisig_values::case_1::blocks_to_lock_3_5 ... FAILED
[INFO] [stdout] test multisig_spending_tests::it_spends_multisig_values::case_1::blocks_to_lock_1_0 ... FAILED
[INFO] [stdout] test multisig_spending_tests::it_spends_multisig_values::case_1::blocks_to_lock_2_1 ... FAILED
[INFO] [stdout] test multisig_spending_tests::it_spends_multisig_values::case_3::blocks_to_lock_1_0 ... FAILED
[INFO] [stdout] test multisig_spending_tests::it_spends_multisig_values::case_2::blocks_to_lock_3_5 ... FAILED
[INFO] [stdout] test multisig_spending_tests::it_spends_multisig_values::case_2::blocks_to_lock_2_1 ... FAILED
[INFO] [stdout] test multisig_spending_tests::it_spends_multisig_values::case_2::blocks_to_lock_1_0 ... FAILED
[INFO] [stdout] test multisig_spending_tests::it_spends_multisig_values::case_4::blocks_to_lock_2_1 ... FAILED
[INFO] [stdout] test multisig_spending_tests::it_spends_multisig_values::case_3::blocks_to_lock_2_1 ... FAILED
[INFO] [stdout] test multisig_spending_tests::it_spends_multisig_values::case_4::blocks_to_lock_1_0 ... FAILED
[INFO] [stdout] test multisig_spending_tests::it_spends_multisig_values::case_4::blocks_to_lock_3_5 ... FAILED
[INFO] [stdout] test multisig_spending_tests::it_spends_multisig_values::case_3::blocks_to_lock_3_5 ... FAILED
[INFO] [stdout] 
[INFO] [stdout] failures:
[INFO] [stdout] 
[INFO] [stdout] ---- multisig_spending_tests::it_spends_multisig_values::case_1::blocks_to_lock_3_5 stdout ----
[INFO] [stdout] 
[INFO] [stdout] thread 'multisig_spending_tests::it_spends_multisig_values::case_1::blocks_to_lock_3_5' (3652) panicked at tests/multisig.rs:241:57:
[INFO] [stdout] called `Result::unwrap()` on an `Err` value: Runtime { operation: "connect to container engine", resource: "container engine", diagnostics: "connect to container engine: Socket not found: /var/run/docker.sock", source: connect to container engine: Socket not found: /var/run/docker.sock: Socket not found: /var/run/docker.sock }
[INFO] [stdout] stack backtrace:
[INFO] [stdout]    0:     0x55ca0638ed91 - <<std[70759c8f55707aa4]::sys::backtrace::BacktraceLock>::print::DisplayBacktrace as core[df12db4294e9bfd3]::fmt::Display>::fmt
[INFO] [stdout]    1:     0x55ca063a60ba - core[df12db4294e9bfd3]::fmt::write
[INFO] [stdout]    2:     0x55ca06393d4c - <alloc[2182bb758b4b3781]::vec::Vec<u8> as core[df12db4294e9bfd3]::io::write::Write>::write_fmt
[INFO] [stdout]    3:     0x55ca06369586 - std[70759c8f55707aa4]::panicking::default_hook::{closure#0}
[INFO] [stdout]    4:     0x55ca06386529 - std[70759c8f55707aa4]::panicking::default_hook
[INFO] [stdout]    5:     0x55ca05eabd30 - test[9d35eded1c95d3be]::test_main_inner::<test[9d35eded1c95d3be]::test_main_static::{closure#0}>::{closure#0}
[INFO] [stdout]    6:     0x55ca06386852 - std[70759c8f55707aa4]::panicking::panic_with_hook
[INFO] [stdout]    7:     0x55ca06369632 - std[70759c8f55707aa4]::panicking::panic_handler::{closure#0}
[INFO] [stdout]    8:     0x55ca06362239 - std[70759c8f55707aa4]::sys::backtrace::__rust_end_short_backtrace::<std[70759c8f55707aa4]::panicking::panic_handler::{closure#0}, !>
[INFO] [stdout]    9:     0x55ca0636a41d - __rustc[8fa7c3cbc660c2b3]::rust_begin_unwind
[INFO] [stdout]   10:     0x55ca063a681c - core[df12db4294e9bfd3]::panicking::panic_fmt
[INFO] [stdout]   11:     0x55ca063a65f2 - core[df12db4294e9bfd3]::result::unwrap_failed
[INFO] [stdout]   12:     0x55ca05e90f18 - multisig[63e0dbebba8a38e4]::multisig_spending_tests::it_spends_multisig_values::{closure#0}
[INFO] [stdout]   13:     0x55ca05e98529 - multisig[63e0dbebba8a38e4]::multisig_spending_tests::it_spends_multisig_values::case_1::blocks_to_lock_3_5::{closure#0}
[INFO] [stdout]   14:     0x55ca05d962d3 - <tokio[64434016aa89fa05]::runtime::scheduler::current_thread::Context>::enter::<core[df12db4294e9bfd3]::task::poll::Poll<()>, <tokio[64434016aa89fa05]::runtime::scheduler::current_thread::CoreGuard>::block_on<core[df12db4294e9bfd3]::pin::Pin<&mut core[df12db4294e9bfd3]::pin::Pin<&mut dyn core[df12db4294e9bfd3]::future::future::Future<Output = ()>>>>::{closure#0}::{closure#0}>
[INFO] [stdout]   15:     0x55ca05d7ab9c - <tokio[64434016aa89fa05]::runtime::context::scoped::Scoped<tokio[64434016aa89fa05]::runtime::scheduler::Context>>::set::<<tokio[64434016aa89fa05]::runtime::scheduler::current_thread::CoreGuard>::enter<<tokio[64434016aa89fa05]::runtime::scheduler::current_thread::CoreGuard>::block_on<core[df12db4294e9bfd3]::pin::Pin<&mut core[df12db4294e9bfd3]::pin::Pin<&mut dyn core[df12db4294e9bfd3]::future::future::Future<Output = ()>>>>::{closure#0}, core[df12db4294e9bfd3]::option::Option<()>>::{closure#0}, (alloc[2182bb758b4b3781]::boxed::Box<tokio[64434016aa89fa05]::runtime::scheduler::current_thread::Core>, core[df12db4294e9bfd3]::option::Option<()>)>
[INFO] [stdout]   16:     0x55ca05d96867 - <tokio[64434016aa89fa05]::runtime::scheduler::current_thread::CoreGuard>::block_on::<core[df12db4294e9bfd3]::pin::Pin<&mut core[df12db4294e9bfd3]::pin::Pin<&mut dyn core[df12db4294e9bfd3]::future::future::Future<Output = ()>>>>
[INFO] [stdout]   17:     0x55ca05d8be76 - tokio[64434016aa89fa05]::runtime::context::runtime::enter_runtime::<<tokio[64434016aa89fa05]::runtime::scheduler::current_thread::CurrentThread>::block_on<core[df12db4294e9bfd3]::pin::Pin<&mut dyn core[df12db4294e9bfd3]::future::future::Future<Output = ()>>>::{closure#0}, ()>
[INFO] [stdout]   18:     0x55ca05d7a406 - <tokio[64434016aa89fa05]::runtime::runtime::Runtime>::block_on::<core[df12db4294e9bfd3]::pin::Pin<&mut dyn core[df12db4294e9bfd3]::future::future::Future<Output = ()>>>
[INFO] [stdout]   19:     0x55ca05e9ceaa - multisig[63e0dbebba8a38e4]::multisig_spending_tests::it_spends_multisig_values::case_1::blocks_to_lock_3_5
[INFO] [stdout]   20:     0x55ca05db06a9 - <multisig[63e0dbebba8a38e4]::multisig_spending_tests::it_spends_multisig_values::case_1::blocks_to_lock_3_5::{closure#0} as core[df12db4294e9bfd3]::ops::function::FnOnce<()>>::call_once
[INFO] [stdout]   21:     0x55ca05e9f01b - test[9d35eded1c95d3be]::__rust_begin_short_backtrace::<core[df12db4294e9bfd3]::result::Result<(), alloc[2182bb758b4b3781]::string::String>, fn() -> core[df12db4294e9bfd3]::result::Result<(), alloc[2182bb758b4b3781]::string::String>>
[INFO] [stdout]   22:     0x55ca05eac685 - test[9d35eded1c95d3be]::run_test::{closure#0}
[INFO] [stdout]   23:     0x55ca05ea5f44 - std[70759c8f55707aa4]::sys::backtrace::__rust_begin_short_backtrace::<test[9d35eded1c95d3be]::run_test::{closure#1}, ()>
[INFO] [stdout]   24:     0x55ca05eaf7e2 - <std[70759c8f55707aa4]::thread::lifecycle::spawn_unchecked<test[9d35eded1c95d3be]::run_test::{closure#1}, ()>::{closure#1} as core[df12db4294e9bfd3]::ops::function::FnOnce<()>>::call_once::{shim:vtable#0}
[INFO] [stdout]   25:     0x55ca0638e2b9 - <std[70759c8f55707aa4]::sys::thread::unix::Thread>::new::thread_start
[INFO] [stdout]   26:     0x73eb4495fdfa - <unknown>
[INFO] [stdout]   27:     0x73eb449f33d4 - clone
[INFO] [stdout]   28:                0x0 - <unknown>
[INFO] [stdout] 
[INFO] [stdout] ---- multisig_spending_tests::it_spends_multisig_values::case_1::blocks_to_lock_1_0 stdout ----
[INFO] [stdout] 
[INFO] [stdout] thread 'multisig_spending_tests::it_spends_multisig_values::case_1::blocks_to_lock_1_0' (3650) panicked at tests/multisig.rs:241:57:
[INFO] [stdout] called `Result::unwrap()` on an `Err` value: Runtime { operation: "connect to container engine", resource: "container engine", diagnostics: "connect to container engine: Socket not found: /var/run/docker.sock", source: connect to container engine: Socket not found: /var/run/docker.sock: Socket not found: /var/run/docker.sock }
[INFO] [stdout] stack backtrace:
[INFO] [stdout]    0:     0x55ca0638ed91 - <<std[70759c8f55707aa4]::sys::backtrace::BacktraceLock>::print::DisplayBacktrace as core[df12db4294e9bfd3]::fmt::Display>::fmt
[INFO] [stdout]    1:     0x55ca063a60ba - core[df12db4294e9bfd3]::fmt::write
[INFO] [stdout]    2:     0x55ca06393d4c - <alloc[2182bb758b4b3781]::vec::Vec<u8> as core[df12db4294e9bfd3]::io::write::Write>::write_fmt
[INFO] [stdout]    3:     0x55ca06369586 - std[70759c8f55707aa4]::panicking::default_hook::{closure#0}
[INFO] [stdout]    4:     0x55ca06386529 - std[70759c8f55707aa4]::panicking::default_hook
[INFO] [stdout]    5:     0x55ca05eabd30 - test[9d35eded1c95d3be]::test_main_inner::<test[9d35eded1c95d3be]::test_main_static::{closure#0}>::{closure#0}
[INFO] [stdout]    6:     0x55ca06386852 - std[70759c8f55707aa4]::panicking::panic_with_hook
[INFO] [stdout]    7:     0x55ca06369632 - std[70759c8f55707aa4]::panicking::panic_handler::{closure#0}
[INFO] [stdout]    8:     0x55ca06362239 - std[70759c8f55707aa4]::sys::backtrace::__rust_end_short_backtrace::<std[70759c8f55707aa4]::panicking::panic_handler::{closure#0}, !>
[INFO] [stdout]    9:     0x55ca0636a41d - __rustc[8fa7c3cbc660c2b3]::rust_begin_unwind
[INFO] [stdout]   10:     0x55ca063a681c - core[df12db4294e9bfd3]::panicking::panic_fmt
[INFO] [stdout]   11:     0x55ca063a65f2 - core[df12db4294e9bfd3]::result::unwrap_failed
[INFO] [stdout]   12:     0x55ca05e90f18 - multisig[63e0dbebba8a38e4]::multisig_spending_tests::it_spends_multisig_values::{closure#0}
[INFO] [stdout]   13:     0x55ca05e98389 - multisig[63e0dbebba8a38e4]::multisig_spending_tests::it_spends_multisig_values::case_1::blocks_to_lock_1_0::{closure#0}
[INFO] [stdout]   14:     0x55ca05d962d3 - <tokio[64434016aa89fa05]::runtime::scheduler::current_thread::Context>::enter::<core[df12db4294e9bfd3]::task::poll::Poll<()>, <tokio[64434016aa89fa05]::runtime::scheduler::current_thread::CoreGuard>::block_on<core[df12db4294e9bfd3]::pin::Pin<&mut core[df12db4294e9bfd3]::pin::Pin<&mut dyn core[df12db4294e9bfd3]::future::future::Future<Output = ()>>>>::{closure#0}::{closure#0}>
[INFO] [stdout]   15:     0x55ca05d7ab9c - <tokio[64434016aa89fa05]::runtime::context::scoped::Scoped<tokio[64434016aa89fa05]::runtime::scheduler::Context>>::set::<<tokio[64434016aa89fa05]::runtime::scheduler::current_thread::CoreGuard>::enter<<tokio[64434016aa89fa05]::runtime::scheduler::current_thread::CoreGuard>::block_on<core[df12db4294e9bfd3]::pin::Pin<&mut core[df12db4294e9bfd3]::pin::Pin<&mut dyn core[df12db4294e9bfd3]::future::future::Future<Output = ()>>>>::{closure#0}, core[df12db4294e9bfd3]::option::Option<()>>::{closure#0}, (alloc[2182bb758b4b3781]::boxed::Box<tokio[64434016aa89fa05]::runtime::scheduler::current_thread::Core>, core[df12db4294e9bfd3]::option::Option<()>)>
[INFO] [stdout]   16:     0x55ca05d96867 - <tokio[64434016aa89fa05]::runtime::scheduler::current_thread::CoreGuard>::block_on::<core[df12db4294e9bfd3]::pin::Pin<&mut core[df12db4294e9bfd3]::pin::Pin<&mut dyn core[df12db4294e9bfd3]::future::future::Future<Output = ()>>>>
[INFO] [stdout]   17:     0x55ca05d8be76 - tokio[64434016aa89fa05]::runtime::context::runtime::enter_runtime::<<tokio[64434016aa89fa05]::runtime::scheduler::current_thread::CurrentThread>::block_on<core[df12db4294e9bfd3]::pin::Pin<&mut dyn core[df12db4294e9bfd3]::future::future::Future<Output = ()>>>::{closure#0}, ()>
[INFO] [stdout]   18:     0x55ca05d7a406 - <tokio[64434016aa89fa05]::runtime::runtime::Runtime>::block_on::<core[df12db4294e9bfd3]::pin::Pin<&mut dyn core[df12db4294e9bfd3]::future::future::Future<Output = ()>>>
[INFO] [stdout]   19:     0x55ca05e9cbca - multisig[63e0dbebba8a38e4]::multisig_spending_tests::it_spends_multisig_values::case_1::blocks_to_lock_1_0
[INFO] [stdout]   20:     0x55ca05db0669 - <multisig[63e0dbebba8a38e4]::multisig_spending_tests::it_spends_multisig_values::case_1::blocks_to_lock_1_0::{closure#0} as core[df12db4294e9bfd3]::ops::function::FnOnce<()>>::call_once
[INFO] [stdout]   21:     0x55ca05e9f01b - test[9d35eded1c95d3be]::__rust_begin_short_backtrace::<core[df12db4294e9bfd3]::result::Result<(), alloc[2182bb758b4b3781]::string::String>, fn() -> core[df12db4294e9bfd3]::result::Result<(), alloc[2182bb758b4b3781]::string::String>>
[INFO] [stdout]   22:     0x55ca05eac685 - test[9d35eded1c95d3be]::run_test::{closure#0}
[INFO] [stdout]   23:     0x55ca05ea5f44 - std[70759c8f55707aa4]::sys::backtrace::__rust_begin_short_backtrace::<test[9d35eded1c95d3be]::run_test::{closure#1}, ()>
[INFO] [stdout]   24:     0x55ca05eaf7e2 - <std[70759c8f55707aa4]::thread::lifecycle::spawn_unchecked<test[9d35eded1c95d3be]::run_test::{closure#1}, ()>::{closure#1} as core[df12db4294e9bfd3]::ops::function::FnOnce<()>>::call_once::{shim:vtable#0}
[INFO] [stdout]   25:     0x55ca0638e2b9 - <std[70759c8f55707aa4]::sys::thread::unix::Thread>::new::thread_start
[INFO] [stdout]   26:     0x73eb4495fdfa - <unknown>
[INFO] [stdout]   27:     0x73eb449f33d4 - clone
[INFO] [stdout]   28:                0x0 - <unknown>
[INFO] [stdout] 
[INFO] [stdout] ---- multisig_spending_tests::it_spends_multisig_values::case_1::blocks_to_lock_2_1 stdout ----
[INFO] [stdout] 
[INFO] [stdout] thread 'multisig_spending_tests::it_spends_multisig_values::case_1::blocks_to_lock_2_1' (3651) panicked at tests/multisig.rs:241:57:
[INFO] [stdout] called `Result::unwrap()` on an `Err` value: Runtime { operation: "connect to container engine", resource: "container engine", diagnostics: "connect to container engine: Socket not found: /var/run/docker.sock", source: connect to container engine: Socket not found: /var/run/docker.sock: Socket not found: /var/run/docker.sock }
[INFO] [stdout] stack backtrace:
[INFO] [stdout]    0:     0x55ca0638ed91 - <<std[70759c8f55707aa4]::sys::backtrace::BacktraceLock>::print::DisplayBacktrace as core[df12db4294e9bfd3]::fmt::Display>::fmt
[INFO] [stdout]    1:     0x55ca063a60ba - core[df12db4294e9bfd3]::fmt::write
[INFO] [stdout]    2:     0x55ca06393d4c - <alloc[2182bb758b4b3781]::vec::Vec<u8> as core[df12db4294e9bfd3]::io::write::Write>::write_fmt
[INFO] [stdout]    3:     0x55ca06369586 - std[70759c8f55707aa4]::panicking::default_hook::{closure#0}
[INFO] [stdout]    4:     0x55ca06386529 - std[70759c8f55707aa4]::panicking::default_hook
[INFO] [stdout]    5:     0x55ca05eabd30 - test[9d35eded1c95d3be]::test_main_inner::<test[9d35eded1c95d3be]::test_main_static::{closure#0}>::{closure#0}
[INFO] [stdout]    6:     0x55ca06386852 - std[70759c8f55707aa4]::panicking::panic_with_hook
[INFO] [stdout]    7:     0x55ca06369632 - std[70759c8f55707aa4]::panicking::panic_handler::{closure#0}
[INFO] [stdout]    8:     0x55ca06362239 - std[70759c8f55707aa4]::sys::backtrace::__rust_end_short_backtrace::<std[70759c8f55707aa4]::panicking::panic_handler::{closure#0}, !>
[INFO] [stdout]    9:     0x55ca0636a41d - __rustc[8fa7c3cbc660c2b3]::rust_begin_unwind
[INFO] [stdout]   10:     0x55ca063a681c - core[df12db4294e9bfd3]::panicking::panic_fmt
[INFO] [stdout]   11:     0x55ca063a65f2 - core[df12db4294e9bfd3]::result::unwrap_failed
[INFO] [stdout]   12:     0x55ca05e90f18 - multisig[63e0dbebba8a38e4]::multisig_spending_tests::it_spends_multisig_values::{closure#0}
[INFO] [stdout]   13:     0x55ca05e98459 - multisig[63e0dbebba8a38e4]::multisig_spending_tests::it_spends_multisig_values::case_1::blocks_to_lock_2_1::{closure#0}
[INFO] [stdout]   14:     0x55ca05d962d3 - <tokio[64434016aa89fa05]::runtime::scheduler::current_thread::Context>::enter::<core[df12db4294e9bfd3]::task::poll::Poll<()>, <tokio[64434016aa89fa05]::runtime::scheduler::current_thread::CoreGuard>::block_on<core[df12db4294e9bfd3]::pin::Pin<&mut core[df12db4294e9bfd3]::pin::Pin<&mut dyn core[df12db4294e9bfd3]::future::future::Future<Output = ()>>>>::{closure#0}::{closure#0}>
[INFO] [stdout]   15:     0x55ca05d7ab9c - <tokio[64434016aa89fa05]::runtime::context::scoped::Scoped<tokio[64434016aa89fa05]::runtime::scheduler::Context>>::set::<<tokio[64434016aa89fa05]::runtime::scheduler::current_thread::CoreGuard>::enter<<tokio[64434016aa89fa05]::runtime::scheduler::current_thread::CoreGuard>::block_on<core[df12db4294e9bfd3]::pin::Pin<&mut core[df12db4294e9bfd3]::pin::Pin<&mut dyn core[df12db4294e9bfd3]::future::future::Future<Output = ()>>>>::{closure#0}, core[df12db4294e9bfd3]::option::Option<()>>::{closure#0}, (alloc[2182bb758b4b3781]::boxed::Box<tokio[64434016aa89fa05]::runtime::scheduler::current_thread::Core>, core[df12db4294e9bfd3]::option::Option<()>)>
[INFO] [stdout]   16:     0x55ca05d96867 - <tokio[64434016aa89fa05]::runtime::scheduler::current_thread::CoreGuard>::block_on::<core[df12db4294e9bfd3]::pin::Pin<&mut core[df12db4294e9bfd3]::pin::Pin<&mut dyn core[df12db4294e9bfd3]::future::future::Future<Output = ()>>>>
[INFO] [stdout]   17:     0x55ca05d8be76 - tokio[64434016aa89fa05]::runtime::context::runtime::enter_runtime::<<tokio[64434016aa89fa05]::runtime::scheduler::current_thread::CurrentThread>::block_on<core[df12db4294e9bfd3]::pin::Pin<&mut dyn core[df12db4294e9bfd3]::future::future::Future<Output = ()>>>::{closure#0}, ()>
[INFO] [stdout]   18:     0x55ca05d7a406 - <tokio[64434016aa89fa05]::runtime::runtime::Runtime>::block_on::<core[df12db4294e9bfd3]::pin::Pin<&mut dyn core[df12db4294e9bfd3]::future::future::Future<Output = ()>>>
[INFO] [stdout]   19:     0x55ca05e9cd3a - multisig[63e0dbebba8a38e4]::multisig_spending_tests::it_spends_multisig_values::case_1::blocks_to_lock_2_1
[INFO] [stdout]   20:     0x55ca05db0689 - <multisig[63e0dbebba8a38e4]::multisig_spending_tests::it_spends_multisig_values::case_1::blocks_to_lock_2_1::{closure#0} as core[df12db4294e9bfd3]::ops::function::FnOnce<()>>::call_once
[INFO] [stdout]   21:     0x55ca05e9f01b - test[9d35eded1c95d3be]::__rust_begin_short_backtrace::<core[df12db4294e9bfd3]::result::Result<(), alloc[2182bb758b4b3781]::string::String>, fn() -> core[df12db4294e9bfd3]::result::Result<(), alloc[2182bb758b4b3781]::string::String>>
[INFO] [stdout]   22:     0x55ca05eac685 - test[9d35eded1c95d3be]::run_test::{closure#0}
[INFO] [stdout]   23:     0x55ca05ea5f44 - std[70759c8f55707aa4]::sys::backtrace::__rust_begin_short_backtrace::<test[9d35eded1c95d3be]::run_test::{closure#1}, ()>
[INFO] [stdout]   24:     0x55ca05eaf7e2 - <std[70759c8f55707aa4]::thread::lifecycle::spawn_unchecked<test[9d35eded1c95d3be]::run_test::{closure#1}, ()>::{closure#1} as core[df12db4294e9bfd3]::ops::function::FnOnce<()>>::call_once::{shim:vtable#0}
[INFO] [stdout]   25:     0x55ca0638e2b9 - <std[70759c8f55707aa4]::sys::thread::unix::Thread>::new::thread_start
[INFO] [stdout]   26:     0x73eb4495fdfa - <unknown>
[INFO] [stdout]   27:     0x73eb449f33d4 - clone
[INFO] [stdout]   28:                0x0 - <unknown>
[INFO] [stdout] 
[INFO] [stdout] ---- multisig_spending_tests::it_spends_multisig_values::case_3::blocks_to_lock_1_0 stdout ----
[INFO] [stdout] 
[INFO] [stdout] thread 'multisig_spending_tests::it_spends_multisig_values::case_3::blocks_to_lock_1_0' (3656) panicked at tests/multisig.rs:241:57:
[INFO] [stdout] called `Result::unwrap()` on an `Err` value: Runtime { operation: "connect to container engine", resource: "container engine", diagnostics: "connect to container engine: Socket not found: /var/run/docker.sock", source: connect to container engine: Socket not found: /var/run/docker.sock: Socket not found: /var/run/docker.sock }
[INFO] [stdout] stack backtrace:
[INFO] [stdout]    0:     0x55ca0638ed91 - <<std[70759c8f55707aa4]::sys::backtrace::BacktraceLock>::print::DisplayBacktrace as core[df12db4294e9bfd3]::fmt::Display>::fmt
[INFO] [stdout]    1:     0x55ca063a60ba - core[df12db4294e9bfd3]::fmt::write
[INFO] [stdout]    2:     0x55ca06393d4c - <alloc[2182bb758b4b3781]::vec::Vec<u8> as core[df12db4294e9bfd3]::io::write::Write>::write_fmt
[INFO] [stdout]    3:     0x55ca06369586 - std[70759c8f55707aa4]::panicking::default_hook::{closure#0}
[INFO] [stdout]    4:     0x55ca06386529 - std[70759c8f55707aa4]::panicking::default_hook
[INFO] [stdout]    5:     0x55ca05eabd30 - test[9d35eded1c95d3be]::test_main_inner::<test[9d35eded1c95d3be]::test_main_static::{closure#0}>::{closure#0}
[INFO] [stdout]    6:     0x55ca06386852 - std[70759c8f55707aa4]::panicking::panic_with_hook
[INFO] [stdout]    7:     0x55ca06369632 - std[70759c8f55707aa4]::panicking::panic_handler::{closure#0}
[INFO] [stdout]    8:     0x55ca06362239 - std[70759c8f55707aa4]::sys::backtrace::__rust_end_short_backtrace::<std[70759c8f55707aa4]::panicking::panic_handler::{closure#0}, !>
[INFO] [stdout]    9:     0x55ca0636a41d - __rustc[8fa7c3cbc660c2b3]::rust_begin_unwind
[INFO] [stdout]   10:     0x55ca063a681c - core[df12db4294e9bfd3]::panicking::panic_fmt
[INFO] [stdout]   11:     0x55ca063a65f2 - core[df12db4294e9bfd3]::result::unwrap_failed
[INFO] [stdout]   12:     0x55ca05e38bbb - multisig[63e0dbebba8a38e4]::multisig_spending_tests::it_spends_multisig_values::{closure#0}
[INFO] [stdout]   13:     0x55ca05e3fa99 - multisig[63e0dbebba8a38e4]::multisig_spending_tests::it_spends_multisig_values::case_3::blocks_to_lock_1_0::{closure#0}
[INFO] [stdout]   14:     0x55ca05d962d3 - <tokio[64434016aa89fa05]::runtime::scheduler::current_thread::Context>::enter::<core[df12db4294e9bfd3]::task::poll::Poll<()>, <tokio[64434016aa89fa05]::runtime::scheduler::current_thread::CoreGuard>::block_on<core[df12db4294e9bfd3]::pin::Pin<&mut core[df12db4294e9bfd3]::pin::Pin<&mut dyn core[df12db4294e9bfd3]::future::future::Future<Output = ()>>>>::{closure#0}::{closure#0}>
[INFO] [stdout]   15:     0x55ca05d7ab9c - <tokio[64434016aa89fa05]::runtime::context::scoped::Scoped<tokio[64434016aa89fa05]::runtime::scheduler::Context>>::set::<<tokio[64434016aa89fa05]::runtime::scheduler::current_thread::CoreGuard>::enter<<tokio[64434016aa89fa05]::runtime::scheduler::current_thread::CoreGuard>::block_on<core[df12db4294e9bfd3]::pin::Pin<&mut core[df12db4294e9bfd3]::pin::Pin<&mut dyn core[df12db4294e9bfd3]::future::future::Future<Output = ()>>>>::{closure#0}, core[df12db4294e9bfd3]::option::Option<()>>::{closure#0}, (alloc[2182bb758b4b3781]::boxed::Box<tokio[64434016aa89fa05]::runtime::scheduler::current_thread::Core>, core[df12db4294e9bfd3]::option::Option<()>)>
[INFO] [stdout]   16:     0x55ca05d96867 - <tokio[64434016aa89fa05]::runtime::scheduler::current_thread::CoreGuard>::block_on::<core[df12db4294e9bfd3]::pin::Pin<&mut core[df12db4294e9bfd3]::pin::Pin<&mut dyn core[df12db4294e9bfd3]::future::future::Future<Output = ()>>>>
[INFO] [stdout]   17:     0x55ca05d8be76 - tokio[64434016aa89fa05]::runtime::context::runtime::enter_runtime::<<tokio[64434016aa89fa05]::runtime::scheduler::current_thread::CurrentThread>::block_on<core[df12db4294e9bfd3]::pin::Pin<&mut dyn core[df12db4294e9bfd3]::future::future::Future<Output = ()>>>::{closure#0}, ()>
[INFO] [stdout]   18:     0x55ca05d7a406 - <tokio[64434016aa89fa05]::runtime::runtime::Runtime>::block_on::<core[df12db4294e9bfd3]::pin::Pin<&mut dyn core[df12db4294e9bfd3]::future::future::Future<Output = ()>>>
[INFO] [stdout]   19:     0x55ca05e446fa - multisig[63e0dbebba8a38e4]::multisig_spending_tests::it_spends_multisig_values::case_3::blocks_to_lock_1_0
[INFO] [stdout]   20:     0x55ca05db0729 - <multisig[63e0dbebba8a38e4]::multisig_spending_tests::it_spends_multisig_values::case_3::blocks_to_lock_1_0::{closure#0} as core[df12db4294e9bfd3]::ops::function::FnOnce<()>>::call_once
[INFO] [stdout]   21:     0x55ca05e9f01b - test[9d35eded1c95d3be]::__rust_begin_short_backtrace::<core[df12db4294e9bfd3]::result::Result<(), alloc[2182bb758b4b3781]::string::String>, fn() -> core[df12db4294e9bfd3]::result::Result<(), alloc[2182bb758b4b3781]::string::String>>
[INFO] [stdout]   22:     0x55ca05eac685 - test[9d35eded1c95d3be]::run_test::{closure#0}
[INFO] [stdout]   23:     0x55ca05ea5f44 - std[70759c8f55707aa4]::sys::backtrace::__rust_begin_short_backtrace::<test[9d35eded1c95d3be]::run_test::{closure#1}, ()>
[INFO] [stdout]   24:     0x55ca05eaf7e2 - <std[70759c8f55707aa4]::thread::lifecycle::spawn_unchecked<test[9d35eded1c95d3be]::run_test::{closure#1}, ()>::{closure#1} as core[df12db4294e9bfd3]::ops::function::FnOnce<()>>::call_once::{shim:vtable#0}
[INFO] [stdout]   25:     0x55ca0638e2b9 - <std[70759c8f55707aa4]::sys::thread::unix::Thread>::new::thread_start
[INFO] [stdout]   26:     0x73eb4495fdfa - <unknown>
[INFO] [stdout]   27:     0x73eb449f33d4 - clone
[INFO] [stdout]   28:                0x0 - <unknown>
[INFO] [stdout] 
[INFO] [stdout] ---- multisig_spending_tests::it_spends_multisig_values::case_2::blocks_to_lock_3_5 stdout ----
[INFO] [stdout] 
[INFO] [stdout] thread 'multisig_spending_tests::it_spends_multisig_values::case_2::blocks_to_lock_3_5' (3655) panicked at tests/multisig.rs:241:57:
[INFO] [stdout] called `Result::unwrap()` on an `Err` value: Runtime { operation: "connect to container engine", resource: "container engine", diagnostics: "connect to container engine: Socket not found: /var/run/docker.sock", source: connect to container engine: Socket not found: /var/run/docker.sock: Socket not found: /var/run/docker.sock }
[INFO] [stdout] stack backtrace:
[INFO] [stdout]    0:     0x55ca0638ed91 - <<std[70759c8f55707aa4]::sys::backtrace::BacktraceLock>::print::DisplayBacktrace as core[df12db4294e9bfd3]::fmt::Display>::fmt
[INFO] [stdout]    1:     0x55ca063a60ba - core[df12db4294e9bfd3]::fmt::write
[INFO] [stdout]    2:     0x55ca06393d4c - <alloc[2182bb758b4b3781]::vec::Vec<u8> as core[df12db4294e9bfd3]::io::write::Write>::write_fmt
[INFO] [stdout]    3:     0x55ca06369586 - std[70759c8f55707aa4]::panicking::default_hook::{closure#0}
[INFO] [stdout]    4:     0x55ca06386529 - std[70759c8f55707aa4]::panicking::default_hook
[INFO] [stdout]    5:     0x55ca05eabd30 - test[9d35eded1c95d3be]::test_main_inner::<test[9d35eded1c95d3be]::test_main_static::{closure#0}>::{closure#0}
[INFO] [stdout]    6:     0x55ca06386852 - std[70759c8f55707aa4]::panicking::panic_with_hook
[INFO] [stdout]    7:     0x55ca06369632 - std[70759c8f55707aa4]::panicking::panic_handler::{closure#0}
[INFO] [stdout]    8:     0x55ca06362239 - std[70759c8f55707aa4]::sys::backtrace::__rust_end_short_backtrace::<std[70759c8f55707aa4]::panicking::panic_handler::{closure#0}, !>
[INFO] [stdout]    9:     0x55ca0636a41d - __rustc[8fa7c3cbc660c2b3]::rust_begin_unwind
[INFO] [stdout]   10:     0x55ca063a681c - core[df12db4294e9bfd3]::panicking::panic_fmt
[INFO] [stdout]   11:     0x55ca063a65f2 - core[df12db4294e9bfd3]::result::unwrap_failed
[INFO] [stdout]   12:     0x55ca05e18331 - multisig[63e0dbebba8a38e4]::multisig_spending_tests::it_spends_multisig_values::{closure#0}
[INFO] [stdout]   13:     0x55ca05e1f4f9 - multisig[63e0dbebba8a38e4]::multisig_spending_tests::it_spends_multisig_values::case_2::blocks_to_lock_3_5::{closure#0}
[INFO] [stdout]   14:     0x55ca05d962d3 - <tokio[64434016aa89fa05]::runtime::scheduler::current_thread::Context>::enter::<core[df12db4294e9bfd3]::task::poll::Poll<()>, <tokio[64434016aa89fa05]::runtime::scheduler::current_thread::CoreGuard>::block_on<core[df12db4294e9bfd3]::pin::Pin<&mut core[df12db4294e9bfd3]::pin::Pin<&mut dyn core[df12db4294e9bfd3]::future::future::Future<Output = ()>>>>::{closure#0}::{closure#0}>
[INFO] [stdout]   15:     0x55ca05d7ab9c - <tokio[64434016aa89fa05]::runtime::context::scoped::Scoped<tokio[64434016aa89fa05]::runtime::scheduler::Context>>::set::<<tokio[64434016aa89fa05]::runtime::scheduler::current_thread::CoreGuard>::enter<<tokio[64434016aa89fa05]::runtime::scheduler::current_thread::CoreGuard>::block_on<core[df12db4294e9bfd3]::pin::Pin<&mut core[df12db4294e9bfd3]::pin::Pin<&mut dyn core[df12db4294e9bfd3]::future::future::Future<Output = ()>>>>::{closure#0}, core[df12db4294e9bfd3]::option::Option<()>>::{closure#0}, (alloc[2182bb758b4b3781]::boxed::Box<tokio[64434016aa89fa05]::runtime::scheduler::current_thread::Core>, core[df12db4294e9bfd3]::option::Option<()>)>
[INFO] [stdout]   16:     0x55ca05d96867 - <tokio[64434016aa89fa05]::runtime::scheduler::current_thread::CoreGuard>::block_on::<core[df12db4294e9bfd3]::pin::Pin<&mut core[df12db4294e9bfd3]::pin::Pin<&mut dyn core[df12db4294e9bfd3]::future::future::Future<Output = ()>>>>
[INFO] [stdout]   17:     0x55ca05d8be76 - tokio[64434016aa89fa05]::runtime::context::runtime::enter_runtime::<<tokio[64434016aa89fa05]::runtime::scheduler::current_thread::CurrentThread>::block_on<core[df12db4294e9bfd3]::pin::Pin<&mut dyn core[df12db4294e9bfd3]::future::future::Future<Output = ()>>>::{closure#0}, ()>
[INFO] [stdout]   18:     0x55ca05d7a406 - <tokio[64434016aa89fa05]::runtime::runtime::Runtime>::block_on::<core[df12db4294e9bfd3]::pin::Pin<&mut dyn core[df12db4294e9bfd3]::future::future::Future<Output = ()>>>
[INFO] [stdout]   19:     0x55ca05e2197a - multisig[63e0dbebba8a38e4]::multisig_spending_tests::it_spends_multisig_values::case_2::blocks_to_lock_3_5
[INFO] [stdout]   20:     0x55ca05db0709 - <multisig[63e0dbebba8a38e4]::multisig_spending_tests::it_spends_multisig_values::case_2::blocks_to_lock_3_5::{closure#0} as core[df12db4294e9bfd3]::ops::function::FnOnce<()>>::call_once
[INFO] [stdout]   21:     0x55ca05e9f01b - test[9d35eded1c95d3be]::__rust_begin_short_backtrace::<core[df12db4294e9bfd3]::result::Result<(), alloc[2182bb758b4b3781]::string::String>, fn() -> core[df12db4294e9bfd3]::result::Result<(), alloc[2182bb758b4b3781]::string::String>>
[INFO] [stdout]   22:     0x55ca05eac685 - test[9d35eded1c95d3be]::run_test::{closure#0}
[INFO] [stdout]   23:     0x55ca05ea5f44 - std[70759c8f55707aa4]::sys::backtrace::__rust_begin_short_backtrace::<test[9d35eded1c95d3be]::run_test::{closure#1}, ()>
[INFO] [stdout]   24:     0x55ca05eaf7e2 - <std[70759c8f55707aa4]::thread::lifecycle::spawn_unchecked<test[9d35eded1c95d3be]::run_test::{closure#1}, ()>::{closure#1} as core[df12db4294e9bfd3]::ops::function::FnOnce<()>>::call_once::{shim:vtable#0}
[INFO] [stdout]   25:     0x55ca0638e2b9 - <std[70759c8f55707aa4]::sys::thread::unix::Thread>::new::thread_start
[INFO] [stdout]   26:     0x73eb4495fdfa - <unknown>
[INFO] [stdout]   27:     0x73eb449f33d4 - clone
[INFO] [stdout]   28:                0x0 - <unknown>
[INFO] [stdout] 
[INFO] [stdout] ---- multisig_spending_tests::it_spends_multisig_values::case_2::blocks_to_lock_2_1 stdout ----
[INFO] [stdout] 
[INFO] [stdout] thread 'multisig_spending_tests::it_spends_multisig_values::case_2::blocks_to_lock_2_1' (3654) panicked at tests/multisig.rs:241:57:
[INFO] [stdout] called `Result::unwrap()` on an `Err` value: Runtime { operation: "connect to container engine", resource: "container engine", diagnostics: "connect to container engine: Socket not found: /var/run/docker.sock", source: connect to container engine: Socket not found: /var/run/docker.sock: Socket not found: /var/run/docker.sock }
[INFO] [stdout] stack backtrace:
[INFO] [stdout]    0:     0x55ca0638ed91 - <<std[70759c8f55707aa4]::sys::backtrace::BacktraceLock>::print::DisplayBacktrace as core[df12db4294e9bfd3]::fmt::Display>::fmt
[INFO] [stdout]    1:     0x55ca063a60ba - core[df12db4294e9bfd3]::fmt::write
[INFO] [stdout]    2:     0x55ca06393d4c - <alloc[2182bb758b4b3781]::vec::Vec<u8> as core[df12db4294e9bfd3]::io::write::Write>::write_fmt
[INFO] [stdout]    3:     0x55ca06369586 - std[70759c8f55707aa4]::panicking::default_hook::{closure#0}
[INFO] [stdout]    4:     0x55ca06386529 - std[70759c8f55707aa4]::panicking::default_hook
[INFO] [stdout]    5:     0x55ca05eabd30 - test[9d35eded1c95d3be]::test_main_inner::<test[9d35eded1c95d3be]::test_main_static::{closure#0}>::{closure#0}
[INFO] [stdout]    6:     0x55ca06386852 - std[70759c8f55707aa4]::panicking::panic_with_hook
[INFO] [stdout]    7:     0x55ca06369632 - std[70759c8f55707aa4]::panicking::panic_handler::{closure#0}
[INFO] [stdout]    8:     0x55ca06362239 - std[70759c8f55707aa4]::sys::backtrace::__rust_end_short_backtrace::<std[70759c8f55707aa4]::panicking::panic_handler::{closure#0}, !>
[INFO] [stdout]    9:     0x55ca0636a41d - __rustc[8fa7c3cbc660c2b3]::rust_begin_unwind
[INFO] [stdout]   10:     0x55ca063a681c - core[df12db4294e9bfd3]::panicking::panic_fmt
[INFO] [stdout]   11:     0x55ca063a65f2 - core[df12db4294e9bfd3]::result::unwrap_failed
[INFO] [stdout]   12:     0x55ca05e18331 - multisig[63e0dbebba8a38e4]::multisig_spending_tests::it_spends_multisig_values::{closure#0}
[INFO] [stdout]   13:     0x55ca05e1f429 - multisig[63e0dbebba8a38e4]::multisig_spending_tests::it_spends_multisig_values::case_2::blocks_to_lock_2_1::{closure#0}
[INFO] [stdout]   14:     0x55ca05d962d3 - <tokio[64434016aa89fa05]::runtime::scheduler::current_thread::Context>::enter::<core[df12db4294e9bfd3]::task::poll::Poll<()>, <tokio[64434016aa89fa05]::runtime::scheduler::current_thread::CoreGuard>::block_on<core[df12db4294e9bfd3]::pin::Pin<&mut core[df12db4294e9bfd3]::pin::Pin<&mut dyn core[df12db4294e9bfd3]::future::future::Future<Output = ()>>>>::{closure#0}::{closure#0}>
[INFO] [stdout]   15:     0x55ca05d7ab9c - <tokio[64434016aa89fa05]::runtime::context::scoped::Scoped<tokio[64434016aa89fa05]::runtime::scheduler::Context>>::set::<<tokio[64434016aa89fa05]::runtime::scheduler::current_thread::CoreGuard>::enter<<tokio[64434016aa89fa05]::runtime::scheduler::current_thread::CoreGuard>::block_on<core[df12db4294e9bfd3]::pin::Pin<&mut core[df12db4294e9bfd3]::pin::Pin<&mut dyn core[df12db4294e9bfd3]::future::future::Future<Output = ()>>>>::{closure#0}, core[df12db4294e9bfd3]::option::Option<()>>::{closure#0}, (alloc[2182bb758b4b3781]::boxed::Box<tokio[64434016aa89fa05]::runtime::scheduler::current_thread::Core>, core[df12db4294e9bfd3]::option::Option<()>)>
[INFO] [stdout]   16:     0x55ca05d96867 - <tokio[64434016aa89fa05]::runtime::scheduler::current_thread::CoreGuard>::block_on::<core[df12db4294e9bfd3]::pin::Pin<&mut core[df12db4294e9bfd3]::pin::Pin<&mut dyn core[df12db4294e9bfd3]::future::future::Future<Output = ()>>>>
[INFO] [stdout]   17:     0x55ca05d8be76 - tokio[64434016aa89fa05]::runtime::context::runtime::enter_runtime::<<tokio[64434016aa89fa05]::runtime::scheduler::current_thread::CurrentThread>::block_on<core[df12db4294e9bfd3]::pin::Pin<&mut dyn core[df12db4294e9bfd3]::future::future::Future<Output = ()>>>::{closure#0}, ()>
[INFO] [stdout]   18:     0x55ca05d7a406 - <tokio[64434016aa89fa05]::runtime::runtime::Runtime>::block_on::<core[df12db4294e9bfd3]::pin::Pin<&mut dyn core[df12db4294e9bfd3]::future::future::Future<Output = ()>>>
[INFO] [stdout]   19:     0x55ca05e2180a - multisig[63e0dbebba8a38e4]::multisig_spending_tests::it_spends_multisig_values::case_2::blocks_to_lock_2_1
[INFO] [stdout]   20:     0x55ca05db06e9 - <multisig[63e0dbebba8a38e4]::multisig_spending_tests::it_spends_multisig_values::case_2::blocks_to_lock_2_1::{closure#0} as core[df12db4294e9bfd3]::ops::function::FnOnce<()>>::call_once
[INFO] [stdout]   21:     0x55ca05e9f01b - test[9d35eded1c95d3be]::__rust_begin_short_backtrace::<core[df12db4294e9bfd3]::result::Result<(), alloc[2182bb758b4b3781]::string::String>, fn() -> core[df12db4294e9bfd3]::result::Result<(), alloc[2182bb758b4b3781]::string::String>>
[INFO] [stdout]   22:     0x55ca05eac685 - test[9d35eded1c95d3be]::run_test::{closure#0}
[INFO] [stdout]   23:     0x55ca05ea5f44 - std[70759c8f55707aa4]::sys::backtrace::__rust_begin_short_backtrace::<test[9d35eded1c95d3be]::run_test::{closure#1}, ()>
[INFO] [stdout]   24:     0x55ca05eaf7e2 - <std[70759c8f55707aa4]::thread::lifecycle::spawn_unchecked<test[9d35eded1c95d3be]::run_test::{closure#1}, ()>::{closure#1} as core[df12db4294e9bfd3]::ops::function::FnOnce<()>>::call_once::{shim:vtable#0}
[INFO] [stdout]   25:     0x55ca0638e2b9 - <std[70759c8f55707aa4]::sys::thread::unix::Thread>::new::thread_start
[INFO] [stdout]   26:     0x73eb4495fdfa - <unknown>
[INFO] [stdout]   27:     0x73eb449f33d4 - clone
[INFO] [stdout]   28:                0x0 - <unknown>
[INFO] [stdout] 
[INFO] [stdout] ---- multisig_spending_tests::it_spends_multisig_values::case_2::blocks_to_lock_1_0 stdout ----
[INFO] [stdout] 
[INFO] [stdout] thread 'multisig_spending_tests::it_spends_multisig_values::case_2::blocks_to_lock_1_0' (3653) panicked at tests/multisig.rs:241:57:
[INFO] [stdout] called `Result::unwrap()` on an `Err` value: Runtime { operation: "connect to container engine", resource: "container engine", diagnostics: "connect to container engine: Socket not found: /var/run/docker.sock", source: connect to container engine: Socket not found: /var/run/docker.sock: Socket not found: /var/run/docker.sock }
[INFO] [stdout] stack backtrace:
[INFO] [stdout]    0:     0x55ca0638ed91 - <<std[70759c8f55707aa4]::sys::backtrace::BacktraceLock>::print::DisplayBacktrace as core[df12db4294e9bfd3]::fmt::Display>::fmt
[INFO] [stdout]    1:     0x55ca063a60ba - core[df12db4294e9bfd3]::fmt::write
[INFO] [stdout]    2:     0x55ca06393d4c - <alloc[2182bb758b4b3781]::vec::Vec<u8> as core[df12db4294e9bfd3]::io::write::Write>::write_fmt
[INFO] [stdout]    3:     0x55ca06369586 - std[70759c8f55707aa4]::panicking::default_hook::{closure#0}
[INFO] [stdout]    4:     0x55ca06386529 - std[70759c8f55707aa4]::panicking::default_hook
[INFO] [stdout]    5:     0x55ca05eabd30 - test[9d35eded1c95d3be]::test_main_inner::<test[9d35eded1c95d3be]::test_main_static::{closure#0}>::{closure#0}
[INFO] [stdout]    6:     0x55ca06386852 - std[70759c8f55707aa4]::panicking::panic_with_hook
[INFO] [stdout]    7:     0x55ca06369632 - std[70759c8f55707aa4]::panicking::panic_handler::{closure#0}
[INFO] [stdout]    8:     0x55ca06362239 - std[70759c8f55707aa4]::sys::backtrace::__rust_end_short_backtrace::<std[70759c8f55707aa4]::panicking::panic_handler::{closure#0}, !>
[INFO] [stdout]    9:     0x55ca0636a41d - __rustc[8fa7c3cbc660c2b3]::rust_begin_unwind
[INFO] [stdout]   10:     0x55ca063a681c - core[df12db4294e9bfd3]::panicking::panic_fmt
[INFO] [stdout]   11:     0x55ca063a65f2 - core[df12db4294e9bfd3]::result::unwrap_failed
[INFO] [stdout]   12:     0x55ca05e18331 - multisig[63e0dbebba8a38e4]::multisig_spending_tests::it_spends_multisig_values::{closure#0}
[INFO] [stdout]   13:     0x55ca05e1f359 - multisig[63e0dbebba8a38e4]::multisig_spending_tests::it_spends_multisig_values::case_2::blocks_to_lock_1_0::{closure#0}
[INFO] [stdout]   14:     0x55ca05d962d3 - <tokio[64434016aa89fa05]::runtime::scheduler::current_thread::Context>::enter::<core[df12db4294e9bfd3]::task::poll::Poll<()>, <tokio[64434016aa89fa05]::runtime::scheduler::current_thread::CoreGuard>::block_on<core[df12db4294e9bfd3]::pin::Pin<&mut core[df12db4294e9bfd3]::pin::Pin<&mut dyn core[df12db4294e9bfd3]::future::future::Future<Output = ()>>>>::{closure#0}::{closure#0}>
[INFO] [stdout]   15:     0x55ca05d7ab9c - <tokio[64434016aa89fa05]::runtime::context::scoped::Scoped<tokio[64434016aa89fa05]::runtime::scheduler::Context>>::set::<<tokio[64434016aa89fa05]::runtime::scheduler::current_thread::CoreGuard>::enter<<tokio[64434016aa89fa05]::runtime::scheduler::current_thread::CoreGuard>::block_on<core[df12db4294e9bfd3]::pin::Pin<&mut core[df12db4294e9bfd3]::pin::Pin<&mut dyn core[df12db4294e9bfd3]::future::future::Future<Output = ()>>>>::{closure#0}, core[df12db4294e9bfd3]::option::Option<()>>::{closure#0}, (alloc[2182bb758b4b3781]::boxed::Box<tokio[64434016aa89fa05]::runtime::scheduler::current_thread::Core>, core[df12db4294e9bfd3]::option::Option<()>)>
[INFO] [stdout]   16:     0x55ca05d96867 - <tokio[64434016aa89fa05]::runtime::scheduler::current_thread::CoreGuard>::block_on::<core[df12db4294e9bfd3]::pin::Pin<&mut core[df12db4294e9bfd3]::pin::Pin<&mut dyn core[df12db4294e9bfd3]::future::future::Future<Output = ()>>>>
[INFO] [stdout]   17:     0x55ca05d8be76 - tokio[64434016aa89fa05]::runtime::context::runtime::enter_runtime::<<tokio[64434016aa89fa05]::runtime::scheduler::current_thread::CurrentThread>::block_on<core[df12db4294e9bfd3]::pin::Pin<&mut dyn core[df12db4294e9bfd3]::future::future::Future<Output = ()>>>::{closure#0}, ()>
[INFO] [stdout]   18:     0x55ca05d7a406 - <tokio[64434016aa89fa05]::runtime::runtime::Runtime>::block_on::<core[df12db4294e9bfd3]::pin::Pin<&mut dyn core[df12db4294e9bfd3]::future::future::Future<Output = ()>>>
[INFO] [stdout]   19:     0x55ca05e2169a - multisig[63e0dbebba8a38e4]::multisig_spending_tests::it_spends_multisig_values::case_2::blocks_to_lock_1_0
[INFO] [stderr] error: test failed, to rerun pass `--test multisig`
[INFO] [stdout]   20:     0x55ca05db06c9 - <multisig[63e0dbebba8a38e4]::multisig_spending_tests::it_spends_multisig_values::case_2::blocks_to_lock_1_0::{closure#0} as core[df12db4294e9bfd3]::ops::function::FnOnce<()>>::call_once
[INFO] [stdout]   21:     0x55ca05e9f01b - test[9d35eded1c95d3be]::__rust_begin_short_backtrace::<core[df12db4294e9bfd3]::result::Result<(), alloc[2182bb758b4b3781]::string::String>, fn() -> core[df12db4294e9bfd3]::result::Result<(), alloc[2182bb758b4b3781]::string::String>>
[INFO] [stdout]   22:     0x55ca05eac685 - test[9d35eded1c95d3be]::run_test::{closure#0}
[INFO] [stdout]   23:     0x55ca05ea5f44 - std[70759c8f55707aa4]::sys::backtrace::__rust_begin_short_backtrace::<test[9d35eded1c95d3be]::run_test::{closure#1}, ()>
[INFO] [stdout]   24:     0x55ca05eaf7e2 - <std[70759c8f55707aa4]::thread::lifecycle::spawn_unchecked<test[9d35eded1c95d3be]::run_test::{closure#1}, ()>::{closure#1} as core[df12db4294e9bfd3]::ops::function::FnOnce<()>>::call_once::{shim:vtable#0}
[INFO] [stdout]   25:     0x55ca0638e2b9 - <std[70759c8f55707aa4]::sys::thread::unix::Thread>::new::thread_start
[INFO] [stdout]   26:     0x73eb4495fdfa - <unknown>
[INFO] [stdout]   27:     0x73eb449f33d4 - clone
[INFO] [stdout]   28:                0x0 - <unknown>
[INFO] [stdout] 
[INFO] [stdout] ---- multisig_spending_tests::it_spends_multisig_values::case_4::blocks_to_lock_2_1 stdout ----
[INFO] [stdout] 
[INFO] [stdout] thread 'multisig_spending_tests::it_spends_multisig_values::case_4::blocks_to_lock_2_1' (3660) panicked at tests/multisig.rs:241:57:
[INFO] [stdout] called `Result::unwrap()` on an `Err` value: Runtime { operation: "connect to container engine", resource: "container engine", diagnostics: "connect to container engine: Socket not found: /var/run/docker.sock", source: connect to container engine: Socket not found: /var/run/docker.sock: Socket not found: /var/run/docker.sock }
[INFO] [stdout] stack backtrace:
[INFO] [stdout]    0:     0x55ca0638ed91 - <<std[70759c8f55707aa4]::sys::backtrace::BacktraceLock>::print::DisplayBacktrace as core[df12db4294e9bfd3]::fmt::Display>::fmt
[INFO] [stdout]    1:     0x55ca063a60ba - core[df12db4294e9bfd3]::fmt::write
[INFO] [stdout]    2:     0x55ca06393d4c - <alloc[2182bb758b4b3781]::vec::Vec<u8> as core[df12db4294e9bfd3]::io::write::Write>::write_fmt
[INFO] [stdout]    3:     0x55ca06369586 - std[70759c8f55707aa4]::panicking::default_hook::{closure#0}
[INFO] [stdout]    4:     0x55ca06386529 - std[70759c8f55707aa4]::panicking::default_hook
[INFO] [stdout]    5:     0x55ca05eabd30 - test[9d35eded1c95d3be]::test_main_inner::<test[9d35eded1c95d3be]::test_main_static::{closure#0}>::{closure#0}
[INFO] [stdout]    6:     0x55ca06386852 - std[70759c8f55707aa4]::panicking::panic_with_hook
[INFO] [stdout]    7:     0x55ca06369632 - std[70759c8f55707aa4]::panicking::panic_handler::{closure#0}
[INFO] [stdout]    8:     0x55ca06362239 - std[70759c8f55707aa4]::sys::backtrace::__rust_end_short_backtrace::<std[70759c8f55707aa4]::panicking::panic_handler::{closure#0}, !>
[INFO] [stdout]    9:     0x55ca0636a41d - __rustc[8fa7c3cbc660c2b3]::rust_begin_unwind
[INFO] [stdout]   10:     0x55ca063a681c - core[df12db4294e9bfd3]::panicking::panic_fmt
[INFO] [stdout]   11:     0x55ca063a65f2 - core[df12db4294e9bfd3]::result::unwrap_failed
[INFO] [stdout]   12:     0x55ca05d6fc9d - multisig[63e0dbebba8a38e4]::multisig_spending_tests::it_spends_multisig_values::{closure#0}
[INFO] [stdout]   13:     0x55ca05d76c49 - multisig[63e0dbebba8a38e4]::multisig_spending_tests::it_spends_multisig_values::case_4::blocks_to_lock_2_1::{closure#0}
[INFO] [stdout]   14:     0x55ca05d962d3 - <tokio[64434016aa89fa05]::runtime::scheduler::current_thread::Context>::enter::<core[df12db4294e9bfd3]::task::poll::Poll<()>, <tokio[64434016aa89fa05]::runtime::scheduler::current_thread::CoreGuard>::block_on<core[df12db4294e9bfd3]::pin::Pin<&mut core[df12db4294e9bfd3]::pin::Pin<&mut dyn core[df12db4294e9bfd3]::future::future::Future<Output = ()>>>>::{closure#0}::{closure#0}>
[INFO] [stdout]   15:     0x55ca05d7ab9c - <tokio[64434016aa89fa05]::runtime::context::scoped::Scoped<tokio[64434016aa89fa05]::runtime::scheduler::Context>>::set::<<tokio[64434016aa89fa05]::runtime::scheduler::current_thread::CoreGuard>::enter<<tokio[64434016aa89fa05]::runtime::scheduler::current_thread::CoreGuard>::block_on<core[df12db4294e9bfd3]::pin::Pin<&mut core[df12db4294e9bfd3]::pin::Pin<&mut dyn core[df12db4294e9bfd3]::future::future::Future<Output = ()>>>>::{closure#0}, core[df12db4294e9bfd3]::option::Option<()>>::{closure#0}, (alloc[2182bb758b4b3781]::boxed::Box<tokio[64434016aa89fa05]::runtime::scheduler::current_thread::Core>, core[df12db4294e9bfd3]::option::Option<()>)>
[INFO] [stdout]   16:     0x55ca05d96867 - <tokio[64434016aa89fa05]::runtime::scheduler::current_thread::CoreGuard>::block_on::<core[df12db4294e9bfd3]::pin::Pin<&mut core[df12db4294e9bfd3]::pin::Pin<&mut dyn core[df12db4294e9bfd3]::future::future::Future<Output = ()>>>>
[INFO] [stdout]   17:     0x55ca05d8be76 - tokio[64434016aa89fa05]::runtime::context::runtime::enter_runtime::<<tokio[64434016aa89fa05]::runtime::scheduler::current_thread::CurrentThread>::block_on<core[df12db4294e9bfd3]::pin::Pin<&mut dyn core[df12db4294e9bfd3]::future::future::Future<Output = ()>>>::{closure#0}, ()>
[INFO] [stdout]   18:     0x55ca05d7a406 - <tokio[64434016aa89fa05]::runtime::runtime::Runtime>::block_on::<core[df12db4294e9bfd3]::pin::Pin<&mut dyn core[df12db4294e9bfd3]::future::future::Future<Output = ()>>>
[INFO] [stdout]   19:     0x55ca05d7768a - multisig[63e0dbebba8a38e4]::multisig_spending_tests::it_spends_multisig_values::case_4::blocks_to_lock_2_1
[INFO] [stdout]   20:     0x55ca05db07a9 - <multisig[63e0dbebba8a38e4]::multisig_spending_tests::it_spends_multisig_values::case_4::blocks_to_lock_2_1::{closure#0} as core[df12db4294e9bfd3]::ops::function::FnOnce<()>>::call_once
[INFO] [stdout]   21:     0x55ca05e9f01b - test[9d35eded1c95d3be]::__rust_begin_short_backtrace::<core[df12db4294e9bfd3]::result::Result<(), alloc[2182bb758b4b3781]::string::String>, fn() -> core[df12db4294e9bfd3]::result::Result<(), alloc[2182bb758b4b3781]::string::String>>
[INFO] [stdout]   22:     0x55ca05eac685 - test[9d35eded1c95d3be]::run_test::{closure#0}
[INFO] [stdout]   23:     0x55ca05ea5f44 - std[70759c8f55707aa4]::sys::backtrace::__rust_begin_short_backtrace::<test[9d35eded1c95d3be]::run_test::{closure#1}, ()>
[INFO] [stdout]   24:     0x55ca05eaf7e2 - <std[70759c8f55707aa4]::thread::lifecycle::spawn_unchecked<test[9d35eded1c95d3be]::run_test::{closure#1}, ()>::{closure#1} as core[df12db4294e9bfd3]::ops::function::FnOnce<()>>::call_once::{shim:vtable#0}
[INFO] [stdout]   25:     0x55ca0638e2b9 - <std[70759c8f55707aa4]::sys::thread::unix::Thread>::new::thread_start
[INFO] [stdout]   26:     0x73eb4495fdfa - <unknown>
[INFO] [stdout]   27:     0x73eb449f33d4 - clone
[INFO] [stdout]   28:                0x0 - <unknown>
[INFO] [stdout] 
[INFO] [stdout] ---- multisig_spending_tests::it_spends_multisig_values::case_3::blocks_to_lock_2_1 stdout ----
[INFO] [stdout] 
[INFO] [stdout] thread 'multisig_spending_tests::it_spends_multisig_values::case_3::blocks_to_lock_2_1' (3657) panicked at tests/multisig.rs:241:57:
[INFO] [stdout] called `Result::unwrap()` on an `Err` value: Runtime { operation: "connect to container engine", resource: "container engine", diagnostics: "connect to container engine: Socket not found: /var/run/docker.sock", source: connect to container engine: Socket not found: /var/run/docker.sock: Socket not found: /var/run/docker.sock }
[INFO] [stdout] stack backtrace:
[INFO] [stdout]    0:     0x55ca0638ed91 - <<std[70759c8f55707aa4]::sys::backtrace::BacktraceLock>::print::DisplayBacktrace as core[df12db4294e9bfd3]::fmt::Display>::fmt
[INFO] [stdout]    1:     0x55ca063a60ba - core[df12db4294e9bfd3]::fmt::write
[INFO] [stdout]    2:     0x55ca06393d4c - <alloc[2182bb758b4b3781]::vec::Vec<u8> as core[df12db4294e9bfd3]::io::write::Write>::write_fmt
[INFO] [stdout]    3:     0x55ca06369586 - std[70759c8f55707aa4]::panicking::default_hook::{closure#0}
[INFO] [stdout]    4:     0x55ca06386529 - std[70759c8f55707aa4]::panicking::default_hook
[INFO] [stdout]    5:     0x55ca05eabd30 - test[9d35eded1c95d3be]::test_main_inner::<test[9d35eded1c95d3be]::test_main_static::{closure#0}>::{closure#0}
[INFO] [stdout]    6:     0x55ca06386852 - std[70759c8f55707aa4]::panicking::panic_with_hook
[INFO] [stdout]    7:     0x55ca06369632 - std[70759c8f55707aa4]::panicking::panic_handler::{closure#0}
[INFO] [stdout]    8:     0x55ca06362239 - std[70759c8f55707aa4]::sys::backtrace::__rust_end_short_backtrace::<std[70759c8f55707aa4]::panicking::panic_handler::{closure#0}, !>
[INFO] [stdout]    9:     0x55ca0636a41d - __rustc[8fa7c3cbc660c2b3]::rust_begin_unwind
[INFO] [stdout]   10:     0x55ca063a681c - core[df12db4294e9bfd3]::panicking::panic_fmt
[INFO] [stdout]   11:     0x55ca063a65f2 - core[df12db4294e9bfd3]::result::unwrap_failed
[INFO] [stdout]   12:     0x55ca05e38bbb - multisig[63e0dbebba8a38e4]::multisig_spending_tests::it_spends_multisig_values::{closure#0}
[INFO] [stdout]   13:     0x55ca05e3fb69 - multisig[63e0dbebba8a38e4]::multisig_spending_tests::it_spends_multisig_values::case_3::blocks_to_lock_2_1::{closure#0}
[INFO] [stdout]   14:     0x55ca05d962d3 - <tokio[64434016aa89fa05]::runtime::scheduler::current_thread::Context>::enter::<core[df12db4294e9bfd3]::task::poll::Poll<()>, <tokio[64434016aa89fa05]::runtime::scheduler::current_thread::CoreGuard>::block_on<core[df12db4294e9bfd3]::pin::Pin<&mut core[df12db4294e9bfd3]::pin::Pin<&mut dyn core[df12db4294e9bfd3]::future::future::Future<Output = ()>>>>::{closure#0}::{closure#0}>
[INFO] [stdout]   15:     0x55ca05d7ab9c - <tokio[64434016aa89fa05]::runtime::context::scoped::Scoped<tokio[64434016aa89fa05]::runtime::scheduler::Context>>::set::<<tokio[64434016aa89fa05]::runtime::scheduler::current_thread::CoreGuard>::enter<<tokio[64434016aa89fa05]::runtime::scheduler::current_thread::CoreGuard>::block_on<core[df12db4294e9bfd3]::pin::Pin<&mut core[df12db4294e9bfd3]::pin::Pin<&mut dyn core[df12db4294e9bfd3]::future::future::Future<Output = ()>>>>::{closure#0}, core[df12db4294e9bfd3]::option::Option<()>>::{closure#0}, (alloc[2182bb758b4b3781]::boxed::Box<tokio[64434016aa89fa05]::runtime::scheduler::current_thread::Core>, core[df12db4294e9bfd3]::option::Option<()>)>
[INFO] [stdout]   16:     0x55ca05d96867 - <tokio[64434016aa89fa05]::runtime::scheduler::current_thread::CoreGuard>::block_on::<core[df12db4294e9bfd3]::pin::Pin<&mut core[df12db4294e9bfd3]::pin::Pin<&mut dyn core[df12db4294e9bfd3]::future::future::Future<Output = ()>>>>
[INFO] [stdout]   17:     0x55ca05d8be76 - tokio[64434016aa89fa05]::runtime::context::runtime::enter_runtime::<<tokio[64434016aa89fa05]::runtime::scheduler::current_thread::CurrentThread>::block_on<core[df12db4294e9bfd3]::pin::Pin<&mut dyn core[df12db4294e9bfd3]::future::future::Future<Output = ()>>>::{closure#0}, ()>
[INFO] [stdout]   18:     0x55ca05d7a406 - <tokio[64434016aa89fa05]::runtime::runtime::Runtime>::block_on::<core[df12db4294e9bfd3]::pin::Pin<&mut dyn core[df12db4294e9bfd3]::future::future::Future<Output = ()>>>
[INFO] [stdout]   19:     0x55ca05e4486a - multisig[63e0dbebba8a38e4]::multisig_spending_tests::it_spends_multisig_values::case_3::blocks_to_lock_2_1
[INFO] [stdout]   20:     0x55ca05db0749 - <multisig[63e0dbebba8a38e4]::multisig_spending_tests::it_spends_multisig_values::case_3::blocks_to_lock_2_1::{closure#0} as core[df12db4294e9bfd3]::ops::function::FnOnce<()>>::call_once
[INFO] [stdout]   21:     0x55ca05e9f01b - test[9d35eded1c95d3be]::__rust_begin_short_backtrace::<core[df12db4294e9bfd3]::result::Result<(), alloc[2182bb758b4b3781]::string::String>, fn() -> core[df12db4294e9bfd3]::result::Result<(), alloc[2182bb758b4b3781]::string::String>>
[INFO] [stdout]   22:     0x55ca05eac685 - test[9d35eded1c95d3be]::run_test::{closure#0}
[INFO] [stdout]   23:     0x55ca05ea5f44 - std[70759c8f55707aa4]::sys::backtrace::__rust_begin_short_backtrace::<test[9d35eded1c95d3be]::run_test::{closure#1}, ()>
[INFO] [stdout]   24:     0x55ca05eaf7e2 - <std[70759c8f55707aa4]::thread::lifecycle::spawn_unchecked<test[9d35eded1c95d3be]::run_test::{closure#1}, ()>::{closure#1} as core[df12db4294e9bfd3]::ops::function::FnOnce<()>>::call_once::{shim:vtable#0}
[INFO] [stdout]   25:     0x55ca0638e2b9 - <std[70759c8f55707aa4]::sys::thread::unix::Thread>::new::thread_start
[INFO] [stdout]   26:     0x73eb4495fdfa - <unknown>
[INFO] [stdout]   27:     0x73eb449f33d4 - clone
[INFO] [stdout]   28:                0x0 - <unknown>
[INFO] [stdout] 
[INFO] [stdout] ---- multisig_spending_tests::it_spends_multisig_values::case_4::blocks_to_lock_1_0 stdout ----
[INFO] [stdout] 
[INFO] [stdout] thread 'multisig_spending_tests::it_spends_multisig_values::case_4::blocks_to_lock_1_0' (3659) panicked at tests/multisig.rs:241:57:
[INFO] [stdout] called `Result::unwrap()` on an `Err` value: Runtime { operation: "connect to container engine", resource: "container engine", diagnostics: "connect to container engine: Socket not found: /var/run/docker.sock", source: connect to container engine: Socket not found: /var/run/docker.sock: Socket not found: /var/run/docker.sock }
[INFO] [stdout] stack backtrace:
[INFO] [stdout]    0:     0x55ca0638ed91 - <<std[70759c8f55707aa4]::sys::backtrace::BacktraceLock>::print::DisplayBacktrace as core[df12db4294e9bfd3]::fmt::Display>::fmt
[INFO] [stdout]    1:     0x55ca063a60ba - core[df12db4294e9bfd3]::fmt::write
[INFO] [stdout]    2:     0x55ca06393d4c - <alloc[2182bb758b4b3781]::vec::Vec<u8> as core[df12db4294e9bfd3]::io::write::Write>::write_fmt
[INFO] [stdout]    3:     0x55ca06369586 - std[70759c8f55707aa4]::panicking::default_hook::{closure#0}
[INFO] [stdout]    4:     0x55ca06386529 - std[70759c8f55707aa4]::panicking::default_hook
[INFO] [stdout]    5:     0x55ca05eabd30 - test[9d35eded1c95d3be]::test_main_inner::<test[9d35eded1c95d3be]::test_main_static::{closure#0}>::{closure#0}
[INFO] [stdout]    6:     0x55ca06386852 - std[70759c8f55707aa4]::panicking::panic_with_hook
[INFO] [stdout]    7:     0x55ca06369632 - std[70759c8f55707aa4]::panicking::panic_handler::{closure#0}
[INFO] [stdout]    8:     0x55ca06362239 - std[70759c8f55707aa4]::sys::backtrace::__rust_end_short_backtrace::<std[70759c8f55707aa4]::panicking::panic_handler::{closure#0}, !>
[INFO] [stdout]    9:     0x55ca0636a41d - __rustc[8fa7c3cbc660c2b3]::rust_begin_unwind
[INFO] [stdout]   10:     0x55ca063a681c - core[df12db4294e9bfd3]::panicking::panic_fmt
[INFO] [stdout]   11:     0x55ca063a65f2 - core[df12db4294e9bfd3]::result::unwrap_failed
[INFO] [stdout]   12:     0x55ca05d6fc9d - multisig[63e0dbebba8a38e4]::multisig_spending_tests::it_spends_multisig_values::{closure#0}
[INFO] [stdout]   13:     0x55ca05d76b79 - multisig[63e0dbebba8a38e4]::multisig_spending_tests::it_spends_multisig_values::case_4::blocks_to_lock_1_0::{closure#0}
[INFO] [stdout]   14:     0x55ca05d962d3 - <tokio[64434016aa89fa05]::runtime::scheduler::current_thread::Context>::enter::<core[df12db4294e9bfd3]::task::poll::Poll<()>, <tokio[64434016aa89fa05]::runtime::scheduler::current_thread::CoreGuard>::block_on<core[df12db4294e9bfd3]::pin::Pin<&mut core[df12db4294e9bfd3]::pin::Pin<&mut dyn core[df12db4294e9bfd3]::future::future::Future<Output = ()>>>>::{closure#0}::{closure#0}>
[INFO] [stdout]   15:     0x55ca05d7ab9c - <tokio[64434016aa89fa05]::runtime::context::scoped::Scoped<tokio[64434016aa89fa05]::runtime::scheduler::Context>>::set::<<tokio[64434016aa89fa05]::runtime::scheduler::current_thread::CoreGuard>::enter<<tokio[64434016aa89fa05]::runtime::scheduler::current_thread::CoreGuard>::block_on<core[df12db4294e9bfd3]::pin::Pin<&mut core[df12db4294e9bfd3]::pin::Pin<&mut dyn core[df12db4294e9bfd3]::future::future::Future<Output = ()>>>>::{closure#0}, core[df12db4294e9bfd3]::option::Option<()>>::{closure#0}, (alloc[2182bb758b4b3781]::boxed::Box<tokio[64434016aa89fa05]::runtime::scheduler::current_thread::Core>, core[df12db4294e9bfd3]::option::Option<()>)>
[INFO] [stdout]   16:     0x55ca05d96867 - <tokio[64434016aa89fa05]::runtime::scheduler::current_thread::CoreGuard>::block_on::<core[df12db4294e9bfd3]::pin::Pin<&mut core[df12db4294e9bfd3]::pin::Pin<&mut dyn core[df12db4294e9bfd3]::future::future::Future<Output = ()>>>>
[INFO] [stdout]   17:     0x55ca05d8be76 - tokio[64434016aa89fa05]::runtime::context::runtime::enter_runtime::<<tokio[64434016aa89fa05]::runtime::scheduler::current_thread::CurrentThread>::block_on<core[df12db4294e9bfd3]::pin::Pin<&mut dyn core[df12db4294e9bfd3]::future::future::Future<Output = ()>>>::{closure#0}, ()>
[INFO] [stdout]   18:     0x55ca05d7a406 - <tokio[64434016aa89fa05]::runtime::runtime::Runtime>::block_on::<core[df12db4294e9bfd3]::pin::Pin<&mut dyn core[df12db4294e9bfd3]::future::future::Future<Output = ()>>>
[INFO] [stdout]   19:     0x55ca05d7751a - multisig[63e0dbebba8a38e4]::multisig_spending_tests::it_spends_multisig_values::case_4::blocks_to_lock_1_0
[INFO] [stdout]   20:     0x55ca05db0789 - <multisig[63e0dbebba8a38e4]::multisig_spending_tests::it_spends_multisig_values::case_4::blocks_to_lock_1_0::{closure#0} as core[df12db4294e9bfd3]::ops::function::FnOnce<()>>::call_once
[INFO] [stdout]   21:     0x55ca05e9f01b - test[9d35eded1c95d3be]::__rust_begin_short_backtrace::<core[df12db4294e9bfd3]::result::Result<(), alloc[2182bb758b4b3781]::string::String>, fn() -> core[df12db4294e9bfd3]::result::Result<(), alloc[2182bb758b4b3781]::string::String>>
[INFO] [stdout]   22:     0x55ca05eac685 - test[9d35eded1c95d3be]::run_test::{closure#0}
[INFO] [stdout]   23:     0x55ca05ea5f44 - std[70759c8f55707aa4]::sys::backtrace::__rust_begin_short_backtrace::<test[9d35eded1c95d3be]::run_test::{closure#1}, ()>
[INFO] [stdout]   24:     0x55ca05eaf7e2 - <std[70759c8f55707aa4]::thread::lifecycle::spawn_unchecked<test[9d35eded1c95d3be]::run_test::{closure#1}, ()>::{closure#1} as core[df12db4294e9bfd3]::ops::function::FnOnce<()>>::call_once::{shim:vtable#0}
[INFO] [stdout]   25:     0x55ca0638e2b9 - <std[70759c8f55707aa4]::sys::thread::unix::Thread>::new::thread_start
[INFO] [stdout]   26:     0x73eb4495fdfa - <unknown>
[INFO] [stdout]   27:     0x73eb449f33d4 - clone
[INFO] [stdout]   28:                0x0 - <unknown>
[INFO] [stdout] 
[INFO] [stdout] ---- multisig_spending_tests::it_spends_multisig_values::case_4::blocks_to_lock_3_5 stdout ----
[INFO] [stdout] 
[INFO] [stdout] thread 'multisig_spending_tests::it_spends_multisig_values::case_4::blocks_to_lock_3_5' (3661) panicked at tests/multisig.rs:241:57:
[INFO] [stdout] called `Result::unwrap()` on an `Err` value: Runtime { operation: "connect to container engine", resource: "container engine", diagnostics: "connect to container engine: Socket not found: /var/run/docker.sock", source: connect to container engine: Socket not found: /var/run/docker.sock: Socket not found: /var/run/docker.sock }
[INFO] [stdout] stack backtrace:
[INFO] [stdout]    0:     0x55ca0638ed91 - <<std[70759c8f55707aa4]::sys::backtrace::BacktraceLock>::print::DisplayBacktrace as core[df12db4294e9bfd3]::fmt::Display>::fmt
[INFO] [stdout]    1:     0x55ca063a60ba - core[df12db4294e9bfd3]::fmt::write
[INFO] [stdout]    2:     0x55ca06393d4c - <alloc[2182bb758b4b3781]::vec::Vec<u8> as core[df12db4294e9bfd3]::io::write::Write>::write_fmt
[INFO] [stdout]    3:     0x55ca06369586 - std[70759c8f55707aa4]::panicking::default_hook::{closure#0}
[INFO] [stdout]    4:     0x55ca06386529 - std[70759c8f55707aa4]::panicking::default_hook
[INFO] [stdout]    5:     0x55ca05eabd30 - test[9d35eded1c95d3be]::test_main_inner::<test[9d35eded1c95d3be]::test_main_static::{closure#0}>::{closure#0}
[INFO] [stdout]    6:     0x55ca06386852 - std[70759c8f55707aa4]::panicking::panic_with_hook
[INFO] [stdout]    7:     0x55ca06369632 - std[70759c8f55707aa4]::panicking::panic_handler::{closure#0}
[INFO] [stdout]    8:     0x55ca06362239 - std[70759c8f55707aa4]::sys::backtrace::__rust_end_short_backtrace::<std[70759c8f55707aa4]::panicking::panic_handler::{closure#0}, !>
[INFO] [stdout]    9:     0x55ca0636a41d - __rustc[8fa7c3cbc660c2b3]::rust_begin_unwind
[INFO] [stdout]   10:     0x55ca063a681c - core[df12db4294e9bfd3]::panicking::panic_fmt
[INFO] [stdout]   11:     0x55ca063a65f2 - core[df12db4294e9bfd3]::result::unwrap_failed
[INFO] [stdout]   12:     0x55ca05d6fc9d - multisig[63e0dbebba8a38e4]::multisig_spending_tests::it_spends_multisig_values::{closure#0}
[INFO] [stdout]   13:     0x55ca05d76d19 - multisig[63e0dbebba8a38e4]::multisig_spending_tests::it_spends_multisig_values::case_4::blocks_to_lock_3_5::{closure#0}
[INFO] [stdout]   14:     0x55ca05d962d3 - <tokio[64434016aa89fa05]::runtime::scheduler::current_thread::Context>::enter::<core[df12db4294e9bfd3]::task::poll::Poll<()>, <tokio[64434016aa89fa05]::runtime::scheduler::current_thread::CoreGuard>::block_on<core[df12db4294e9bfd3]::pin::Pin<&mut core[df12db4294e9bfd3]::pin::Pin<&mut dyn core[df12db4294e9bfd3]::future::future::Future<Output = ()>>>>::{closure#0}::{closure#0}>
[INFO] [stdout]   15:     0x55ca05d7ab9c - <tokio[64434016aa89fa05]::runtime::context::scoped::Scoped<tokio[64434016aa89fa05]::runtime::scheduler::Context>>::set::<<tokio[64434016aa89fa05]::runtime::scheduler::current_thread::CoreGuard>::enter<<tokio[64434016aa89fa05]::runtime::scheduler::current_thread::CoreGuard>::block_on<core[df12db4294e9bfd3]::pin::Pin<&mut core[df12db4294e9bfd3]::pin::Pin<&mut dyn core[df12db4294e9bfd3]::future::future::Future<Output = ()>>>>::{closure#0}, core[df12db4294e9bfd3]::option::Option<()>>::{closure#0}, (alloc[2182bb758b4b3781]::boxed::Box<tokio[64434016aa89fa05]::runtime::scheduler::current_thread::Core>, core[df12db4294e9bfd3]::option::Option<()>)>
[INFO] [stdout]   16:     0x55ca05d96867 - <tokio[64434016aa89fa05]::runtime::scheduler::current_thread::CoreGuard>::block_on::<core[df12db4294e9bfd3]::pin::Pin<&mut core[df12db4294e9bfd3]::pin::Pin<&mut dyn core[df12db4294e9bfd3]::future::future::Future<Output = ()>>>>
[INFO] [stdout]   17:     0x55ca05d8be76 - tokio[64434016aa89fa05]::runtime::context::runtime::enter_runtime::<<tokio[64434016aa89fa05]::runtime::scheduler::current_thread::CurrentThread>::block_on<core[df12db4294e9bfd3]::pin::Pin<&mut dyn core[df12db4294e9bfd3]::future::future::Future<Output = ()>>>::{closure#0}, ()>
[INFO] [stdout]   18:     0x55ca05d7a406 - <tokio[64434016aa89fa05]::runtime::runtime::Runtime>::block_on::<core[df12db4294e9bfd3]::pin::Pin<&mut dyn core[df12db4294e9bfd3]::future::future::Future<Output = ()>>>
[INFO] [stdout]   19:     0x55ca05d777fa - multisig[63e0dbebba8a38e4]::multisig_spending_tests::it_spends_multisig_values::case_4::blocks_to_lock_3_5
[INFO] [stdout]   20:     0x55ca05db07c9 - <multisig[63e0dbebba8a38e4]::multisig_spending_tests::it_spends_multisig_values::case_4::blocks_to_lock_3_5::{closure#0} as core[df12db4294e9bfd3]::ops::function::FnOnce<()>>::call_once
[INFO] [stdout]   21:     0x55ca05e9f01b - test[9d35eded1c95d3be]::__rust_begin_short_backtrace::<core[df12db4294e9bfd3]::result::Result<(), alloc[2182bb758b4b3781]::string::String>, fn() -> core[df12db4294e9bfd3]::result::Result<(), alloc[2182bb758b4b3781]::string::String>>
[INFO] [stdout]   22:     0x55ca05eac685 - test[9d35eded1c95d3be]::run_test::{closure#0}
[INFO] [stdout]   23:     0x55ca05ea5f44 - std[70759c8f55707aa4]::sys::backtrace::__rust_begin_short_backtrace::<test[9d35eded1c95d3be]::run_test::{closure#1}, ()>
[INFO] [stdout]   24:     0x55ca05eaf7e2 - <std[70759c8f55707aa4]::thread::lifecycle::spawn_unchecked<test[9d35eded1c95d3be]::run_test::{closure#1}, ()>::{closure#1} as core[df12db4294e9bfd3]::ops::function::FnOnce<()>>::call_once::{shim:vtable#0}
[INFO] [stdout]   25:     0x55ca0638e2b9 - <std[70759c8f55707aa4]::sys::thread::unix::Thread>::new::thread_start
[INFO] [stdout]   26:     0x73eb4495fdfa - <unknown>
[INFO] [stdout]   27:     0x73eb449f33d4 - clone
[INFO] [stdout]   28:                0x0 - <unknown>
[INFO] [stdout] 
[INFO] [stdout] ---- multisig_spending_tests::it_spends_multisig_values::case_3::blocks_to_lock_3_5 stdout ----
[INFO] [stdout] 
[INFO] [stdout] thread 'multisig_spending_tests::it_spends_multisig_values::case_3::blocks_to_lock_3_5' (3658) panicked at tests/multisig.rs:241:57:
[INFO] [stdout] called `Result::unwrap()` on an `Err` value: Runtime { operation: "connect to container engine", resource: "container engine", diagnostics: "connect to container engine: Socket not found: /var/run/docker.sock", source: connect to container engine: Socket not found: /var/run/docker.sock: Socket not found: /var/run/docker.sock }
[INFO] [stdout] stack backtrace:
[INFO] [stdout]    0:     0x55ca0638ed91 - <<std[70759c8f55707aa4]::sys::backtrace::BacktraceLock>::print::DisplayBacktrace as core[df12db4294e9bfd3]::fmt::Display>::fmt
[INFO] [stdout]    1:     0x55ca063a60ba - core[df12db4294e9bfd3]::fmt::write
[INFO] [stdout]    2:     0x55ca06393d4c - <alloc[2182bb758b4b3781]::vec::Vec<u8> as core[df12db4294e9bfd3]::io::write::Write>::write_fmt
[INFO] [stdout]    3:     0x55ca06369586 - std[70759c8f55707aa4]::panicking::default_hook::{closure#0}
[INFO] [stdout]    4:     0x55ca06386529 - std[70759c8f55707aa4]::panicking::default_hook
[INFO] [stdout]    5:     0x55ca05eabd30 - test[9d35eded1c95d3be]::test_main_inner::<test[9d35eded1c95d3be]::test_main_static::{closure#0}>::{closure#0}
[INFO] [stdout]    6:     0x55ca06386852 - std[70759c8f55707aa4]::panicking::panic_with_hook
[INFO] [stdout]    7:     0x55ca06369632 - std[70759c8f55707aa4]::panicking::panic_handler::{closure#0}
[INFO] [stdout]    8:     0x55ca06362239 - std[70759c8f55707aa4]::sys::backtrace::__rust_end_short_backtrace::<std[70759c8f55707aa4]::panicking::panic_handler::{closure#0}, !>
[INFO] [stdout]    9:     0x55ca0636a41d - __rustc[8fa7c3cbc660c2b3]::rust_begin_unwind
[INFO] [stdout]   10:     0x55ca063a681c - core[df12db4294e9bfd3]::panicking::panic_fmt
[INFO] [stdout]   11:     0x55ca063a65f2 - core[df12db4294e9bfd3]::result::unwrap_failed
[INFO] [stdout]   12:     0x55ca05e38bbb - multisig[63e0dbebba8a38e4]::multisig_spending_tests::it_spends_multisig_values::{closure#0}
[INFO] [stdout]   13:     0x55ca05e3fc39 - multisig[63e0dbebba8a38e4]::multisig_spending_tests::it_spends_multisig_values::case_3::blocks_to_lock_3_5::{closure#0}
[INFO] [stdout]   14:     0x55ca05d962d3 - <tokio[64434016aa89fa05]::runtime::scheduler::current_thread::Context>::enter::<core[df12db4294e9bfd3]::task::poll::Poll<()>, <tokio[64434016aa89fa05]::runtime::scheduler::current_thread::CoreGuard>::block_on<core[df12db4294e9bfd3]::pin::Pin<&mut core[df12db4294e9bfd3]::pin::Pin<&mut dyn core[df12db4294e9bfd3]::future::future::Future<Output = ()>>>>::{closure#0}::{closure#0}>
[INFO] [stdout]   15:     0x55ca05d7ab9c - <tokio[64434016aa89fa05]::runtime::context::scoped::Scoped<tokio[64434016aa89fa05]::runtime::scheduler::Context>>::set::<<tokio[64434016aa89fa05]::runtime::scheduler::current_thread::CoreGuard>::enter<<tokio[64434016aa89fa05]::runtime::scheduler::current_thread::CoreGuard>::block_on<core[df12db4294e9bfd3]::pin::Pin<&mut core[df12db4294e9bfd3]::pin::Pin<&mut dyn core[df12db4294e9bfd3]::future::future::Future<Output = ()>>>>::{closure#0}, core[df12db4294e9bfd3]::option::Option<()>>::{closure#0}, (alloc[2182bb758b4b3781]::boxed::Box<tokio[64434016aa89fa05]::runtime::scheduler::current_thread::Core>, core[df12db4294e9bfd3]::option::Option<()>)>
[INFO] [stdout]   16:     0x55ca05d96867 - <tokio[64434016aa89fa05]::runtime::scheduler::current_thread::CoreGuard>::block_on::<core[df12db4294e9bfd3]::pin::Pin<&mut core[df12db4294e9bfd3]::pin::Pin<&mut dyn core[df12db4294e9bfd3]::future::future::Future<Output = ()>>>>
[INFO] [stdout]   17:     0x55ca05d8be76 - tokio[64434016aa89fa05]::runtime::context::runtime::enter_runtime::<<tokio[64434016aa89fa05]::runtime::scheduler::current_thread::CurrentThread>::block_on<core[df12db4294e9bfd3]::pin::Pin<&mut dyn core[df12db4294e9bfd3]::future::future::Future<Output = ()>>>::{closure#0}, ()>
[INFO] [stdout]   18:     0x55ca05d7a406 - <tokio[64434016aa89fa05]::runtime::runtime::Runtime>::block_on::<core[df12db4294e9bfd3]::pin::Pin<&mut dyn core[df12db4294e9bfd3]::future::future::Future<Output = ()>>>
[INFO] [stdout]   19:     0x55ca05e449da - multisig[63e0dbebba8a38e4]::multisig_spending_tests::it_spends_multisig_values::case_3::blocks_to_lock_3_5
[INFO] [stdout]   20:     0x55ca05db0769 - <multisig[63e0dbebba8a38e4]::multisig_spending_tests::it_spends_multisig_values::case_3::blocks_to_lock_3_5::{closure#0} as core[df12db4294e9bfd3]::ops::function::FnOnce<()>>::call_once
[INFO] [stdout]   21:     0x55ca05e9f01b - test[9d35eded1c95d3be]::__rust_begin_short_backtrace::<core[df12db4294e9bfd3]::result::Result<(), alloc[2182bb758b4b3781]::string::String>, fn() -> core[df12db4294e9bfd3]::result::Result<(), alloc[2182bb758b4b3781]::string::String>>
[INFO] [stdout]   22:     0x55ca05eac685 - test[9d35eded1c95d3be]::run_test::{closure#0}
[INFO] [stdout]   23:     0x55ca05ea5f44 - std[70759c8f55707aa4]::sys::backtrace::__rust_begin_short_backtrace::<test[9d35eded1c95d3be]::run_test::{closure#1}, ()>
[INFO] [stdout]   24:     0x55ca05eaf7e2 - <std[70759c8f55707aa4]::thread::lifecycle::spawn_unchecked<test[9d35eded1c95d3be]::run_test::{closure#1}, ()>::{closure#1} as core[df12db4294e9bfd3]::ops::function::FnOnce<()>>::call_once::{shim:vtable#0}
[INFO] [stdout]   25:     0x55ca0638e2b9 - <std[70759c8f55707aa4]::sys::thread::unix::Thread>::new::thread_start
[INFO] [stdout]   26:     0x73eb4495fdfa - <unknown>
[INFO] [stdout]   27:     0x73eb449f33d4 - clone
[INFO] [stdout]   28:                0x0 - <unknown>
[INFO] [stdout] 
[INFO] [stdout] 
[INFO] [stdout] failures:
[INFO] [stdout]     multisig_spending_tests::it_spends_multisig_values::case_1::blocks_to_lock_1_0
[INFO] [stdout]     multisig_spending_tests::it_spends_multisig_values::case_1::blocks_to_lock_2_1
[INFO] [stdout]     multisig_spending_tests::it_spends_multisig_values::case_1::blocks_to_lock_3_5
[INFO] [stdout]     multisig_spending_tests::it_spends_multisig_values::case_2::blocks_to_lock_1_0
[INFO] [stdout]     multisig_spending_tests::it_spends_multisig_values::case_2::blocks_to_lock_2_1
[INFO] [stdout]     multisig_spending_tests::it_spends_multisig_values::case_2::blocks_to_lock_3_5
[INFO] [stdout]     multisig_spending_tests::it_spends_multisig_values::case_3::blocks_to_lock_1_0
[INFO] [stdout]     multisig_spending_tests::it_spends_multisig_values::case_3::blocks_to_lock_2_1
[INFO] [stdout]     multisig_spending_tests::it_spends_multisig_values::case_3::blocks_to_lock_3_5
[INFO] [stdout]     multisig_spending_tests::it_spends_multisig_values::case_4::blocks_to_lock_1_0
[INFO] [stdout]     multisig_spending_tests::it_spends_multisig_values::case_4::blocks_to_lock_2_1
[INFO] [stdout]     multisig_spending_tests::it_spends_multisig_values::case_4::blocks_to_lock_3_5
[INFO] [stdout] 
[INFO] [stdout] test result: FAILED. 4 passed; 12 failed; 0 ignored; 0 measured; 0 filtered out; finished in 0.01s
[INFO] [stdout] 
[INFO] running `Command { std: "docker" "inspect" "e6096cf2a2648313b5456966f4cdbe32d770101e29114c7be92840de3befd3f3", kill_on_drop: false }`
[INFO] running `Command { std: "docker" "rm" "-f" "e6096cf2a2648313b5456966f4cdbe32d770101e29114c7be92840de3befd3f3", kill_on_drop: false }`
[INFO] [stdout] e6096cf2a2648313b5456966f4cdbe32d770101e29114c7be92840de3befd3f3
