[INFO] fetching crate ploit-malper 0.2.6...
[INFO] testing ploit-malper-0.2.6 against 1.99.0-beta.8+cargoflags=--release for beta-release-1.100-2
[INFO] extracting crate ploit-malper 0.2.6 into /workspace/builds/worker-3-tc1/source
[INFO] started tweaking crates.io crate ploit-malper 0.2.6
[INFO] removed 0 missing tests
[INFO] finished tweaking crates.io crate ploit-malper 0.2.6
[INFO] tweaked toml for crates.io crate ploit-malper 0.2.6 written to /workspace/builds/worker-3-tc1/source/Cargo.toml
[INFO] validating manifest of crates.io crate ploit-malper 0.2.6 on toolchain 1.99.0-beta.8
[INFO] running `Command { std: CARGO_HOME="/workspace/cargo-home" RUSTUP_HOME="/workspace/rustup-home" "/workspace/cargo-home/bin/cargo" "+1.99.0-beta.8" "metadata" "--manifest-path" "Cargo.toml" "--no-deps", kill_on_drop: false }`
[INFO] crate crates.io crate ploit-malper 0.2.6 already has a lockfile, it will not be regenerated
[INFO] running `Command { std: CARGO_HOME="/workspace/cargo-home" RUSTUP_HOME="/workspace/rustup-home" "/workspace/cargo-home/bin/cargo" "+1.99.0-beta.8" "fetch" "--manifest-path" "Cargo.toml", kill_on_drop: false }`
[INFO] [stderr]  Downloading crates ...
[INFO] [stderr]   Downloaded lru v0.18.2
[INFO] running `Command { std: "docker" "create" "-v" "/var/lib/crater-agent-workspace/builds/worker-3-tc1/source:/opt/rustwide/workdir:ro,Z" "-v" "/var/lib/crater-agent-workspace/builds/worker-3-tc1/target:/opt/rustwide/target:rw,Z" "-v" "/var/lib/crater-agent-workspace/cargo-home:/opt/rustwide/cargo-home:ro,Z" "-v" "/var/lib/crater-agent-workspace/rustup-home:/opt/rustwide/rustup-home:ro,Z" "-m" "1610612736" "--network" "none" "ghcr.io/rust-lang/crates-build-env/linux@sha256:77db811e55d90add9212f6832c23229e3de5f1c1f9905e8cb07319ea15df73ac" "sleep" "infinity", kill_on_drop: false }`
[INFO] [stdout] 20cd5a95591001e7115456364706eb7f25a615b3ed9f41e5bdb1746ef5c78b86
[INFO] running `Command { std: "docker" "start" "20cd5a95591001e7115456364706eb7f25a615b3ed9f41e5bdb1746ef5c78b86", kill_on_drop: false }`
[INFO] running `Command { std: "docker" "inspect" "20cd5a95591001e7115456364706eb7f25a615b3ed9f41e5bdb1746ef5c78b86", kill_on_drop: false }`
[INFO] running `Command { std: "docker" "exec" "-e" "SOURCE_DIR=/opt/rustwide/workdir" "-e" "CARGO_HOME=/opt/rustwide/cargo-home" "-e" "RUSTUP_HOME=/opt/rustwide/rustup-home" "-e" "CARGO_TARGET_DIR=/opt/rustwide/target" "-w" "/opt/rustwide/workdir" "--user" "0:0" "20cd5a95591001e7115456364706eb7f25a615b3ed9f41e5bdb1746ef5c78b86" "/opt/rustwide/cargo-home/bin/cargo" "+1.99.0-beta.8" "metadata" "--no-deps" "--format-version=1", kill_on_drop: false }`
[INFO] running `Command { std: "docker" "inspect" "20cd5a95591001e7115456364706eb7f25a615b3ed9f41e5bdb1746ef5c78b86", kill_on_drop: false }`
[INFO] running `Command { std: "docker" "exec" "-e" "SOURCE_DIR=/opt/rustwide/workdir" "-e" "CARGO_HOME=/opt/rustwide/cargo-home" "-e" "RUSTUP_HOME=/opt/rustwide/rustup-home" "-e" "CARGO_TARGET_DIR=/opt/rustwide/target" "-e" "CARGO_INCREMENTAL=0" "-e" "RUST_BACKTRACE=full" "-e" "RUSTFLAGS=--cap-lints=warn" "-e" "RUSTDOCFLAGS=--cap-lints=warn" "-w" "/opt/rustwide/workdir" "--user" "0:0" "20cd5a95591001e7115456364706eb7f25a615b3ed9f41e5bdb1746ef5c78b86" "/opt/rustwide/cargo-home/bin/cargo" "+1.99.0-beta.8" "build" "--frozen" "--message-format=json" "--release", kill_on_drop: false }`
[INFO] [stderr]    Compiling proc-macro2 v1.0.107
[INFO] [stderr]    Compiling unicode-ident v1.0.24
[INFO] [stderr]    Compiling quote v1.0.47
[INFO] [stderr]    Compiling libc v0.2.189
[INFO] [stderr]    Compiling cfg-if v1.0.4
[INFO] [stderr]    Compiling itoa v1.0.18
[INFO] [stderr]    Compiling stable_deref_trait v1.2.1
[INFO] [stderr]    Compiling smallvec v1.15.2
[INFO] [stderr]    Compiling shlex v2.0.1
[INFO] [stderr]    Compiling find-msvc-tools v0.1.9
[INFO] [stderr]    Compiling log v0.4.33
[INFO] [stderr]    Compiling bitflags v2.13.1
[INFO] [stderr]    Compiling bytes v1.12.1
[INFO] [stderr]    Compiling pin-project-lite v0.2.17
[INFO] [stderr]    Compiling cc v1.4.0
[INFO] [stderr]    Compiling futures-core v0.3.33
[INFO] [stderr]    Compiling memchr v2.8.3
[INFO] [stderr]    Compiling rustversion v1.0.23
[INFO] [stderr]    Compiling foldhash v0.2.0
[INFO] [stderr]    Compiling equivalent v1.0.2
[INFO] [stderr]    Compiling litemap v0.8.2
[INFO] [stderr]    Compiling allocator-api2 v0.2.21
[INFO] [stderr]    Compiling writeable v0.6.3
[INFO] [stderr]    Compiling ryu v1.0.23
[INFO] [stderr]    Compiling futures-sink v0.3.33
[INFO] [stderr]    Compiling ident_case v1.0.1
[INFO] [stderr]    Compiling thiserror v2.0.19
[INFO] [stderr]    Compiling icu_normalizer_data v2.2.0
[INFO] [stderr]    Compiling icu_properties_data v2.2.0
[INFO] [stderr]    Compiling utf8_iter v1.0.4
[INFO] [stderr]    Compiling strsim v0.11.1
[INFO] [stderr]    Compiling http v1.5.0
[INFO] [stderr]    Compiling syn v2.0.119
[INFO] [stderr]    Compiling syn v3.0.3
[INFO] [stderr]    Compiling either v1.17.0
[INFO] [stderr]    Compiling zeroize v1.9.0
[INFO] [stderr]    Compiling once_cell v1.21.4
[INFO] [stderr]    Compiling mio v1.2.2
[INFO] [stderr]    Compiling socket2 v0.6.5
[INFO] [stderr]    Compiling percent-encoding v2.3.2
[INFO] [stderr]    Compiling heck v0.5.0
[INFO] [stderr]    Compiling version_check v0.9.5
[INFO] [stderr]    Compiling http-body v1.1.0
[INFO] [stderr]    Compiling rustls-pki-types v1.15.1
[INFO] [stderr]    Compiling tokio v1.53.1
[INFO] [stderr]    Compiling ring v0.17.14
[INFO] [stderr]    Compiling generic-array v0.14.7
[INFO] [stderr]    Compiling castaway v0.2.4
[INFO] [stderr]    Compiling errno v0.3.14
[INFO] [stderr]    Compiling getrandom v0.2.17
[INFO] [stderr]    Compiling itertools v0.14.0
[INFO] [stderr]    Compiling hashbrown v0.17.1
[INFO] [stderr]    Compiling hashbrown v0.16.1
[INFO] [stderr]    Compiling futures-task v0.3.33
[INFO] [stderr]    Compiling signal-hook v0.3.18
[INFO] [stderr]    Compiling static_assertions v1.1.0
[INFO] [stderr]    Compiling slab v0.4.12
[INFO] [stderr]    Compiling parking_lot_core v0.9.12
[INFO] [stderr]    Compiling unicode-width v0.2.2
[INFO] [stderr]    Compiling serde_core v1.0.229
[INFO] [stderr]    Compiling synstructure v0.13.2
[INFO] [stderr]    Compiling instability v0.3.13
[INFO] [stderr]    Compiling unicode-segmentation v1.13.3
[INFO] [stderr]    Compiling futures-io v0.3.33
[INFO] [stderr]    Compiling untrusted v0.9.0
[INFO] [stderr]    Compiling httparse v1.10.1
[INFO] [stderr]    Compiling convert_case v0.10.0
[INFO] [stderr]    Compiling futures-util v0.3.33
[INFO] [stderr]    Compiling lru v0.18.2
[INFO] [stderr]    Compiling compact_str v0.9.1
[INFO] [stderr]    Compiling signal-hook-registry v1.4.8
[INFO] [stderr]    Compiling zerofrom-derive v0.1.7
[INFO] [stderr]    Compiling yoke-derive v0.8.2
[INFO] [stderr]    Compiling zerovec-derive v0.11.3
[INFO] [stderr]    Compiling strum_macros v0.28.0
[INFO] [stderr]    Compiling zerofrom v0.1.8
[INFO] [stderr]    Compiling darling_core v0.24.0
[INFO] [stderr]    Compiling yoke v0.8.3
[INFO] [stderr]    Compiling unicode-truncate v2.0.1
[INFO] [stderr]    Compiling try-lock v0.2.5
[INFO] [stderr]    Compiling zerovec v0.11.6
[INFO] [stderr]    Compiling indoc v2.0.7
[INFO] [stderr]    Compiling critical-section v1.2.0
[INFO] [stderr]    Compiling scopeguard v1.2.0
[INFO] [stderr]    Compiling rustls v0.23.43
[INFO] [stderr]    Compiling rustix v1.1.4
[INFO] [stderr]    Compiling tower-service v0.3.3
[INFO] [stderr]    Compiling typenum v1.20.1
[INFO] [stderr]    Compiling potential_utf v0.1.5
[INFO] [stderr]    Compiling lock_api v0.4.14
[INFO] [stderr]    Compiling want v0.3.1
[INFO] [stderr]    Compiling displaydoc v0.2.7
[INFO] [stderr]    Compiling thiserror-impl v2.0.19
[INFO] [stderr]    Compiling strum v0.28.0
[INFO] [stderr]    Compiling derive_more-impl v2.1.1
[INFO] [stderr]    Compiling tinystr v0.8.3
[INFO] [stderr]    Compiling icu_locale_core v2.2.0
[INFO] [stderr]    Compiling zerotrie v0.2.4
[INFO] [stderr]    Compiling icu_collections v2.2.0
[INFO] [stderr]    Compiling form_urlencoded v1.2.2
[INFO] [stderr]    Compiling kasuari v0.4.12
[INFO] [stderr]    Compiling tracing-core v0.1.36
[INFO] [stderr]    Compiling futures-channel v0.3.33
[INFO] [stderr]    Compiling litrs v1.0.0
[INFO] [stderr]    Compiling icu_provider v2.2.0
[INFO] [stderr]    Compiling darling_macro v0.24.0
[INFO] [stderr]    Compiling ratatui-core v0.1.2
[INFO] [stderr]    Compiling darling v0.24.0
[INFO] [stderr]    Compiling icu_properties v2.2.0
[INFO] [stderr]    Compiling icu_normalizer v2.2.0
[INFO] [stderr]    Compiling subtle v2.6.1
[INFO] [stderr]    Compiling serde v1.0.229
[INFO] [stderr]    Compiling vcpkg v0.2.15
[INFO] [stderr]    Compiling time-core v0.1.9
[INFO] [stderr]    Compiling powerfmt v0.2.0
[INFO] [stderr]    Compiling num_threads v0.1.7
[INFO] [stderr]    Compiling linux-raw-sys v0.12.1
[INFO] [stderr]    Compiling atomic-waker v1.1.2
[INFO] [stderr]    Compiling num-conv v0.2.2
[INFO] [stderr]    Compiling zmij v1.0.23
[INFO] [stderr]    Compiling deranged v0.5.8
[INFO] [stderr]    Compiling idna_adapter v1.2.2
[INFO] [stderr]    Compiling pkg-config v0.3.33
[INFO] [stderr]    Compiling idna v1.1.0
[INFO] [stderr]    Compiling hyper v1.11.0
[INFO] [stderr]    Compiling libsqlite3-sys v0.35.0
[INFO] [stderr]    Compiling document-features v0.2.12
[INFO] [stderr]    Compiling tracing v0.1.44
[INFO] [stderr]    Compiling parking_lot v0.12.5
[INFO] [stderr]    Compiling derive_more v2.1.1
[INFO] [stderr]    Compiling signal-hook-mio v0.2.5
[INFO] [stderr]    Compiling serde_derive v1.0.229
[INFO] [stderr]    Compiling sync_wrapper v1.0.2
[INFO] [stderr]    Compiling line-clipping v0.3.8
[INFO] [stderr]    Compiling base64 v0.22.1
[INFO] [stderr]    Compiling serde_json v1.0.151
[INFO] [stderr]    Compiling time v0.3.55
[INFO] [stderr]    Compiling ipnet v2.12.1
[INFO] [stderr]    Compiling foldhash v0.1.5
[INFO] [stderr]    Compiling tower-layer v0.3.3
[INFO] [stderr]    Compiling hashbrown v0.15.5
[INFO] [stderr]    Compiling tower v0.5.3
[INFO] [stderr]    Compiling hyper-util v0.1.20
[INFO] [stderr]    Compiling crossterm v0.29.0
[INFO] [stderr]    Compiling url v2.5.8
[INFO] [stderr]    Compiling block-buffer v0.10.4
[INFO] [stderr]    Compiling crypto-common v0.1.7
[INFO] [stderr]    Compiling webpki-roots v1.0.9
[INFO] [stderr]    Compiling aho-corasick v1.1.5
[INFO] [stderr]    Compiling regex-syntax v0.8.11
[INFO] [stderr]    Compiling ratatui-crossterm v0.1.2
[INFO] [stderr]    Compiling tower-http v0.6.11
[INFO] [stderr]    Compiling digest v0.10.7
[INFO] [stderr]    Compiling ratatui-widgets v0.3.2
[INFO] [stderr]    Compiling serde_urlencoded v0.7.1
[INFO] [stderr]    Compiling hashlink v0.10.0
[INFO] [stderr]    Compiling http-body-util v0.1.4
[INFO] [stderr]    Compiling rustls-webpki v0.103.13
[INFO] [stderr]    Compiling fallible-streaming-iterator v0.1.9
[INFO] [stderr]    Compiling cpufeatures v0.2.17
[INFO] [stderr]    Compiling fallible-iterator v0.3.0
[INFO] [stderr]    Compiling sha2 v0.10.9
[INFO] [stderr]    Compiling regex-automata v0.4.18
[INFO] [stderr]    Compiling ratatui-macros v0.7.2
[INFO] [stderr]    Compiling ratatui v0.30.2
[INFO] [stderr]    Compiling regex v1.13.1
[INFO] [stderr]    Compiling tokio-rustls v0.26.4
[INFO] [stderr]    Compiling hyper-rustls v0.27.9
[INFO] [stderr]    Compiling reqwest v0.12.28
[INFO] [stderr]    Compiling rusqlite v0.37.0
[INFO] [stderr]    Compiling ploit-malper v0.2.6 (/opt/rustwide/workdir)
[INFO] [stderr]     Finished `release` profile [optimized] target(s) in 5m 25s
[INFO] running `Command { std: "docker" "inspect" "20cd5a95591001e7115456364706eb7f25a615b3ed9f41e5bdb1746ef5c78b86", kill_on_drop: false }`
[INFO] running `Command { std: "docker" "exec" "-e" "SOURCE_DIR=/opt/rustwide/workdir" "-e" "CARGO_HOME=/opt/rustwide/cargo-home" "-e" "RUSTUP_HOME=/opt/rustwide/rustup-home" "-e" "CARGO_TARGET_DIR=/opt/rustwide/target" "-e" "CARGO_INCREMENTAL=0" "-e" "RUST_BACKTRACE=full" "-e" "RUSTFLAGS=--cap-lints=warn" "-e" "RUSTDOCFLAGS=--cap-lints=warn" "-w" "/opt/rustwide/workdir" "--user" "0:0" "20cd5a95591001e7115456364706eb7f25a615b3ed9f41e5bdb1746ef5c78b86" "/opt/rustwide/cargo-home/bin/cargo" "+1.99.0-beta.8" "test" "--frozen" "--no-run" "--message-format=json" "--release", kill_on_drop: false }`
[INFO] [stderr]    Compiling ploit-malper v0.2.6 (/opt/rustwide/workdir)
[INFO] [stderr]     Finished `release` profile [optimized] target(s) in 1m 49s
[INFO] running `Command { std: "docker" "inspect" "20cd5a95591001e7115456364706eb7f25a615b3ed9f41e5bdb1746ef5c78b86", kill_on_drop: false }`
[INFO] running `Command { std: "docker" "exec" "-e" "SOURCE_DIR=/opt/rustwide/workdir" "-e" "CARGO_HOME=/opt/rustwide/cargo-home" "-e" "RUSTUP_HOME=/opt/rustwide/rustup-home" "-e" "CARGO_TARGET_DIR=/opt/rustwide/target" "-e" "CARGO_INCREMENTAL=0" "-e" "RUST_BACKTRACE=full" "-e" "RUSTFLAGS=--cap-lints=warn" "-e" "RUSTDOCFLAGS=--cap-lints=warn" "-w" "/opt/rustwide/workdir" "--user" "0:0" "20cd5a95591001e7115456364706eb7f25a615b3ed9f41e5bdb1746ef5c78b86" "/opt/rustwide/cargo-home/bin/cargo" "+1.99.0-beta.8" "test" "--frozen" "--release", kill_on_drop: false }`
[INFO] [stderr]     Finished `release` profile [optimized] target(s) in 0.32s
[INFO] [stderr]      Running unittests src/lib.rs (/opt/rustwide/target/release/deps/ploit_malper-a3d8183dc0e62f71)
[INFO] [stdout] 
[INFO] [stdout] running 148 tests
[INFO] [stdout] test analyze::tests::injectable_endpoints_raise_risk ... ok
[INFO] [stdout] test analyze::tests::injectable_endpoint_builds_validation_chain ... ok
[INFO] [stdout] test analyze::tests::keeps_distinct_vuln_types_separate ... ok
[INFO] [stdout] test analyze::tests::infers_server_and_framework ... ok
[INFO] [stdout] test analyze::tests::groups_findings_and_merges_endpoints ... ok
[INFO] [stdout] test analyze::tests::known_exploitable_cve_builds_rce_chain ... ok
[INFO] [stdout] test analyze::tests::exploitability_assessment_flags_injectable ... ok
[INFO] [stdout] test analyze::tests::categories_modules ... ok
[INFO] [stdout] test analyze::tests::no_credible_chain_without_evidence ... ok
[INFO] [stdout] test analyze::tests::risk_score_reflects_severity ... ok
[INFO] [stdout] test analyze::tests::mitre_mapping_flags_injection ... ok
[INFO] [stdout] test cve::tests::handles_newer_and_legacy_id_lengths ... ok
[INFO] [stdout] test analyze::tests::endpoint_extracted_from_title ... ok
[INFO] [stdout] test cve::tests::extracts_from_free_text ... ok
[INFO] [stdout] test analyze::tests::info_noise_never_outweighs_exploitable_vuln ... ok
[INFO] [stdout] test db::pocketbase::tests::every_required_collection_has_a_valid_id_field ... ok
[INFO] [stdout] test db::models::tests::finding_identity_keeps_distinct_titles_separate ... ok
[INFO] [stdout] test db::models::tests::finding_identity_is_scoped_by_tool_and_asset ... ok
[INFO] [stdout] test db::models::tests::finding_identity_is_stable_across_framing ... ok
[INFO] [stdout] test db::pocketbase::tests::concise_error_is_used_by_default ... ok
[INFO] [stdout] test cve::tests::scans_json_recursively ... ok
[INFO] [stdout] test db::pocketbase::tests::id_field_is_execution_id_for_exploit_executions ... ok
[INFO] [stdout] test engine::catalog::tests::banner_match_finds_existing_modules ... ok
[INFO] [stdout] test db::pocketbase::tests::id_field_is_stable_id_for_all_other_collections ... ok
[INFO] [stdout] test engine::catalog::tests::banner_match_finds_ssh_for_openssh_banner ... ok
[INFO] [stdout] test engine::catalog::tests::banner_match_skips_non_existent_modules ... ok
[INFO] [stdout] test engine::catalog::tests::post_modules_are_never_suggested ... ok
[INFO] [stdout] test engine::catalog::tests::leaf_matching_ignores_short_tokens ... ok
[INFO] [stdout] test db::pocketbase::tests::verbose_error_includes_request_context ... ok
[INFO] [stdout] test engine::catalog::tests::cve_lookup_filters_offline_candidates_through_live_list ... ok
[INFO] [stdout] test cve::tests::rejects_bad_ids_and_case_insensitive ... ok
[INFO] [stdout] test engine::catalog::tests::title_match_finds_robots_txt ... ok
[INFO] [stdout] test engine::dedup::tests::case_insensitive_and_whitespace_collapsed ... ok
[INFO] [stdout] test cve::tests::populates_record_cves ... ok
[INFO] [stdout] test engine::catalog::tests::cve_lookup_surfaces_name_embedded_cves ... ok
[INFO] [stdout] test engine::dedup::tests::preserves_bare_trailing_cve_id ... ok
[INFO] [stdout] test engine::dedup::tests::distinct_targets_stay_separate ... ok
[INFO] [stdout] test engine::dedup::tests::deduplicates_on_normalized_title ... ok
[INFO] [stdout] test engine::dedup::tests::removes_trailing_punctuation_and_truncated_urls ... ok
[INFO] [stdout] test engine::dedup::tests::normalization_is_case_and_scheme_insensitive ... ok
[INFO] [stdout] test engine::dedup::tests::merges_etag_findings_with_truncated_see_references ... ok
[INFO] [stdout] test engine::dedup::tests::collapses_pipe_framed_titles_into_same_identity ... ok
[INFO] [stdout] test engine::dedup::tests::deduplicates_duplicated_nikto_csp_findings ... ok
[INFO] [stdout] test engine::dedup::tests::strips_http_method_and_endpoint_prefix ... ok
[INFO] [stdout] test engine::dedup::tests::same_title_different_ports_stay_separate ... ok
[INFO] [stdout] test engine::msfrpc::tests::extracts_module_list_from_array_form ... ok
[INFO] [stdout] test engine::dedup::tests::structured_fingerprint_parts ... ok
[INFO] [stdout] test engine::msfrpc::tests::classifies_missing_vs_other_rpc_failures ... ok
[INFO] [stdout] test engine::msfrpc::tests::extracts_module_list_from_map_form ... ok
[INFO] [stdout] test engine::msfrpc::tests::extracts_module_names_without_modules_key ... ok
[INFO] [stdout] test engine::msfrpc::tests::legacy_fallback_only_triggers_on_argument_shape_errors ... ok
[INFO] [stdout] test engine::msfrpc::tests::response_error_detects_success_and_failure ... ok
[INFO] [stdout] test engine::msfrpc::tests::module_existence_decision_uses_classification ... ok
[INFO] [stdout] test engine::msfrpc::tests::rebuilds_full_name ... ok
[INFO] [stdout] test engine::msfrpc::tests::is_missing_module_detects_backtrace_and_message ... ok
[INFO] [stdout] test engine::parser::tests::extracts_host_injectable_endpoints ... ok
[INFO] [stdout] test engine::msfrpc::tests::strips_type_prefix_from_various_forms ... ok
[INFO] [stdout] test engine::dedup::tests::keeps_raw_titles_for_traceability ... ok
[INFO] [stdout] test enrich::tests::enriches_known_cve ... ok
[INFO] [stdout] test enrich::tests::unknown_cve_returns_none ... ok
[INFO] [stdout] test exploit::cli::tests::no_info_uses_step_missing_options ... ok
[INFO] [stdout] test enrich::tests::case_insensitive_lookup ... ok
[INFO] [stdout] test engine::parser::tests::captures_detail_reference_and_extracts_cves ... ok
[INFO] [stdout] test exploit::cli::tests::optional_options_are_omitted_not_empty ... ok
[INFO] [stdout] test exploit::cli::tests::required_with_default_auto_applies_without_prompting ... ok
[INFO] [stdout] test exploit::msf::tests::parse_strings_reads_indexed_map_form ... ok
[INFO] [stdout] test exploit::msf::tests::required_with_default_is_not_in_required_options ... ok
[INFO] [stdout] test exploit::cli::tests::non_interactive_yes_marks_missing_without_prompt ... ok
[INFO] [stdout] test exploit::msf::tests::parse_default_value_stringifies_all_scalars ... ok
[INFO] [stdout] test exploit::cli::tests::inferred_options_always_win_over_defaults ... ok
[INFO] [stdout] test exploit::msf::tests::parse_module_info_extracts_indexed_targets ... ok
[INFO] [stdout] test exploit::msf::tests::parse_strings_reads_array_form ... ok
[INFO] [stdout] test exploit::planner::tests::build_plan_applies_module_filter ... ok
[INFO] [stdout] test exploit::planner::tests::host_prefers_ip ... ok
[INFO] [stdout] test exploit::planner::tests::collect_assets_matches_run_target ... ok
[INFO] [stdout] test exploit::tests::execute_step_does_not_credit_preexisting_sessions ... ok
[INFO] [stdout] test exploit::tests::execute_step_marks_failure ... ok
[INFO] [stdout] test exploit::tests::execute_step_records_completed_outcome ... ok
[INFO] [stdout] test exploit::tests::execution_status_roundtrips ... ok
[INFO] [stdout] test frontend::lifecycle_tests::all_flag_includes_removed ... ok
[INFO] [stdout] test exploit::planner::tests::resolve_run_by_prefix ... ok
[INFO] [stdout] test frontend::lifecycle_tests::lifecycle_and_status_are_interchangeable ... ok
[INFO] [stdout] test frontend::lifecycle_tests::legacy_new_flag_is_ignored_when_unscoped ... ok
[INFO] [stdout] test exploit::tests::persist_execution_to_sqlite_roundtrips ... ok
[INFO] [stdout] test frontend::lifecycle_tests::lifecycle_matches ... ok
[INFO] [stdout] test frontend::lifecycle_tests::query_default_hides_removed ... ok
[INFO] [stdout] test exploit::planner::tests::build_plan_cve_free_target_uses_banner_and_title ... ok
[INFO] [stdout] test frontend::lifecycle_tests::lifecycle_terms_alias ... ok
[INFO] [stdout] test frontend::lifecycle_tests::singleton_flags_map ... ok
[INFO] [stdout] test frontend::tui::tests::cursor_wraps_backward ... ok
[INFO] [stdout] test ingest::importer::tests::correlate_http_finding_to_its_own_service ... ok
[INFO] [stdout] test frontend::tui::tests::cursor_wraps_forward ... ok
[INFO] [stdout] test ingest::importer::tests::injectable_findings_extracted_from_report ... ok
[INFO] [stdout] test exploit::planner::tests::build_plan_maps_cve_to_module ... ok
[INFO] [stdout] test exploit::planner::tests::build_plan_keeps_the_full_suggestion_set_per_target ... ok
[INFO] [stdout] test ingest::importer::tests::injectable_findings_skips_header_and_absent_section ... ok
[INFO] [stdout] test ingest::importer::tests::md_kv_extraction ... ok
[INFO] [stdout] test ingest::importer::tests::severity_exploitability_map ... ok
[INFO] [stdout] test ingest::importer::tests::target_compatibility ... ok
[INFO] [stdout] test ingest::scanner::tests::detects_markdown_reports ... ok
[INFO] [stdout] test ingest::scanner::tests::detects_netmalper_json ... ok
[INFO] [stdout] test ingest::scanner::tests::detects_vulnmalper_json ... ok
[INFO] [stdout] test ingest::scanner::tests::name_is_never_used_for_detection ... ok
[INFO] [stdout] test ingest::scanner::tests::rejects_random_markdown_and_binary ... ok
[INFO] [stdout] test ingest::scanner::tests::rejects_unrelated_json ... ok
[INFO] [stdout] test msf::tests::cve_lookup_returns_exact_module ... ok
[INFO] [stdout] test msf::tests::technology_lookup_filters_cve_modules ... ok
[INFO] [stdout] test msf::tests::unknown_cve_has_explicit_reason ... ok
[INFO] [stdout] test msgpack::tests::decode_bin16 ... ok
[INFO] [stdout] test msgpack::tests::decode_bin32 ... ok
[INFO] [stdout] test msgpack::tests::decode_bin8 ... ok
[INFO] [stdout] test msgpack::tests::decode_float32 ... ok
[INFO] [stdout] test msgpack::tests::decode_float64 ... ok
[INFO] [stdout] test msgpack::tests::decode_map_with_integer_keys ... ok
[INFO] [stdout] test ingest::importer::tests::port_from_host_url_parses ... ok
[INFO] [stdout] test ingest::importer::tests::rfc3339_variants ... ok
[INFO] [stdout] test msgpack::tests::decode_msf_auth_response ... ok
[INFO] [stdout] test msgpack::tests::decode_msf_error_response ... ok
[INFO] [stdout] test msgpack::tests::decode_trailing_bytes_fails ... ok
[INFO] [stdout] test frontend::tui::tests::cursor_is_stable_for_single_item ... ok
[INFO] [stdout] test ingest::importer::tests::service_id_stable ... ok
[INFO] [stdout] test exploit::planner::tests::delete_scan_run_removes_run_and_owned_records_only ... ok
[INFO] [stdout] test msgpack::tests::encode_array_format_auth_login ... ok
[INFO] [stdout] test msgpack::tests::decode_map_with_negative_int_keys ... ok
[INFO] [stdout] test msgpack::tests::roundtrip_fixarray ... ok
[INFO] [stdout] test msgpack::tests::roundtrip_fixmap ... ok
[INFO] [stdout] test msgpack::tests::roundtrip_fixstr ... ok
[INFO] [stdout] test msgpack::tests::roundtrip_i8 ... ok
[INFO] [stdout] test msgpack::tests::roundtrip_negative_fixint ... ok
[INFO] [stdout] test msgpack::tests::roundtrip_u16 ... ok
[INFO] [stdout] test msgpack::tests::roundtrip_u8 ... ok
[INFO] [stdout] test nvd::tests::enriches_every_discovered_cve_from_cache ... ok
[INFO] [stdout] test msgpack::tests::roundtrip_nil ... ok
[INFO] [stdout] test nvd::tests::gracefully_handles_missing_cve ... ok
[INFO] [stdout] test msgpack::tests::roundtrip_positive_fixint ... ok
[INFO] [stdout] test nvd::tests::parses_cwe_weaknesses_from_nvd_response ... ok
[INFO] [stdout] test msgpack::tests::roundtrip_u32 ... ok
[INFO] [stdout] test process::tests::live_catalog_suppresses_offline_guesses ... ok
[INFO] [stdout] test process::tests::offline_fallback_keeps_offline_suggestions ... ok
[INFO] [stdout] test report::tests::console_report_contains_all_sections ... ok
[INFO] [stdout] test report::tests::markdown_report_contains_sections_and_endpoints ... ok
[INFO] [stdout] test report::tests::no_credible_chain_rendered_without_evidence ... ok
[INFO] [stdout] test process::tests::live_catalog_replaces_offline_suggestions ... ok
[INFO] [stdout] test msgpack::tests::roundtrip_str8 ... ok
[INFO] [stdout] test report::tests::report_path_is_derived_from_input ... ok
[INFO] [stdout] test msgpack::tests::roundtrip_bool ... ok
[INFO] [stdout] test engine::parser::tests::parses_results_array ... ok
[INFO] [stdout] test ingest::importer::tests::ingest_process_pipeline_imports_injectable_findings ... ok
[INFO] [stderr]      Running unittests src/main.rs (/opt/rustwide/target/release/deps/ploit_malper-1ed389c3d44b7bff)
[INFO] [stdout] 
[INFO] [stderr]      Running tests/msfrpc_integration.rs (/opt/rustwide/target/release/deps/msfrpc_integration-3f6035330961a51e)
[INFO] [stdout] test result: ok. 148 passed; 0 failed; 0 ignored; 0 measured; 0 filtered out; finished in 0.34s
[INFO] [stdout] 
[INFO] [stdout] 
[INFO] [stdout] running 0 tests
[INFO] [stdout] 
[INFO] [stdout] test result: ok. 0 passed; 0 failed; 0 ignored; 0 measured; 0 filtered out; finished in 0.00s
[INFO] [stdout] 
[INFO] [stdout] 
[INFO] [stdout] running 9 tests
[INFO] [stdout] test test_msgpack_bin8_decoding ... ok
[INFO] [stdout] test test_msgpack_roundtrip_array_format ... ok
[INFO] [stdout] test test_recipe_invalid_payload_fallback ... ok
[INFO] [stdout] test test_recipe_valid_payloads ... ok
[INFO] [stdout] test test_msfrpc_hosts_integration ... ok
[INFO] [stdout] test test_msfrpc_auth_logout_integration ... ok
[INFO] [stdout] test test_msfrpc_login_integration ... ok
[INFO] [stdout] test test_msfrpc_workspaces_integration ... ok
[INFO] [stdout] test test_msfrpc_login_wrong_password ... ok
[INFO] [stdout] 
[INFO] [stdout] test result: ok. 9 passed; 0 failed; 0 ignored; 0 measured; 0 filtered out; finished in 0.04s
[INFO] [stdout] 
[INFO] [stderr]      Running tests/probe_msf.rs (/opt/rustwide/target/release/deps/probe_msf-9e518f8cc6aafd43)
[INFO] [stdout] 
[INFO] [stdout] running 1 test
[INFO] [stdout] test probe_live_metadata ... FAILED
[INFO] [stdout] 
[INFO] [stdout] failures:
[INFO] [stdout] 
[INFO] [stdout] ---- probe_live_metadata stdout ----
[INFO] [stdout] 
[INFO] [stdout] thread 'probe_live_metadata' (2413) panicked at tests/probe_msf.rs:37:5:
[INFO] [stdout] login failed: curl: (7) Failed to connect to 127.0.0.1 port 55553 after 1 ms: Could not connect to server
[INFO] [stdout] stack backtrace:
[INFO] [stdout]    0:     0x5d133ecda355 - <<std[70759c8f55707aa4]::sys::backtrace::BacktraceLock>::print::DisplayBacktrace as core[df12db4294e9bfd3]::fmt::Display>::fmt
[INFO] [stdout]    1:     0x5d133ecab0aa - core[df12db4294e9bfd3]::fmt::write
[INFO] [stdout]    2:     0x5d133ecd99eb - <alloc[2182bb758b4b3781]::vec::Vec<u8> as core[df12db4294e9bfd3]::io::write::Write>::write_fmt
[INFO] [stdout]    3:     0x5d133ecd94cf - std[70759c8f55707aa4]::panicking::default_hook::{closure#0}
[INFO] [stdout]    4:     0x5d133ecd90fa - std[70759c8f55707aa4]::panicking::default_hook
[INFO] [stdout]    5:     0x5d133ecd8c32 - std[70759c8f55707aa4]::panicking::panic_with_hook
[INFO] [stdout]    6:     0x5d133ed00031 - std[70759c8f55707aa4]::panicking::panic_handler::{closure#0}
[INFO] [stdout]    7:     0x5d133ecfffe9 - std[70759c8f55707aa4]::sys::backtrace::__rust_end_short_backtrace::<std[70759c8f55707aa4]::panicking::panic_handler::{closure#0}, !>
[INFO] [stdout]    8:     0x5d133ed004fc - __rustc[8fa7c3cbc660c2b3]::rust_begin_unwind
[INFO] [stdout]    9:     0x5d133ecaaf3b - core[df12db4294e9bfd3]::panicking::panic_fmt
[INFO] [stdout]   10:     0x5d133eca695e - <probe_msf[47504037d50dfe2b]::probe_live_metadata::{closure#0} as core[df12db4294e9bfd3]::ops::function::FnOnce<()>>::call_once
[INFO] [stdout]   11:     0x5d133ed18e2b - test[9d35eded1c95d3be]::__rust_begin_short_backtrace::<core[df12db4294e9bfd3]::result::Result<(), alloc[2182bb758b4b3781]::string::String>, fn() -> core[df12db4294e9bfd3]::result::Result<(), alloc[2182bb758b4b3781]::string::String>>
[INFO] [stdout]   12:     0x5d133ed14bac - test[9d35eded1c95d3be]::run_test::{closure#0}
[INFO] [stdout]   13:     0x5d133ed1442c - std[70759c8f55707aa4]::sys::backtrace::__rust_begin_short_backtrace::<test[9d35eded1c95d3be]::run_test::{closure#1}, ()>
[INFO] [stdout]   14:     0x5d133ed30dac - <std[70759c8f55707aa4]::thread::lifecycle::spawn_unchecked<test[9d35eded1c95d3be]::run_test::{closure#1}, ()>::{closure#1} as core[df12db4294e9bfd3]::ops::function::FnOnce<()>>::call_once::{shim:vtable#0}
[INFO] [stdout]   15:     0x5d133ed018b2 - <std[70759c8f55707aa4]::sys::thread::unix::Thread>::new::thread_start
[INFO] [stdout]   16:     0x7186b163ddfa - <unknown>
[INFO] [stdout]   17:     0x7186b16d13d4 - clone
[INFO] [stdout]   18:                0x0 - <unknown>
[INFO] [stdout] 
[INFO] [stdout] 
[INFO] [stdout] failures:
[INFO] [stdout]     probe_live_metadata
[INFO] [stdout] 
[INFO] [stdout] test result: FAILED. 0 passed; 1 failed; 0 ignored; 0 measured; 0 filtered out; finished in 0.09s
[INFO] [stdout] 
[INFO] [stderr] error: test failed, to rerun pass `--test probe_msf`
[INFO] running `Command { std: "docker" "inspect" "20cd5a95591001e7115456364706eb7f25a615b3ed9f41e5bdb1746ef5c78b86", kill_on_drop: false }`
[INFO] running `Command { std: "docker" "rm" "-f" "20cd5a95591001e7115456364706eb7f25a615b3ed9f41e5bdb1746ef5c78b86", kill_on_drop: false }`
[INFO] [stdout] 20cd5a95591001e7115456364706eb7f25a615b3ed9f41e5bdb1746ef5c78b86
