[INFO] fetching crate pliego-ssg 0.4.0-beta.1...
[INFO] testing pliego-ssg-0.4.0-beta.1 against 1.100.0-beta.1+cargoflags=--release for beta-release-1.100-2
[INFO] extracting crate pliego-ssg 0.4.0-beta.1 into /workspace/builds/worker-2-tc2/source
[INFO] started tweaking crates.io crate pliego-ssg 0.4.0-beta.1
[INFO] finished tweaking crates.io crate pliego-ssg 0.4.0-beta.1
[INFO] tweaked toml for crates.io crate pliego-ssg 0.4.0-beta.1 written to /workspace/builds/worker-2-tc2/source/Cargo.toml
[INFO] validating manifest of crates.io crate pliego-ssg 0.4.0-beta.1 on toolchain 1.100.0-beta.1
[INFO] running `Command { std: CARGO_HOME="/workspace/cargo-home" RUSTUP_HOME="/workspace/rustup-home" "/workspace/cargo-home/bin/cargo" "+1.100.0-beta.1" "metadata" "--manifest-path" "Cargo.toml" "--no-deps", kill_on_drop: false }`
[INFO] crate crates.io crate pliego-ssg 0.4.0-beta.1 already has a lockfile, it will not be regenerated
[INFO] running `Command { std: CARGO_HOME="/workspace/cargo-home" RUSTUP_HOME="/workspace/rustup-home" "/workspace/cargo-home/bin/cargo" "+1.100.0-beta.1" "fetch" "--manifest-path" "Cargo.toml", kill_on_drop: false }`
[INFO] running `Command { std: "docker" "create" "-v" "/var/lib/crater-agent-workspace/builds/worker-2-tc2/source:/opt/rustwide/workdir:ro,Z" "-v" "/var/lib/crater-agent-workspace/builds/worker-2-tc2/target:/opt/rustwide/target:rw,Z" "-v" "/var/lib/crater-agent-workspace/cargo-home:/opt/rustwide/cargo-home:ro,Z" "-v" "/var/lib/crater-agent-workspace/rustup-home:/opt/rustwide/rustup-home:ro,Z" "-m" "1610612736" "--network" "none" "ghcr.io/rust-lang/crates-build-env/linux@sha256:77db811e55d90add9212f6832c23229e3de5f1c1f9905e8cb07319ea15df73ac" "sleep" "infinity", kill_on_drop: false }`
[INFO] [stdout] c2a47c3b838bce961cd1a02c424de1bc729adb3ad8808b5c78aadf2e05b5e743
[INFO] running `Command { std: "docker" "start" "c2a47c3b838bce961cd1a02c424de1bc729adb3ad8808b5c78aadf2e05b5e743", kill_on_drop: false }`
[INFO] running `Command { std: "docker" "inspect" "c2a47c3b838bce961cd1a02c424de1bc729adb3ad8808b5c78aadf2e05b5e743", kill_on_drop: false }`
[INFO] running `Command { std: "docker" "exec" "-e" "SOURCE_DIR=/opt/rustwide/workdir" "-e" "CARGO_HOME=/opt/rustwide/cargo-home" "-e" "RUSTUP_HOME=/opt/rustwide/rustup-home" "-e" "CARGO_TARGET_DIR=/opt/rustwide/target" "-w" "/opt/rustwide/workdir" "--user" "0:0" "c2a47c3b838bce961cd1a02c424de1bc729adb3ad8808b5c78aadf2e05b5e743" "/opt/rustwide/cargo-home/bin/cargo" "+1.100.0-beta.1" "metadata" "--no-deps" "--format-version=1", kill_on_drop: false }`
[INFO] running `Command { std: "docker" "inspect" "c2a47c3b838bce961cd1a02c424de1bc729adb3ad8808b5c78aadf2e05b5e743", kill_on_drop: false }`
[INFO] running `Command { std: "docker" "exec" "-e" "SOURCE_DIR=/opt/rustwide/workdir" "-e" "CARGO_HOME=/opt/rustwide/cargo-home" "-e" "RUSTUP_HOME=/opt/rustwide/rustup-home" "-e" "CARGO_TARGET_DIR=/opt/rustwide/target" "-e" "CARGO_INCREMENTAL=0" "-e" "RUST_BACKTRACE=full" "-e" "RUSTFLAGS=--cap-lints=warn" "-e" "RUSTDOCFLAGS=--cap-lints=warn" "-w" "/opt/rustwide/workdir" "--user" "0:0" "c2a47c3b838bce961cd1a02c424de1bc729adb3ad8808b5c78aadf2e05b5e743" "/opt/rustwide/cargo-home/bin/cargo" "+1.100.0-beta.1" "build" "--frozen" "--message-format=json" "--release", kill_on_drop: false }`
[INFO] [stderr]    Compiling rustix v1.1.4
[INFO] [stderr]    Compiling linux-raw-sys v0.12.1
[INFO] [stderr]    Compiling bitflags v2.13.0
[INFO] [stderr]    Compiling io-lifetimes v3.0.1
[INFO] [stderr]    Compiling proc-macro2 v1.0.106
[INFO] [stderr]    Compiling io-lifetimes v2.0.4
[INFO] [stderr]    Compiling io-extras v0.19.0
[INFO] [stderr]    Compiling quote v1.0.46
[INFO] [stderr]    Compiling cap-primitives v4.0.2
[INFO] [stderr]    Compiling cap-std v4.0.2
[INFO] [stderr]    Compiling ambient-authority v0.0.2
[INFO] [stderr]    Compiling maybe-owned v0.3.4
[INFO] [stderr]    Compiling ipnet v2.12.0
[INFO] [stderr]    Compiling serde_json v1.0.150
[INFO] [stderr]    Compiling cap-fs-ext v4.0.2
[INFO] [stderr]    Compiling libc v0.2.186
[INFO] [stderr]    Compiling unicode-casefold v0.2.0
[INFO] [stderr]    Compiling pliego-reactive v0.4.0-beta.1
[INFO] [stderr]    Compiling pliego-dom v0.4.0-beta.1
[INFO] [stderr]    Compiling syn v2.0.118
[INFO] [stderr]    Compiling fs2 v0.4.3
[INFO] [stderr]    Compiling serde_derive v1.0.228
[INFO] [stderr]    Compiling fs-set-times v0.20.3
[INFO] [stderr]    Compiling rustix-linux-procfs v0.1.1
[INFO] [stderr]    Compiling serde v1.0.228
[INFO] [stderr]    Compiling pliego-artifact v0.4.0-beta.1
[INFO] [stderr]    Compiling pliego-ssg v0.4.0-beta.1 (/opt/rustwide/workdir)
[INFO] [stderr]     Finished `release` profile [optimized] target(s) in 25.25s
[INFO] running `Command { std: "docker" "inspect" "c2a47c3b838bce961cd1a02c424de1bc729adb3ad8808b5c78aadf2e05b5e743", kill_on_drop: false }`
[INFO] running `Command { std: "docker" "exec" "-e" "SOURCE_DIR=/opt/rustwide/workdir" "-e" "CARGO_HOME=/opt/rustwide/cargo-home" "-e" "RUSTUP_HOME=/opt/rustwide/rustup-home" "-e" "CARGO_TARGET_DIR=/opt/rustwide/target" "-e" "CARGO_INCREMENTAL=0" "-e" "RUST_BACKTRACE=full" "-e" "RUSTFLAGS=--cap-lints=warn" "-e" "RUSTDOCFLAGS=--cap-lints=warn" "-w" "/opt/rustwide/workdir" "--user" "0:0" "c2a47c3b838bce961cd1a02c424de1bc729adb3ad8808b5c78aadf2e05b5e743" "/opt/rustwide/cargo-home/bin/cargo" "+1.100.0-beta.1" "test" "--frozen" "--no-run" "--message-format=json" "--release", kill_on_drop: false }`
[INFO] [stderr]    Compiling pliego-ssg v0.4.0-beta.1 (/opt/rustwide/workdir)
[INFO] [stderr]     Finished `release` profile [optimized] target(s) in 8.16s
[INFO] running `Command { std: "docker" "inspect" "c2a47c3b838bce961cd1a02c424de1bc729adb3ad8808b5c78aadf2e05b5e743", kill_on_drop: false }`
[INFO] running `Command { std: "docker" "exec" "-e" "SOURCE_DIR=/opt/rustwide/workdir" "-e" "CARGO_HOME=/opt/rustwide/cargo-home" "-e" "RUSTUP_HOME=/opt/rustwide/rustup-home" "-e" "CARGO_TARGET_DIR=/opt/rustwide/target" "-e" "CARGO_INCREMENTAL=0" "-e" "RUST_BACKTRACE=full" "-e" "RUSTFLAGS=--cap-lints=warn" "-e" "RUSTDOCFLAGS=--cap-lints=warn" "-w" "/opt/rustwide/workdir" "--user" "0:0" "c2a47c3b838bce961cd1a02c424de1bc729adb3ad8808b5c78aadf2e05b5e743" "/opt/rustwide/cargo-home/bin/cargo" "+1.100.0-beta.1" "test" "--frozen" "--release", kill_on_drop: false }`
[INFO] [stderr]     Finished `release` profile [optimized] target(s) in 0.11s
[INFO] [stderr]      Running unittests src/lib.rs (/opt/rustwide/target/release/build/pliego-ssg/433809a431de6e6d/out/pliego_ssg-433809a431de6e6d)
[INFO] [stdout] 
[INFO] [stdout] running 39 tests
[INFO] [stdout] test product::tests::unsafe_sources_and_dangling_references_are_rejected ... ok
[INFO] [stdout] test tests::document_identity_links_are_explicit_and_escaped ... ok
[INFO] [stdout] test product::tests::duplicates_are_rejected_before_adapter_use ... ok
[INFO] [stdout] test product::tests::product_component_macro_captures_its_cargo_source ... FAILED
[INFO] [stdout] test product::tests::complete_registry_is_accepted ... ok
[INFO] [stdout] test tests::inline_scripts_run_before_styles_and_cannot_close_their_element ... ok
[INFO] [stdout] test tests::active_document_urls_reject_executable_or_ambiguous_schemes ... ok
[INFO] [stdout] test tests::file_routes_and_redirects_emit_static_host_contracts ... ok
[INFO] [stdout] test tests::module_scripts_are_explicit_and_escaped ... ok
[INFO] [stdout] test tests::open_graph_metadata_uses_property_attributes ... ok
[INFO] [stdout] test tests::output_size_preflight_rejects_before_publication_parent_creation ... ok
[INFO] [stdout] test tests::page_renders_a_complete_escaped_document ... ok
[INFO] [stdout] test tests::private_publication_names_are_bounded_for_maximum_output_leafs ... ok
[INFO] [stdout] test tests::publication_lock_rejects_a_preexisting_symlink_without_opening_its_target ... ok
[INFO] [stdout] test tests::publication_lock_rejects_a_second_concurrent_publisher_deterministically ... ok
[INFO] [stdout] test tests::forged_legacy_marker_never_claims_an_existing_output ... ok
[INFO] [stdout] test tests::build_never_reads_or_replaces_an_oversized_ledger ... ok
[INFO] [stdout] test tests::route_aliases_are_rejected_before_publication ... ok
[INFO] [stdout] test tests::stage_writer_rejects_a_linked_directory_without_touching_outside_data ... ok
[INFO] [stdout] test tests::stage_writer_rejects_a_preexisting_hardlink_without_truncating_it ... ok
[INFO] [stdout] test tests::structured_data_is_serialized_without_html_breakout ... ok
[INFO] [stdout] test tests::stylesheet_preloads_are_explicit_unique_and_early ... ok
[INFO] [stdout] test tests::stylesheet_preloads_require_one_matching_stylesheet ... ok
[INFO] [stdout] test tests::build_never_replaces_an_unowned_existing_directory ... ok
[INFO] [stdout] test tests::changed_inputs_discard_stage_before_publication ... ok
[INFO] [stdout] test tests::build_rejects_a_symlinked_output_ancestor ... ok
[INFO] [stdout] test tests::valid_invocation_cannot_publish_to_an_unauthorized_output ... ok
[INFO] [stdout] test tests::routes_and_assets_reject_exact_and_file_directory_collisions ... ok
[INFO] [stdout] test tests::route_case_and_unicode_aliases_share_one_portable_namespace ... ok
[INFO] [stdout] test tests::build_emits_receipt_bound_precise_and_conservative_causal_edges ... ok
[INFO] [stdout] test tests::build_reserves_its_ledger_and_rolls_back_failed_staging ... ok
[INFO] [stdout] test tests::directory_spelling_and_portability_are_validated_before_staging ... ok
[INFO] [stdout] test tests::oversized_ledger_fails_before_publication_parent_or_stage_creation ... ok
[INFO] [stdout] test tests::changed_build_links_real_previous_ownership_and_identical_rebuild_is_a_noop ... ok
[INFO] [stdout] test tests::build_never_replaces_output_owned_by_another_project ... ok
[INFO] [stdout] test tests::failed_stage_publication_restores_the_previous_output_byte_for_byte ... ok
[INFO] [stdout] test tests::build_is_stable_and_rejects_path_traversal ... ok
[INFO] [stdout] test tests::drifted_or_extended_owned_output_is_not_replaced ... ok
[INFO] [stdout] test tests::lazy_pages_execute_only_when_their_verified_sources_are_invalidated ... ok
[INFO] [stdout] 
[INFO] [stdout] failures:
[INFO] [stdout] 
[INFO] [stdout] ---- product::tests::product_component_macro_captures_its_cargo_source stdout ----
[INFO] [stdout] 
[INFO] [stdout] thread 'product::tests::product_component_macro_captures_its_cargo_source' (943) panicked at src/product.rs:447:9:
[INFO] [stdout] assertion `left == right` failed
[INFO] [stdout]   left: ["src/product.rs"]
[INFO] [stdout]  right: ["crates/pliego-ssg/src/product.rs"]
[INFO] [stdout] stack backtrace:
[INFO] [stdout]    0:     0x581ad3a96b31 - <<std[617be2ca0a6fd877]::sys::backtrace::BacktraceLock>::print::DisplayBacktrace as core[a373ad73a504971]::fmt::Display>::fmt
[INFO] [stdout]    1:     0x581ad3aac51a - core[a373ad73a504971]::fmt::write
[INFO] [stdout]    2:     0x581ad3a9b2ac - <alloc[2e1b2a31b91974c5]::vec::Vec<u8> as core[a373ad73a504971]::io::write::Write>::write_fmt
[INFO] [stdout]    3:     0x581ad3a6fe06 - std[617be2ca0a6fd877]::panicking::default_hook::{closure#0}
[INFO] [stdout]    4:     0x581ad3a8d9d9 - std[617be2ca0a6fd877]::panicking::default_hook
[INFO] [stdout]    5:     0x581ad3996bb0 - test[aada8e7e76ba119b]::test_main_inner::{closure#0}
[INFO] [stdout]    6:     0x581ad3a8db92 - std[617be2ca0a6fd877]::panicking::panic_with_hook
[INFO] [stdout]    7:     0x581ad3a6feb2 - std[617be2ca0a6fd877]::panicking::panic_handler::{closure#0}
[INFO] [stdout]    8:     0x581ad3a687a9 - std[617be2ca0a6fd877]::sys::backtrace::__rust_end_short_backtrace::<std[617be2ca0a6fd877]::panicking::panic_handler::{closure#0}, !>
[INFO] [stdout]    9:     0x581ad3a70c9d - __rustc[ea4f61d10b84890b]::rust_begin_unwind
[INFO] [stdout]   10:     0x581ad3aacc4c - core[a373ad73a504971]::panicking::panic_fmt
[INFO] [stdout]   11:     0x581ad3aacb63 - core[a373ad73a504971]::panicking::assert_failed_inner
[INFO] [stdout]   12:     0x581ad3987141 - core[a373ad73a504971]::panicking::assert_failed::<&[alloc[2e1b2a31b91974c5]::string::String], &[&str; 1usize]>
[INFO] [stdout]   13:     0x581ad397cc9a - <pliego_ssg[b62a0eb4a68a4c6f]::product::tests::product_component_macro_captures_its_cargo_source::{closure#0} as core[a373ad73a504971]::ops::function::FnOnce<()>>::call_once
[INFO] [stdout]   14:     0x581ad3989ffb - test[aada8e7e76ba119b]::__rust_begin_short_backtrace::<core[a373ad73a504971]::result::Result<(), alloc[2e1b2a31b91974c5]::string::String>, fn() -> core[a373ad73a504971]::result::Result<(), alloc[2e1b2a31b91974c5]::string::String>>
[INFO] [stdout]   15:     0x581ad39971d5 - test[aada8e7e76ba119b]::run_test::{closure#0}
[INFO] [stdout]   16:     0x581ad3990ac4 - std[617be2ca0a6fd877]::sys::backtrace::__rust_begin_short_backtrace::<test[aada8e7e76ba119b]::run_test::{closure#1}, ()>
[INFO] [stdout]   17:     0x581ad399a262 - <std[617be2ca0a6fd877]::thread::lifecycle::spawn_unchecked<test[aada8e7e76ba119b]::run_test::{closure#1}, ()>::{closure#1} as core[a373ad73a504971]::ops::function::FnOnce<()>>::call_once::{shim:vtable#0}
[INFO] [stdout]   18:     0x581ad3a95b3f - <std[617be2ca0a6fd877]::sys::thread::unix::Thread>::new::thread_start
[INFO] [stdout]   19:     0x736e87087dfa - <unknown>
[INFO] [stdout]   20:     0x736e8711b3d4 - clone
[INFO] [stdout]   21:                0x0 - <unknown>
[INFO] [stdout] 
[INFO] [stdout] 
[INFO] [stdout] failures:
[INFO] [stdout]     product::tests::product_component_macro_captures_its_cargo_source
[INFO] [stdout] 
[INFO] [stdout] test result: FAILED. 38 passed; 1 failed; 0 ignored; 0 measured; 0 filtered out; finished in 1.09s
[INFO] [stdout] 
[INFO] [stderr] error: test failed, to rerun pass `--lib`
[INFO] running `Command { std: "docker" "inspect" "c2a47c3b838bce961cd1a02c424de1bc729adb3ad8808b5c78aadf2e05b5e743", kill_on_drop: false }`
[INFO] running `Command { std: "docker" "rm" "-f" "c2a47c3b838bce961cd1a02c424de1bc729adb3ad8808b5c78aadf2e05b5e743", kill_on_drop: false }`
[INFO] [stdout] c2a47c3b838bce961cd1a02c424de1bc729adb3ad8808b5c78aadf2e05b5e743
