[INFO] fetching crate pliego-css-io 0.1.0-rc.2...
[INFO] testing pliego-css-io-0.1.0-rc.2 against 1.99.0-beta.8+cargoflags=--release for beta-release-1.100-2
[INFO] extracting crate pliego-css-io 0.1.0-rc.2 into /workspace/builds/worker-1-tc1/source
[INFO] started tweaking crates.io crate pliego-css-io 0.1.0-rc.2
[INFO] removed 0 missing tests
[INFO] finished tweaking crates.io crate pliego-css-io 0.1.0-rc.2
[INFO] tweaked toml for crates.io crate pliego-css-io 0.1.0-rc.2 written to /workspace/builds/worker-1-tc1/source/Cargo.toml
[INFO] validating manifest of crates.io crate pliego-css-io 0.1.0-rc.2 on toolchain 1.99.0-beta.8
[INFO] running `Command { std: CARGO_HOME="/workspace/cargo-home" RUSTUP_HOME="/workspace/rustup-home" "/workspace/cargo-home/bin/cargo" "+1.99.0-beta.8" "metadata" "--manifest-path" "Cargo.toml" "--no-deps", kill_on_drop: false }`
[INFO] crate crates.io crate pliego-css-io 0.1.0-rc.2 already has a lockfile, it will not be regenerated
[INFO] running `Command { std: CARGO_HOME="/workspace/cargo-home" RUSTUP_HOME="/workspace/rustup-home" "/workspace/cargo-home/bin/cargo" "+1.99.0-beta.8" "fetch" "--manifest-path" "Cargo.toml", kill_on_drop: false }`
[INFO] running `Command { std: "docker" "create" "-v" "/var/lib/crater-agent-workspace/builds/worker-1-tc1/source:/opt/rustwide/workdir:ro,Z" "-v" "/var/lib/crater-agent-workspace/builds/worker-1-tc1/target:/opt/rustwide/target:rw,Z" "-v" "/var/lib/crater-agent-workspace/cargo-home:/opt/rustwide/cargo-home:ro,Z" "-v" "/var/lib/crater-agent-workspace/rustup-home:/opt/rustwide/rustup-home:ro,Z" "-m" "1610612736" "--network" "none" "ghcr.io/rust-lang/crates-build-env/linux@sha256:77db811e55d90add9212f6832c23229e3de5f1c1f9905e8cb07319ea15df73ac" "sleep" "infinity", kill_on_drop: false }`
[INFO] [stdout] 35a523a0e345ecb8470b4f8b2bcf0db15902c33df3d2c84017efcac33b26e83f
[INFO] running `Command { std: "docker" "start" "35a523a0e345ecb8470b4f8b2bcf0db15902c33df3d2c84017efcac33b26e83f", kill_on_drop: false }`
[INFO] running `Command { std: "docker" "inspect" "35a523a0e345ecb8470b4f8b2bcf0db15902c33df3d2c84017efcac33b26e83f", kill_on_drop: false }`
[INFO] running `Command { std: "docker" "exec" "-e" "SOURCE_DIR=/opt/rustwide/workdir" "-e" "CARGO_HOME=/opt/rustwide/cargo-home" "-e" "RUSTUP_HOME=/opt/rustwide/rustup-home" "-e" "CARGO_TARGET_DIR=/opt/rustwide/target" "-w" "/opt/rustwide/workdir" "--user" "0:0" "35a523a0e345ecb8470b4f8b2bcf0db15902c33df3d2c84017efcac33b26e83f" "/opt/rustwide/cargo-home/bin/cargo" "+1.99.0-beta.8" "metadata" "--no-deps" "--format-version=1", kill_on_drop: false }`
[INFO] running `Command { std: "docker" "inspect" "35a523a0e345ecb8470b4f8b2bcf0db15902c33df3d2c84017efcac33b26e83f", kill_on_drop: false }`
[INFO] running `Command { std: "docker" "exec" "-e" "SOURCE_DIR=/opt/rustwide/workdir" "-e" "CARGO_HOME=/opt/rustwide/cargo-home" "-e" "RUSTUP_HOME=/opt/rustwide/rustup-home" "-e" "CARGO_TARGET_DIR=/opt/rustwide/target" "-e" "CARGO_INCREMENTAL=0" "-e" "RUST_BACKTRACE=full" "-e" "RUSTFLAGS=--cap-lints=warn" "-e" "RUSTDOCFLAGS=--cap-lints=warn" "-w" "/opt/rustwide/workdir" "--user" "0:0" "35a523a0e345ecb8470b4f8b2bcf0db15902c33df3d2c84017efcac33b26e83f" "/opt/rustwide/cargo-home/bin/cargo" "+1.99.0-beta.8" "build" "--frozen" "--message-format=json" "--release", kill_on_drop: false }`
[INFO] [stderr]    Compiling pliego-css-io v0.1.0-rc.2 (/opt/rustwide/workdir)
[INFO] [stderr]     Finished `release` profile [optimized] target(s) in 0.46s
[INFO] running `Command { std: "docker" "inspect" "35a523a0e345ecb8470b4f8b2bcf0db15902c33df3d2c84017efcac33b26e83f", kill_on_drop: false }`
[INFO] running `Command { std: "docker" "exec" "-e" "SOURCE_DIR=/opt/rustwide/workdir" "-e" "CARGO_HOME=/opt/rustwide/cargo-home" "-e" "RUSTUP_HOME=/opt/rustwide/rustup-home" "-e" "CARGO_TARGET_DIR=/opt/rustwide/target" "-e" "CARGO_INCREMENTAL=0" "-e" "RUST_BACKTRACE=full" "-e" "RUSTFLAGS=--cap-lints=warn" "-e" "RUSTDOCFLAGS=--cap-lints=warn" "-w" "/opt/rustwide/workdir" "--user" "0:0" "35a523a0e345ecb8470b4f8b2bcf0db15902c33df3d2c84017efcac33b26e83f" "/opt/rustwide/cargo-home/bin/cargo" "+1.99.0-beta.8" "test" "--frozen" "--no-run" "--message-format=json" "--release", kill_on_drop: false }`
[INFO] [stderr]    Compiling pliego-css-io v0.1.0-rc.2 (/opt/rustwide/workdir)
[INFO] [stderr]     Finished `release` profile [optimized] target(s) in 0.64s
[INFO] running `Command { std: "docker" "inspect" "35a523a0e345ecb8470b4f8b2bcf0db15902c33df3d2c84017efcac33b26e83f", kill_on_drop: false }`
[INFO] running `Command { std: "docker" "exec" "-e" "SOURCE_DIR=/opt/rustwide/workdir" "-e" "CARGO_HOME=/opt/rustwide/cargo-home" "-e" "RUSTUP_HOME=/opt/rustwide/rustup-home" "-e" "CARGO_TARGET_DIR=/opt/rustwide/target" "-e" "CARGO_INCREMENTAL=0" "-e" "RUST_BACKTRACE=full" "-e" "RUSTFLAGS=--cap-lints=warn" "-e" "RUSTDOCFLAGS=--cap-lints=warn" "-w" "/opt/rustwide/workdir" "--user" "0:0" "35a523a0e345ecb8470b4f8b2bcf0db15902c33df3d2c84017efcac33b26e83f" "/opt/rustwide/cargo-home/bin/cargo" "+1.99.0-beta.8" "test" "--frozen" "--release", kill_on_drop: false }`
[INFO] [stderr]     Finished `release` profile [optimized] target(s) in 0.02s
[INFO] [stderr]      Running unittests src/lib.rs (/opt/rustwide/target/release/deps/pliego_css_io-2bcf7b9881603b28)
[INFO] [stdout] 
[INFO] [stdout] running 0 tests
[INFO] [stdout] 
[INFO] [stdout] test result: ok. 0 passed; 0 failed; 0 ignored; 0 measured; 0 filtered out; finished in 0.00s
[INFO] [stdout] 
[INFO] [stderr]      Running tests/safe_file.rs (/opt/rustwide/target/release/deps/safe_file-535e08f32734563f)
[INFO] [stdout] 
[INFO] [stdout] running 5 tests
[INFO] [stdout] test rejects_file_and_parent_links ... FAILED
[INFO] [stdout] test creates_once_and_renames_prepared_bytes_over_destination ... FAILED
[INFO] [stdout] test rejects_writing_through_a_link_like_parent ... FAILED
[INFO] [stdout] test reads_regular_files_up_to_the_limit ... FAILED
[INFO] [stdout] test rejects_oversized_and_non_regular_inputs_with_stable_messages ... FAILED
[INFO] [stdout] 
[INFO] [stdout] failures:
[INFO] [stdout] 
[INFO] [stdout] ---- rejects_file_and_parent_links stdout ----
[INFO] [stdout] 
[INFO] [stdout] thread 'rejects_file_and_parent_links' (177) panicked at tests/safe_file.rs:52:43:
[INFO] [stdout] called `Result::unwrap()` on an `Err` value: Os { code: 30, kind: ReadOnlyFilesystem, message: "Read-only file system" }
[INFO] [stdout] stack backtrace:
[INFO] [stdout]    0:     0x58819fe14921 - <<std[70759c8f55707aa4]::sys::backtrace::BacktraceLock>::print::DisplayBacktrace as core[df12db4294e9bfd3]::fmt::Display>::fmt
[INFO] [stdout]    1:     0x58819fe28e8a - core[df12db4294e9bfd3]::fmt::write
[INFO] [stdout]    2:     0x58819fe1903c - <alloc[2182bb758b4b3781]::vec::Vec<u8> as core[df12db4294e9bfd3]::io::write::Write>::write_fmt
[INFO] [stdout]    3:     0x58819fdeef86 - std[70759c8f55707aa4]::panicking::default_hook::{closure#0}
[INFO] [stdout]    4:     0x58819fe0c069 - std[70759c8f55707aa4]::panicking::default_hook
[INFO] [stdout]    5:     0x58819fda5430 - test[9d35eded1c95d3be]::test_main_inner::<test[9d35eded1c95d3be]::test_main_static::{closure#0}>::{closure#0}
[INFO] [stdout]    6:     0x58819fe0c222 - std[70759c8f55707aa4]::panicking::panic_with_hook
[INFO] [stdout]    7:     0x58819fdef032 - std[70759c8f55707aa4]::panicking::panic_handler::{closure#0}
[INFO] [stdout]    8:     0x58819fde7a49 - std[70759c8f55707aa4]::sys::backtrace::__rust_end_short_backtrace::<std[70759c8f55707aa4]::panicking::panic_handler::{closure#0}, !>
[INFO] [stdout]    9:     0x58819fdefe0d - __rustc[8fa7c3cbc660c2b3]::rust_begin_unwind
[INFO] [stdout]   10:     0x58819fe295bc - core[df12db4294e9bfd3]::panicking::panic_fmt
[INFO] [stdout]   11:     0x58819fe29392 - core[df12db4294e9bfd3]::result::unwrap_failed
[INFO] [stdout]   12:     0x58819fd97138 - <safe_file[dbe9d909fdc1b96]::rejects_file_and_parent_links::{closure#0} as core[df12db4294e9bfd3]::ops::function::FnOnce<()>>::call_once
[INFO] [stdout]   13:     0x58819fd9871b - test[9d35eded1c95d3be]::__rust_begin_short_backtrace::<core[df12db4294e9bfd3]::result::Result<(), alloc[2182bb758b4b3781]::string::String>, fn() -> core[df12db4294e9bfd3]::result::Result<(), alloc[2182bb758b4b3781]::string::String>>
[INFO] [stdout]   14:     0x58819fda5d85 - test[9d35eded1c95d3be]::run_test::{closure#0}
[INFO] [stdout]   15:     0x58819fd9f644 - std[70759c8f55707aa4]::sys::backtrace::__rust_begin_short_backtrace::<test[9d35eded1c95d3be]::run_test::{closure#1}, ()>
[INFO] [stdout]   16:     0x58819fda8ee2 - <std[70759c8f55707aa4]::thread::lifecycle::spawn_unchecked<test[9d35eded1c95d3be]::run_test::{closure#1}, ()>::{closure#1} as core[df12db4294e9bfd3]::ops::function::FnOnce<()>>::call_once::{shim:vtable#0}
[INFO] [stdout]   17:     0x58819fe13ce9 - <std[70759c8f55707aa4]::sys::thread::unix::Thread>::new::thread_start
[INFO] [stdout]   18:     0x7f0474b90dfa - <unknown>
[INFO] [stdout]   19:     0x7f0474c243d4 - clone
[INFO] [stdout]   20:                0x0 - <unknown>
[INFO] [stdout] 
[INFO] [stdout] ---- creates_once_and_renames_prepared_bytes_over_destination stdout ----
[INFO] [stdout] 
[INFO] [stdout] thread 'creates_once_and_renames_prepared_bytes_over_destination' (175) panicked at tests/safe_file.rs:86:31:
[INFO] [stdout] called `Result::unwrap()` on an `Err` value: Os { code: 30, kind: ReadOnlyFilesystem, message: "Read-only file system" }
[INFO] [stdout] stack backtrace:
[INFO] [stdout]    0:     0x58819fe14921 - <<std[70759c8f55707aa4]::sys::backtrace::BacktraceLock>::print::DisplayBacktrace as core[df12db4294e9bfd3]::fmt::Display>::fmt
[INFO] [stdout]    1:     0x58819fe28e8a - core[df12db4294e9bfd3]::fmt::write
[INFO] [stdout]    2:     0x58819fe1903c - <alloc[2182bb758b4b3781]::vec::Vec<u8> as core[df12db4294e9bfd3]::io::write::Write>::write_fmt
[INFO] [stdout]    3:     0x58819fdeef86 - std[70759c8f55707aa4]::panicking::default_hook::{closure#0}
[INFO] [stdout]    4:     0x58819fe0c069 - std[70759c8f55707aa4]::panicking::default_hook
[INFO] [stdout]    5:     0x58819fda5430 - test[9d35eded1c95d3be]::test_main_inner::<test[9d35eded1c95d3be]::test_main_static::{closure#0}>::{closure#0}
[INFO] [stdout]    6:     0x58819fe0c222 - std[70759c8f55707aa4]::panicking::panic_with_hook
[INFO] [stdout]    7:     0x58819fdef032 - std[70759c8f55707aa4]::panicking::panic_handler::{closure#0}
[INFO] [stdout]    8:     0x58819fde7a49 - std[70759c8f55707aa4]::sys::backtrace::__rust_end_short_backtrace::<std[70759c8f55707aa4]::panicking::panic_handler::{closure#0}, !>
[INFO] [stdout]    9:     0x58819fdefe0d - __rustc[8fa7c3cbc660c2b3]::rust_begin_unwind
[INFO] [stdout]   10:     0x58819fe295bc - core[df12db4294e9bfd3]::panicking::panic_fmt
[INFO] [stdout]   11:     0x58819fe29392 - core[df12db4294e9bfd3]::result::unwrap_failed
[INFO] [stdout]   12:     0x58819fd98022 - <safe_file[dbe9d909fdc1b96]::creates_once_and_renames_prepared_bytes_over_destination::{closure#0} as core[df12db4294e9bfd3]::ops::function::FnOnce<()>>::call_once
[INFO] [stdout]   13:     0x58819fd9871b - test[9d35eded1c95d3be]::__rust_begin_short_backtrace::<core[df12db4294e9bfd3]::result::Result<(), alloc[2182bb758b4b3781]::string::String>, fn() -> core[df12db4294e9bfd3]::result::Result<(), alloc[2182bb758b4b3781]::string::String>>
[INFO] [stdout]   14:     0x58819fda5d85 - test[9d35eded1c95d3be]::run_test::{closure#0}
[INFO] [stdout]   15:     0x58819fd9f644 - std[70759c8f55707aa4]::sys::backtrace::__rust_begin_short_backtrace::<test[9d35eded1c95d3be]::run_test::{closure#1}, ()>
[INFO] [stdout]   16:     0x58819fda8ee2 - <std[70759c8f55707aa4]::thread::lifecycle::spawn_unchecked<test[9d35eded1c95d3be]::run_test::{closure#1}, ()>::{closure#1} as core[df12db4294e9bfd3]::ops::function::FnOnce<()>>::call_once::{shim:vtable#0}
[INFO] [stdout]   17:     0x58819fe13ce9 - <std[70759c8f55707aa4]::sys::thread::unix::Thread>::new::thread_start
[INFO] [stdout]   18:     0x7f0474b90dfa - <unknown>
[INFO] [stdout]   19:     0x7f0474c243d4 - clone
[INFO] [stdout]   20:                0x0 - <unknown>
[INFO] [stdout] 
[INFO] [stdout] ---- rejects_writing_through_a_link_like_parent stdout ----
[INFO] [stdout] 
[INFO] [stdout] thread 'rejects_writing_through_a_link_like_parent' (179) panicked at tests/safe_file.rs:102:43:
[INFO] [stdout] called `Result::unwrap()` on an `Err` value: Os { code: 30, kind: ReadOnlyFilesystem, message: "Read-only file system" }
[INFO] [stderr] error: test failed, to rerun pass `--test safe_file`
[INFO] [stdout] stack backtrace:
[INFO] [stdout]    0:     0x58819fe14921 - <<std[70759c8f55707aa4]::sys::backtrace::BacktraceLock>::print::DisplayBacktrace as core[df12db4294e9bfd3]::fmt::Display>::fmt
[INFO] [stdout]    1:     0x58819fe28e8a - core[df12db4294e9bfd3]::fmt::write
[INFO] [stdout]    2:     0x58819fe1903c - <alloc[2182bb758b4b3781]::vec::Vec<u8> as core[df12db4294e9bfd3]::io::write::Write>::write_fmt
[INFO] [stdout]    3:     0x58819fdeef86 - std[70759c8f55707aa4]::panicking::default_hook::{closure#0}
[INFO] [stdout]    4:     0x58819fe0c069 - std[70759c8f55707aa4]::panicking::default_hook
[INFO] [stdout]    5:     0x58819fda5430 - test[9d35eded1c95d3be]::test_main_inner::<test[9d35eded1c95d3be]::test_main_static::{closure#0}>::{closure#0}
[INFO] [stdout]    6:     0x58819fe0c222 - std[70759c8f55707aa4]::panicking::panic_with_hook
[INFO] [stdout]    7:     0x58819fdef032 - std[70759c8f55707aa4]::panicking::panic_handler::{closure#0}
[INFO] [stdout]    8:     0x58819fde7a49 - std[70759c8f55707aa4]::sys::backtrace::__rust_end_short_backtrace::<std[70759c8f55707aa4]::panicking::panic_handler::{closure#0}, !>
[INFO] [stdout]    9:     0x58819fdefe0d - __rustc[8fa7c3cbc660c2b3]::rust_begin_unwind
[INFO] [stdout]   10:     0x58819fe295bc - core[df12db4294e9bfd3]::panicking::panic_fmt
[INFO] [stdout]   11:     0x58819fe29392 - core[df12db4294e9bfd3]::result::unwrap_failed
[INFO] [stdout]   12:     0x58819fd97b29 - <safe_file[dbe9d909fdc1b96]::rejects_writing_through_a_link_like_parent::{closure#0} as core[df12db4294e9bfd3]::ops::function::FnOnce<()>>::call_once
[INFO] [stdout]   13:     0x58819fd9871b - test[9d35eded1c95d3be]::__rust_begin_short_backtrace::<core[df12db4294e9bfd3]::result::Result<(), alloc[2182bb758b4b3781]::string::String>, fn() -> core[df12db4294e9bfd3]::result::Result<(), alloc[2182bb758b4b3781]::string::String>>
[INFO] [stdout]   14:     0x58819fda5d85 - test[9d35eded1c95d3be]::run_test::{closure#0}
[INFO] [stdout]   15:     0x58819fd9f644 - std[70759c8f55707aa4]::sys::backtrace::__rust_begin_short_backtrace::<test[9d35eded1c95d3be]::run_test::{closure#1}, ()>
[INFO] [stdout]   16:     0x58819fda8ee2 - <std[70759c8f55707aa4]::thread::lifecycle::spawn_unchecked<test[9d35eded1c95d3be]::run_test::{closure#1}, ()>::{closure#1} as core[df12db4294e9bfd3]::ops::function::FnOnce<()>>::call_once::{shim:vtable#0}
[INFO] [stdout]   17:     0x58819fe13ce9 - <std[70759c8f55707aa4]::sys::thread::unix::Thread>::new::thread_start
[INFO] [stdout]   18:     0x7f0474b90dfa - <unknown>
[INFO] [stdout]   19:     0x7f0474c243d4 - clone
[INFO] [stdout]   20:                0x0 - <unknown>
[INFO] [stdout] 
[INFO] [stdout] ---- reads_regular_files_up_to_the_limit stdout ----
[INFO] [stdout] 
[INFO] [stdout] thread 'reads_regular_files_up_to_the_limit' (176) panicked at tests/safe_file.rs:19:31:
[INFO] [stdout] called `Result::unwrap()` on an `Err` value: Os { code: 30, kind: ReadOnlyFilesystem, message: "Read-only file system" }
[INFO] [stdout] stack backtrace:
[INFO] [stdout]    0:     0x58819fe14921 - <<std[70759c8f55707aa4]::sys::backtrace::BacktraceLock>::print::DisplayBacktrace as core[df12db4294e9bfd3]::fmt::Display>::fmt
[INFO] [stdout]    1:     0x58819fe28e8a - core[df12db4294e9bfd3]::fmt::write
[INFO] [stdout]    2:     0x58819fe1903c - <alloc[2182bb758b4b3781]::vec::Vec<u8> as core[df12db4294e9bfd3]::io::write::Write>::write_fmt
[INFO] [stdout]    3:     0x58819fdeef86 - std[70759c8f55707aa4]::panicking::default_hook::{closure#0}
[INFO] [stdout]    4:     0x58819fe0c069 - std[70759c8f55707aa4]::panicking::default_hook
[INFO] [stdout]    5:     0x58819fda5430 - test[9d35eded1c95d3be]::test_main_inner::<test[9d35eded1c95d3be]::test_main_static::{closure#0}>::{closure#0}
[INFO] [stdout]    6:     0x58819fe0c222 - std[70759c8f55707aa4]::panicking::panic_with_hook
[INFO] [stdout]    7:     0x58819fdef032 - std[70759c8f55707aa4]::panicking::panic_handler::{closure#0}
[INFO] [stdout]    8:     0x58819fde7a49 - std[70759c8f55707aa4]::sys::backtrace::__rust_end_short_backtrace::<std[70759c8f55707aa4]::panicking::panic_handler::{closure#0}, !>
[INFO] [stdout]    9:     0x58819fdefe0d - __rustc[8fa7c3cbc660c2b3]::rust_begin_unwind
[INFO] [stdout]   10:     0x58819fe295bc - core[df12db4294e9bfd3]::panicking::panic_fmt
[INFO] [stdout]   11:     0x58819fe29392 - core[df12db4294e9bfd3]::result::unwrap_failed
[INFO] [stdout]   12:     0x58819fd976ff - <safe_file[dbe9d909fdc1b96]::reads_regular_files_up_to_the_limit::{closure#0} as core[df12db4294e9bfd3]::ops::function::FnOnce<()>>::call_once
[INFO] [stdout]   13:     0x58819fd9871b - test[9d35eded1c95d3be]::__rust_begin_short_backtrace::<core[df12db4294e9bfd3]::result::Result<(), alloc[2182bb758b4b3781]::string::String>, fn() -> core[df12db4294e9bfd3]::result::Result<(), alloc[2182bb758b4b3781]::string::String>>
[INFO] [stdout]   14:     0x58819fda5d85 - test[9d35eded1c95d3be]::run_test::{closure#0}
[INFO] [stdout]   15:     0x58819fd9f644 - std[70759c8f55707aa4]::sys::backtrace::__rust_begin_short_backtrace::<test[9d35eded1c95d3be]::run_test::{closure#1}, ()>
[INFO] [stdout]   16:     0x58819fda8ee2 - <std[70759c8f55707aa4]::thread::lifecycle::spawn_unchecked<test[9d35eded1c95d3be]::run_test::{closure#1}, ()>::{closure#1} as core[df12db4294e9bfd3]::ops::function::FnOnce<()>>::call_once::{shim:vtable#0}
[INFO] [stdout]   17:     0x58819fe13ce9 - <std[70759c8f55707aa4]::sys::thread::unix::Thread>::new::thread_start
[INFO] [stdout]   18:     0x7f0474b90dfa - <unknown>
[INFO] [stdout]   19:     0x7f0474c243d4 - clone
[INFO] [stdout]   20:                0x0 - <unknown>
[INFO] [stdout] 
[INFO] [stdout] ---- rejects_oversized_and_non_regular_inputs_with_stable_messages stdout ----
[INFO] [stdout] 
[INFO] [stdout] thread 'rejects_oversized_and_non_regular_inputs_with_stable_messages' (178) panicked at tests/safe_file.rs:32:31:
[INFO] [stdout] called `Result::unwrap()` on an `Err` value: Os { code: 30, kind: ReadOnlyFilesystem, message: "Read-only file system" }
[INFO] [stdout] stack backtrace:
[INFO] [stdout]    0:     0x58819fe14921 - <<std[70759c8f55707aa4]::sys::backtrace::BacktraceLock>::print::DisplayBacktrace as core[df12db4294e9bfd3]::fmt::Display>::fmt
[INFO] [stdout]    1:     0x58819fe28e8a - core[df12db4294e9bfd3]::fmt::write
[INFO] [stdout]    2:     0x58819fe1903c - <alloc[2182bb758b4b3781]::vec::Vec<u8> as core[df12db4294e9bfd3]::io::write::Write>::write_fmt
[INFO] [stdout]    3:     0x58819fdeef86 - std[70759c8f55707aa4]::panicking::default_hook::{closure#0}
[INFO] [stdout]    4:     0x58819fe0c069 - std[70759c8f55707aa4]::panicking::default_hook
[INFO] [stdout]    5:     0x58819fda5430 - test[9d35eded1c95d3be]::test_main_inner::<test[9d35eded1c95d3be]::test_main_static::{closure#0}>::{closure#0}
[INFO] [stdout]    6:     0x58819fe0c222 - std[70759c8f55707aa4]::panicking::panic_with_hook
[INFO] [stdout]    7:     0x58819fdef032 - std[70759c8f55707aa4]::panicking::panic_handler::{closure#0}
[INFO] [stdout]    8:     0x58819fde7a49 - std[70759c8f55707aa4]::sys::backtrace::__rust_end_short_backtrace::<std[70759c8f55707aa4]::panicking::panic_handler::{closure#0}, !>
[INFO] [stdout]    9:     0x58819fdefe0d - __rustc[8fa7c3cbc660c2b3]::rust_begin_unwind
[INFO] [stdout]   10:     0x58819fe295bc - core[df12db4294e9bfd3]::panicking::panic_fmt
[INFO] [stdout]   11:     0x58819fe29392 - core[df12db4294e9bfd3]::result::unwrap_failed
[INFO] [stdout]   12:     0x58819fd98491 - <safe_file[dbe9d909fdc1b96]::rejects_oversized_and_non_regular_inputs_with_stable_messages::{closure#0} as core[df12db4294e9bfd3]::ops::function::FnOnce<()>>::call_once
[INFO] [stdout]   13:     0x58819fd9871b - test[9d35eded1c95d3be]::__rust_begin_short_backtrace::<core[df12db4294e9bfd3]::result::Result<(), alloc[2182bb758b4b3781]::string::String>, fn() -> core[df12db4294e9bfd3]::result::Result<(), alloc[2182bb758b4b3781]::string::String>>
[INFO] [stdout]   14:     0x58819fda5d85 - test[9d35eded1c95d3be]::run_test::{closure#0}
[INFO] [stdout]   15:     0x58819fd9f644 - std[70759c8f55707aa4]::sys::backtrace::__rust_begin_short_backtrace::<test[9d35eded1c95d3be]::run_test::{closure#1}, ()>
[INFO] [stdout]   16:     0x58819fda8ee2 - <std[70759c8f55707aa4]::thread::lifecycle::spawn_unchecked<test[9d35eded1c95d3be]::run_test::{closure#1}, ()>::{closure#1} as core[df12db4294e9bfd3]::ops::function::FnOnce<()>>::call_once::{shim:vtable#0}
[INFO] [stdout]   17:     0x58819fe13ce9 - <std[70759c8f55707aa4]::sys::thread::unix::Thread>::new::thread_start
[INFO] [stdout]   18:     0x7f0474b90dfa - <unknown>
[INFO] [stdout]   19:     0x7f0474c243d4 - clone
[INFO] [stdout]   20:                0x0 - <unknown>
[INFO] [stdout] 
[INFO] [stdout] 
[INFO] [stdout] failures:
[INFO] [stdout]     creates_once_and_renames_prepared_bytes_over_destination
[INFO] [stdout]     reads_regular_files_up_to_the_limit
[INFO] [stdout]     rejects_file_and_parent_links
[INFO] [stdout]     rejects_oversized_and_non_regular_inputs_with_stable_messages
[INFO] [stdout]     rejects_writing_through_a_link_like_parent
[INFO] [stdout] 
[INFO] [stdout] test result: FAILED. 0 passed; 5 failed; 0 ignored; 0 measured; 0 filtered out; finished in 0.00s
[INFO] [stdout] 
[INFO] running `Command { std: "docker" "inspect" "35a523a0e345ecb8470b4f8b2bcf0db15902c33df3d2c84017efcac33b26e83f", kill_on_drop: false }`
[INFO] running `Command { std: "docker" "rm" "-f" "35a523a0e345ecb8470b4f8b2bcf0db15902c33df3d2c84017efcac33b26e83f", kill_on_drop: false }`
[INFO] [stdout] 35a523a0e345ecb8470b4f8b2bcf0db15902c33df3d2c84017efcac33b26e83f
