[INFO] fetching crate pliego-css-agent 0.1.0-rc.2...
[INFO] testing pliego-css-agent-0.1.0-rc.2 against 1.99.0-beta.8+cargoflags=--release for beta-release-1.100-2
[INFO] extracting crate pliego-css-agent 0.1.0-rc.2 into /workspace/builds/worker-5-tc1/source
[INFO] started tweaking crates.io crate pliego-css-agent 0.1.0-rc.2
[INFO] finished tweaking crates.io crate pliego-css-agent 0.1.0-rc.2
[INFO] tweaked toml for crates.io crate pliego-css-agent 0.1.0-rc.2 written to /workspace/builds/worker-5-tc1/source/Cargo.toml
[INFO] validating manifest of crates.io crate pliego-css-agent 0.1.0-rc.2 on toolchain 1.99.0-beta.8
[INFO] running `Command { std: CARGO_HOME="/workspace/cargo-home" RUSTUP_HOME="/workspace/rustup-home" "/workspace/cargo-home/bin/cargo" "+1.99.0-beta.8" "metadata" "--manifest-path" "Cargo.toml" "--no-deps", kill_on_drop: false }`
[INFO] crate crates.io crate pliego-css-agent 0.1.0-rc.2 already has a lockfile, it will not be regenerated
[INFO] running `Command { std: CARGO_HOME="/workspace/cargo-home" RUSTUP_HOME="/workspace/rustup-home" "/workspace/cargo-home/bin/cargo" "+1.99.0-beta.8" "fetch" "--manifest-path" "Cargo.toml", kill_on_drop: false }`
[INFO] [stderr]     Updating crates.io index
[INFO] [stderr]  Downloading crates ...
[INFO] [stderr]   Downloaded pliego-css-publication v0.1.0-rc.2
[INFO] [stderr]   Downloaded pliego-css-theme v0.1.0-rc.2
[INFO] [stderr]   Downloaded pliego-css-ir v0.1.0-rc.2
[INFO] [stderr]   Downloaded pliego-css-build v0.1.0-rc.2
[INFO] [stderr]   Downloaded pliego-css-config v0.1.0-rc.2
[INFO] running `Command { std: "docker" "create" "-v" "/var/lib/crater-agent-workspace/builds/worker-5-tc1/source:/opt/rustwide/workdir:ro,Z" "-v" "/var/lib/crater-agent-workspace/builds/worker-5-tc1/target:/opt/rustwide/target:rw,Z" "-v" "/var/lib/crater-agent-workspace/cargo-home:/opt/rustwide/cargo-home:ro,Z" "-v" "/var/lib/crater-agent-workspace/rustup-home:/opt/rustwide/rustup-home:ro,Z" "-m" "1610612736" "--network" "none" "ghcr.io/rust-lang/crates-build-env/linux@sha256:77db811e55d90add9212f6832c23229e3de5f1c1f9905e8cb07319ea15df73ac" "sleep" "infinity", kill_on_drop: false }`
[INFO] [stdout] 451be879a7d87aec3ec319b55def0203f6d39ab53cf385d6aee0e4e3080605a7
[INFO] running `Command { std: "docker" "start" "451be879a7d87aec3ec319b55def0203f6d39ab53cf385d6aee0e4e3080605a7", kill_on_drop: false }`
[INFO] running `Command { std: "docker" "inspect" "451be879a7d87aec3ec319b55def0203f6d39ab53cf385d6aee0e4e3080605a7", kill_on_drop: false }`
[INFO] running `Command { std: "docker" "exec" "-e" "SOURCE_DIR=/opt/rustwide/workdir" "-e" "CARGO_HOME=/opt/rustwide/cargo-home" "-e" "RUSTUP_HOME=/opt/rustwide/rustup-home" "-e" "CARGO_TARGET_DIR=/opt/rustwide/target" "-w" "/opt/rustwide/workdir" "--user" "0:0" "451be879a7d87aec3ec319b55def0203f6d39ab53cf385d6aee0e4e3080605a7" "/opt/rustwide/cargo-home/bin/cargo" "+1.99.0-beta.8" "metadata" "--no-deps" "--format-version=1", kill_on_drop: false }`
[INFO] running `Command { std: "docker" "inspect" "451be879a7d87aec3ec319b55def0203f6d39ab53cf385d6aee0e4e3080605a7", kill_on_drop: false }`
[INFO] running `Command { std: "docker" "exec" "-e" "SOURCE_DIR=/opt/rustwide/workdir" "-e" "CARGO_HOME=/opt/rustwide/cargo-home" "-e" "RUSTUP_HOME=/opt/rustwide/rustup-home" "-e" "CARGO_TARGET_DIR=/opt/rustwide/target" "-e" "CARGO_INCREMENTAL=0" "-e" "RUST_BACKTRACE=full" "-e" "RUSTFLAGS=--cap-lints=warn" "-e" "RUSTDOCFLAGS=--cap-lints=warn" "-w" "/opt/rustwide/workdir" "--user" "0:0" "451be879a7d87aec3ec319b55def0203f6d39ab53cf385d6aee0e4e3080605a7" "/opt/rustwide/cargo-home/bin/cargo" "+1.99.0-beta.8" "build" "--frozen" "--message-format=json" "--release", kill_on_drop: false }`
[INFO] [stderr]    Compiling rand v0.8.7
[INFO] [stderr]    Compiling syn v2.0.119
[INFO] [stderr]    Compiling syn v1.0.109
[INFO] [stderr]    Compiling dtoa v1.0.11
[INFO] [stderr]    Compiling smallvec v1.15.2
[INFO] [stderr]    Compiling zerocopy v0.8.54
[INFO] [stderr]    Compiling convert_case v0.6.0
[INFO] [stderr]    Compiling precomputed-hash v0.1.1
[INFO] [stderr]    Compiling either v1.16.0
[INFO] [stderr]    Compiling getrandom v0.3.4
[INFO] [stderr]    Compiling winnow v1.0.4
[INFO] [stderr]    Compiling indexmap v2.14.0
[INFO] [stderr]    Compiling pliego-css-ir v0.1.0-rc.2
[INFO] [stderr]    Compiling data-encoding v2.11.0
[INFO] [stderr]    Compiling toml_writer v1.1.2+spec-1.1.0
[INFO] [stderr]    Compiling pastey v0.1.1
[INFO] [stderr]    Compiling serde_json v1.0.150
[INFO] [stderr]    Compiling dtoa-short v0.3.5
[INFO] [stderr]    Compiling fs2 v0.4.3
[INFO] [stderr]    Compiling pliego-css-publication v0.1.0-rc.2
[INFO] [stderr]    Compiling itertools v0.10.5
[INFO] [stderr]    Compiling phf_generator v0.11.3
[INFO] [stderr]    Compiling toml_parser v1.1.2+spec-1.1.0
[INFO] [stderr]    Compiling pliego-css-theme v0.1.0-rc.2
[INFO] [stderr]    Compiling phf_codegen v0.11.3
[INFO] [stderr]    Compiling parcel_selectors v0.28.2
[INFO] [stderr]    Compiling toml v1.1.3+spec-1.1.0
[INFO] [stderr]    Compiling const-str-proc-macro v0.3.2
[INFO] [stderr]    Compiling lightningcss-derive v1.0.0-alpha.43
[INFO] [stderr]    Compiling const-str v0.3.2
[INFO] [stderr]    Compiling phf_macros v0.11.3
[INFO] [stderr]    Compiling cssparser-macros v0.6.1
[INFO] [stderr]    Compiling serde_derive v1.0.228
[INFO] [stderr]    Compiling phf v0.11.3
[INFO] [stderr]    Compiling cssparser v0.33.0
[INFO] [stderr]    Compiling ahash v0.8.12
[INFO] [stderr]    Compiling cssparser-color v0.1.0
[INFO] [stderr]    Compiling lightningcss v1.0.0-alpha.71
[INFO] [stderr]    Compiling serde v1.0.228
[INFO] [stderr]    Compiling pliego-css-config v0.1.0-rc.2
[INFO] [stderr]    Compiling pliego-css-build v0.1.0-rc.2
[INFO] [stderr]    Compiling pliego-css-agent v0.1.0-rc.2 (/opt/rustwide/workdir)
[INFO] [stderr]     Finished `release` profile [optimized] target(s) in 2m 05s
[INFO] running `Command { std: "docker" "inspect" "451be879a7d87aec3ec319b55def0203f6d39ab53cf385d6aee0e4e3080605a7", kill_on_drop: false }`
[INFO] running `Command { std: "docker" "exec" "-e" "SOURCE_DIR=/opt/rustwide/workdir" "-e" "CARGO_HOME=/opt/rustwide/cargo-home" "-e" "RUSTUP_HOME=/opt/rustwide/rustup-home" "-e" "CARGO_TARGET_DIR=/opt/rustwide/target" "-e" "CARGO_INCREMENTAL=0" "-e" "RUST_BACKTRACE=full" "-e" "RUSTFLAGS=--cap-lints=warn" "-e" "RUSTDOCFLAGS=--cap-lints=warn" "-w" "/opt/rustwide/workdir" "--user" "0:0" "451be879a7d87aec3ec319b55def0203f6d39ab53cf385d6aee0e4e3080605a7" "/opt/rustwide/cargo-home/bin/cargo" "+1.99.0-beta.8" "test" "--frozen" "--no-run" "--message-format=json" "--release", kill_on_drop: false }`
[INFO] [stderr]    Compiling pliego-css-agent v0.1.0-rc.2 (/opt/rustwide/workdir)
[INFO] [stderr]     Finished `release` profile [optimized] target(s) in 14.19s
[INFO] running `Command { std: "docker" "inspect" "451be879a7d87aec3ec319b55def0203f6d39ab53cf385d6aee0e4e3080605a7", kill_on_drop: false }`
[INFO] running `Command { std: "docker" "exec" "-e" "SOURCE_DIR=/opt/rustwide/workdir" "-e" "CARGO_HOME=/opt/rustwide/cargo-home" "-e" "RUSTUP_HOME=/opt/rustwide/rustup-home" "-e" "CARGO_TARGET_DIR=/opt/rustwide/target" "-e" "CARGO_INCREMENTAL=0" "-e" "RUST_BACKTRACE=full" "-e" "RUSTFLAGS=--cap-lints=warn" "-e" "RUSTDOCFLAGS=--cap-lints=warn" "-w" "/opt/rustwide/workdir" "--user" "0:0" "451be879a7d87aec3ec319b55def0203f6d39ab53cf385d6aee0e4e3080605a7" "/opt/rustwide/cargo-home/bin/cargo" "+1.99.0-beta.8" "test" "--frozen" "--release", kill_on_drop: false }`
[INFO] [stdout] 
[INFO] [stdout] running 21 tests
[INFO] [stderr]     Finished `release` profile [optimized] target(s) in 0.09s
[INFO] [stdout] test tests::dry_run_distinguishes_ready_already_applied_and_stale ... ok
[INFO] [stderr]      Running unittests src/lib.rs (/opt/rustwide/target/release/deps/pliego_css_agent-86bc3856ffe9fcaa)
[INFO] [stdout] test tests::edits_cannot_escape_the_finding_source_range ... ok
[INFO] [stderr] error: test failed, to rerun pass `--lib`
[INFO] [stdout] test tests::receipt_destination_is_project_relative_and_alias_safe ... ok
[INFO] [stdout] test tests::repair_process_streams_are_bounded ... ok
[INFO] [stdout] test tests::explicit_apply_prepares_after_bytes_and_an_honest_receipt ... ok
[INFO] [stdout] test tests::built_in_verification_records_a_failed_audit_without_executing_commands ... ok
[INFO] [stdout] test tests::token_graph_repair_reaches_passed_verification ... ok
[INFO] [stdout] test tests::tampered_plan_fails_validation ... ok
[INFO] [stdout] test tests::checked_verification_publishes_once_under_the_repair_lock ... FAILED
[INFO] [stdout] test tests::css_budget_audit_is_identity_bound_and_schema_closed ... ok
[INFO] [stdout] test tests::low_risk_verified_unexcepted_authority_is_mandatory ... ok
[INFO] [stdout] test tests::built_in_verification_is_closed_deterministic_and_browser_honest ... ok
[INFO] [stdout] test tests::repair_verification_executes_exact_supplementary_budget_policy ... ok
[INFO] [stdout] test tests::verification_receipt_failure_rolls_back_new_finding_documents ... ok
[INFO] [stdout] test tests::fixed_test_evidence_is_canonical_identity_bound_and_source_additive ... ok
[INFO] [stdout] test tests::failed_receipt_publication_rolls_back_the_source ... ok
[INFO] [stdout] test tests::fixed_browser_evidence_unblocks_required_verification_and_fails_closed ... ok
[INFO] [stdout] test tests::token_graph_integrity_is_a_closed_versioned_check ... ok
[INFO] [stdout] test tests::proposal_rejects_budget_escape_overlap_and_hash_drift ... ok
[INFO] [stdout] test tests::required_checks_accept_finding_schema_dotted_identifiers ... ok
[INFO] [stdout] test tests::plan_is_deterministic_integrity_bound_and_range_exact ... ok
[INFO] [stdout] 
[INFO] [stdout] failures:
[INFO] [stdout] 
[INFO] [stdout] ---- tests::checked_verification_publishes_once_under_the_repair_lock stdout ----
[INFO] [stdout] 
[INFO] [stdout] thread 'tests::checked_verification_publishes_once_under_the_repair_lock' (1035) panicked at src/lib.rs:2991:46:
[INFO] [stdout] called `Result::unwrap()` on an `Err` value: Os { code: 30, kind: ReadOnlyFilesystem, message: "Read-only file system" }
[INFO] [stdout] stack backtrace:
[INFO] [stdout]    0:     0x55d7adf7b2f1 - <<std[70759c8f55707aa4]::sys::backtrace::BacktraceLock>::print::DisplayBacktrace as core[df12db4294e9bfd3]::fmt::Display>::fmt
[INFO] [stdout]    1:     0x55d7adf9147a - core[df12db4294e9bfd3]::fmt::write
[INFO] [stdout]    2:     0x55d7adf7fabc - <alloc[2182bb758b4b3781]::vec::Vec<u8> as core[df12db4294e9bfd3]::io::write::Write>::write_fmt
[INFO] [stdout]    3:     0x55d7adf54ff6 - std[70759c8f55707aa4]::panicking::default_hook::{closure#0}
[INFO] [stdout]    4:     0x55d7adf726a9 - std[70759c8f55707aa4]::panicking::default_hook
[INFO] [stdout]    5:     0x55d7adb2aaf0 - test[9d35eded1c95d3be]::test_main_inner::<test[9d35eded1c95d3be]::test_main_static::{closure#0}>::{closure#0}
[INFO] [stdout]    6:     0x55d7adf72862 - std[70759c8f55707aa4]::panicking::panic_with_hook
[INFO] [stdout]    7:     0x55d7adf550a2 - std[70759c8f55707aa4]::panicking::panic_handler::{closure#0}
[INFO] [stdout]    8:     0x55d7adf4da79 - std[70759c8f55707aa4]::sys::backtrace::__rust_end_short_backtrace::<std[70759c8f55707aa4]::panicking::panic_handler::{closure#0}, !>
[INFO] [stdout]    9:     0x55d7adf55f3d - __rustc[8fa7c3cbc660c2b3]::rust_begin_unwind
[INFO] [stdout]   10:     0x55d7adf91bac - core[df12db4294e9bfd3]::panicking::panic_fmt
[INFO] [stdout]   11:     0x55d7adf91982 - core[df12db4294e9bfd3]::result::unwrap_failed
[INFO] [stdout]   12:     0x55d7adaa831b - pliego_css_agent[ba4dedb215983d1d]::tests::checked_verification_publishes_once_under_the_repair_lock
[INFO] [stdout]   13:     0x55d7adac3129 - <pliego_css_agent[ba4dedb215983d1d]::tests::checked_verification_publishes_once_under_the_repair_lock::{closure#0} as core[df12db4294e9bfd3]::ops::function::FnOnce<()>>::call_once
[INFO] [stdout]   14:     0x55d7adb1dddb - test[9d35eded1c95d3be]::__rust_begin_short_backtrace::<core[df12db4294e9bfd3]::result::Result<(), alloc[2182bb758b4b3781]::string::String>, fn() -> core[df12db4294e9bfd3]::result::Result<(), alloc[2182bb758b4b3781]::string::String>>
[INFO] [stdout]   15:     0x55d7adb2b445 - test[9d35eded1c95d3be]::run_test::{closure#0}
[INFO] [stdout]   16:     0x55d7adb24d04 - std[70759c8f55707aa4]::sys::backtrace::__rust_begin_short_backtrace::<test[9d35eded1c95d3be]::run_test::{closure#1}, ()>
[INFO] [stdout]   17:     0x55d7adb2e5a2 - <std[70759c8f55707aa4]::thread::lifecycle::spawn_unchecked<test[9d35eded1c95d3be]::run_test::{closure#1}, ()>::{closure#1} as core[df12db4294e9bfd3]::ops::function::FnOnce<()>>::call_once::{shim:vtable#0}
[INFO] [stdout]   18:     0x55d7adf7a6b9 - <std[70759c8f55707aa4]::sys::thread::unix::Thread>::new::thread_start
[INFO] [stdout]   19:     0x7ec568252dfa - <unknown>
[INFO] [stdout]   20:     0x7ec5682e63d4 - clone
[INFO] [stdout]   21:                0x0 - <unknown>
[INFO] [stdout] 
[INFO] [stdout] 
[INFO] [stdout] failures:
[INFO] [stdout]     tests::checked_verification_publishes_once_under_the_repair_lock
[INFO] [stdout] 
[INFO] [stdout] test result: FAILED. 20 passed; 1 failed; 0 ignored; 0 measured; 0 filtered out; finished in 0.01s
[INFO] [stdout] 
[INFO] running `Command { std: "docker" "inspect" "451be879a7d87aec3ec319b55def0203f6d39ab53cf385d6aee0e4e3080605a7", kill_on_drop: false }`
[INFO] running `Command { std: "docker" "rm" "-f" "451be879a7d87aec3ec319b55def0203f6d39ab53cf385d6aee0e4e3080605a7", kill_on_drop: false }`
[INFO] [stdout] 451be879a7d87aec3ec319b55def0203f6d39ab53cf385d6aee0e4e3080605a7
