[INFO] fetching crate pliego-content 0.4.0-beta.1...
[INFO] testing pliego-content-0.4.0-beta.1 against 1.99.0-beta.8+cargoflags=--release for beta-release-1.100-2
[INFO] extracting crate pliego-content 0.4.0-beta.1 into /workspace/builds/worker-6-tc1/source
[INFO] started tweaking crates.io crate pliego-content 0.4.0-beta.1
[INFO] removed 0 missing tests
[INFO] finished tweaking crates.io crate pliego-content 0.4.0-beta.1
[INFO] tweaked toml for crates.io crate pliego-content 0.4.0-beta.1 written to /workspace/builds/worker-6-tc1/source/Cargo.toml
[INFO] validating manifest of crates.io crate pliego-content 0.4.0-beta.1 on toolchain 1.99.0-beta.8
[INFO] running `Command { std: CARGO_HOME="/workspace/cargo-home" RUSTUP_HOME="/workspace/rustup-home" "/workspace/cargo-home/bin/cargo" "+1.99.0-beta.8" "metadata" "--manifest-path" "Cargo.toml" "--no-deps", kill_on_drop: false }`
[INFO] crate crates.io crate pliego-content 0.4.0-beta.1 already has a lockfile, it will not be regenerated
[INFO] running `Command { std: CARGO_HOME="/workspace/cargo-home" RUSTUP_HOME="/workspace/rustup-home" "/workspace/cargo-home/bin/cargo" "+1.99.0-beta.8" "fetch" "--manifest-path" "Cargo.toml", kill_on_drop: false }`
[INFO] [stderr]     Updating crates.io index
[INFO] [stderr]  Downloading crates ...
[INFO] [stderr]   Downloaded encoding_rs_io v0.1.7
[INFO] [stderr]   Downloaded cap-std v4.0.2
[INFO] [stderr]   Downloaded saphyr-parser v0.0.6
[INFO] [stderr]   Downloaded pulldown-cmark-escape v0.11.0
[INFO] [stderr]   Downloaded winx v0.36.4
[INFO] [stderr]   Downloaded ambient-authority v0.0.2
[INFO] [stderr]   Downloaded fs-set-times v0.20.3
[INFO] [stderr]   Downloaded io-lifetimes v3.0.1
[INFO] [stderr]   Downloaded cap-fs-ext v4.0.2
[INFO] [stderr]   Downloaded io-lifetimes v2.0.4
[INFO] [stderr]   Downloaded io-extras v0.19.0
[INFO] [stderr]   Downloaded rustix-linux-procfs v0.1.1
[INFO] [stderr]   Downloaded maybe-owned v0.3.4
[INFO] [stderr]   Downloaded cap-primitives v4.0.2
[INFO] [stderr]   Downloaded serde-saphyr v0.0.11
[INFO] running `Command { std: "docker" "create" "-v" "/var/lib/crater-agent-workspace/builds/worker-6-tc1/source:/opt/rustwide/workdir:ro,Z" "-v" "/var/lib/crater-agent-workspace/builds/worker-6-tc1/target:/opt/rustwide/target:rw,Z" "-v" "/var/lib/crater-agent-workspace/cargo-home:/opt/rustwide/cargo-home:ro,Z" "-v" "/var/lib/crater-agent-workspace/rustup-home:/opt/rustwide/rustup-home:ro,Z" "-m" "1610612736" "--network" "none" "ghcr.io/rust-lang/crates-build-env/linux@sha256:77db811e55d90add9212f6832c23229e3de5f1c1f9905e8cb07319ea15df73ac" "sleep" "infinity", kill_on_drop: false }`
[INFO] [stdout] 665246503b2c674cdbce92acc6d64a7b42d53016ae2bc2660ca682802fd42494
[INFO] running `Command { std: "docker" "start" "665246503b2c674cdbce92acc6d64a7b42d53016ae2bc2660ca682802fd42494", kill_on_drop: false }`
[INFO] running `Command { std: "docker" "inspect" "665246503b2c674cdbce92acc6d64a7b42d53016ae2bc2660ca682802fd42494", kill_on_drop: false }`
[INFO] running `Command { std: "docker" "exec" "-e" "SOURCE_DIR=/opt/rustwide/workdir" "-e" "CARGO_HOME=/opt/rustwide/cargo-home" "-e" "RUSTUP_HOME=/opt/rustwide/rustup-home" "-e" "CARGO_TARGET_DIR=/opt/rustwide/target" "-w" "/opt/rustwide/workdir" "--user" "0:0" "665246503b2c674cdbce92acc6d64a7b42d53016ae2bc2660ca682802fd42494" "/opt/rustwide/cargo-home/bin/cargo" "+1.99.0-beta.8" "metadata" "--no-deps" "--format-version=1", kill_on_drop: false }`
[INFO] running `Command { std: "docker" "inspect" "665246503b2c674cdbce92acc6d64a7b42d53016ae2bc2660ca682802fd42494", kill_on_drop: false }`
[INFO] running `Command { std: "docker" "exec" "-e" "SOURCE_DIR=/opt/rustwide/workdir" "-e" "CARGO_HOME=/opt/rustwide/cargo-home" "-e" "RUSTUP_HOME=/opt/rustwide/rustup-home" "-e" "CARGO_TARGET_DIR=/opt/rustwide/target" "-e" "CARGO_INCREMENTAL=0" "-e" "RUST_BACKTRACE=full" "-e" "RUSTFLAGS=--cap-lints=warn" "-e" "RUSTDOCFLAGS=--cap-lints=warn" "-w" "/opt/rustwide/workdir" "--user" "0:0" "665246503b2c674cdbce92acc6d64a7b42d53016ae2bc2660ca682802fd42494" "/opt/rustwide/cargo-home/bin/cargo" "+1.99.0-beta.8" "build" "--frozen" "--message-format=json" "--release", kill_on_drop: false }`
[INFO] [stderr]    Compiling proc-macro2 v1.0.106
[INFO] [stderr]    Compiling quote v1.0.46
[INFO] [stderr]    Compiling rustix v1.1.4
[INFO] [stderr]    Compiling bitflags v2.13.0
[INFO] [stderr]    Compiling io-lifetimes v2.0.4
[INFO] [stderr]    Compiling linux-raw-sys v0.12.1
[INFO] [stderr]    Compiling io-lifetimes v3.0.1
[INFO] [stderr]    Compiling libc v0.2.186
[INFO] [stderr]    Compiling io-extras v0.19.0
[INFO] [stderr]    Compiling serde_core v1.0.228
[INFO] [stderr]    Compiling serde v1.0.228
[INFO] [stderr]    Compiling cap-primitives v4.0.2
[INFO] [stderr]    Compiling zerocopy v0.8.54
[INFO] [stderr]    Compiling num-traits v0.2.19
[INFO] [stderr]    Compiling hashbrown v0.15.5
[INFO] [stderr]    Compiling ahash v0.8.12
[INFO] [stderr]    Compiling cap-std v4.0.2
[INFO] [stderr]    Compiling maybe-owned v0.3.4
[INFO] [stderr]    Compiling ipnet v2.12.0
[INFO] [stderr]    Compiling serde_json v1.0.150
[INFO] [stderr]    Compiling ambient-authority v0.0.2
[INFO] [stderr]    Compiling encoding_rs v0.8.35
[INFO] [stderr]    Compiling cap-fs-ext v4.0.2
[INFO] [stderr]    Compiling pulldown-cmark v0.13.4
[INFO] [stderr]    Compiling toml_write v0.1.2
[INFO] [stderr]    Compiling winnow v0.7.15
[INFO] [stderr]    Compiling digest v0.10.7
[INFO] [stderr]    Compiling smallvec v2.0.0-alpha.12
[INFO] [stderr]    Compiling unicase v2.9.0
[INFO] [stderr]    Compiling pulldown-cmark-escape v0.11.0
[INFO] [stderr]    Compiling nohash-hasher v0.2.0
[INFO] [stderr]    Compiling sha2 v0.10.9
[INFO] [stderr]    Compiling hashlink v0.10.0
[INFO] [stderr]    Compiling syn v2.0.118
[INFO] [stderr]    Compiling saphyr-parser v0.0.6
[INFO] [stderr]    Compiling getrandom v0.3.4
[INFO] [stderr]    Compiling encoding_rs_io v0.1.7
[INFO] [stderr]    Compiling serde_derive v1.0.228
[INFO] [stderr]    Compiling fs-set-times v0.20.3
[INFO] [stderr]    Compiling rustix-linux-procfs v0.1.1
[INFO] [stderr]    Compiling toml_datetime v0.6.11
[INFO] [stderr]    Compiling serde_spanned v0.6.9
[INFO] [stderr]    Compiling serde-saphyr v0.0.11
[INFO] [stderr]    Compiling toml_edit v0.22.27
[INFO] [stderr]    Compiling toml v0.8.23
[INFO] [stderr]    Compiling pliego-content v0.4.0-beta.1 (/opt/rustwide/workdir)
[INFO] [stderr]     Finished `release` profile [optimized] target(s) in 31.28s
[INFO] running `Command { std: "docker" "inspect" "665246503b2c674cdbce92acc6d64a7b42d53016ae2bc2660ca682802fd42494", kill_on_drop: false }`
[INFO] running `Command { std: "docker" "exec" "-e" "SOURCE_DIR=/opt/rustwide/workdir" "-e" "CARGO_HOME=/opt/rustwide/cargo-home" "-e" "RUSTUP_HOME=/opt/rustwide/rustup-home" "-e" "CARGO_TARGET_DIR=/opt/rustwide/target" "-e" "CARGO_INCREMENTAL=0" "-e" "RUST_BACKTRACE=full" "-e" "RUSTFLAGS=--cap-lints=warn" "-e" "RUSTDOCFLAGS=--cap-lints=warn" "-w" "/opt/rustwide/workdir" "--user" "0:0" "665246503b2c674cdbce92acc6d64a7b42d53016ae2bc2660ca682802fd42494" "/opt/rustwide/cargo-home/bin/cargo" "+1.99.0-beta.8" "test" "--frozen" "--no-run" "--message-format=json" "--release", kill_on_drop: false }`
[INFO] [stderr]    Compiling pliego-content v0.4.0-beta.1 (/opt/rustwide/workdir)
[INFO] [stderr]     Finished `release` profile [optimized] target(s) in 5.43s
[INFO] running `Command { std: "docker" "inspect" "665246503b2c674cdbce92acc6d64a7b42d53016ae2bc2660ca682802fd42494", kill_on_drop: false }`
[INFO] running `Command { std: "docker" "exec" "-e" "SOURCE_DIR=/opt/rustwide/workdir" "-e" "CARGO_HOME=/opt/rustwide/cargo-home" "-e" "RUSTUP_HOME=/opt/rustwide/rustup-home" "-e" "CARGO_TARGET_DIR=/opt/rustwide/target" "-e" "CARGO_INCREMENTAL=0" "-e" "RUST_BACKTRACE=full" "-e" "RUSTFLAGS=--cap-lints=warn" "-e" "RUSTDOCFLAGS=--cap-lints=warn" "-w" "/opt/rustwide/workdir" "--user" "0:0" "665246503b2c674cdbce92acc6d64a7b42d53016ae2bc2660ca682802fd42494" "/opt/rustwide/cargo-home/bin/cargo" "+1.99.0-beta.8" "test" "--frozen" "--release", kill_on_drop: false }`
[INFO] [stderr]     Finished `release` profile [optimized] target(s) in 0.10s
[INFO] [stderr]      Running unittests src/lib.rs (/opt/rustwide/target/release/deps/pliego_content-386f1dc4d1684844)
[INFO] [stdout] 
[INFO] [stdout] running 7 tests
[INFO] [stdout] test tests::extension_detection_is_ascii_case_insensitive ... ok
[INFO] [stdout] test markdown::tests::safe_destinations_are_an_allowlist ... ok
[INFO] [stdout] test tests::line_column_conversion_handles_unicode ... ok
[INFO] [stdout] test markdown::tests::neutral_events_round_trip_to_commonmark_html ... ok
[INFO] [stdout] test tests::source_swap_to_symlink_is_rejected_by_confined_handle_open ... ok
[INFO] [stdout] test tests::frontmatter_split_preserves_normalized_body_and_offsets ... ok
[INFO] [stdout] test tests::portable_segments_reject_reserved_and_ambiguous_names ... ok
[INFO] [stdout] 
[INFO] [stdout] test result: ok. 7 passed; 0 failed; 0 ignored; 0 measured; 0 filtered out; finished in 0.01s
[INFO] [stdout] 
[INFO] [stderr]      Running tests/collections.rs (/opt/rustwide/target/release/deps/collections-3d858e57f355e070)
[INFO] [stdout] 
[INFO] [stdout] running 15 tests
[INFO] [stdout] test secure_limits_are_the_backward_compatible_default ... ok
[INFO] [stdout] test rejects_exact_and_case_insensitive_id_collisions_before_parsing ... ok
[INFO] [stdout] test safe_markdown_rejects_raw_html_and_untrusted_uri_schemes ... ok
[INFO] [stdout] test aggregates_parse_and_frontmatter_diagnostics_in_path_order ... ok
[INFO] [stdout] test fingerprints_normalize_crlf_but_include_markdown_policy ... ok
[INFO] [stdout] test missing_or_non_directory_roots_report_the_requested_path ... ok
[INFO] [stdout] test rejects_bom_non_utf8_and_non_ascii_portable_paths ... ok
[INFO] [stdout] test reference_yaml_corpus_has_stable_order_and_digest ... FAILED
[INFO] [stdout] test rejects_oversized_file_from_metadata_before_allocating_or_parsing ... ok
[INFO] [stdout] test rejects_aggregate_bytes_deterministically_before_parsing_any_source ... ok
[INFO] [stdout] test rejects_excessive_depth_before_reaching_an_invalid_source ... ok
[INFO] [stdout] test rejects_directory_links_without_following_them ... ok
[INFO] [stdout] test loads_every_format_recursively_as_typed_deterministic_entries ... ok
[INFO] [stdout] test caps_discovery_entries_before_unbounded_enumeration_or_parsing ... ok
[INFO] [stdout] test snapshots_report_sorted_added_changed_and_removed_ids ... ok
[INFO] [stdout] 
[INFO] [stdout] failures:
[INFO] [stdout] 
[INFO] [stdout] ---- reference_yaml_corpus_has_stable_order_and_digest stdout ----
[INFO] [stdout] 
[INFO] [stdout] thread 'reference_yaml_corpus_has_stable_order_and_digest' (1390) panicked at tests/collections.rs:496:37:
[INFO] [stdout] houses: content.io: /opt/rustwide/workdir/../../fixtures/content/reference/houses: I/O error: No such file or directory (os error 2)
[INFO] [stdout] stack backtrace:
[INFO] [stdout]    0:     0x5c90eab23941 - <<std[70759c8f55707aa4]::sys::backtrace::BacktraceLock>::print::DisplayBacktrace as core[df12db4294e9bfd3]::fmt::Display>::fmt
[INFO] [stdout]    1:     0x5c90eab3a0ca - core[df12db4294e9bfd3]::fmt::write
[INFO] [stdout]    2:     0x5c90eab280dc - <alloc[2182bb758b4b3781]::vec::Vec<u8> as core[df12db4294e9bfd3]::io::write::Write>::write_fmt
[INFO] [stdout]    3:     0x5c90eaafd7f6 - std[70759c8f55707aa4]::panicking::default_hook::{closure#0}
[INFO] [stdout]    4:     0x5c90eab1b139 - std[70759c8f55707aa4]::panicking::default_hook
[INFO] [stdout]    5:     0x5c90eaa0aa30 - test[9d35eded1c95d3be]::test_main_inner::<test[9d35eded1c95d3be]::test_main_static::{closure#0}>::{closure#0}
[INFO] [stdout]    6:     0x5c90eab1b2f2 - std[70759c8f55707aa4]::panicking::panic_with_hook
[INFO] [stdout]    7:     0x5c90eaafd8a2 - std[70759c8f55707aa4]::panicking::panic_handler::{closure#0}
[INFO] [stdout]    8:     0x5c90eaaf6409 - std[70759c8f55707aa4]::sys::backtrace::__rust_end_short_backtrace::<std[70759c8f55707aa4]::panicking::panic_handler::{closure#0}, !>
[INFO] [stdout]    9:     0x5c90eaafe58d - __rustc[8fa7c3cbc660c2b3]::rust_begin_unwind
[INFO] [stdout]   10:     0x5c90eab3a7fc - core[df12db4294e9bfd3]::panicking::panic_fmt
[INFO] [stdout]   11:     0x5c90ea9c79d5 - collections[efeca9693d3cc948]::reference_yaml_corpus_has_stable_order_and_digest::{closure#0}
[INFO] [stdout]   12:     0x5c90ea9c95cf - <collections[efeca9693d3cc948]::reference_yaml_corpus_has_stable_order_and_digest::{closure#0} as core[df12db4294e9bfd3]::ops::function::FnOnce<()>>::call_once
[INFO] [stdout]   13:     0x5c90ea9fdd1b - test[9d35eded1c95d3be]::__rust_begin_short_backtrace::<core[df12db4294e9bfd3]::result::Result<(), alloc[2182bb758b4b3781]::string::String>, fn() -> core[df12db4294e9bfd3]::result::Result<(), alloc[2182bb758b4b3781]::string::String>>
[INFO] [stdout]   14:     0x5c90eaa0b385 - test[9d35eded1c95d3be]::run_test::{closure#0}
[INFO] [stdout]   15:     0x5c90eaa04c44 - std[70759c8f55707aa4]::sys::backtrace::__rust_begin_short_backtrace::<test[9d35eded1c95d3be]::run_test::{closure#1}, ()>
[INFO] [stdout]   16:     0x5c90eaa0e4e2 - <std[70759c8f55707aa4]::thread::lifecycle::spawn_unchecked<test[9d35eded1c95d3be]::run_test::{closure#1}, ()>::{closure#1} as core[df12db4294e9bfd3]::ops::function::FnOnce<()>>::call_once::{shim:vtable#0}
[INFO] [stdout]   17:     0x5c90eab23029 - <std[70759c8f55707aa4]::sys::thread::unix::Thread>::new::thread_start
[INFO] [stdout]   18:     0x7e571d89bdfa - <unknown>
[INFO] [stdout]   19:     0x7e571d92f3d4 - clone
[INFO] [stdout]   20:                0x0 - <unknown>
[INFO] [stdout] 
[INFO] [stdout] 
[INFO] [stdout] failures:
[INFO] [stdout]     reference_yaml_corpus_has_stable_order_and_digest
[INFO] [stdout] 
[INFO] [stdout] test result: FAILED. 14 passed; 1 failed; 0 ignored; 0 measured; 0 filtered out; finished in 0.12s
[INFO] [stdout] 
[INFO] [stderr] error: test failed, to rerun pass `--test collections`
[INFO] running `Command { std: "docker" "inspect" "665246503b2c674cdbce92acc6d64a7b42d53016ae2bc2660ca682802fd42494", kill_on_drop: false }`
[INFO] running `Command { std: "docker" "rm" "-f" "665246503b2c674cdbce92acc6d64a7b42d53016ae2bc2660ca682802fd42494", kill_on_drop: false }`
[INFO] [stdout] 665246503b2c674cdbce92acc6d64a7b42d53016ae2bc2660ca682802fd42494
