[INFO] fetching crate pleme-redis 0.1.2...
[INFO] testing pleme-redis-0.1.2 against 1.99.0-beta.8+cargoflags=--release for beta-release-1.100-2
[INFO] extracting crate pleme-redis 0.1.2 into /workspace/builds/worker-6-tc1/source
[INFO] started tweaking crates.io crate pleme-redis 0.1.2
[INFO] finished tweaking crates.io crate pleme-redis 0.1.2
[INFO] tweaked toml for crates.io crate pleme-redis 0.1.2 written to /workspace/builds/worker-6-tc1/source/Cargo.toml
[INFO] validating manifest of crates.io crate pleme-redis 0.1.2 on toolchain 1.99.0-beta.8
[INFO] running `Command { std: CARGO_HOME="/workspace/cargo-home" RUSTUP_HOME="/workspace/rustup-home" "/workspace/cargo-home/bin/cargo" "+1.99.0-beta.8" "metadata" "--manifest-path" "Cargo.toml" "--no-deps", kill_on_drop: false }`
[INFO] crate crates.io crate pleme-redis 0.1.2 already has a lockfile, it will not be regenerated
[INFO] running `Command { std: CARGO_HOME="/workspace/cargo-home" RUSTUP_HOME="/workspace/rustup-home" "/workspace/cargo-home/bin/cargo" "+1.99.0-beta.8" "fetch" "--manifest-path" "Cargo.toml", kill_on_drop: false }`
[INFO] [stderr]     Updating crates.io index
[INFO] [stderr]  Downloading crates ...
[INFO] [stderr]   Downloaded tokio-retry v0.3.1
[INFO] [stderr]   Downloaded redis v0.24.1
[INFO] running `Command { std: "docker" "create" "-v" "/var/lib/crater-agent-workspace/builds/worker-6-tc1/source:/opt/rustwide/workdir:ro,Z" "-v" "/var/lib/crater-agent-workspace/builds/worker-6-tc1/target:/opt/rustwide/target:rw,Z" "-v" "/var/lib/crater-agent-workspace/cargo-home:/opt/rustwide/cargo-home:ro,Z" "-v" "/var/lib/crater-agent-workspace/rustup-home:/opt/rustwide/rustup-home:ro,Z" "-m" "1610612736" "--network" "none" "ghcr.io/rust-lang/crates-build-env/linux@sha256:77db811e55d90add9212f6832c23229e3de5f1c1f9905e8cb07319ea15df73ac" "sleep" "infinity", kill_on_drop: false }`
[INFO] [stdout] 7b3c8e364d233c6f1ebd5858041bc76b61dca5a090e5e1c8a4d5ed3d1a01d2e5
[INFO] running `Command { std: "docker" "start" "7b3c8e364d233c6f1ebd5858041bc76b61dca5a090e5e1c8a4d5ed3d1a01d2e5", kill_on_drop: false }`
[INFO] running `Command { std: "docker" "inspect" "7b3c8e364d233c6f1ebd5858041bc76b61dca5a090e5e1c8a4d5ed3d1a01d2e5", kill_on_drop: false }`
[INFO] running `Command { std: "docker" "exec" "-e" "SOURCE_DIR=/opt/rustwide/workdir" "-e" "CARGO_HOME=/opt/rustwide/cargo-home" "-e" "RUSTUP_HOME=/opt/rustwide/rustup-home" "-e" "CARGO_TARGET_DIR=/opt/rustwide/target" "-w" "/opt/rustwide/workdir" "--user" "0:0" "7b3c8e364d233c6f1ebd5858041bc76b61dca5a090e5e1c8a4d5ed3d1a01d2e5" "/opt/rustwide/cargo-home/bin/cargo" "+1.99.0-beta.8" "metadata" "--no-deps" "--format-version=1", kill_on_drop: false }`
[INFO] running `Command { std: "docker" "inspect" "7b3c8e364d233c6f1ebd5858041bc76b61dca5a090e5e1c8a4d5ed3d1a01d2e5", kill_on_drop: false }`
[INFO] running `Command { std: "docker" "exec" "-e" "SOURCE_DIR=/opt/rustwide/workdir" "-e" "CARGO_HOME=/opt/rustwide/cargo-home" "-e" "RUSTUP_HOME=/opt/rustwide/rustup-home" "-e" "CARGO_TARGET_DIR=/opt/rustwide/target" "-e" "CARGO_INCREMENTAL=0" "-e" "RUST_BACKTRACE=full" "-e" "RUSTFLAGS=--cap-lints=warn" "-e" "RUSTDOCFLAGS=--cap-lints=warn" "-w" "/opt/rustwide/workdir" "--user" "0:0" "7b3c8e364d233c6f1ebd5858041bc76b61dca5a090e5e1c8a4d5ed3d1a01d2e5" "/opt/rustwide/cargo-home/bin/cargo" "+1.99.0-beta.8" "build" "--frozen" "--message-format=json" "--release", kill_on_drop: false }`
[INFO] [stderr]    Compiling parking_lot_core v0.9.12
[INFO] [stderr]    Compiling errno v0.3.14
[INFO] [stderr]    Compiling memchr v2.8.1
[INFO] [stderr]    Compiling displaydoc v0.2.6
[INFO] [stderr]    Compiling getrandom v0.4.2
[INFO] [stderr]    Compiling mio v1.2.1
[INFO] [stderr]    Compiling socket2 v0.6.4
[INFO] [stderr]    Compiling futures-macro v0.3.32
[INFO] [stderr]    Compiling signal-hook-registry v1.4.8
[INFO] [stderr]    Compiling parking_lot v0.12.5
[INFO] [stderr]    Compiling futures-channel v0.3.32
[INFO] [stderr]    Compiling tokio v1.52.3
[INFO] [stderr]    Compiling chacha20 v0.10.0
[INFO] [stderr]    Compiling tinystr v0.8.3
[INFO] [stderr]    Compiling zerotrie v0.2.4
[INFO] [stderr]    Compiling icu_locale_core v2.2.0
[INFO] [stderr]    Compiling icu_collections v2.2.0
[INFO] [stderr]    Compiling futures-util v0.3.32
[INFO] [stderr]    Compiling form_urlencoded v1.2.2
[INFO] [stderr]    Compiling rand v0.10.1
[INFO] [stderr]    Compiling serde v1.0.228
[INFO] [stderr]    Compiling arc-swap v1.9.1
[INFO] [stderr]    Compiling async-trait v0.1.89
[INFO] [stderr]    Compiling socket2 v0.4.10
[INFO] [stderr]    Compiling tracing v0.1.44
[INFO] [stderr]    Compiling icu_provider v2.2.0
[INFO] [stderr]    Compiling chrono v0.4.44
[INFO] [stderr]    Compiling serde_json v1.0.150
[INFO] [stderr]    Compiling uuid v1.23.2
[INFO] [stderr]    Compiling icu_properties v2.2.0
[INFO] [stderr]    Compiling icu_normalizer v2.2.0
[INFO] [stderr]    Compiling idna_adapter v1.2.2
[INFO] [stderr]    Compiling idna v1.1.0
[INFO] [stderr]    Compiling futures-executor v0.3.32
[INFO] [stderr]    Compiling url v2.5.8
[INFO] [stderr]    Compiling futures v0.3.32
[INFO] [stderr]    Compiling tokio-util v0.7.18
[INFO] [stderr]    Compiling tokio-retry v0.3.1
[INFO] [stderr]    Compiling combine v4.6.7
[INFO] [stderr]    Compiling redis v0.24.1
[INFO] [stderr]    Compiling pleme-redis v0.1.2 (/opt/rustwide/workdir)
[INFO] [stdout] warning: field `config` is never read
[INFO] [stdout]    --> src/worker_pool.rs:338:5
[INFO] [stdout]     |
[INFO] [stdout] 331 | struct Worker<J, E, S>
[INFO] [stdout]     |        ------ field in this struct
[INFO] [stdout] ...
[INFO] [stdout] 338 |     config: WorkerPoolConfig,
[INFO] [stdout]     |     ^^^^^^
[INFO] [stdout]     |
[INFO] [stdout]     = note: `#[warn(dead_code)]` (part of `#[warn(unused)]`) on by default
[INFO] [stdout] 
[INFO] [stdout] 
[INFO] [stdout] warning: field `redis_queue` is never read
[INFO] [stdout]    --> src/worker_pool.rs:601:5
[INFO] [stdout]     |
[INFO] [stdout] 595 | struct StaleJobChecker<J, S>
[INFO] [stdout]     |        --------------- field in this struct
[INFO] [stdout] ...
[INFO] [stdout] 601 |     redis_queue: Arc<tokio::sync::Mutex<JobQueue>>,
[INFO] [stdout]     |     ^^^^^^^^^^^
[INFO] [stdout] 
[INFO] [stdout] 
[INFO] [stderr]     Finished `release` profile [optimized] target(s) in 1m 14s
[INFO] running `Command { std: "docker" "inspect" "7b3c8e364d233c6f1ebd5858041bc76b61dca5a090e5e1c8a4d5ed3d1a01d2e5", kill_on_drop: false }`
[INFO] running `Command { std: "docker" "exec" "-e" "SOURCE_DIR=/opt/rustwide/workdir" "-e" "CARGO_HOME=/opt/rustwide/cargo-home" "-e" "RUSTUP_HOME=/opt/rustwide/rustup-home" "-e" "CARGO_TARGET_DIR=/opt/rustwide/target" "-e" "CARGO_INCREMENTAL=0" "-e" "RUST_BACKTRACE=full" "-e" "RUSTFLAGS=--cap-lints=warn" "-e" "RUSTDOCFLAGS=--cap-lints=warn" "-w" "/opt/rustwide/workdir" "--user" "0:0" "7b3c8e364d233c6f1ebd5858041bc76b61dca5a090e5e1c8a4d5ed3d1a01d2e5" "/opt/rustwide/cargo-home/bin/cargo" "+1.99.0-beta.8" "test" "--frozen" "--no-run" "--message-format=json" "--release", kill_on_drop: false }`
[INFO] [stderr]    Compiling tokio v1.52.3
[INFO] [stderr]    Compiling tokio-util v0.7.18
[INFO] [stderr]    Compiling tokio-retry v0.3.1
[INFO] [stderr]    Compiling tokio-stream v0.1.18
[INFO] [stderr]    Compiling tokio-test v0.4.5
[INFO] [stderr]    Compiling combine v4.6.7
[INFO] [stderr]    Compiling redis v0.24.1
[INFO] [stderr]    Compiling pleme-redis v0.1.2 (/opt/rustwide/workdir)
[INFO] [stdout] warning: field `config` is never read
[INFO] [stdout]    --> src/worker_pool.rs:338:5
[INFO] [stdout]     |
[INFO] [stdout] 331 | struct Worker<J, E, S>
[INFO] [stdout]     |        ------ field in this struct
[INFO] [stdout] ...
[INFO] [stdout] 338 |     config: WorkerPoolConfig,
[INFO] [stdout]     |     ^^^^^^
[INFO] [stdout]     |
[INFO] [stdout]     = note: `#[warn(dead_code)]` (part of `#[warn(unused)]`) on by default
[INFO] [stdout] 
[INFO] [stdout] 
[INFO] [stdout] warning: field `redis_queue` is never read
[INFO] [stdout]    --> src/worker_pool.rs:601:5
[INFO] [stdout]     |
[INFO] [stdout] 595 | struct StaleJobChecker<J, S>
[INFO] [stdout]     |        --------------- field in this struct
[INFO] [stdout] ...
[INFO] [stdout] 601 |     redis_queue: Arc<tokio::sync::Mutex<JobQueue>>,
[INFO] [stdout]     |     ^^^^^^^^^^^
[INFO] [stdout] 
[INFO] [stdout] 
[INFO] [stdout] warning: field `config` is never read
[INFO] [stdout]    --> src/worker_pool.rs:338:5
[INFO] [stdout]     |
[INFO] [stdout] 331 | struct Worker<J, E, S>
[INFO] [stdout]     |        ------ field in this struct
[INFO] [stdout] ...
[INFO] [stdout] 338 |     config: WorkerPoolConfig,
[INFO] [stdout]     |     ^^^^^^
[INFO] [stdout]     |
[INFO] [stdout]     = note: `#[warn(dead_code)]` (part of `#[warn(unused)]`) on by default
[INFO] [stdout] 
[INFO] [stdout] 
[INFO] [stdout] warning: field `redis_queue` is never read
[INFO] [stdout]    --> src/worker_pool.rs:601:5
[INFO] [stdout]     |
[INFO] [stdout] 595 | struct StaleJobChecker<J, S>
[INFO] [stdout]     |        --------------- field in this struct
[INFO] [stdout] ...
[INFO] [stdout] 601 |     redis_queue: Arc<tokio::sync::Mutex<JobQueue>>,
[INFO] [stdout]     |     ^^^^^^^^^^^
[INFO] [stdout] 
[INFO] [stdout] 
[INFO] [stderr]     Finished `release` profile [optimized] target(s) in 44.30s
[INFO] running `Command { std: "docker" "inspect" "7b3c8e364d233c6f1ebd5858041bc76b61dca5a090e5e1c8a4d5ed3d1a01d2e5", kill_on_drop: false }`
[INFO] running `Command { std: "docker" "exec" "-e" "SOURCE_DIR=/opt/rustwide/workdir" "-e" "CARGO_HOME=/opt/rustwide/cargo-home" "-e" "RUSTUP_HOME=/opt/rustwide/rustup-home" "-e" "CARGO_TARGET_DIR=/opt/rustwide/target" "-e" "CARGO_INCREMENTAL=0" "-e" "RUST_BACKTRACE=full" "-e" "RUSTFLAGS=--cap-lints=warn" "-e" "RUSTDOCFLAGS=--cap-lints=warn" "-w" "/opt/rustwide/workdir" "--user" "0:0" "7b3c8e364d233c6f1ebd5858041bc76b61dca5a090e5e1c8a4d5ed3d1a01d2e5" "/opt/rustwide/cargo-home/bin/cargo" "+1.99.0-beta.8" "test" "--frozen" "--release", kill_on_drop: false }`
[INFO] [stderr] warning: field `config` is never read
[INFO] [stderr]    --> src/worker_pool.rs:338:5
[INFO] [stderr]     |
[INFO] [stderr] 331 | struct Worker<J, E, S>
[INFO] [stderr]     |        ------ field in this struct
[INFO] [stderr] ...
[INFO] [stderr] 338 |     config: WorkerPoolConfig,
[INFO] [stderr]     |     ^^^^^^
[INFO] [stderr]     |
[INFO] [stderr]     = note: `#[warn(dead_code)]` (part of `#[warn(unused)]`) on by default
[INFO] [stderr] 
[INFO] [stderr] warning: field `redis_queue` is never read
[INFO] [stderr]    --> src/worker_pool.rs:601:5
[INFO] [stderr]     |
[INFO] [stderr] 595 | struct StaleJobChecker<J, S>
[INFO] [stderr]     |        --------------- field in this struct
[INFO] [stderr] ...
[INFO] [stderr] 601 |     redis_queue: Arc<tokio::sync::Mutex<JobQueue>>,
[INFO] [stderr]     |     ^^^^^^^^^^^
[INFO] [stderr] 
[INFO] [stderr] warning: `pleme-redis` (lib) generated 2 warnings
[INFO] [stderr] warning: `pleme-redis` (lib test) generated 2 warnings (2 duplicates)
[INFO] [stderr]     Finished `release` profile [optimized] target(s) in 0.20s
[INFO] [stderr]      Running unittests src/lib.rs (/opt/rustwide/target/release/deps/pleme_redis-8100d692f251c236)
[INFO] [stdout] 
[INFO] [stdout] running 20 tests
[INFO] [stdout] test cache::tests::test_simple_key_format ... ok
[INFO] [stdout] test job::tests::test_can_retry ... ok
[INFO] [stdout] test job_queue::tests::test_queue_stats ... ok
[INFO] [stdout] test job::tests::test_queued_job_serialization ... ok
[INFO] [stdout] test job_queue::tests::test_calculate_hash ... ok
[INFO] [stdout] test locking::tests::test_namespace_lock_format ... ok
[INFO] [stdout] test job_queue::tests::test_queued_job_serialization ... ok
[INFO] [stdout] test cache::tests::test_product_scoping ... ok
[INFO] [stdout] test job::tests::test_exponential_backoff ... ok
[INFO] [stdout] test locking::tests::test_lock_key_format ... ok
[INFO] [stdout] test locking::tests::test_product_scoping ... ok
[INFO] [stdout] test cache::tests::test_scoped_key_format ... ok
[INFO] [stdout] test worker_pool::tests::test_worker_pool_config_defaults ... ok
[INFO] [stdout] test presence::tests::test_presence_key_format ... ok
[INFO] [stdout] test presence::tests::test_product_scoping ... ok
[INFO] [stdout] test pubsub::tests::test_channel_format ... ok
[INFO] [stdout] test tests::test_config_builder ... ok
[INFO] [stderr]    Doc-tests pleme_redis
[INFO] [stdout] test pubsub::tests::test_entity_channel_format ... ok
[INFO] [stdout] test typing::tests::test_typing_key_format ... ok
[INFO] [stdout] test pubsub::tests::test_product_scoping ... ok
[INFO] [stdout] 
[INFO] [stdout] test result: ok. 20 passed; 0 failed; 0 ignored; 0 measured; 0 filtered out; finished in 0.00s
[INFO] [stdout] 
[INFO] [stdout] 
[INFO] [stdout] running 2 tests
[INFO] [stdout] test src/locking.rs - locking::LockManager::acquire (line 40) - compile ... ok
[INFO] [stdout] test src/worker_pool.rs - worker_pool::JobExecutor (line 18) ... FAILED
[INFO] [stdout] 
[INFO] [stdout] failures:
[INFO] [stdout] 
[INFO] [stdout] ---- src/worker_pool.rs - worker_pool::JobExecutor (line 18) stdout ----
[INFO] [stdout] error[E0425]: cannot find type `MyJob` in this scope
[INFO] [stdout]   --> src/worker_pool.rs:26:18
[INFO] [stdout]    |
[INFO] [stdout] 26 | impl JobExecutor<MyJob> for MyJobExecutor {
[INFO] [stdout]    |                  ^^^^^ not found in this scope
[INFO] [stdout]    |
[INFO] [stdout] help: you might be missing a type parameter
[INFO] [stdout]    |
[INFO] [stdout] 26 | impl<MyJob> JobExecutor<MyJob> for MyJobExecutor {
[INFO] [stdout]    |     +++++++
[INFO] [stdout] 
[INFO] [stdout] error[E0425]: cannot find type `MyJob` in this scope
[INFO] [stdout]   --> src/worker_pool.rs:27:35
[INFO] [stdout]    |
[INFO] [stdout] 27 |     async fn execute(&self, job: &MyJob) -> Result<serde_json::Value, ExecutorError> {
[INFO] [stdout]    |                                   ^^^^^ not found in this scope
[INFO] [stdout] 
[INFO] [stdout] error[E0425]: cannot find type `ExecutorError` in this scope
[INFO] [stdout]   --> src/worker_pool.rs:27:71
[INFO] [stdout]    |
[INFO] [stdout] 27 |     async fn execute(&self, job: &MyJob) -> Result<serde_json::Value, ExecutorError> {
[INFO] [stdout]    |                                                                       ^^^^^^^^^^^^^ not found in this scope
[INFO] [stdout]    |
[INFO] [stdout] help: you might be missing a type parameter
[INFO] [stdout]    |
[INFO] [stdout] 26 | impl<ExecutorError> JobExecutor<MyJob> for MyJobExecutor {
[INFO] [stdout]    |     +++++++++++++++
[INFO] [stdout] 
[INFO] [stdout] error: aborting due to 3 previous errors
[INFO] [stdout] 
[INFO] [stdout] For more information about this error, try `rustc --explain E0425`.
[INFO] [stdout] Couldn't compile the test.
[INFO] [stdout] 
[INFO] [stdout] failures:
[INFO] [stdout]     src/worker_pool.rs - worker_pool::JobExecutor (line 18)
[INFO] [stdout] 
[INFO] [stdout] test result: FAILED. 1 passed; 1 failed; 0 ignored; 0 measured; 0 filtered out; finished in 0.18s
[INFO] [stdout] 
[INFO] [stderr] error: doctest failed, to rerun pass `--doc`
[INFO] running `Command { std: "docker" "inspect" "7b3c8e364d233c6f1ebd5858041bc76b61dca5a090e5e1c8a4d5ed3d1a01d2e5", kill_on_drop: false }`
[INFO] running `Command { std: "docker" "rm" "-f" "7b3c8e364d233c6f1ebd5858041bc76b61dca5a090e5e1c8a4d5ed3d1a01d2e5", kill_on_drop: false }`
[INFO] [stdout] 7b3c8e364d233c6f1ebd5858041bc76b61dca5a090e5e1c8a4d5ed3d1a01d2e5
