[INFO] fetching crate pleme-rbac 0.1.2...
[INFO] testing pleme-rbac-0.1.2 against 1.100.0-beta.1+cargoflags=--release for beta-release-1.100-2
[INFO] extracting crate pleme-rbac 0.1.2 into /workspace/builds/worker-6-tc2/source
[INFO] started tweaking crates.io crate pleme-rbac 0.1.2
[INFO] removed 0 missing examples
[INFO] finished tweaking crates.io crate pleme-rbac 0.1.2
[INFO] tweaked toml for crates.io crate pleme-rbac 0.1.2 written to /workspace/builds/worker-6-tc2/source/Cargo.toml
[INFO] validating manifest of crates.io crate pleme-rbac 0.1.2 on toolchain 1.100.0-beta.1
[INFO] running `Command { std: CARGO_HOME="/workspace/cargo-home" RUSTUP_HOME="/workspace/rustup-home" "/workspace/cargo-home/bin/cargo" "+1.100.0-beta.1" "metadata" "--manifest-path" "Cargo.toml" "--no-deps", kill_on_drop: false }`
[INFO] crate crates.io crate pleme-rbac 0.1.2 already has a lockfile, it will not be regenerated
[INFO] running `Command { std: CARGO_HOME="/workspace/cargo-home" RUSTUP_HOME="/workspace/rustup-home" "/workspace/cargo-home/bin/cargo" "+1.100.0-beta.1" "fetch" "--manifest-path" "Cargo.toml", kill_on_drop: false }`
[INFO] [stderr] warning: `package.homepage` is redundant with `package.repository`
[INFO] [stderr]    --> Cargo.toml:100:12
[INFO] [stderr]     |
[INFO] [stderr] 100 | homepage = "https://github.com/pleme-io/pleme-rbac"
[INFO] [stderr]     |            ^^^^^^^^^^^^^^^^^^^^^^^^^^^^^^^^^^^^^^^^
[INFO] [stderr] ...
[INFO] [stderr] 105 | repository = "https://github.com/pleme-io/pleme-rbac"
[INFO] [stderr]     |              ----------------------------------------
[INFO] [stderr]     |
[INFO] [stderr]     = note: `cargo::redundant_homepage` is set to `warn` by default
[INFO] [stderr] help: consider removing `package.homepage`
[INFO] [stderr] warning: `pleme-rbac` (manifest) generated 1 warning
[INFO] running `Command { std: "docker" "create" "-v" "/var/lib/crater-agent-workspace/builds/worker-6-tc2/source:/opt/rustwide/workdir:ro,Z" "-v" "/var/lib/crater-agent-workspace/builds/worker-6-tc2/target:/opt/rustwide/target:rw,Z" "-v" "/var/lib/crater-agent-workspace/cargo-home:/opt/rustwide/cargo-home:ro,Z" "-v" "/var/lib/crater-agent-workspace/rustup-home:/opt/rustwide/rustup-home:ro,Z" "-m" "1610612736" "--network" "none" "ghcr.io/rust-lang/crates-build-env/linux@sha256:77db811e55d90add9212f6832c23229e3de5f1c1f9905e8cb07319ea15df73ac" "sleep" "infinity", kill_on_drop: false }`
[INFO] [stdout] 62edca39430459d357f586861f6bd63a81fd5a7325c5450a24c56c5672f805e6
[INFO] running `Command { std: "docker" "start" "62edca39430459d357f586861f6bd63a81fd5a7325c5450a24c56c5672f805e6", kill_on_drop: false }`
[INFO] running `Command { std: "docker" "inspect" "62edca39430459d357f586861f6bd63a81fd5a7325c5450a24c56c5672f805e6", kill_on_drop: false }`
[INFO] running `Command { std: "docker" "exec" "-e" "SOURCE_DIR=/opt/rustwide/workdir" "-e" "CARGO_HOME=/opt/rustwide/cargo-home" "-e" "RUSTUP_HOME=/opt/rustwide/rustup-home" "-e" "CARGO_TARGET_DIR=/opt/rustwide/target" "-w" "/opt/rustwide/workdir" "--user" "0:0" "62edca39430459d357f586861f6bd63a81fd5a7325c5450a24c56c5672f805e6" "/opt/rustwide/cargo-home/bin/cargo" "+1.100.0-beta.1" "metadata" "--no-deps" "--format-version=1", kill_on_drop: false }`
[INFO] running `Command { std: "docker" "inspect" "62edca39430459d357f586861f6bd63a81fd5a7325c5450a24c56c5672f805e6", kill_on_drop: false }`
[INFO] running `Command { std: "docker" "exec" "-e" "SOURCE_DIR=/opt/rustwide/workdir" "-e" "CARGO_HOME=/opt/rustwide/cargo-home" "-e" "RUSTUP_HOME=/opt/rustwide/rustup-home" "-e" "CARGO_TARGET_DIR=/opt/rustwide/target" "-e" "CARGO_INCREMENTAL=0" "-e" "RUST_BACKTRACE=full" "-e" "RUSTFLAGS=--cap-lints=warn" "-e" "RUSTDOCFLAGS=--cap-lints=warn" "-w" "/opt/rustwide/workdir" "--user" "0:0" "62edca39430459d357f586861f6bd63a81fd5a7325c5450a24c56c5672f805e6" "/opt/rustwide/cargo-home/bin/cargo" "+1.100.0-beta.1" "build" "--frozen" "--message-format=json" "--release", kill_on_drop: false }`
[INFO] [stderr] warning: `package.homepage` is redundant with `package.repository`
[INFO] [stderr]    --> Cargo.toml:100:12
[INFO] [stderr]     |
[INFO] [stderr] 100 | homepage = "https://github.com/pleme-io/pleme-rbac"
[INFO] [stderr]     |            ^^^^^^^^^^^^^^^^^^^^^^^^^^^^^^^^^^^^^^^^
[INFO] [stderr] ...
[INFO] [stderr] 105 | repository = "https://github.com/pleme-io/pleme-rbac"
[INFO] [stderr]     |              ----------------------------------------
[INFO] [stderr]     |
[INFO] [stderr]     = note: `cargo::redundant_homepage` is set to `warn` by default
[INFO] [stderr] help: consider removing `package.homepage`
[INFO] [stderr] warning: `pleme-rbac` (manifest) generated 1 warning
[INFO] [stderr]    Compiling subtle v2.6.1
[INFO] [stderr]    Compiling base64ct v1.8.3
[INFO] [stderr]    Compiling zerocopy v0.8.50
[INFO] [stderr]    Compiling generic-array v0.14.9
[INFO] [stderr]    Compiling num-traits v0.2.19
[INFO] [stderr]    Compiling spin v0.9.8
[INFO] [stderr]    Compiling num-bigint-dig v0.8.6
[INFO] [stderr]    Compiling curve25519-dalek v4.1.3
[INFO] [stderr]    Compiling syn v2.0.117
[INFO] [stderr]    Compiling getrandom v0.2.17
[INFO] [stderr]    Compiling memchr v2.8.1
[INFO] [stderr]    Compiling uuid v1.23.2
[INFO] [stderr]    Compiling http v1.4.1
[INFO] [stderr]    Compiling lazy_static v1.5.0
[INFO] [stderr]    Compiling rand_core v0.6.4
[INFO] [stderr]    Compiling pem-rfc7468 v0.7.0
[INFO] [stderr]    Compiling ff v0.13.1
[INFO] [stderr]    Compiling group v0.13.0
[INFO] [stderr]    Compiling serde_json v1.0.150
[INFO] [stderr]    Compiling num-integer v0.1.46
[INFO] [stderr]    Compiling num-iter v0.1.45
[INFO] [stderr]    Compiling zeroize_derive v1.4.3
[INFO] [stderr]    Compiling serde_derive v1.0.228
[INFO] [stderr]    Compiling curve25519-dalek-derive v0.1.1
[INFO] [stderr]    Compiling thiserror-impl v2.0.18
[INFO] [stderr]    Compiling zeroize v1.8.2
[INFO] [stderr]    Compiling der v0.7.10
[INFO] [stderr]    Compiling thiserror v2.0.18
[INFO] [stderr]    Compiling block-buffer v0.10.4
[INFO] [stderr]    Compiling crypto-common v0.1.6
[INFO] [stderr]    Compiling crypto-bigint v0.5.5
[INFO] [stderr]    Compiling digest v0.10.7
[INFO] [stderr]    Compiling ppv-lite86 v0.2.21
[INFO] [stderr]    Compiling hmac v0.12.1
[INFO] [stderr]    Compiling signature v2.2.0
[INFO] [stderr]    Compiling sha2 v0.10.9
[INFO] [stderr]    Compiling hkdf v0.12.4
[INFO] [stderr]    Compiling rfc6979 v0.4.0
[INFO] [stderr]    Compiling rand_chacha v0.3.1
[INFO] [stderr]    Compiling spki v0.7.3
[INFO] [stderr]    Compiling rand v0.8.6
[INFO] [stderr]    Compiling pkcs8 v0.10.2
[INFO] [stderr]    Compiling sec1 v0.7.3
[INFO] [stderr]    Compiling ed25519 v2.2.3
[INFO] [stderr]    Compiling pkcs1 v0.7.5
[INFO] [stderr]    Compiling ed25519-dalek v2.2.0
[INFO] [stderr]    Compiling serde v1.0.228
[INFO] [stderr]    Compiling elliptic-curve v0.13.8
[INFO] [stderr]    Compiling chrono v0.4.44
[INFO] [stderr]    Compiling primeorder v0.13.6
[INFO] [stderr]    Compiling ecdsa v0.16.9
[INFO] [stderr]    Compiling p384 v0.13.1
[INFO] [stderr]    Compiling p256 v0.13.2
[INFO] [stderr]    Compiling rsa v0.9.10
[INFO] [stderr]    Compiling jsonwebtoken v10.4.0
[INFO] [stderr]    Compiling pleme-rbac v0.1.2 (/opt/rustwide/workdir)
[INFO] [stderr]     Finished `release` profile [optimized] target(s) in 35.42s
[INFO] running `Command { std: "docker" "inspect" "62edca39430459d357f586861f6bd63a81fd5a7325c5450a24c56c5672f805e6", kill_on_drop: false }`
[INFO] running `Command { std: "docker" "exec" "-e" "SOURCE_DIR=/opt/rustwide/workdir" "-e" "CARGO_HOME=/opt/rustwide/cargo-home" "-e" "RUSTUP_HOME=/opt/rustwide/rustup-home" "-e" "CARGO_TARGET_DIR=/opt/rustwide/target" "-e" "CARGO_INCREMENTAL=0" "-e" "RUST_BACKTRACE=full" "-e" "RUSTFLAGS=--cap-lints=warn" "-e" "RUSTDOCFLAGS=--cap-lints=warn" "-w" "/opt/rustwide/workdir" "--user" "0:0" "62edca39430459d357f586861f6bd63a81fd5a7325c5450a24c56c5672f805e6" "/opt/rustwide/cargo-home/bin/cargo" "+1.100.0-beta.1" "test" "--frozen" "--no-run" "--message-format=json" "--release", kill_on_drop: false }`
[INFO] [stderr] warning: `package.homepage` is redundant with `package.repository`
[INFO] [stderr]    --> Cargo.toml:100:12
[INFO] [stderr]     |
[INFO] [stderr] 100 | homepage = "https://github.com/pleme-io/pleme-rbac"
[INFO] [stderr]     |            ^^^^^^^^^^^^^^^^^^^^^^^^^^^^^^^^^^^^^^^^
[INFO] [stderr] ...
[INFO] [stderr] 105 | repository = "https://github.com/pleme-io/pleme-rbac"
[INFO] [stderr]     |              ----------------------------------------
[INFO] [stderr]     |
[INFO] [stderr]     = note: `cargo::redundant_homepage` is set to `warn` by default
[INFO] [stderr] help: consider removing `package.homepage`
[INFO] [stderr] warning: `pleme-rbac` (manifest) generated 1 warning
[INFO] [stderr]    Compiling parking_lot_core v0.9.12
[INFO] [stderr]    Compiling tokio-macros v2.7.0
[INFO] [stderr]    Compiling ff v0.13.1
[INFO] [stderr]    Compiling rand_chacha v0.3.1
[INFO] [stderr]    Compiling uuid v1.23.2
[INFO] [stderr]    Compiling crypto-bigint v0.5.5
[INFO] [stderr]    Compiling signature v2.2.0
[INFO] [stderr]    Compiling ed25519 v2.2.3
[INFO] [stderr]    Compiling group v0.13.0
[INFO] [stderr]    Compiling ed25519-dalek v2.2.0
[INFO] [stderr]    Compiling parking_lot v0.12.5
[INFO] [stderr]    Compiling rand v0.8.6
[INFO] [stderr]    Compiling tokio v1.52.3
[INFO] [stderr]    Compiling elliptic-curve v0.13.8
[INFO] [stderr]    Compiling num-bigint-dig v0.8.6
[INFO] [stderr]    Compiling ecdsa v0.16.9
[INFO] [stderr]    Compiling primeorder v0.13.6
[INFO] [stderr]    Compiling p384 v0.13.1
[INFO] [stderr]    Compiling p256 v0.13.2
[INFO] [stderr]    Compiling rsa v0.9.10
[INFO] [stderr]    Compiling jsonwebtoken v10.4.0
[INFO] [stderr]    Compiling pleme-rbac v0.1.2 (/opt/rustwide/workdir)
[INFO] [stderr]    Compiling tokio-stream v0.1.18
[INFO] [stderr]    Compiling tokio-test v0.4.5
[INFO] [stderr]     Finished `release` profile [optimized] target(s) in 24.15s
[INFO] running `Command { std: "docker" "inspect" "62edca39430459d357f586861f6bd63a81fd5a7325c5450a24c56c5672f805e6", kill_on_drop: false }`
[INFO] running `Command { std: "docker" "exec" "-e" "SOURCE_DIR=/opt/rustwide/workdir" "-e" "CARGO_HOME=/opt/rustwide/cargo-home" "-e" "RUSTUP_HOME=/opt/rustwide/rustup-home" "-e" "CARGO_TARGET_DIR=/opt/rustwide/target" "-e" "CARGO_INCREMENTAL=0" "-e" "RUST_BACKTRACE=full" "-e" "RUSTFLAGS=--cap-lints=warn" "-e" "RUSTDOCFLAGS=--cap-lints=warn" "-w" "/opt/rustwide/workdir" "--user" "0:0" "62edca39430459d357f586861f6bd63a81fd5a7325c5450a24c56c5672f805e6" "/opt/rustwide/cargo-home/bin/cargo" "+1.100.0-beta.1" "test" "--frozen" "--release", kill_on_drop: false }`
[INFO] [stderr] warning: `package.homepage` is redundant with `package.repository`
[INFO] [stderr]    --> Cargo.toml:100:12
[INFO] [stderr]     |
[INFO] [stderr] 100 | homepage = "https://github.com/pleme-io/pleme-rbac"
[INFO] [stderr]     |            ^^^^^^^^^^^^^^^^^^^^^^^^^^^^^^^^^^^^^^^^
[INFO] [stderr] ...
[INFO] [stderr] 105 | repository = "https://github.com/pleme-io/pleme-rbac"
[INFO] [stderr]     |              ----------------------------------------
[INFO] [stderr]     |
[INFO] [stderr]     = note: `cargo::redundant_homepage` is set to `warn` by default
[INFO] [stderr] help: consider removing `package.homepage`
[INFO] [stderr] warning: `pleme-rbac` (manifest) generated 1 warning
[INFO] [stderr]     Finished `release` profile [optimized] target(s) in 0.19s
[INFO] [stderr]      Running unittests src/lib.rs (/opt/rustwide/target/release/build/pleme-rbac/f388924099a57793/out/pleme_rbac-f388924099a57793)
[INFO] [stdout] 
[INFO] [stdout] running 26 tests
[INFO] [stdout] test context::tests::test_is_admin ... ok
[INFO] [stdout] test context::tests::test_can_manage ... ok
[INFO] [stdout] test context::tests::test_is_staff ... ok
[INFO] [stdout] test permission::tests::test_from_resource_action ... ok
[INFO] [stdout] test relationship::tests::test_relationship_creation ... ok
[INFO] [stdout] test permission::tests::test_super_wildcard_star_dot_star ... ok
[INFO] [stdout] test context::tests::test_permission_checks ... ok
[INFO] [stdout] test permission::tests::test_wildcard ... ok
[INFO] [stdout] test testing::tests::test_mock_guest ... ok
[INFO] [stdout] test relationship::tests::test_jwt_key ... ok
[INFO] [stdout] test testing::tests::test_builder_with_email ... ok
[INFO] [stdout] test permission::tests::test_super_wildcard ... ok
[INFO] [stdout] test testing::tests::test_builder_with_ownership ... ok
[INFO] [stdout] test permission::tests::test_exact_match ... ok
[INFO] [stdout] test testing::tests::test_mock_owner ... ok
[INFO] [stdout] test testing::tests::test_builder_with_permissions ... ok
[INFO] [stdout] test testing::tests::test_mock_admin ... ok
[INFO] [stdout] test testing::tests::test_builder_with_specific_user_id ... ok
[INFO] [stdout] test testing::tests::test_mock_user_with_perms ... ok
[INFO] [stdout] test testing::tests::test_mock_staff ... ok
[INFO] [stdout] test testing::tests::test_mock_user ... ok
[INFO] [stdout] test context::tests::test_relationship_checks ... ok
[INFO] [stdout] test relationship::tests::test_cache_key ... ok
[INFO] [stderr]    Doc-tests pleme_rbac
[INFO] [stdout] test context::tests::test_require_any ... ok
[INFO] [stdout] test testing::tests::test_builder_with_membership ... ok
[INFO] [stdout] test testing::tests::test_builder_with_multiple_permissions ... ok
[INFO] [stdout] 
[INFO] [stdout] test result: ok. 26 passed; 0 failed; 0 ignored; 0 measured; 0 filtered out; finished in 0.01s
[INFO] [stdout] 
[INFO] [stdout] 
[INFO] [stdout] running 15 tests
[INFO] [stdout] test src/guards.rs - guards::get_auth (line 227) ... ignored
[INFO] [stdout] test src/guards.rs - guards::get_user_id (line 193) ... ignored
[INFO] [stdout] test src/guards.rs - guards::require_admin (line 33) ... ignored
[INFO] [stdout] test src/guards.rs - guards::require_admin_or_owner_or_permission (line 169) ... ignored
[INFO] [stdout] test src/guards.rs - guards::require_any_permission (line 135) ... ignored
[INFO] [stdout] test src/guards.rs - guards::require_ownership (line 64) ... ignored
[INFO] [stdout] test src/guards.rs - guards::require_permission (line 10) ... ignored
[INFO] [stdout] test src/guards.rs - guards::require_product_scope (line 88) ... ignored
[INFO] [stdout] test src/guards.rs - guards::require_self (line 111) ... ignored
[INFO] [stdout] test src/lib.rs - (line 46) ... ignored
[INFO] [stdout] test src/lib.rs - (line 57) ... ignored
[INFO] [stdout] test src/context.rs - context::AuthzContext::require_product_scope (line 409) - compile ... ok
[INFO] [stdout] test src/admin.rs - admin (line 9) ... FAILED
[INFO] [stdout] test src/context.rs - context::AuthzContext::from_claims (line 173) - compile ... ok
[INFO] [stdout] test src/lib.rs - (line 14) - compile ... ok
[INFO] [stdout] 
[INFO] [stdout] failures:
[INFO] [stdout] 
[INFO] [stdout] ---- src/admin.rs - admin (line 9) stdout ----
[INFO] [stdout] error[E0432]: unresolved import `pleme_rbac::admin::require_admin`
[INFO] [stdout]   --> src/admin.rs:11:5
[INFO] [stdout]    |
[INFO] [stdout] 11 | use pleme_rbac::admin::require_admin;
[INFO] [stdout]    |     ^^^^^^^^^^^^^^^^^^^-------------
[INFO] [stdout]    |                        |
[INFO] [stdout]    |                        no `require_admin` in `admin`
[INFO] [stdout]    |
[INFO] [stdout]    = note: this could be because a macro annotated with `#[macro_export]` will be exported at the root of the crate instead of the module where it is defined
[INFO] [stdout] help: a macro with this name exists at the root of the crate
[INFO] [stdout]    |
[INFO] [stdout] 11 - use pleme_rbac::admin::require_admin;
[INFO] [stdout] 11 + use pleme_rbac::require_admin;
[INFO] [stdout]    |
[INFO] [stdout] 
[INFO] [stdout] error[E0425]: cannot find type `AuthzContext` in this scope
[INFO] [stdout]   --> src/admin.rs:13:32
[INFO] [stdout]    |
[INFO] [stdout] 13 | async fn admin_operation(ctx: &AuthzContext) -> Result<()> {
[INFO] [stdout]    |                                ^^^^^^^^^^^^ not found in this scope
[INFO] [stdout] 
[INFO] [stdout] error[E0107]: enum takes 2 generic arguments but 1 generic argument was supplied
[INFO] [stdout]   --> src/admin.rs:13:49
[INFO] [stdout]    |
[INFO] [stdout] 13 | async fn admin_operation(ctx: &AuthzContext) -> Result<()> {
[INFO] [stdout]    |                                                 ^^^^^^ -- supplied 1 generic argument
[INFO] [stdout]    |                                                 |
[INFO] [stdout]    |                                                 expected 2 generic arguments
[INFO] [stdout]    |
[INFO] [stdout] help: add missing generic argument
[INFO] [stdout]    |
[INFO] [stdout] 13 | async fn admin_operation(ctx: &AuthzContext) -> Result<(), E> {
[INFO] [stdout]    |                                                          +++
[INFO] [stdout] 
[INFO] [stdout] error: aborting due to 3 previous errors
[INFO] [stdout] 
[INFO] [stdout] Some errors have detailed explanations: E0107, E0425, E0432.
[INFO] [stdout] For more information about an error, try `rustc --explain E0107`.
[INFO] [stdout] Couldn't compile the test.
[INFO] [stdout] 
[INFO] [stdout] failures:
[INFO] [stdout]     src/admin.rs - admin (line 9)
[INFO] [stdout] 
[INFO] [stdout] test result: FAILED. 3 passed; 1 failed; 11 ignored; 0 measured; 0 filtered out; finished in 0.24s
[INFO] [stdout] 
[INFO] [stderr] error: doctest failed, to rerun pass `--doc`
[INFO] running `Command { std: "docker" "inspect" "62edca39430459d357f586861f6bd63a81fd5a7325c5450a24c56c5672f805e6", kill_on_drop: false }`
[INFO] running `Command { std: "docker" "rm" "-f" "62edca39430459d357f586861f6bd63a81fd5a7325c5450a24c56c5672f805e6", kill_on_drop: false }`
[INFO] [stdout] 62edca39430459d357f586861f6bd63a81fd5a7325c5450a24c56c5672f805e6
