[INFO] fetching crate pleme-middleware-rate-limit 0.1.2...
[INFO] testing pleme-middleware-rate-limit-0.1.2 against 1.100.0-beta.1+cargoflags=--release for beta-release-1.100-2
[INFO] extracting crate pleme-middleware-rate-limit 0.1.2 into /workspace/builds/worker-4-tc2/source
[INFO] started tweaking crates.io crate pleme-middleware-rate-limit 0.1.2
[INFO] finished tweaking crates.io crate pleme-middleware-rate-limit 0.1.2
[INFO] tweaked toml for crates.io crate pleme-middleware-rate-limit 0.1.2 written to /workspace/builds/worker-4-tc2/source/Cargo.toml
[INFO] validating manifest of crates.io crate pleme-middleware-rate-limit 0.1.2 on toolchain 1.100.0-beta.1
[INFO] running `Command { std: CARGO_HOME="/workspace/cargo-home" RUSTUP_HOME="/workspace/rustup-home" "/workspace/cargo-home/bin/cargo" "+1.100.0-beta.1" "metadata" "--manifest-path" "Cargo.toml" "--no-deps", kill_on_drop: false }`
[INFO] crate crates.io crate pleme-middleware-rate-limit 0.1.2 already has a lockfile, it will not be regenerated
[INFO] running `Command { std: CARGO_HOME="/workspace/cargo-home" RUSTUP_HOME="/workspace/rustup-home" "/workspace/cargo-home/bin/cargo" "+1.100.0-beta.1" "fetch" "--manifest-path" "Cargo.toml", kill_on_drop: false }`
[INFO] [stderr] warning: `package.homepage` is redundant with `package.repository`
[INFO] [stderr]   --> Cargo.toml:34:12
[INFO] [stderr]    |
[INFO] [stderr] 34 | homepage = "https://github.com/pleme-io/pleme-middleware-rate-limit"
[INFO] [stderr]    |            ^^^^^^^^^^^^^^^^^^^^^^^^^^^^^^^^^^^^^^^^^^^^^^^^^^^^^^^^^
[INFO] [stderr] ...
[INFO] [stderr] 39 | repository = "https://github.com/pleme-io/pleme-middleware-rate-limit"
[INFO] [stderr]    |              ---------------------------------------------------------
[INFO] [stderr]    |
[INFO] [stderr]    = note: `cargo::redundant_homepage` is set to `warn` by default
[INFO] [stderr] help: consider removing `package.homepage`
[INFO] [stderr] warning: `pleme-middleware-rate-limit` (manifest) generated 1 warning
[INFO] running `Command { std: "docker" "create" "-v" "/var/lib/crater-agent-workspace/builds/worker-4-tc2/source:/opt/rustwide/workdir:ro,Z" "-v" "/var/lib/crater-agent-workspace/builds/worker-4-tc2/target:/opt/rustwide/target:rw,Z" "-v" "/var/lib/crater-agent-workspace/cargo-home:/opt/rustwide/cargo-home:ro,Z" "-v" "/var/lib/crater-agent-workspace/rustup-home:/opt/rustwide/rustup-home:ro,Z" "-m" "1610612736" "--network" "none" "ghcr.io/rust-lang/crates-build-env/linux@sha256:77db811e55d90add9212f6832c23229e3de5f1c1f9905e8cb07319ea15df73ac" "sleep" "infinity", kill_on_drop: false }`
[INFO] [stdout] f8e312a118b15a4836ed523f625a0e33035071f67be14b9945d5945fee207603
[INFO] running `Command { std: "docker" "start" "f8e312a118b15a4836ed523f625a0e33035071f67be14b9945d5945fee207603", kill_on_drop: false }`
[INFO] running `Command { std: "docker" "inspect" "f8e312a118b15a4836ed523f625a0e33035071f67be14b9945d5945fee207603", kill_on_drop: false }`
[INFO] running `Command { std: "docker" "exec" "-e" "SOURCE_DIR=/opt/rustwide/workdir" "-e" "CARGO_HOME=/opt/rustwide/cargo-home" "-e" "RUSTUP_HOME=/opt/rustwide/rustup-home" "-e" "CARGO_TARGET_DIR=/opt/rustwide/target" "-w" "/opt/rustwide/workdir" "--user" "0:0" "f8e312a118b15a4836ed523f625a0e33035071f67be14b9945d5945fee207603" "/opt/rustwide/cargo-home/bin/cargo" "+1.100.0-beta.1" "metadata" "--no-deps" "--format-version=1", kill_on_drop: false }`
[INFO] running `Command { std: "docker" "inspect" "f8e312a118b15a4836ed523f625a0e33035071f67be14b9945d5945fee207603", kill_on_drop: false }`
[INFO] running `Command { std: "docker" "exec" "-e" "SOURCE_DIR=/opt/rustwide/workdir" "-e" "CARGO_HOME=/opt/rustwide/cargo-home" "-e" "RUSTUP_HOME=/opt/rustwide/rustup-home" "-e" "CARGO_TARGET_DIR=/opt/rustwide/target" "-e" "CARGO_INCREMENTAL=0" "-e" "RUST_BACKTRACE=full" "-e" "RUSTFLAGS=--cap-lints=warn" "-e" "RUSTDOCFLAGS=--cap-lints=warn" "-w" "/opt/rustwide/workdir" "--user" "0:0" "f8e312a118b15a4836ed523f625a0e33035071f67be14b9945d5945fee207603" "/opt/rustwide/cargo-home/bin/cargo" "+1.100.0-beta.1" "build" "--frozen" "--message-format=json" "--release", kill_on_drop: false }`
[INFO] [stderr] warning: `package.homepage` is redundant with `package.repository`
[INFO] [stderr]   --> Cargo.toml:34:12
[INFO] [stderr]    |
[INFO] [stderr] 34 | homepage = "https://github.com/pleme-io/pleme-middleware-rate-limit"
[INFO] [stderr]    |            ^^^^^^^^^^^^^^^^^^^^^^^^^^^^^^^^^^^^^^^^^^^^^^^^^^^^^^^^^
[INFO] [stderr] ...
[INFO] [stderr] 39 | repository = "https://github.com/pleme-io/pleme-middleware-rate-limit"
[INFO] [stderr]    |              ---------------------------------------------------------
[INFO] [stderr]    |
[INFO] [stderr]    = note: `cargo::redundant_homepage` is set to `warn` by default
[INFO] [stderr] help: consider removing `package.homepage`
[INFO] [stderr] warning: `pleme-middleware-rate-limit` (manifest) generated 1 warning
[INFO] [stderr]    Compiling serde_core v1.0.228
[INFO] [stderr]    Compiling log v0.4.31
[INFO] [stderr]    Compiling slab v0.4.12
[INFO] [stderr]    Compiling http v1.4.1
[INFO] [stderr]    Compiling futures-channel v0.3.32
[INFO] [stderr]    Compiling serde_json v1.0.150
[INFO] [stderr]    Compiling futures-task v0.3.32
[INFO] [stderr]    Compiling syn v2.0.117
[INFO] [stderr]    Compiling memchr v2.8.1
[INFO] [stderr]    Compiling mio v1.2.1
[INFO] [stderr]    Compiling socket2 v0.6.4
[INFO] [stderr]    Compiling futures-util v0.3.32
[INFO] [stderr]    Compiling http-body v1.0.1
[INFO] [stderr]    Compiling http-body-util v0.1.3
[INFO] [stderr]    Compiling serde_path_to_error v0.1.20
[INFO] [stderr]    Compiling tokio-macros v2.7.0
[INFO] [stderr]    Compiling tracing-attributes v0.1.31
[INFO] [stderr]    Compiling serde_derive v1.0.228
[INFO] [stderr]    Compiling axum-macros v0.5.1
[INFO] [stderr]    Compiling thiserror-impl v1.0.69
[INFO] [stderr]    Compiling tokio v1.52.3
[INFO] [stderr]    Compiling thiserror v1.0.69
[INFO] [stderr]    Compiling tracing v0.1.44
[INFO] [stderr]    Compiling axum-core v0.5.6
[INFO] [stderr]    Compiling serde v1.0.228
[INFO] [stderr]    Compiling serde_urlencoded v0.7.1
[INFO] [stderr]    Compiling hyper v1.10.1
[INFO] [stderr]    Compiling tower v0.5.3
[INFO] [stderr]    Compiling hyper-util v0.1.20
[INFO] [stderr]    Compiling axum v0.8.9
[INFO] [stderr]    Compiling pleme-middleware-rate-limit v0.1.2 (/opt/rustwide/workdir)
[INFO] [stderr]     Finished `release` profile [optimized] target(s) in 31.35s
[INFO] running `Command { std: "docker" "inspect" "f8e312a118b15a4836ed523f625a0e33035071f67be14b9945d5945fee207603", kill_on_drop: false }`
[INFO] running `Command { std: "docker" "exec" "-e" "SOURCE_DIR=/opt/rustwide/workdir" "-e" "CARGO_HOME=/opt/rustwide/cargo-home" "-e" "RUSTUP_HOME=/opt/rustwide/rustup-home" "-e" "CARGO_TARGET_DIR=/opt/rustwide/target" "-e" "CARGO_INCREMENTAL=0" "-e" "RUST_BACKTRACE=full" "-e" "RUSTFLAGS=--cap-lints=warn" "-e" "RUSTDOCFLAGS=--cap-lints=warn" "-w" "/opt/rustwide/workdir" "--user" "0:0" "f8e312a118b15a4836ed523f625a0e33035071f67be14b9945d5945fee207603" "/opt/rustwide/cargo-home/bin/cargo" "+1.100.0-beta.1" "test" "--frozen" "--no-run" "--message-format=json" "--release", kill_on_drop: false }`
[INFO] [stderr] warning: `package.homepage` is redundant with `package.repository`
[INFO] [stderr]   --> Cargo.toml:34:12
[INFO] [stderr]    |
[INFO] [stderr] 34 | homepage = "https://github.com/pleme-io/pleme-middleware-rate-limit"
[INFO] [stderr]    |            ^^^^^^^^^^^^^^^^^^^^^^^^^^^^^^^^^^^^^^^^^^^^^^^^^^^^^^^^^
[INFO] [stderr] ...
[INFO] [stderr] 39 | repository = "https://github.com/pleme-io/pleme-middleware-rate-limit"
[INFO] [stderr]    |              ---------------------------------------------------------
[INFO] [stderr]    |
[INFO] [stderr]    = note: `cargo::redundant_homepage` is set to `warn` by default
[INFO] [stderr] help: consider removing `package.homepage`
[INFO] [stderr] warning: `pleme-middleware-rate-limit` (manifest) generated 1 warning
[INFO] [stderr]    Compiling pleme-middleware-rate-limit v0.1.2 (/opt/rustwide/workdir)
[INFO] [stderr]     Finished `release` profile [optimized] target(s) in 0.76s
[INFO] running `Command { std: "docker" "inspect" "f8e312a118b15a4836ed523f625a0e33035071f67be14b9945d5945fee207603", kill_on_drop: false }`
[INFO] running `Command { std: "docker" "exec" "-e" "SOURCE_DIR=/opt/rustwide/workdir" "-e" "CARGO_HOME=/opt/rustwide/cargo-home" "-e" "RUSTUP_HOME=/opt/rustwide/rustup-home" "-e" "CARGO_TARGET_DIR=/opt/rustwide/target" "-e" "CARGO_INCREMENTAL=0" "-e" "RUST_BACKTRACE=full" "-e" "RUSTFLAGS=--cap-lints=warn" "-e" "RUSTDOCFLAGS=--cap-lints=warn" "-w" "/opt/rustwide/workdir" "--user" "0:0" "f8e312a118b15a4836ed523f625a0e33035071f67be14b9945d5945fee207603" "/opt/rustwide/cargo-home/bin/cargo" "+1.100.0-beta.1" "test" "--frozen" "--release", kill_on_drop: false }`
[INFO] [stderr] warning: `package.homepage` is redundant with `package.repository`
[INFO] [stderr]   --> Cargo.toml:34:12
[INFO] [stderr]    |
[INFO] [stderr] 34 | homepage = "https://github.com/pleme-io/pleme-middleware-rate-limit"
[INFO] [stderr]    |            ^^^^^^^^^^^^^^^^^^^^^^^^^^^^^^^^^^^^^^^^^^^^^^^^^^^^^^^^^
[INFO] [stderr] ...
[INFO] [stderr] 39 | repository = "https://github.com/pleme-io/pleme-middleware-rate-limit"
[INFO] [stderr]    |              ---------------------------------------------------------
[INFO] [stderr]    |
[INFO] [stderr]    = note: `cargo::redundant_homepage` is set to `warn` by default
[INFO] [stderr] help: consider removing `package.homepage`
[INFO] [stderr] warning: `pleme-middleware-rate-limit` (manifest) generated 1 warning
[INFO] [stderr]     Finished `release` profile [optimized] target(s) in 0.07s
[INFO] [stderr]      Running unittests src/lib.rs (/opt/rustwide/target/release/build/pleme-middleware-rate-limit/ea62577d6ad36d38/out/pleme_middleware_rate_limit-ea62577d6ad36d38)
[INFO] [stdout] 
[INFO] [stdout] running 0 tests
[INFO] [stdout] 
[INFO] [stdout] test result: ok. 0 passed; 0 failed; 0 ignored; 0 measured; 0 filtered out; finished in 0.00s
[INFO] [stdout] 
[INFO] [stderr]    Doc-tests pleme_middleware_rate_limit
[INFO] [stdout] 
[INFO] [stdout] running 1 test
[INFO] [stdout] test src/lib.rs - (line 10) ... FAILED
[INFO] [stdout] 
[INFO] [stdout] failures:
[INFO] [stdout] 
[INFO] [stdout] ---- src/lib.rs - (line 10) stdout ----
[INFO] [stdout] error[E0425]: cannot find value `handler` in this scope
[INFO] [stdout]   --> src/lib.rs:19:33
[INFO] [stdout]    |
[INFO] [stdout] 19 |     .route("/api/endpoint", get(handler))
[INFO] [stdout]    |                                 ^^^^^^^ not found in this scope
[INFO] [stdout] 
[INFO] [stdout] error: aborting due to 1 previous error
[INFO] [stdout] 
[INFO] [stdout] For more information about this error, try `rustc --explain E0425`.
[INFO] [stdout] Couldn't compile the test.
[INFO] [stdout] 
[INFO] [stdout] failures:
[INFO] [stdout]     src/lib.rs - (line 10)
[INFO] [stdout] 
[INFO] [stdout] test result: FAILED. 0 passed; 1 failed; 0 ignored; 0 measured; 0 filtered out; finished in 0.15s
[INFO] [stdout] 
[INFO] [stderr] error: doctest failed, to rerun pass `--doc`
[INFO] running `Command { std: "docker" "inspect" "f8e312a118b15a4836ed523f625a0e33035071f67be14b9945d5945fee207603", kill_on_drop: false }`
[INFO] running `Command { std: "docker" "rm" "-f" "f8e312a118b15a4836ed523f625a0e33035071f67be14b9945d5945fee207603", kill_on_drop: false }`
[INFO] [stdout] f8e312a118b15a4836ed523f625a0e33035071f67be14b9945d5945fee207603
