[INFO] fetching crate playbook 0.4.2...
[INFO] testing playbook-0.4.2 against 1.100.0-beta.1+cargoflags=--release for beta-release-1.100-2
[INFO] extracting crate playbook 0.4.2 into /workspace/builds/worker-7-tc2/source
[INFO] started tweaking crates.io crate playbook 0.4.2
[INFO] finished tweaking crates.io crate playbook 0.4.2
[INFO] tweaked toml for crates.io crate playbook 0.4.2 written to /workspace/builds/worker-7-tc2/source/Cargo.toml
[INFO] validating manifest of crates.io crate playbook 0.4.2 on toolchain 1.100.0-beta.1
[INFO] running `Command { std: CARGO_HOME="/workspace/cargo-home" RUSTUP_HOME="/workspace/rustup-home" "/workspace/cargo-home/bin/cargo" "+1.100.0-beta.1" "metadata" "--manifest-path" "Cargo.toml" "--no-deps", kill_on_drop: false }`
[INFO] running `Command { std: CARGO_HOME="/workspace/cargo-home" RUSTUP_HOME="/workspace/rustup-home" "/workspace/cargo-home/bin/cargo" "+1.100.0-beta.1" "generate-lockfile" "--manifest-path" "Cargo.toml", kill_on_drop: false }`
[INFO] [stderr]     Updating crates.io index
[INFO] [stderr]      Locking 125 packages to highest compatible versions
[INFO] [stderr]       Adding clap v2.34.0 (available: v4.6.7)
[INFO] [stderr]       Adding colored v1.9.4 (available: v3.1.1)
[INFO] [stderr]       Adding dirs v1.0.5 (available: v7.0.0)
[INFO] [stderr]       Adding fern v0.5.9 (available: v0.7.1)
[INFO] [stderr]       Adding handlebars v1.1.0 (available: v6.4.4)
[INFO] [stderr]       Adding itertools v0.8.2 (available: v0.15.0)
[INFO] [stderr]       Adding nix v0.11.1 (available: v0.31.3)
[INFO] [stderr]       Adding psm v0.1.24 (available: v0.1.32)
[INFO] [stderr]       Adding pyo3 v0.5.4 (available: v0.30.1)
[INFO] [stderr]       Adding uuid v0.7.4 (available: v1.28.0)
[INFO] running `Command { std: CARGO_HOME="/workspace/cargo-home" RUSTUP_HOME="/workspace/rustup-home" "/workspace/cargo-home/bin/cargo" "+1.100.0-beta.1" "fetch" "--manifest-path" "Cargo.toml", kill_on_drop: false }`
[INFO] [stderr] warning: Cargo.toml: `package.edition` is unspecified, defaulting to `2015` while the latest is `2024`
[INFO] [stderr] warning: `playbook` (manifest) generated 1 warning
[INFO] running `Command { std: "docker" "create" "-v" "/var/lib/crater-agent-workspace/builds/worker-7-tc2/source:/opt/rustwide/workdir:ro,Z" "-v" "/var/lib/crater-agent-workspace/builds/worker-7-tc2/target:/opt/rustwide/target:rw,Z" "-v" "/var/lib/crater-agent-workspace/cargo-home:/opt/rustwide/cargo-home:ro,Z" "-v" "/var/lib/crater-agent-workspace/rustup-home:/opt/rustwide/rustup-home:ro,Z" "-m" "1610612736" "--network" "none" "ghcr.io/rust-lang/crates-build-env/linux@sha256:77db811e55d90add9212f6832c23229e3de5f1c1f9905e8cb07319ea15df73ac" "sleep" "infinity", kill_on_drop: false }`
[INFO] [stdout] 3dcacb95c3dc3d9a10d6d5204078a9d545030d02ee87374e16e48fa0c1d67b72
[INFO] running `Command { std: "docker" "start" "3dcacb95c3dc3d9a10d6d5204078a9d545030d02ee87374e16e48fa0c1d67b72", kill_on_drop: false }`
[INFO] running `Command { std: "docker" "inspect" "3dcacb95c3dc3d9a10d6d5204078a9d545030d02ee87374e16e48fa0c1d67b72", kill_on_drop: false }`
[INFO] running `Command { std: "docker" "exec" "-e" "SOURCE_DIR=/opt/rustwide/workdir" "-e" "CARGO_HOME=/opt/rustwide/cargo-home" "-e" "RUSTUP_HOME=/opt/rustwide/rustup-home" "-e" "CARGO_TARGET_DIR=/opt/rustwide/target" "-w" "/opt/rustwide/workdir" "--user" "0:0" "3dcacb95c3dc3d9a10d6d5204078a9d545030d02ee87374e16e48fa0c1d67b72" "/opt/rustwide/cargo-home/bin/cargo" "+1.100.0-beta.1" "metadata" "--no-deps" "--format-version=1", kill_on_drop: false }`
[INFO] running `Command { std: "docker" "inspect" "3dcacb95c3dc3d9a10d6d5204078a9d545030d02ee87374e16e48fa0c1d67b72", kill_on_drop: false }`
[INFO] running `Command { std: "docker" "exec" "-e" "SOURCE_DIR=/opt/rustwide/workdir" "-e" "CARGO_HOME=/opt/rustwide/cargo-home" "-e" "RUSTUP_HOME=/opt/rustwide/rustup-home" "-e" "CARGO_TARGET_DIR=/opt/rustwide/target" "-e" "CARGO_INCREMENTAL=0" "-e" "RUST_BACKTRACE=full" "-e" "RUSTFLAGS=--cap-lints=warn" "-e" "RUSTDOCFLAGS=--cap-lints=warn" "-w" "/opt/rustwide/workdir" "--user" "0:0" "3dcacb95c3dc3d9a10d6d5204078a9d545030d02ee87374e16e48fa0c1d67b72" "/opt/rustwide/cargo-home/bin/cargo" "+1.100.0-beta.1" "build" "--frozen" "--message-format=json" "--release", kill_on_drop: false }`
[INFO] [stderr] warning: Cargo.toml: `package.edition` is unspecified, defaulting to `2015` while the latest is `2024`
[INFO] [stderr] warning: `playbook` (manifest) generated 1 warning
[INFO] [stderr]    Compiling nix v0.12.1
[INFO] [stderr]    Compiling void v1.0.2
[INFO] [stderr]    Compiling nix v0.11.1
[INFO] [stderr]    Compiling unicode-width v0.1.14
[INFO] [stderr]    Compiling impersonate v0.0.3
[INFO] [stderr]    Compiling yaml-rust v0.4.5
[INFO] [stderr]    Compiling sha1 v0.6.1
[INFO] [stderr]    Compiling is-terminal v0.4.17
[INFO] [stderr]    Compiling atty v0.2.14
[INFO] [stderr]    Compiling ansi_term v0.12.1
[INFO] [stderr]    Compiling rpds v0.5.0
[INFO] [stderr]    Compiling vec_map v0.8.2
[INFO] [stderr]    Compiling strsim v0.8.0
[INFO] [stderr]    Compiling fern v0.5.9
[INFO] [stderr]    Compiling dirs v1.0.5
[INFO] [stderr]    Compiling uuid v0.7.4
[INFO] [stderr]    Compiling colored v1.9.4
[INFO] [stderr]    Compiling textwrap v0.11.0
[INFO] [stderr]    Compiling clap v2.34.0
[INFO] [stderr]    Compiling ymlctx v0.1.8
[INFO] [stderr]    Compiling playbook v0.4.2 (/opt/rustwide/workdir)
[INFO] [stdout] warning: unused import: `std::path::Path`
[INFO] [stdout]  --> src/lang/python.rs:1:5
[INFO] [stdout]   |
[INFO] [stdout] 1 | use std::path::Path;
[INFO] [stdout]   |     ^^^^^^^^^^^^^^^
[INFO] [stdout]   |
[INFO] [stdout]   = note: `#[warn(unused_imports)]` (part of `#[warn(unused)]`) on by default
[INFO] [stdout] 
[INFO] [stdout] 
[INFO] [stdout] warning: unused import: `std::result::Result`
[INFO] [stdout]  --> src/lang/python.rs:2:5
[INFO] [stdout]   |
[INFO] [stdout] 2 | use std::result::Result;
[INFO] [stdout]   |     ^^^^^^^^^^^^^^^^^^^
[INFO] [stdout] 
[INFO] [stdout] 
[INFO] [stdout] warning: unused imports: `Context` and `CtxObj`
[INFO] [stdout]  --> src/lang/python.rs:3:23
[INFO] [stdout]   |
[INFO] [stdout] 3 | use ymlctx::context::{Context, CtxObj};
[INFO] [stdout]   |                       ^^^^^^^  ^^^^^^
[INFO] [stdout] 
[INFO] [stdout] 
[INFO] [stdout] warning: unused imports: `TaskErrorSource` and `TaskError`
[INFO] [stdout]  --> src/lang/python.rs:4:13
[INFO] [stdout]   |
[INFO] [stdout] 4 | use crate::{TaskError, TaskErrorSource};
[INFO] [stdout]   |             ^^^^^^^^^  ^^^^^^^^^^^^^^^
[INFO] [stdout] 
[INFO] [stdout] 
[INFO] [stdout] warning: unused import: `std::io::Write`
[INFO] [stdout]  --> src/lang/python.rs:5:5
[INFO] [stdout]   |
[INFO] [stdout] 5 | use std::io::Write; // for flushing stdio
[INFO] [stdout]   |     ^^^^^^^^^^^^^^
[INFO] [stdout] 
[INFO] [stdout] 
[INFO] [stdout] warning: anonymous parameters are deprecated and will be removed in the next edition
[INFO] [stdout]   --> src/systems/mod.rs:10:24
[INFO] [stdout]    |
[INFO] [stdout] 10 |     fn start<I>(&self, Context, I) -> Result<String, TaskError>
[INFO] [stdout]    |                        ^^^^^^^ help: try naming the parameter or explicitly ignoring it: `_: Context`
[INFO] [stdout]    |
[INFO] [stdout]    = warning: this is accepted in the current edition (Rust 2015) but is a hard error in Rust 2018!
[INFO] [stdout]    = note: for more information, see <https://doc.rust-lang.org/edition-guide/rust-2018/trait-fn-parameters.html>
[INFO] [stdout]    = note: `#[warn(anonymous_parameters)]` (part of `#[warn(rust_2018_compatibility)]`) on by default
[INFO] [stdout] 
[INFO] [stdout] 
[INFO] [stdout] warning: anonymous parameters are deprecated and will be removed in the next edition
[INFO] [stdout]   --> src/systems/mod.rs:10:33
[INFO] [stdout]    |
[INFO] [stdout] 10 |     fn start<I>(&self, Context, I) -> Result<String, TaskError>
[INFO] [stdout]    |                                 ^ help: try naming the parameter or explicitly ignoring it: `_: I`
[INFO] [stdout]    |
[INFO] [stdout]    = warning: this is accepted in the current edition (Rust 2015) but is a hard error in Rust 2018!
[INFO] [stdout]    = note: for more information, see <https://doc.rust-lang.org/edition-guide/rust-2018/trait-fn-parameters.html>
[INFO] [stdout] 
[INFO] [stdout] 
[INFO] [stdout] warning: unreachable statement
[INFO] [stdout]    --> src/builtins.rs:277:5
[INFO] [stdout]     |
[INFO] [stdout] 276 |     unimplemented!();
[INFO] [stdout]     |     ---------------- any code following this expression is unreachable
[INFO] [stdout] 277 |     let nproc = pool.len();
[INFO] [stdout]     |     ^^^^^^^^^^^^^^^^^^^^^^^ unreachable statement
[INFO] [stdout]     |
[INFO] [stdout]     = note: `#[warn(unreachable_code)]` (part of `#[warn(unused)]`) on by default
[INFO] [stdout] 
[INFO] [stdout] 
[INFO] [stdout] warning: use of deprecated method `core::str::<impl str>::trim_right`: superseded by `trim_end`
[INFO] [stdout]   --> src/systems/docker.rs:38:33
[INFO] [stdout]    |
[INFO] [stdout] 38 |     let newline_len = id_stdout.trim_right().len();
[INFO] [stdout]    |                                 ^^^^^^^^^^
[INFO] [stdout]    |
[INFO] [stdout]    = note: `#[warn(deprecated)]` on by default
[INFO] [stdout] help: replace the use of the deprecated method
[INFO] [stdout]    |
[INFO] [stdout] 38 -     let newline_len = id_stdout.trim_right().len();
[INFO] [stdout] 38 +     let newline_len = id_stdout.trim_end().len();
[INFO] [stdout]    |
[INFO] [stdout] 
[INFO] [stdout] 
[INFO] [stdout] warning: unused variable: `grid`
[INFO] [stdout]    --> src/builtins.rs:275:14
[INFO] [stdout]     |
[INFO] [stdout] 275 | fn fork_pool(grid: Vec<Context>, pool: &Vec<CtxObj>) -> TransientContext {
[INFO] [stdout]     |              ^^^^ help: if this is intentional, prefix it with an underscore: `_grid`
[INFO] [stdout]     |
[INFO] [stdout]     = note: `#[warn(unused_variables)]` (part of `#[warn(unused)]`) on by default
[INFO] [stdout] 
[INFO] [stdout] 
[INFO] [stdout] warning: unused variable: `pool`
[INFO] [stdout]    --> src/builtins.rs:275:34
[INFO] [stdout]     |
[INFO] [stdout] 275 | fn fork_pool(grid: Vec<Context>, pool: &Vec<CtxObj>) -> TransientContext {
[INFO] [stdout]     |                                  ^^^^ help: if this is intentional, prefix it with an underscore: `_pool`
[INFO] [stdout] 
[INFO] [stdout] 
[INFO] [stderr]     Finished `release` profile [optimized] target(s) in 18.33s
[INFO] running `Command { std: "docker" "inspect" "3dcacb95c3dc3d9a10d6d5204078a9d545030d02ee87374e16e48fa0c1d67b72", kill_on_drop: false }`
[INFO] running `Command { std: "docker" "exec" "-e" "SOURCE_DIR=/opt/rustwide/workdir" "-e" "CARGO_HOME=/opt/rustwide/cargo-home" "-e" "RUSTUP_HOME=/opt/rustwide/rustup-home" "-e" "CARGO_TARGET_DIR=/opt/rustwide/target" "-e" "CARGO_INCREMENTAL=0" "-e" "RUST_BACKTRACE=full" "-e" "RUSTFLAGS=--cap-lints=warn" "-e" "RUSTDOCFLAGS=--cap-lints=warn" "-w" "/opt/rustwide/workdir" "--user" "0:0" "3dcacb95c3dc3d9a10d6d5204078a9d545030d02ee87374e16e48fa0c1d67b72" "/opt/rustwide/cargo-home/bin/cargo" "+1.100.0-beta.1" "test" "--frozen" "--no-run" "--message-format=json" "--release", kill_on_drop: false }`
[INFO] [stderr] warning: Cargo.toml: `package.edition` is unspecified, defaulting to `2015` while the latest is `2024`
[INFO] [stderr] warning: `playbook` (manifest) generated 1 warning
[INFO] [stderr]    Compiling rustix v1.1.5
[INFO] [stdout] warning: unused import: `std::path::Path`
[INFO] [stdout]  --> src/lang/python.rs:1:5
[INFO] [stdout]   |
[INFO] [stdout] 1 | use std::path::Path;
[INFO] [stdout]   |     ^^^^^^^^^^^^^^^
[INFO] [stdout]   |
[INFO] [stdout]   = note: `#[warn(unused_imports)]` (part of `#[warn(unused)]`) on by default
[INFO] [stdout] 
[INFO] [stdout] 
[INFO] [stdout] warning: unused import: `std::result::Result`
[INFO] [stdout]  --> src/lang/python.rs:2:5
[INFO] [stdout]   |
[INFO] [stdout] 2 | use std::result::Result;
[INFO] [stdout]   |     ^^^^^^^^^^^^^^^^^^^
[INFO] [stdout] 
[INFO] [stdout] 
[INFO] [stdout] warning: unused imports: `Context` and `CtxObj`
[INFO] [stdout]  --> src/lang/python.rs:3:23
[INFO] [stdout]   |
[INFO] [stdout] 3 | use ymlctx::context::{Context, CtxObj};
[INFO] [stdout]   |                       ^^^^^^^  ^^^^^^
[INFO] [stdout] 
[INFO] [stdout] 
[INFO] [stdout] warning: unused imports: `TaskErrorSource` and `TaskError`
[INFO] [stdout]  --> src/lang/python.rs:4:13
[INFO] [stdout]   |
[INFO] [stdout] 4 | use crate::{TaskError, TaskErrorSource};
[INFO] [stdout]   |             ^^^^^^^^^  ^^^^^^^^^^^^^^^
[INFO] [stdout] 
[INFO] [stdout] 
[INFO] [stdout] warning: unused import: `std::io::Write`
[INFO] [stdout]  --> src/lang/python.rs:5:5
[INFO] [stdout]   |
[INFO] [stdout] 5 | use std::io::Write; // for flushing stdio
[INFO] [stdout]   |     ^^^^^^^^^^^^^^
[INFO] [stdout] 
[INFO] [stdout] 
[INFO] [stdout] warning: anonymous parameters are deprecated and will be removed in the next edition
[INFO] [stdout]   --> src/systems/mod.rs:10:24
[INFO] [stdout]    |
[INFO] [stdout] 10 |     fn start<I>(&self, Context, I) -> Result<String, TaskError>
[INFO] [stdout]    |                        ^^^^^^^ help: try naming the parameter or explicitly ignoring it: `_: Context`
[INFO] [stdout]    |
[INFO] [stdout]    = warning: this is accepted in the current edition (Rust 2015) but is a hard error in Rust 2018!
[INFO] [stdout]    = note: for more information, see <https://doc.rust-lang.org/edition-guide/rust-2018/trait-fn-parameters.html>
[INFO] [stdout]    = note: `#[warn(anonymous_parameters)]` (part of `#[warn(rust_2018_compatibility)]`) on by default
[INFO] [stdout] 
[INFO] [stdout] 
[INFO] [stdout] warning: anonymous parameters are deprecated and will be removed in the next edition
[INFO] [stdout]   --> src/systems/mod.rs:10:33
[INFO] [stdout]    |
[INFO] [stdout] 10 |     fn start<I>(&self, Context, I) -> Result<String, TaskError>
[INFO] [stdout]    |                                 ^ help: try naming the parameter or explicitly ignoring it: `_: I`
[INFO] [stdout]    |
[INFO] [stdout]    = warning: this is accepted in the current edition (Rust 2015) but is a hard error in Rust 2018!
[INFO] [stdout]    = note: for more information, see <https://doc.rust-lang.org/edition-guide/rust-2018/trait-fn-parameters.html>
[INFO] [stdout] 
[INFO] [stdout] 
[INFO] [stdout] warning: unreachable statement
[INFO] [stdout]    --> src/builtins.rs:277:5
[INFO] [stdout]     |
[INFO] [stdout] 276 |     unimplemented!();
[INFO] [stdout]     |     ---------------- any code following this expression is unreachable
[INFO] [stdout] 277 |     let nproc = pool.len();
[INFO] [stdout]     |     ^^^^^^^^^^^^^^^^^^^^^^^ unreachable statement
[INFO] [stdout]     |
[INFO] [stdout]     = note: `#[warn(unreachable_code)]` (part of `#[warn(unused)]`) on by default
[INFO] [stdout] 
[INFO] [stdout] 
[INFO] [stdout] warning: use of deprecated method `core::str::<impl str>::trim_right`: superseded by `trim_end`
[INFO] [stdout]   --> src/systems/docker.rs:38:33
[INFO] [stdout]    |
[INFO] [stdout] 38 |     let newline_len = id_stdout.trim_right().len();
[INFO] [stdout]    |                                 ^^^^^^^^^^
[INFO] [stdout]    |
[INFO] [stdout]    = note: `#[warn(deprecated)]` on by default
[INFO] [stdout] help: replace the use of the deprecated method
[INFO] [stdout]    |
[INFO] [stdout] 38 -     let newline_len = id_stdout.trim_right().len();
[INFO] [stdout] 38 +     let newline_len = id_stdout.trim_end().len();
[INFO] [stdout]    |
[INFO] [stdout] 
[INFO] [stdout] 
[INFO] [stdout] warning: unused variable: `grid`
[INFO] [stdout]    --> src/builtins.rs:275:14
[INFO] [stdout]     |
[INFO] [stdout] 275 | fn fork_pool(grid: Vec<Context>, pool: &Vec<CtxObj>) -> TransientContext {
[INFO] [stdout]     |              ^^^^ help: if this is intentional, prefix it with an underscore: `_grid`
[INFO] [stdout]     |
[INFO] [stdout]     = note: `#[warn(unused_variables)]` (part of `#[warn(unused)]`) on by default
[INFO] [stdout] 
[INFO] [stdout] 
[INFO] [stdout] warning: unused variable: `pool`
[INFO] [stdout]    --> src/builtins.rs:275:34
[INFO] [stdout]     |
[INFO] [stdout] 275 | fn fork_pool(grid: Vec<Context>, pool: &Vec<CtxObj>) -> TransientContext {
[INFO] [stdout]     |                                  ^^^^ help: if this is intentional, prefix it with an underscore: `_pool`
[INFO] [stdout] 
[INFO] [stdout] 
[INFO] [stderr]    Compiling tempfile v3.27.0
[INFO] [stderr]    Compiling playbook v0.4.2 (/opt/rustwide/workdir)
[INFO] [stdout] warning: variable does not need to be mutable
[INFO] [stdout]   --> tests/ci.rs:14:17
[INFO] [stdout]    |
[INFO] [stdout] 14 |             let mut metadata = std::fs::metadata(tmpdir.path().to_str().unwrap())
[INFO] [stdout]    |                 ----^^^^^^^^
[INFO] [stdout]    |                 |
[INFO] [stdout]    |                 help: remove this `mut`
[INFO] [stdout]    |
[INFO] [stdout]    = note: `#[warn(unused_mut)]` (part of `#[warn(unused)]`) on by default
[INFO] [stdout] 
[INFO] [stdout] 
[INFO] [stdout] warning: unused import: `std::path::Path`
[INFO] [stdout]  --> src/lang/python.rs:1:5
[INFO] [stdout]   |
[INFO] [stdout] 1 | use std::path::Path;
[INFO] [stdout]   |     ^^^^^^^^^^^^^^^
[INFO] [stdout]   |
[INFO] [stdout]   = note: `#[warn(unused_imports)]` (part of `#[warn(unused)]`) on by default
[INFO] [stdout] 
[INFO] [stdout] 
[INFO] [stdout] warning: unused import: `std::result::Result`
[INFO] [stdout]  --> src/lang/python.rs:2:5
[INFO] [stdout]   |
[INFO] [stdout] 2 | use std::result::Result;
[INFO] [stdout]   |     ^^^^^^^^^^^^^^^^^^^
[INFO] [stdout] 
[INFO] [stdout] 
[INFO] [stdout] warning: unused imports: `Context` and `CtxObj`
[INFO] [stdout]  --> src/lang/python.rs:3:23
[INFO] [stdout]   |
[INFO] [stdout] 3 | use ymlctx::context::{Context, CtxObj};
[INFO] [stdout]   |                       ^^^^^^^  ^^^^^^
[INFO] [stdout] 
[INFO] [stdout] 
[INFO] [stdout] warning: unused imports: `TaskErrorSource` and `TaskError`
[INFO] [stdout]  --> src/lang/python.rs:4:13
[INFO] [stdout]   |
[INFO] [stdout] 4 | use crate::{TaskError, TaskErrorSource};
[INFO] [stdout]   |             ^^^^^^^^^  ^^^^^^^^^^^^^^^
[INFO] [stdout] 
[INFO] [stdout] 
[INFO] [stdout] warning: unused import: `std::io::Write`
[INFO] [stdout]  --> src/lang/python.rs:5:5
[INFO] [stdout]   |
[INFO] [stdout] 5 | use std::io::Write; // for flushing stdio
[INFO] [stdout]   |     ^^^^^^^^^^^^^^
[INFO] [stdout] 
[INFO] [stdout] 
[INFO] [stdout] warning: anonymous parameters are deprecated and will be removed in the next edition
[INFO] [stdout]   --> src/systems/mod.rs:10:24
[INFO] [stdout]    |
[INFO] [stdout] 10 |     fn start<I>(&self, Context, I) -> Result<String, TaskError>
[INFO] [stdout]    |                        ^^^^^^^ help: try naming the parameter or explicitly ignoring it: `_: Context`
[INFO] [stdout]    |
[INFO] [stdout]    = warning: this is accepted in the current edition (Rust 2015) but is a hard error in Rust 2018!
[INFO] [stdout]    = note: for more information, see <https://doc.rust-lang.org/edition-guide/rust-2018/trait-fn-parameters.html>
[INFO] [stdout]    = note: `#[warn(anonymous_parameters)]` (part of `#[warn(rust_2018_compatibility)]`) on by default
[INFO] [stdout] 
[INFO] [stdout] 
[INFO] [stdout] warning: anonymous parameters are deprecated and will be removed in the next edition
[INFO] [stdout]   --> src/systems/mod.rs:10:33
[INFO] [stdout]    |
[INFO] [stdout] 10 |     fn start<I>(&self, Context, I) -> Result<String, TaskError>
[INFO] [stdout]    |                                 ^ help: try naming the parameter or explicitly ignoring it: `_: I`
[INFO] [stdout]    |
[INFO] [stdout]    = warning: this is accepted in the current edition (Rust 2015) but is a hard error in Rust 2018!
[INFO] [stdout]    = note: for more information, see <https://doc.rust-lang.org/edition-guide/rust-2018/trait-fn-parameters.html>
[INFO] [stdout] 
[INFO] [stdout] 
[INFO] [stdout] warning: unreachable statement
[INFO] [stdout]    --> src/builtins.rs:277:5
[INFO] [stdout]     |
[INFO] [stdout] 276 |     unimplemented!();
[INFO] [stdout]     |     ---------------- any code following this expression is unreachable
[INFO] [stdout] 277 |     let nproc = pool.len();
[INFO] [stdout]     |     ^^^^^^^^^^^^^^^^^^^^^^^ unreachable statement
[INFO] [stdout]     |
[INFO] [stdout]     = note: `#[warn(unreachable_code)]` (part of `#[warn(unused)]`) on by default
[INFO] [stdout] 
[INFO] [stdout] 
[INFO] [stdout] warning: use of deprecated method `core::str::<impl str>::trim_right`: superseded by `trim_end`
[INFO] [stdout]   --> src/systems/docker.rs:38:33
[INFO] [stdout]    |
[INFO] [stdout] 38 |     let newline_len = id_stdout.trim_right().len();
[INFO] [stdout]    |                                 ^^^^^^^^^^
[INFO] [stdout]    |
[INFO] [stdout]    = note: `#[warn(deprecated)]` on by default
[INFO] [stdout] help: replace the use of the deprecated method
[INFO] [stdout]    |
[INFO] [stdout] 38 -     let newline_len = id_stdout.trim_right().len();
[INFO] [stdout] 38 +     let newline_len = id_stdout.trim_end().len();
[INFO] [stdout]    |
[INFO] [stdout] 
[INFO] [stdout] 
[INFO] [stdout] warning: unused variable: `grid`
[INFO] [stdout]    --> src/builtins.rs:275:14
[INFO] [stdout]     |
[INFO] [stdout] 275 | fn fork_pool(grid: Vec<Context>, pool: &Vec<CtxObj>) -> TransientContext {
[INFO] [stdout]     |              ^^^^ help: if this is intentional, prefix it with an underscore: `_grid`
[INFO] [stdout]     |
[INFO] [stdout]     = note: `#[warn(unused_variables)]` (part of `#[warn(unused)]`) on by default
[INFO] [stdout] 
[INFO] [stdout] 
[INFO] [stdout] warning: unused variable: `pool`
[INFO] [stdout]    --> src/builtins.rs:275:34
[INFO] [stdout]     |
[INFO] [stdout] 275 | fn fork_pool(grid: Vec<Context>, pool: &Vec<CtxObj>) -> TransientContext {
[INFO] [stdout]     |                                  ^^^^ help: if this is intentional, prefix it with an underscore: `_pool`
[INFO] [stdout] 
[INFO] [stdout] 
[INFO] [stderr]     Finished `release` profile [optimized] target(s) in 5.92s
[INFO] running `Command { std: "docker" "inspect" "3dcacb95c3dc3d9a10d6d5204078a9d545030d02ee87374e16e48fa0c1d67b72", kill_on_drop: false }`
[INFO] running `Command { std: "docker" "exec" "-e" "SOURCE_DIR=/opt/rustwide/workdir" "-e" "CARGO_HOME=/opt/rustwide/cargo-home" "-e" "RUSTUP_HOME=/opt/rustwide/rustup-home" "-e" "CARGO_TARGET_DIR=/opt/rustwide/target" "-e" "CARGO_INCREMENTAL=0" "-e" "RUST_BACKTRACE=full" "-e" "RUSTFLAGS=--cap-lints=warn" "-e" "RUSTDOCFLAGS=--cap-lints=warn" "-w" "/opt/rustwide/workdir" "--user" "0:0" "3dcacb95c3dc3d9a10d6d5204078a9d545030d02ee87374e16e48fa0c1d67b72" "/opt/rustwide/cargo-home/bin/cargo" "+1.100.0-beta.1" "test" "--frozen" "--release", kill_on_drop: false }`
[INFO] [stderr] warning: Cargo.toml: `package.edition` is unspecified, defaulting to `2015` while the latest is `2024`
[INFO] [stderr] warning: `playbook` (manifest) generated 1 warning
[INFO] [stderr] warning: unused import: `std::path::Path`
[INFO] [stderr]  --> src/lang/python.rs:1:5
[INFO] [stderr]   |
[INFO] [stderr] 1 | use std::path::Path;
[INFO] [stderr]   |     ^^^^^^^^^^^^^^^
[INFO] [stderr]   |
[INFO] [stderr]   = note: `#[warn(unused_imports)]` (part of `#[warn(unused)]`) on by default
[INFO] [stderr] 
[INFO] [stderr] warning: unused import: `std::result::Result`
[INFO] [stderr]  --> src/lang/python.rs:2:5
[INFO] [stderr]   |
[INFO] [stderr] 2 | use std::result::Result;
[INFO] [stderr]   |     ^^^^^^^^^^^^^^^^^^^
[INFO] [stderr] 
[INFO] [stderr] warning: unused imports: `Context` and `CtxObj`
[INFO] [stderr]  --> src/lang/python.rs:3:23
[INFO] [stderr]   |
[INFO] [stderr] 3 | use ymlctx::context::{Context, CtxObj};
[INFO] [stderr]   |                       ^^^^^^^  ^^^^^^
[INFO] [stderr] 
[INFO] [stderr] warning: unused imports: `TaskErrorSource` and `TaskError`
[INFO] [stderr]  --> src/lang/python.rs:4:13
[INFO] [stderr]   |
[INFO] [stderr] 4 | use crate::{TaskError, TaskErrorSource};
[INFO] [stderr]   |             ^^^^^^^^^  ^^^^^^^^^^^^^^^
[INFO] [stderr] 
[INFO] [stderr] warning: unused import: `std::io::Write`
[INFO] [stderr]  --> src/lang/python.rs:5:5
[INFO] [stderr]   |
[INFO] [stderr] 5 | use std::io::Write; // for flushing stdio
[INFO] [stderr]   |     ^^^^^^^^^^^^^^
[INFO] [stderr] 
[INFO] [stderr] warning: anonymous parameters are deprecated and will be removed in the next edition
[INFO] [stderr]   --> src/systems/mod.rs:10:24
[INFO] [stderr]    |
[INFO] [stderr] 10 |     fn start<I>(&self, Context, I) -> Result<String, TaskError>
[INFO] [stderr]    |                        ^^^^^^^ help: try naming the parameter or explicitly ignoring it: `_: Context`
[INFO] [stderr]    |
[INFO] [stderr]    = warning: this is accepted in the current edition (Rust 2015) but is a hard error in Rust 2018!
[INFO] [stderr]    = note: for more information, see <https://doc.rust-lang.org/edition-guide/rust-2018/trait-fn-parameters.html>
[INFO] [stderr]    = note: `#[warn(anonymous_parameters)]` (part of `#[warn(rust_2018_compatibility)]`) on by default
[INFO] [stderr] 
[INFO] [stderr] warning: anonymous parameters are deprecated and will be removed in the next edition
[INFO] [stderr]   --> src/systems/mod.rs:10:33
[INFO] [stderr]    |
[INFO] [stderr] 10 |     fn start<I>(&self, Context, I) -> Result<String, TaskError>
[INFO] [stderr]    |                                 ^ help: try naming the parameter or explicitly ignoring it: `_: I`
[INFO] [stderr]    |
[INFO] [stderr]    = warning: this is accepted in the current edition (Rust 2015) but is a hard error in Rust 2018!
[INFO] [stderr]    = note: for more information, see <https://doc.rust-lang.org/edition-guide/rust-2018/trait-fn-parameters.html>
[INFO] [stderr] 
[INFO] [stderr] warning: unreachable statement
[INFO] [stderr]    --> src/builtins.rs:277:5
[INFO] [stderr]     |
[INFO] [stderr] 276 |     unimplemented!();
[INFO] [stderr]     |     ---------------- any code following this expression is unreachable
[INFO] [stderr] 277 |     let nproc = pool.len();
[INFO] [stderr]     |     ^^^^^^^^^^^^^^^^^^^^^^^ unreachable statement
[INFO] [stderr]     |
[INFO] [stderr]     = note: `#[warn(unreachable_code)]` (part of `#[warn(unused)]`) on by default
[INFO] [stderr] 
[INFO] [stderr] warning: use of deprecated method `core::str::<impl str>::trim_right`: superseded by `trim_end`
[INFO] [stderr]   --> src/systems/docker.rs:38:33
[INFO] [stderr]    |
[INFO] [stderr] 38 |     let newline_len = id_stdout.trim_right().len();
[INFO] [stderr]    |                                 ^^^^^^^^^^
[INFO] [stderr]    |
[INFO] [stderr]    = note: `#[warn(deprecated)]` on by default
[INFO] [stderr] help: replace the use of the deprecated method
[INFO] [stderr]    |
[INFO] [stderr] 38 -     let newline_len = id_stdout.trim_right().len();
[INFO] [stderr] 38 +     let newline_len = id_stdout.trim_end().len();
[INFO] [stderr]    |
[INFO] [stderr] 
[INFO] [stderr] warning: unused variable: `grid`
[INFO] [stderr]    --> src/builtins.rs:275:14
[INFO] [stderr]     |
[INFO] [stderr] 275 | fn fork_pool(grid: Vec<Context>, pool: &Vec<CtxObj>) -> TransientContext {
[INFO] [stderr]     |              ^^^^ help: if this is intentional, prefix it with an underscore: `_grid`
[INFO] [stderr]     |
[INFO] [stderr]     = note: `#[warn(unused_variables)]` (part of `#[warn(unused)]`) on by default
[INFO] [stderr] 
[INFO] [stderr] warning: unused variable: `pool`
[INFO] [stderr]    --> src/builtins.rs:275:34
[INFO] [stderr]     |
[INFO] [stderr] 275 | fn fork_pool(grid: Vec<Context>, pool: &Vec<CtxObj>) -> TransientContext {
[INFO] [stderr]     |                                  ^^^^ help: if this is intentional, prefix it with an underscore: `_pool`
[INFO] [stderr] 
[INFO] [stderr] warning: `playbook` (lib) generated 11 warnings (run `cargo fix --lib -p playbook` to apply 10 suggestions)
[INFO] [stderr] warning: variable does not need to be mutable
[INFO] [stderr]   --> tests/ci.rs:14:17
[INFO] [stderr]    |
[INFO] [stderr] 14 |             let mut metadata = std::fs::metadata(tmpdir.path().to_str().unwrap())
[INFO] [stderr]    |                 ----^^^^^^^^
[INFO] [stderr]    |                 |
[INFO] [stderr]    |                 help: remove this `mut`
[INFO] [stderr]    |
[INFO] [stderr]    = note: `#[warn(unused_mut)]` (part of `#[warn(unused)]`) on by default
[INFO] [stderr] 
[INFO] [stderr] warning: `playbook` (lib test) generated 11 warnings (11 duplicates)
[INFO] [stderr] warning: `playbook` (test "ci") generated 1 warning (run `cargo fix --test "ci" -p playbook` to apply 1 suggestion)
[INFO] [stderr]     Finished `release` profile [optimized] target(s) in 0.09s
[INFO] [stderr]      Running unittests src/lib.rs (/opt/rustwide/target/release/build/playbook/2dbec64d60f54884/out/playbook_api-2dbec64d60f54884)
[INFO] [stdout] 
[INFO] [stdout] running 3 tests
[INFO] [stdout] test test_closure_deserialize00 ... ok
[INFO] [stdout] test test_closure_deserialize01 ... ok
[INFO] [stdout] test test_closure_deserialize02 ... ok
[INFO] [stdout] 
[INFO] [stdout] test result: ok. 3 passed; 0 failed; 0 ignored; 0 measured; 0 filtered out; finished in 0.00s
[INFO] [stdout] 
[INFO] [stderr]      Running unittests src/main.rs (/opt/rustwide/target/release/build/playbook/3325da82b6805781/out/playbook-3325da82b6805781)
[INFO] [stdout] 
[INFO] [stderr]      Running tests/ci.rs (/opt/rustwide/target/release/build/playbook/06ee5ca2d99c953e/out/ci-06ee5ca2d99c953e)
[INFO] [stdout] running 0 tests
[INFO] [stdout] 
[INFO] [stdout] test result: ok. 0 passed; 0 failed; 0 ignored; 0 measured; 0 filtered out; finished in 0.00s
[INFO] [stdout] 
[INFO] [stdout] 
[INFO] [stdout] running 7 tests
[INFO] [stderr] failed to connect to the docker API at unix:///var/run/docker.sock; check if the path is correct and if the daemon is running: dial unix /var/run/docker.sock: connect: no such file or directory
[INFO] [stderr] failed to connect to the docker API at unix:///var/run/docker.sock; check if the path is correct and if the daemon is running: dial unix /var/run/docker.sock: connect: no such file or directory
[INFO] [stdout] test test_containers::docker_startn0 - should panic ... ok
[INFO] [stdout] test test_containers::docker_start01 ... FAILED
[INFO] [stdout] test test_containers::docker_start02 ... FAILED
[INFO] [stderr] failed to connect to the docker API at unix:///var/run/docker.sock; check if the path is correct and if the daemon is running: dial unix /var/run/docker.sock: connect: no such file or directory
[INFO] [stdout] test test_containers::docker_start00 ... FAILED
[INFO] [stderr] failed to connect to the docker API at unix:///var/run/docker.sock; check if the path is correct and if the daemon is running: dial unix /var/run/docker.sock: connect: no such file or directory
[INFO] [stdout] test test_containers::full_play01 ... FAILED
[INFO] [stdout] test test_parallelism::sys_fork_nolimit ... ok
[INFO] [stdout] test test_containers::full_play02_test_sys_vars ... FAILED
[INFO] [stderr] failed to connect to the docker API at unix:///var/run/docker.sock; check if the path is correct and if the daemon is running: dial unix /var/run/docker.sock: connect: no such file or directory
[INFO] [stdout] 
[INFO] [stderr] error: test failed, to rerun pass `--test ci`
[INFO] [stdout] failures:
[INFO] [stdout] 
[INFO] [stdout] ---- test_containers::docker_start01 stdout ----
[INFO] [stdout] 
[INFO] [stdout] thread 'test_containers::docker_start01' (697) panicked at tests/ci.rs:68:25:
[INFO] [stdout] The container has returned a non-zero exit code (1).
[INFO] [stdout] stack backtrace:
[INFO] [stdout]    0:     0x61d1867bcbb1 - <<std[617be2ca0a6fd877]::sys::backtrace::BacktraceLock>::print::DisplayBacktrace as core[a373ad73a504971]::fmt::Display>::fmt
[INFO] [stdout]    1:     0x61d1867d335a - core[a373ad73a504971]::fmt::write
[INFO] [stdout]    2:     0x61d1867c12cc - <alloc[2e1b2a31b91974c5]::vec::Vec<u8> as core[a373ad73a504971]::io::write::Write>::write_fmt
[INFO] [stdout]    3:     0x61d186797376 - std[617be2ca0a6fd877]::panicking::default_hook::{closure#0}
[INFO] [stdout]    4:     0x61d1867b4519 - std[617be2ca0a6fd877]::panicking::default_hook
[INFO] [stdout]    5:     0x61d186635fb0 - test[aada8e7e76ba119b]::test_main_inner::{closure#0}
[INFO] [stdout]    6:     0x61d1867b46d2 - std[617be2ca0a6fd877]::panicking::panic_with_hook
[INFO] [stdout]    7:     0x61d186797422 - std[617be2ca0a6fd877]::panicking::panic_handler::{closure#0}
[INFO] [stdout]    8:     0x61d18678fdb9 - std[617be2ca0a6fd877]::sys::backtrace::__rust_end_short_backtrace::<std[617be2ca0a6fd877]::panicking::panic_handler::{closure#0}, !>
[INFO] [stdout]    9:     0x61d18679802d - __rustc[ea4f61d10b84890b]::rust_begin_unwind
[INFO] [stdout]   10:     0x61d1867d3b3c - core[a373ad73a504971]::panicking::panic_fmt
[INFO] [stdout]   11:     0x61d186628235 - <ci[56a11c53ccb74157]::test_containers::docker_start01::{closure#0} as core[a373ad73a504971]::ops::function::FnOnce<()>>::call_once
[INFO] [stdout]   12:     0x61d1866293fb - test[aada8e7e76ba119b]::__rust_begin_short_backtrace::<core[a373ad73a504971]::result::Result<(), alloc[2e1b2a31b91974c5]::string::String>, fn() -> core[a373ad73a504971]::result::Result<(), alloc[2e1b2a31b91974c5]::string::String>>
[INFO] [stdout]   13:     0x61d1866365d5 - test[aada8e7e76ba119b]::run_test::{closure#0}
[INFO] [stdout]   14:     0x61d18662fec4 - std[617be2ca0a6fd877]::sys::backtrace::__rust_begin_short_backtrace::<test[aada8e7e76ba119b]::run_test::{closure#1}, ()>
[INFO] [stdout]   15:     0x61d186639662 - <std[617be2ca0a6fd877]::thread::lifecycle::spawn_unchecked<test[aada8e7e76ba119b]::run_test::{closure#1}, ()>::{closure#1} as core[a373ad73a504971]::ops::function::FnOnce<()>>::call_once::{shim:vtable#0}
[INFO] [stdout]   16:     0x61d1867bc0af - <std[617be2ca0a6fd877]::sys::thread::unix::Thread>::new::thread_start
[INFO] [stdout]   17:     0x75c1094dcdfa - <unknown>
[INFO] [stdout]   18:     0x75c1095703d4 - clone
[INFO] [stdout]   19:                0x0 - <unknown>
[INFO] [stdout] 
[INFO] [stdout] ---- test_containers::docker_start02 stdout ----
[INFO] [stdout] 
[INFO] [stdout] thread 'test_containers::docker_start02' (698) panicked at tests/ci.rs:85:25:
[INFO] [stdout] The container has returned a non-zero exit code (1).
[INFO] [stdout] stack backtrace:
[INFO] [stdout]    0:     0x61d1867bcbb1 - <<std[617be2ca0a6fd877]::sys::backtrace::BacktraceLock>::print::DisplayBacktrace as core[a373ad73a504971]::fmt::Display>::fmt
[INFO] [stdout]    1:     0x61d1867d335a - core[a373ad73a504971]::fmt::write
[INFO] [stdout]    2:     0x61d1867c12cc - <alloc[2e1b2a31b91974c5]::vec::Vec<u8> as core[a373ad73a504971]::io::write::Write>::write_fmt
[INFO] [stdout]    3:     0x61d186797376 - std[617be2ca0a6fd877]::panicking::default_hook::{closure#0}
[INFO] [stdout]    4:     0x61d1867b4519 - std[617be2ca0a6fd877]::panicking::default_hook
[INFO] [stdout]    5:     0x61d186635fb0 - test[aada8e7e76ba119b]::test_main_inner::{closure#0}
[INFO] [stdout]    6:     0x61d1867b46d2 - std[617be2ca0a6fd877]::panicking::panic_with_hook
[INFO] [stdout]    7:     0x61d186797422 - std[617be2ca0a6fd877]::panicking::panic_handler::{closure#0}
[INFO] [stdout]    8:     0x61d18678fdb9 - std[617be2ca0a6fd877]::sys::backtrace::__rust_end_short_backtrace::<std[617be2ca0a6fd877]::panicking::panic_handler::{closure#0}, !>
[INFO] [stdout]    9:     0x61d18679802d - __rustc[ea4f61d10b84890b]::rust_begin_unwind
[INFO] [stdout]   10:     0x61d1867d3b3c - core[a373ad73a504971]::panicking::panic_fmt
[INFO] [stdout]   11:     0x61d186628863 - <ci[56a11c53ccb74157]::test_containers::docker_start02::{closure#0} as core[a373ad73a504971]::ops::function::FnOnce<()>>::call_once
[INFO] [stdout]   12:     0x61d1866293fb - test[aada8e7e76ba119b]::__rust_begin_short_backtrace::<core[a373ad73a504971]::result::Result<(), alloc[2e1b2a31b91974c5]::string::String>, fn() -> core[a373ad73a504971]::result::Result<(), alloc[2e1b2a31b91974c5]::string::String>>
[INFO] [stdout]   13:     0x61d1866365d5 - test[aada8e7e76ba119b]::run_test::{closure#0}
[INFO] [stdout]   14:     0x61d18662fec4 - std[617be2ca0a6fd877]::sys::backtrace::__rust_begin_short_backtrace::<test[aada8e7e76ba119b]::run_test::{closure#1}, ()>
[INFO] [stdout]   15:     0x61d186639662 - <std[617be2ca0a6fd877]::thread::lifecycle::spawn_unchecked<test[aada8e7e76ba119b]::run_test::{closure#1}, ()>::{closure#1} as core[a373ad73a504971]::ops::function::FnOnce<()>>::call_once::{shim:vtable#0}
[INFO] [stdout]   16:     0x61d1867bc0af - <std[617be2ca0a6fd877]::sys::thread::unix::Thread>::new::thread_start
[INFO] [stdout]   17:     0x75c1094dcdfa - <unknown>
[INFO] [stdout]   18:     0x75c1095703d4 - clone
[INFO] [stdout]   19:                0x0 - <unknown>
[INFO] [stdout] 
[INFO] [stdout] ---- test_containers::docker_start00 stdout ----
[INFO] [stdout] 
[INFO] [stdout] thread 'test_containers::docker_start00' (696) panicked at tests/ci.rs:52:25:
[INFO] [stdout] The container has returned a non-zero exit code (1).
[INFO] [stdout] stack backtrace:
[INFO] [stdout]    0:     0x61d1867bcbb1 - <<std[617be2ca0a6fd877]::sys::backtrace::BacktraceLock>::print::DisplayBacktrace as core[a373ad73a504971]::fmt::Display>::fmt
[INFO] [stdout]    1:     0x61d1867d335a - core[a373ad73a504971]::fmt::write
[INFO] [stdout]    2:     0x61d1867c12cc - <alloc[2e1b2a31b91974c5]::vec::Vec<u8> as core[a373ad73a504971]::io::write::Write>::write_fmt
[INFO] [stdout]    3:     0x61d186797376 - std[617be2ca0a6fd877]::panicking::default_hook::{closure#0}
[INFO] [stdout]    4:     0x61d1867b4519 - std[617be2ca0a6fd877]::panicking::default_hook
[INFO] [stdout]    5:     0x61d186635fb0 - test[aada8e7e76ba119b]::test_main_inner::{closure#0}
[INFO] [stdout]    6:     0x61d1867b46d2 - std[617be2ca0a6fd877]::panicking::panic_with_hook
[INFO] [stdout]    7:     0x61d186797422 - std[617be2ca0a6fd877]::panicking::panic_handler::{closure#0}
[INFO] [stdout]    8:     0x61d18678fdb9 - std[617be2ca0a6fd877]::sys::backtrace::__rust_end_short_backtrace::<std[617be2ca0a6fd877]::panicking::panic_handler::{closure#0}, !>
[INFO] [stdout]    9:     0x61d18679802d - __rustc[ea4f61d10b84890b]::rust_begin_unwind
[INFO] [stdout]   10:     0x61d1867d3b3c - core[a373ad73a504971]::panicking::panic_fmt
[INFO] [stdout]   11:     0x61d186627dd1 - <ci[56a11c53ccb74157]::test_containers::docker_start00::{closure#0} as core[a373ad73a504971]::ops::function::FnOnce<()>>::call_once
[INFO] [stdout]   12:     0x61d1866293fb - test[aada8e7e76ba119b]::__rust_begin_short_backtrace::<core[a373ad73a504971]::result::Result<(), alloc[2e1b2a31b91974c5]::string::String>, fn() -> core[a373ad73a504971]::result::Result<(), alloc[2e1b2a31b91974c5]::string::String>>
[INFO] [stdout]   13:     0x61d1866365d5 - test[aada8e7e76ba119b]::run_test::{closure#0}
[INFO] [stdout]   14:     0x61d18662fec4 - std[617be2ca0a6fd877]::sys::backtrace::__rust_begin_short_backtrace::<test[aada8e7e76ba119b]::run_test::{closure#1}, ()>
[INFO] [stdout]   15:     0x61d186639662 - <std[617be2ca0a6fd877]::thread::lifecycle::spawn_unchecked<test[aada8e7e76ba119b]::run_test::{closure#1}, ()>::{closure#1} as core[a373ad73a504971]::ops::function::FnOnce<()>>::call_once::{shim:vtable#0}
[INFO] [stdout]   16:     0x61d1867bc0af - <std[617be2ca0a6fd877]::sys::thread::unix::Thread>::new::thread_start
[INFO] [stdout]   17:     0x75c1094dcdfa - <unknown>
[INFO] [stdout]   18:     0x75c1095703d4 - clone
[INFO] [stdout]   19:                0x0 - <unknown>
[INFO] [stdout] 
[INFO] [stdout] ---- test_containers::full_play01 stdout ----
[INFO] [stdout] 
[INFO] [stdout] thread 'test_containers::full_play01' (700) panicked at tests/ci.rs:103:25:
[INFO] [stdout] Error: exit_code = 4
[INFO] [stdout] stack backtrace:
[INFO] [stdout]    0:     0x61d1867bcbb1 - <<std[617be2ca0a6fd877]::sys::backtrace::BacktraceLock>::print::DisplayBacktrace as core[a373ad73a504971]::fmt::Display>::fmt
[INFO] [stdout]    1:     0x61d1867d335a - core[a373ad73a504971]::fmt::write
[INFO] [stdout]    2:     0x61d1867c12cc - <alloc[2e1b2a31b91974c5]::vec::Vec<u8> as core[a373ad73a504971]::io::write::Write>::write_fmt
[INFO] [stdout]    3:     0x61d186797376 - std[617be2ca0a6fd877]::panicking::default_hook::{closure#0}
[INFO] [stdout]    4:     0x61d1867b4519 - std[617be2ca0a6fd877]::panicking::default_hook
[INFO] [stdout]    5:     0x61d186635fb0 - test[aada8e7e76ba119b]::test_main_inner::{closure#0}
[INFO] [stdout]    6:     0x61d1867b46d2 - std[617be2ca0a6fd877]::panicking::panic_with_hook
[INFO] [stdout]    7:     0x61d186797422 - std[617be2ca0a6fd877]::panicking::panic_handler::{closure#0}
[INFO] [stdout]    8:     0x61d18678fdb9 - std[617be2ca0a6fd877]::sys::backtrace::__rust_end_short_backtrace::<std[617be2ca0a6fd877]::panicking::panic_handler::{closure#0}, !>
[INFO] [stdout]    9:     0x61d18679802d - __rustc[ea4f61d10b84890b]::rust_begin_unwind
[INFO] [stdout]   10:     0x61d1867d3b3c - core[a373ad73a504971]::panicking::panic_fmt
[INFO] [stdout]   11:     0x61d186627b28 - <ci[56a11c53ccb74157]::test_containers::full_play01::{closure#0} as core[a373ad73a504971]::ops::function::FnOnce<()>>::call_once
[INFO] [stdout]   12:     0x61d1866293fb - test[aada8e7e76ba119b]::__rust_begin_short_backtrace::<core[a373ad73a504971]::result::Result<(), alloc[2e1b2a31b91974c5]::string::String>, fn() -> core[a373ad73a504971]::result::Result<(), alloc[2e1b2a31b91974c5]::string::String>>
[INFO] [stdout]   13:     0x61d1866365d5 - test[aada8e7e76ba119b]::run_test::{closure#0}
[INFO] [stdout]   14:     0x61d18662fec4 - std[617be2ca0a6fd877]::sys::backtrace::__rust_begin_short_backtrace::<test[aada8e7e76ba119b]::run_test::{closure#1}, ()>
[INFO] [stdout]   15:     0x61d186639662 - <std[617be2ca0a6fd877]::thread::lifecycle::spawn_unchecked<test[aada8e7e76ba119b]::run_test::{closure#1}, ()>::{closure#1} as core[a373ad73a504971]::ops::function::FnOnce<()>>::call_once::{shim:vtable#0}
[INFO] [stdout]   16:     0x61d1867bc0af - <std[617be2ca0a6fd877]::sys::thread::unix::Thread>::new::thread_start
[INFO] [stdout]   17:     0x75c1094dcdfa - <unknown>
[INFO] [stdout]   18:     0x75c1095703d4 - clone
[INFO] [stdout]   19:                0x0 - <unknown>
[INFO] [stdout] 
[INFO] [stdout] ---- test_containers::full_play02_test_sys_vars stdout ----
[INFO] [stdout] == Context ======================
[INFO] [stdout] # ctx(sys_vars) =
[INFO] [stdout] ---
[INFO] [stdout] states:
[INFO] [stdout]   from: external_vars.yml
[INFO] [stdout] message: Hello World
[INFO] [stdout] action: sys_vars
[INFO] [stdout] name: Reload vars from an external file
[INFO] [stdout] docker:
[INFO] [stdout]   interactive: false
[INFO] [stdout]   image: "aleozlx/playbook-test:test1"
[INFO] [stdout]   impersonate: dynamic
[INFO] [stdout]   volumes:
[INFO] [stdout]     - "/tmp/.tmpau20KU:/scratch:rw"
[INFO] [stdout] playbook: tests/test1/test_sys_vars.yml
[INFO] [stdout] == EOF ==========================
[INFO] [stdout] 
[INFO] [stdout] thread 'test_containers::full_play02_test_sys_vars' (701) panicked at tests/ci.rs:121:25:
[INFO] [stdout] Error: exit_code = 4
[INFO] [stdout] stack backtrace:
[INFO] [stdout]    0:     0x61d1867bcbb1 - <<std[617be2ca0a6fd877]::sys::backtrace::BacktraceLock>::print::DisplayBacktrace as core[a373ad73a504971]::fmt::Display>::fmt
[INFO] [stdout]    1:     0x61d1867d335a - core[a373ad73a504971]::fmt::write
[INFO] [stdout]    2:     0x61d1867c12cc - <alloc[2e1b2a31b91974c5]::vec::Vec<u8> as core[a373ad73a504971]::io::write::Write>::write_fmt
[INFO] [stdout]    3:     0x61d186797376 - std[617be2ca0a6fd877]::panicking::default_hook::{closure#0}
[INFO] [stdout]    4:     0x61d1867b4519 - std[617be2ca0a6fd877]::panicking::default_hook
[INFO] [stdout]    5:     0x61d186635fb0 - test[aada8e7e76ba119b]::test_main_inner::{closure#0}
[INFO] [stdout]    6:     0x61d1867b46d2 - std[617be2ca0a6fd877]::panicking::panic_with_hook
[INFO] [stdout]    7:     0x61d186797422 - std[617be2ca0a6fd877]::panicking::panic_handler::{closure#0}
[INFO] [stdout]    8:     0x61d18678fdb9 - std[617be2ca0a6fd877]::sys::backtrace::__rust_end_short_backtrace::<std[617be2ca0a6fd877]::panicking::panic_handler::{closure#0}, !>
[INFO] [stdout]    9:     0x61d18679802d - __rustc[ea4f61d10b84890b]::rust_begin_unwind
[INFO] [stdout]   10:     0x61d1867d3b3c - core[a373ad73a504971]::panicking::panic_fmt
[INFO] [stdout]   11:     0x61d186628fec - <ci[56a11c53ccb74157]::test_containers::full_play02_test_sys_vars::{closure#0} as core[a373ad73a504971]::ops::function::FnOnce<()>>::call_once
[INFO] [stdout]   12:     0x61d1866293fb - test[aada8e7e76ba119b]::__rust_begin_short_backtrace::<core[a373ad73a504971]::result::Result<(), alloc[2e1b2a31b91974c5]::string::String>, fn() -> core[a373ad73a504971]::result::Result<(), alloc[2e1b2a31b91974c5]::string::String>>
[INFO] [stdout]   13:     0x61d1866365d5 - test[aada8e7e76ba119b]::run_test::{closure#0}
[INFO] [stdout]   14:     0x61d18662fec4 - std[617be2ca0a6fd877]::sys::backtrace::__rust_begin_short_backtrace::<test[aada8e7e76ba119b]::run_test::{closure#1}, ()>
[INFO] [stdout]   15:     0x61d186639662 - <std[617be2ca0a6fd877]::thread::lifecycle::spawn_unchecked<test[aada8e7e76ba119b]::run_test::{closure#1}, ()>::{closure#1} as core[a373ad73a504971]::ops::function::FnOnce<()>>::call_once::{shim:vtable#0}
[INFO] [stdout]   16:     0x61d1867bc0af - <std[617be2ca0a6fd877]::sys::thread::unix::Thread>::new::thread_start
[INFO] [stdout]   17:     0x75c1094dcdfa - <unknown>
[INFO] [stdout]   18:     0x75c1095703d4 - clone
[INFO] [stdout]   19:                0x0 - <unknown>
[INFO] [stdout] 
[INFO] [stdout] 
[INFO] [stdout] failures:
[INFO] [stdout]     test_containers::docker_start00
[INFO] [stdout]     test_containers::docker_start01
[INFO] [stdout]     test_containers::docker_start02
[INFO] [stdout]     test_containers::full_play01
[INFO] [stdout]     test_containers::full_play02_test_sys_vars
[INFO] [stdout] 
[INFO] [stdout] test result: FAILED. 2 passed; 5 failed; 0 ignored; 0 measured; 0 filtered out; finished in 0.15s
[INFO] [stdout] 
[INFO] running `Command { std: "docker" "inspect" "3dcacb95c3dc3d9a10d6d5204078a9d545030d02ee87374e16e48fa0c1d67b72", kill_on_drop: false }`
[INFO] running `Command { std: "docker" "rm" "-f" "3dcacb95c3dc3d9a10d6d5204078a9d545030d02ee87374e16e48fa0c1d67b72", kill_on_drop: false }`
[INFO] [stdout] 3dcacb95c3dc3d9a10d6d5204078a9d545030d02ee87374e16e48fa0c1d67b72
