[INFO] fetching crate placing 1.0.0...
[INFO] testing placing-1.0.0 against 1.99.0-beta.8+cargoflags=--release for beta-release-1.100-2
[INFO] extracting crate placing 1.0.0 into /workspace/builds/worker-1-tc1/source
[INFO] started tweaking crates.io crate placing 1.0.0
[INFO] removed 0 missing examples
[INFO] removed 0 missing tests
[INFO] finished tweaking crates.io crate placing 1.0.0
[INFO] tweaked toml for crates.io crate placing 1.0.0 written to /workspace/builds/worker-1-tc1/source/Cargo.toml
[INFO] validating manifest of crates.io crate placing 1.0.0 on toolchain 1.99.0-beta.8
[INFO] running `Command { std: CARGO_HOME="/workspace/cargo-home" RUSTUP_HOME="/workspace/rustup-home" "/workspace/cargo-home/bin/cargo" "+1.99.0-beta.8" "metadata" "--manifest-path" "Cargo.toml" "--no-deps", kill_on_drop: false }`
[INFO] crate crates.io crate placing 1.0.0 already has a lockfile, it will not be regenerated
[INFO] running `Command { std: CARGO_HOME="/workspace/cargo-home" RUSTUP_HOME="/workspace/rustup-home" "/workspace/cargo-home/bin/cargo" "+1.99.0-beta.8" "fetch" "--manifest-path" "Cargo.toml", kill_on_drop: false }`
[INFO] [stderr]  Downloading crates ...
[INFO] [stderr]   Downloaded trybuild v1.0.101
[INFO] [stderr]   Downloaded target-triple v0.1.3
[INFO] [stderr]   Downloaded serde_derive v1.0.216
[INFO] [stderr]   Downloaded serde v1.0.216
[INFO] [stderr]   Downloaded syn v2.0.91
[INFO] [stderr]   Downloaded serde_json v1.0.134
[INFO] running `Command { std: "docker" "create" "-v" "/var/lib/crater-agent-workspace/builds/worker-1-tc1/source:/opt/rustwide/workdir:ro,Z" "-v" "/var/lib/crater-agent-workspace/builds/worker-1-tc1/target:/opt/rustwide/target:rw,Z" "-v" "/var/lib/crater-agent-workspace/cargo-home:/opt/rustwide/cargo-home:ro,Z" "-v" "/var/lib/crater-agent-workspace/rustup-home:/opt/rustwide/rustup-home:ro,Z" "-m" "1610612736" "--network" "none" "ghcr.io/rust-lang/crates-build-env/linux@sha256:77db811e55d90add9212f6832c23229e3de5f1c1f9905e8cb07319ea15df73ac" "sleep" "infinity", kill_on_drop: false }`
[INFO] [stdout] da62905b4be4261380bf0058c39f519c260e5b66f1913df59d492d1f792564df
[INFO] running `Command { std: "docker" "start" "da62905b4be4261380bf0058c39f519c260e5b66f1913df59d492d1f792564df", kill_on_drop: false }`
[INFO] running `Command { std: "docker" "inspect" "da62905b4be4261380bf0058c39f519c260e5b66f1913df59d492d1f792564df", kill_on_drop: false }`
[INFO] running `Command { std: "docker" "exec" "-e" "SOURCE_DIR=/opt/rustwide/workdir" "-e" "CARGO_HOME=/opt/rustwide/cargo-home" "-e" "RUSTUP_HOME=/opt/rustwide/rustup-home" "-e" "CARGO_TARGET_DIR=/opt/rustwide/target" "-w" "/opt/rustwide/workdir" "--user" "0:0" "da62905b4be4261380bf0058c39f519c260e5b66f1913df59d492d1f792564df" "/opt/rustwide/cargo-home/bin/cargo" "+1.99.0-beta.8" "metadata" "--no-deps" "--format-version=1", kill_on_drop: false }`
[INFO] running `Command { std: "docker" "inspect" "da62905b4be4261380bf0058c39f519c260e5b66f1913df59d492d1f792564df", kill_on_drop: false }`
[INFO] running `Command { std: "docker" "exec" "-e" "SOURCE_DIR=/opt/rustwide/workdir" "-e" "CARGO_HOME=/opt/rustwide/cargo-home" "-e" "RUSTUP_HOME=/opt/rustwide/rustup-home" "-e" "CARGO_TARGET_DIR=/opt/rustwide/target" "-e" "CARGO_INCREMENTAL=0" "-e" "RUST_BACKTRACE=full" "-e" "RUSTFLAGS=--cap-lints=warn" "-e" "RUSTDOCFLAGS=--cap-lints=warn" "-w" "/opt/rustwide/workdir" "--user" "0:0" "da62905b4be4261380bf0058c39f519c260e5b66f1913df59d492d1f792564df" "/opt/rustwide/cargo-home/bin/cargo" "+1.99.0-beta.8" "build" "--frozen" "--message-format=json" "--release", kill_on_drop: false }`
[INFO] [stderr]    Compiling proc-macro2 v1.0.92
[INFO] [stderr]    Compiling unicode-ident v1.0.14
[INFO] [stderr]    Compiling quote v1.0.37
[INFO] [stderr]    Compiling syn v2.0.91
[INFO] [stderr]    Compiling placing v1.0.0 (/opt/rustwide/workdir)
[INFO] [stderr]     Finished `release` profile [optimized] target(s) in 12.24s
[INFO] running `Command { std: "docker" "inspect" "da62905b4be4261380bf0058c39f519c260e5b66f1913df59d492d1f792564df", kill_on_drop: false }`
[INFO] running `Command { std: "docker" "exec" "-e" "SOURCE_DIR=/opt/rustwide/workdir" "-e" "CARGO_HOME=/opt/rustwide/cargo-home" "-e" "RUSTUP_HOME=/opt/rustwide/rustup-home" "-e" "CARGO_TARGET_DIR=/opt/rustwide/target" "-e" "CARGO_INCREMENTAL=0" "-e" "RUST_BACKTRACE=full" "-e" "RUSTFLAGS=--cap-lints=warn" "-e" "RUSTDOCFLAGS=--cap-lints=warn" "-w" "/opt/rustwide/workdir" "--user" "0:0" "da62905b4be4261380bf0058c39f519c260e5b66f1913df59d492d1f792564df" "/opt/rustwide/cargo-home/bin/cargo" "+1.99.0-beta.8" "test" "--frozen" "--no-run" "--message-format=json" "--release", kill_on_drop: false }`
[INFO] [stderr]    Compiling serde v1.0.216
[INFO] [stderr]    Compiling target-triple v0.1.3
[INFO] [stderr]    Compiling serde_json v1.0.134
[INFO] [stderr]    Compiling hashbrown v0.15.2
[INFO] [stderr]    Compiling equivalent v1.0.1
[INFO] [stderr]    Compiling proc-macro2 v1.0.92
[INFO] [stderr]    Compiling winnow v0.6.20
[INFO] [stderr]    Compiling unicode-ident v1.0.14
[INFO] [stderr]    Compiling ryu v1.0.18
[INFO] [stderr]    Compiling memchr v2.7.4
[INFO] [stderr]    Compiling serde_derive v1.0.216
[INFO] [stderr]    Compiling itoa v1.0.14
[INFO] [stderr]    Compiling placing v1.0.0 (/opt/rustwide/workdir)
[INFO] [stderr]    Compiling glob v0.3.1
[INFO] [stderr]    Compiling termcolor v1.4.1
[INFO] [stderr]    Compiling quote v1.0.37
[INFO] [stderr]    Compiling indexmap v2.7.0
[INFO] [stderr]    Compiling syn v2.0.91
[INFO] [stderr]    Compiling toml_datetime v0.6.8
[INFO] [stderr]    Compiling serde_spanned v0.6.8
[INFO] [stderr]    Compiling toml_edit v0.22.22
[INFO] [stderr]    Compiling toml v0.8.19
[INFO] [stderr]    Compiling trybuild v1.0.101
[INFO] [stderr]     Finished `release` profile [optimized] target(s) in 50.53s
[INFO] running `Command { std: "docker" "inspect" "da62905b4be4261380bf0058c39f519c260e5b66f1913df59d492d1f792564df", kill_on_drop: false }`
[INFO] running `Command { std: "docker" "exec" "-e" "SOURCE_DIR=/opt/rustwide/workdir" "-e" "CARGO_HOME=/opt/rustwide/cargo-home" "-e" "RUSTUP_HOME=/opt/rustwide/rustup-home" "-e" "CARGO_TARGET_DIR=/opt/rustwide/target" "-e" "CARGO_INCREMENTAL=0" "-e" "RUST_BACKTRACE=full" "-e" "RUSTFLAGS=--cap-lints=warn" "-e" "RUSTDOCFLAGS=--cap-lints=warn" "-w" "/opt/rustwide/workdir" "--user" "0:0" "da62905b4be4261380bf0058c39f519c260e5b66f1913df59d492d1f792564df" "/opt/rustwide/cargo-home/bin/cargo" "+1.99.0-beta.8" "test" "--frozen" "--release", kill_on_drop: false }`
[INFO] [stderr]     Finished `release` profile [optimized] target(s) in 0.05s
[INFO] [stderr]      Running unittests src/lib.rs (/opt/rustwide/target/release/deps/placing-5397a0158350a42a)
[INFO] [stdout] 
[INFO] [stdout] running 0 tests
[INFO] [stdout] 
[INFO] [stdout] test result: ok. 0 passed; 0 failed; 0 ignored; 0 measured; 0 filtered out; finished in 0.00s
[INFO] [stdout] 
[INFO] [stderr]      Running tests/ui.rs (/opt/rustwide/target/release/deps/ui-554edaf76e8c85b7)
[INFO] [stdout] 
[INFO] [stdout] running 1 test
[INFO] [stderr]    Compiling proc-macro2 v1.0.92
[INFO] [stderr]    Compiling unicode-ident v1.0.14
[INFO] [stderr]    Compiling quote v1.0.37
[INFO] [stderr]    Compiling syn v2.0.91
[INFO] [stderr]    Compiling placing v1.0.0 (/opt/rustwide/workdir)
[INFO] [stderr]    Compiling placing-tests v0.0.0 (/opt/rustwide/target/tests/trybuild/placing)
[INFO] [stderr]     Finished `dev` profile [unoptimized + debuginfo] target(s) in 10.65s
[INFO] [stderr] 
[INFO] [stderr] 
[INFO] [stderr] test tests/ui-fail/E0001-invalid-item-kind.rs [should fail to compile] ... ok
[INFO] [stderr] test tests/ui-fail/E0002-trait-impls-unsupported.rs [should fail to compile] ... ok
[INFO] [stderr] test tests/ui-fail/E0003-invalid-impl-target.rs [should fail to compile] ... ok
[INFO] [stderr] test tests/ui-fail/E0004-invalid-attr.rs [should fail to compile] ... ok
[INFO] [stderr] test tests/ui-fail/E0005-empty-constructor-body.rs [should fail to compile] ... ok
[INFO] [stderr] test tests/ui-fail/E0006-invalid-constructor-body-non-expr.rs [should fail to compile] ... ok
[INFO] [stderr] test tests/ui-fail/E0006-invalid-constructor-body-non-struct.rs [should fail to compile] ... mismatch
[INFO] [stderr] 
[INFO] [stderr] EXPECTED:
[INFO] [stderr] ┈┈┈┈┈┈┈┈┈┈┈┈┈┈┈┈┈┈┈┈┈┈┈┈┈┈┈┈┈┈┈┈┈┈┈┈┈┈┈┈┈┈┈┈┈┈┈┈┈┈┈┈┈┈┈┈┈┈┈┈
[INFO] [stderr] error: macros that expand to items must be delimited with braces or followed by a semicolon
[INFO] [stderr]   --> tests/ui-fail/E0006-invalid-constructor-body-non-struct.rs:8:9
[INFO] [stderr]    |
[INFO] [stderr] 8  | /         {
[INFO] [stderr] 9  | |             Self {}
[INFO] [stderr] 10 | |         }
[INFO] [stderr]    | |_________^
[INFO] [stderr]    |
[INFO] [stderr] help: change the delimiters to curly braces
[INFO] [stderr]    |
[INFO] [stderr] 8  ~         {
[INFO] [stderr] 9  ~         }
[INFO] [stderr]    |
[INFO] [stderr] help: add a semicolon
[INFO] [stderr]    |
[INFO] [stderr] 10 |         };
[INFO] [stderr]    |          +
[INFO] [stderr] 
[INFO] [stderr] error: macro expansion ignores `,` and any tokens following
[INFO] [stderr]   --> tests/ui-fail/E0006-invalid-constructor-body-non-struct.rs:8:9
[INFO] [stderr]    |
[INFO] [stderr] 4  |   #[placing::placing]
[INFO] [stderr]    |   ------------------- caused by the macro expansion here
[INFO] [stderr] ...
[INFO] [stderr] 8  | /         {
[INFO] [stderr] 9  | |             Self {}
[INFO] [stderr] 10 | |         }
[INFO] [stderr]    | |_________^
[INFO] [stderr]    |
[INFO] [stderr]    = note: the usage of `placing::placing!` is likely invalid in item context
[INFO] [stderr] 
[INFO] [stderr] error: [E0006, placing] invalid constructor body: expected a struct expression as the last statement
[INFO] [stderr]   --> tests/ui-fail/E0006-invalid-constructor-body-non-struct.rs:8:9
[INFO] [stderr]    |
[INFO] [stderr] 8  | /         {
[INFO] [stderr] 9  | |             Self {}
[INFO] [stderr] 10 | |         }
[INFO] [stderr]    | |_________^
[INFO] [stderr] ┈┈┈┈┈┈┈┈┈┈┈┈┈┈┈┈┈┈┈┈┈┈┈┈┈┈┈┈┈┈┈┈┈┈┈┈┈┈┈┈┈┈┈┈┈┈┈┈┈┈┈┈┈┈┈┈┈┈┈┈
[INFO] [stderr] 
[INFO] [stderr] ACTUAL OUTPUT:
[INFO] [stderr] ┈┈┈┈┈┈┈┈┈┈┈┈┈┈┈┈┈┈┈┈┈┈┈┈┈┈┈┈┈┈┈┈┈┈┈┈┈┈┈┈┈┈┈┈┈┈┈┈┈┈┈┈┈┈┈┈┈┈┈┈
[INFO] [stderr] error: macros that expand to items must be delimited with braces or followed by a semicolon
[INFO] [stderr]  --> tests/ui-fail/E0006-invalid-constructor-body-non-struct.rs:8:9
[INFO] [stderr]   |
[INFO] [stderr]  8 | /         {
[INFO] [stderr]  9 | |             Self {}
[INFO] [stderr] 10 | |         }
[INFO] [stderr]    | |_________^
[INFO] [stderr]    |
[INFO] [stderr] help: change the delimiters to curly braces
[INFO] [stderr]    |
[INFO] [stderr]  8 ~         {
[INFO] [stderr]  9 ~         }
[INFO] [stderr]    |
[INFO] [stderr] help: add a semicolon
[INFO] [stderr]    |
[INFO] [stderr] 10 |         };
[INFO] [stderr]    |          +
[INFO] [stderr] 
[INFO] [stderr] error: macro expansion ignores `,` and any tokens following
[INFO] [stderr]  --> tests/ui-fail/E0006-invalid-constructor-body-non-struct.rs:8:9
[INFO] [stderr]   |
[INFO] [stderr]  4 |   #[placing::placing]
[INFO] [stderr]    |   ------------------- caused by the macro expansion here
[INFO] [stderr] ...
[INFO] [stderr]  8 | /         {
[INFO] [stderr]  9 | |             Self {}
[INFO] [stderr] 10 | |         }
[INFO] [stderr]    | |_________^
[INFO] [stderr]    |
[INFO] [stderr]    = note: the usage of `placing::placing!` is likely invalid in item context
[INFO] [stderr] 
[INFO] [stderr] error: [E0006, placing] invalid constructor body: expected a struct expression as the last statement
[INFO] [stderr]  --> tests/ui-fail/E0006-invalid-constructor-body-non-struct.rs:8:9
[INFO] [stderr]   |
[INFO] [stderr]  8 | /         {
[INFO] [stderr]  9 | |             Self {}
[INFO] [stderr] 10 | |         }
[INFO] [stderr]    | |_________^
[INFO] [stderr] ┈┈┈┈┈┈┈┈┈┈┈┈┈┈┈┈┈┈┈┈┈┈┈┈┈┈┈┈┈┈┈┈┈┈┈┈┈┈┈┈┈┈┈┈┈┈┈┈┈┈┈┈┈┈┈┈┈┈┈┈
[INFO] [stderr] note: If the actual output is the correct output you can bless it by rerunning
[INFO] [stderr]       your test with the environment variable TRYBUILD=overwrite
[INFO] [stderr] 
[INFO] [stderr] test tests/ui-fail/E0007-invalid-placing-target.rs [should fail to compile] ... ok
[INFO] [stderr] test tests/ui-fail/E0008-invalid-pointer-constructor.rs [should fail to compile] ... mismatch
[INFO] [stderr] 
[INFO] [stderr] EXPECTED:
[INFO] [stderr] ┈┈┈┈┈┈┈┈┈┈┈┈┈┈┈┈┈┈┈┈┈┈┈┈┈┈┈┈┈┈┈┈┈┈┈┈┈┈┈┈┈┈┈┈┈┈┈┈┈┈┈┈┈┈┈┈┈┈┈┈
[INFO] [stderr] error: macros that expand to items must be delimited with braces or followed by a semicolon
[INFO] [stderr]   --> tests/ui-fail/E0008-invalid-pointer-constructor.rs:10:9
[INFO] [stderr]    |
[INFO] [stderr] 10 |         Box::new()
[INFO] [stderr]    |         ^^^
[INFO] [stderr]    |
[INFO] [stderr] help: change the delimiters to curly braces
[INFO] [stderr]    |
[INFO] [stderr] 10 -         Box::new()
[INFO] [stderr] 10 +         {}::new()
[INFO] [stderr]    |
[INFO] [stderr] help: add a semicolon
[INFO] [stderr]    |
[INFO] [stderr] 10 |         Box;::new()
[INFO] [stderr]    |            +
[INFO] [stderr] 
[INFO] [stderr] error: macro expansion ignores `,` and any tokens following
[INFO] [stderr]   --> tests/ui-fail/E0008-invalid-pointer-constructor.rs:10:9
[INFO] [stderr]    |
[INFO] [stderr] 6  | #[placing::placing]
[INFO] [stderr]    | ------------------- caused by the macro expansion here
[INFO] [stderr] ...
[INFO] [stderr] 10 |         Box::new()
[INFO] [stderr]    |         ^^^
[INFO] [stderr]    |
[INFO] [stderr]    = note: the usage of `placing::placing!` is likely invalid in item context
[INFO] [stderr] 
[INFO] [stderr] error: [E0008, placing] invalid pointer constructor`
[INFO] [stderr]   --> tests/ui-fail/E0008-invalid-pointer-constructor.rs:10:9
[INFO] [stderr]    |
[INFO] [stderr] 10 |         Box::new()
[INFO] [stderr]    |         ^^^
[INFO] [stderr] ┈┈┈┈┈┈┈┈┈┈┈┈┈┈┈┈┈┈┈┈┈┈┈┈┈┈┈┈┈┈┈┈┈┈┈┈┈┈┈┈┈┈┈┈┈┈┈┈┈┈┈┈┈┈┈┈┈┈┈┈
[INFO] [stderr] 
[INFO] [stderr] ACTUAL OUTPUT:
[INFO] [stderr] ┈┈┈┈┈┈┈┈┈┈┈┈┈┈┈┈┈┈┈┈┈┈┈┈┈┈┈┈┈┈┈┈┈┈┈┈┈┈┈┈┈┈┈┈┈┈┈┈┈┈┈┈┈┈┈┈┈┈┈┈
[INFO] [stderr] error: macros that expand to items must be delimited with braces or followed by a semicolon
[INFO] [stderr]   --> tests/ui-fail/E0008-invalid-pointer-constructor.rs:10:9
[INFO] [stderr]    |
[INFO] [stderr] 10 |         Box::new()
[INFO] [stderr]    |         ^^^
[INFO] [stderr]    |
[INFO] [stderr] help: change the delimiters to curly braces
[INFO] [stderr]    |
[INFO] [stderr] 10 -         Box::new()
[INFO] [stderr] 10 +         {}::new()
[INFO] [stderr]    |
[INFO] [stderr] help: add a semicolon
[INFO] [stderr]    |
[INFO] [stderr] 10 |         Box;::new()
[INFO] [stderr]    |            +
[INFO] [stderr] 
[INFO] [stderr] error: macro expansion ignores `,` and any tokens following
[INFO] [stderr]  --> tests/ui-fail/E0008-invalid-pointer-constructor.rs:10:9
[INFO] [stderr]   |
[INFO] [stderr]  6 | #[placing::placing]
[INFO] [stderr]    | ------------------- caused by the macro expansion here
[INFO] [stderr] ...
[INFO] [stderr] 10 |         Box::new()
[INFO] [stderr]    |         ^^^
[INFO] [stderr]    |
[INFO] [stderr]    = note: the usage of `placing::placing!` is likely invalid in item context
[INFO] [stderr] 
[INFO] [stderr] error: [E0008, placing] invalid pointer constructor`
[INFO] [stderr]   --> tests/ui-fail/E0008-invalid-pointer-constructor.rs:10:9
[INFO] [stderr]    |
[INFO] [stderr] 10 |         Box::new()
[INFO] [stderr]    |         ^^^
[INFO] [stderr] ┈┈┈┈┈┈┈┈┈┈┈┈┈┈┈┈┈┈┈┈┈┈┈┈┈┈┈┈┈┈┈┈┈┈┈┈┈┈┈┈┈┈┈┈┈┈┈┈┈┈┈┈┈┈┈┈┈┈┈┈
[INFO] [stderr] note: If the actual output is the correct output you can bless it by rerunning
[INFO] [stderr]       your test with the environment variable TRYBUILD=overwrite
[INFO] [stderr] 
[INFO] [stderr] test tests/ui-pass/allowed-impl-block.rs [should pass] ... ok
[INFO] [stderr] test tests/ui-pass/allowed-struct.rs [should pass] ... ok
[INFO] [stderr] test tests/ui-pass/generics-struct.rs [should pass] ... ok
[INFO] [stderr] test tests/ui-pass/placing-body.rs [should pass] ... ok
[INFO] [stderr] test tests/ui-pass/placing-box.rs [should pass] ... ok
[INFO] [stderr] test tests/ui-pass/placing-builds.rs [should pass] ... ok
[INFO] [stderr] test tests/ui-pass/placing-runs.rs [should pass] ... ok
[INFO] [stderr] test tests/ui-pass/preserves-associated-items.rs [should pass] ... ok
[INFO] [stderr] test tests/ui-pass/regular-constructor.rs [should pass] ... ok
[INFO] [stdout] test ui ... FAILED
[INFO] [stderr] 
[INFO] [stdout] 
[INFO] [stderr] 
[INFO] [stdout] failures:
[INFO] [stdout] 
[INFO] [stdout] ---- ui stdout ----
[INFO] [stdout] 
[INFO] [stdout] thread 'ui' (968) panicked at /opt/rustwide/cargo-home/registry/src/index.crates.io-1949cf8c6b5b557f/trybuild-1.0.101/src/run.rs:101:13:
[INFO] [stdout] 2 of 18 tests failed
[INFO] [stdout] stack backtrace:
[INFO] [stdout]    0:     0x5a8ed0c81f01 - <<std[70759c8f55707aa4]::sys::backtrace::BacktraceLock>::print::DisplayBacktrace as core[df12db4294e9bfd3]::fmt::Display>::fmt
[INFO] [stdout]    1:     0x5a8ed0c9819a - core[df12db4294e9bfd3]::fmt::write
[INFO] [stdout]    2:     0x5a8ed0c86a4c - <alloc[2182bb758b4b3781]::vec::Vec<u8> as core[df12db4294e9bfd3]::io::write::Write>::write_fmt
[INFO] [stdout]    3:     0x5a8ed0c5ad86 - std[70759c8f55707aa4]::panicking::default_hook::{closure#0}
[INFO] [stdout]    4:     0x5a8ed0c78fd9 - std[70759c8f55707aa4]::panicking::default_hook
[INFO] [stdout]    5:     0x5a8ed0c12300 - test[9d35eded1c95d3be]::test_main_inner::<test[9d35eded1c95d3be]::test_main_static::{closure#0}>::{closure#0}
[INFO] [stdout]    6:     0x5a8ed0c79192 - std[70759c8f55707aa4]::panicking::panic_with_hook
[INFO] [stdout]    7:     0x5a8ed0c5ae32 - std[70759c8f55707aa4]::panicking::panic_handler::{closure#0}
[INFO] [stdout]    8:     0x5a8ed0c53839 - std[70759c8f55707aa4]::sys::backtrace::__rust_end_short_backtrace::<std[70759c8f55707aa4]::panicking::panic_handler::{closure#0}, !>
[INFO] [stdout]    9:     0x5a8ed0c5ba2d - __rustc[8fa7c3cbc660c2b3]::rust_begin_unwind
[INFO] [stdout]   10:     0x5a8ed0c988cc - core[df12db4294e9bfd3]::panicking::panic_fmt
[INFO] [stdout]   11:     0x5a8ed0b483da - <trybuild[2ef7df43dfbeef5b]::Runner>::run
[INFO] [stdout]   12:     0x5a8ed0b4b9e0 - <trybuild[2ef7df43dfbeef5b]::TestCases as core[df12db4294e9bfd3]::ops::drop::Drop>::drop
[INFO] [stdout]   13:     0x5a8ed0b431f6 - ui[86a757ad86df9b54]::ui
[INFO] [stdout]   14:     0x5a8ed0b43429 - <ui[86a757ad86df9b54]::ui::{closure#0} as core[df12db4294e9bfd3]::ops::function::FnOnce<()>>::call_once
[INFO] [stdout]   15:     0x5a8ed0c055eb - test[9d35eded1c95d3be]::__rust_begin_short_backtrace::<core[df12db4294e9bfd3]::result::Result<(), alloc[2182bb758b4b3781]::string::String>, fn() -> core[df12db4294e9bfd3]::result::Result<(), alloc[2182bb758b4b3781]::string::String>>
[INFO] [stdout]   16:     0x5a8ed0c12c55 - test[9d35eded1c95d3be]::run_test::{closure#0}
[INFO] [stdout]   17:     0x5a8ed0c0c514 - std[70759c8f55707aa4]::sys::backtrace::__rust_begin_short_backtrace::<test[9d35eded1c95d3be]::run_test::{closure#1}, ()>
[INFO] [stdout]   18:     0x5a8ed0c15db2 - <std[70759c8f55707aa4]::thread::lifecycle::spawn_unchecked<test[9d35eded1c95d3be]::run_test::{closure#1}, ()>::{closure#1} as core[df12db4294e9bfd3]::ops::function::FnOnce<()>>::call_once::{shim:vtable#0}
[INFO] [stdout]   19:     0x5a8ed0c811b9 - <std[70759c8f55707aa4]::sys::thread::unix::Thread>::new::thread_start
[INFO] [stdout]   20:     0x7fc801669dfa - <unknown>
[INFO] [stdout]   21:     0x7fc8016fd3d4 - clone
[INFO] [stdout]   22:                0x0 - <unknown>
[INFO] [stdout] 
[INFO] [stdout] 
[INFO] [stdout] failures:
[INFO] [stdout]     ui
[INFO] [stdout] 
[INFO] [stdout] test result: FAILED. 0 passed; 1 failed; 0 ignored; 0 measured; 0 filtered out; finished in 14.41s
[INFO] [stdout] 
[INFO] [stderr] error: test failed, to rerun pass `--test ui`
[INFO] running `Command { std: "docker" "inspect" "da62905b4be4261380bf0058c39f519c260e5b66f1913df59d492d1f792564df", kill_on_drop: false }`
[INFO] running `Command { std: "docker" "rm" "-f" "da62905b4be4261380bf0058c39f519c260e5b66f1913df59d492d1f792564df", kill_on_drop: false }`
[INFO] [stdout] da62905b4be4261380bf0058c39f519c260e5b66f1913df59d492d1f792564df
