[INFO] fetching crate placard-layout 0.1.0...
[INFO] testing placard-layout-0.1.0 against 1.99.0-beta.8+cargoflags=--release for beta-release-1.100-2
[INFO] extracting crate placard-layout 0.1.0 into /workspace/builds/worker-7-tc1/source
[INFO] started tweaking crates.io crate placard-layout 0.1.0
[INFO] removed 0 missing examples
[INFO] finished tweaking crates.io crate placard-layout 0.1.0
[INFO] tweaked toml for crates.io crate placard-layout 0.1.0 written to /workspace/builds/worker-7-tc1/source/Cargo.toml
[INFO] validating manifest of crates.io crate placard-layout 0.1.0 on toolchain 1.99.0-beta.8
[INFO] running `Command { std: CARGO_HOME="/workspace/cargo-home" RUSTUP_HOME="/workspace/rustup-home" "/workspace/cargo-home/bin/cargo" "+1.99.0-beta.8" "metadata" "--manifest-path" "Cargo.toml" "--no-deps", kill_on_drop: false }`
[INFO] crate crates.io crate placard-layout 0.1.0 already has a lockfile, it will not be regenerated
[INFO] running `Command { std: CARGO_HOME="/workspace/cargo-home" RUSTUP_HOME="/workspace/rustup-home" "/workspace/cargo-home/bin/cargo" "+1.99.0-beta.8" "fetch" "--manifest-path" "Cargo.toml", kill_on_drop: false }`
[INFO] [stderr]     Updating crates.io index
[INFO] [stderr]  Downloading crates ...
[INFO] [stderr]   Downloaded placard-font v0.1.0
[INFO] [stderr]   Downloaded placard-style v0.1.0
[INFO] [stderr]   Downloaded placard-html v0.1.0
[INFO] [stderr]   Downloaded placard-css v0.1.0
[INFO] running `Command { std: "docker" "create" "-v" "/var/lib/crater-agent-workspace/builds/worker-7-tc1/source:/opt/rustwide/workdir:ro,Z" "-v" "/var/lib/crater-agent-workspace/builds/worker-7-tc1/target:/opt/rustwide/target:rw,Z" "-v" "/var/lib/crater-agent-workspace/cargo-home:/opt/rustwide/cargo-home:ro,Z" "-v" "/var/lib/crater-agent-workspace/rustup-home:/opt/rustwide/rustup-home:ro,Z" "-m" "1610612736" "--network" "none" "ghcr.io/rust-lang/crates-build-env/linux@sha256:77db811e55d90add9212f6832c23229e3de5f1c1f9905e8cb07319ea15df73ac" "sleep" "infinity", kill_on_drop: false }`
[INFO] [stdout] 1f66308d51861d8b4ce7b727dbaf3fc9573c24fae103e8c040e66c348f8e2dc3
[INFO] running `Command { std: "docker" "start" "1f66308d51861d8b4ce7b727dbaf3fc9573c24fae103e8c040e66c348f8e2dc3", kill_on_drop: false }`
[INFO] running `Command { std: "docker" "inspect" "1f66308d51861d8b4ce7b727dbaf3fc9573c24fae103e8c040e66c348f8e2dc3", kill_on_drop: false }`
[INFO] running `Command { std: "docker" "exec" "-e" "SOURCE_DIR=/opt/rustwide/workdir" "-e" "CARGO_HOME=/opt/rustwide/cargo-home" "-e" "RUSTUP_HOME=/opt/rustwide/rustup-home" "-e" "CARGO_TARGET_DIR=/opt/rustwide/target" "-w" "/opt/rustwide/workdir" "--user" "0:0" "1f66308d51861d8b4ce7b727dbaf3fc9573c24fae103e8c040e66c348f8e2dc3" "/opt/rustwide/cargo-home/bin/cargo" "+1.99.0-beta.8" "metadata" "--no-deps" "--format-version=1", kill_on_drop: false }`
[INFO] running `Command { std: "docker" "inspect" "1f66308d51861d8b4ce7b727dbaf3fc9573c24fae103e8c040e66c348f8e2dc3", kill_on_drop: false }`
[INFO] running `Command { std: "docker" "exec" "-e" "SOURCE_DIR=/opt/rustwide/workdir" "-e" "CARGO_HOME=/opt/rustwide/cargo-home" "-e" "RUSTUP_HOME=/opt/rustwide/rustup-home" "-e" "CARGO_TARGET_DIR=/opt/rustwide/target" "-e" "CARGO_INCREMENTAL=0" "-e" "RUST_BACKTRACE=full" "-e" "RUSTFLAGS=--cap-lints=warn" "-e" "RUSTDOCFLAGS=--cap-lints=warn" "-w" "/opt/rustwide/workdir" "--user" "0:0" "1f66308d51861d8b4ce7b727dbaf3fc9573c24fae103e8c040e66c348f8e2dc3" "/opt/rustwide/cargo-home/bin/cargo" "+1.99.0-beta.8" "build" "--frozen" "--message-format=json" "--release", kill_on_drop: false }`
[INFO] [stderr]    Compiling placard-html v0.1.0
[INFO] [stderr]    Compiling placard-css v0.1.0
[INFO] [stderr]    Compiling placard-font v0.1.0
[INFO] [stderr]    Compiling placard-style v0.1.0
[INFO] [stderr]    Compiling placard-layout v0.1.0 (/opt/rustwide/workdir)
[INFO] [stderr]     Finished `release` profile [optimized] target(s) in 2.76s
[INFO] running `Command { std: "docker" "inspect" "1f66308d51861d8b4ce7b727dbaf3fc9573c24fae103e8c040e66c348f8e2dc3", kill_on_drop: false }`
[INFO] running `Command { std: "docker" "exec" "-e" "SOURCE_DIR=/opt/rustwide/workdir" "-e" "CARGO_HOME=/opt/rustwide/cargo-home" "-e" "RUSTUP_HOME=/opt/rustwide/rustup-home" "-e" "CARGO_TARGET_DIR=/opt/rustwide/target" "-e" "CARGO_INCREMENTAL=0" "-e" "RUST_BACKTRACE=full" "-e" "RUSTFLAGS=--cap-lints=warn" "-e" "RUSTDOCFLAGS=--cap-lints=warn" "-w" "/opt/rustwide/workdir" "--user" "0:0" "1f66308d51861d8b4ce7b727dbaf3fc9573c24fae103e8c040e66c348f8e2dc3" "/opt/rustwide/cargo-home/bin/cargo" "+1.99.0-beta.8" "test" "--frozen" "--no-run" "--message-format=json" "--release", kill_on_drop: false }`
[INFO] [stderr]    Compiling placard-layout v0.1.0 (/opt/rustwide/workdir)
[INFO] [stderr]     Finished `release` profile [optimized] target(s) in 1.15s
[INFO] running `Command { std: "docker" "inspect" "1f66308d51861d8b4ce7b727dbaf3fc9573c24fae103e8c040e66c348f8e2dc3", kill_on_drop: false }`
[INFO] running `Command { std: "docker" "exec" "-e" "SOURCE_DIR=/opt/rustwide/workdir" "-e" "CARGO_HOME=/opt/rustwide/cargo-home" "-e" "RUSTUP_HOME=/opt/rustwide/rustup-home" "-e" "CARGO_TARGET_DIR=/opt/rustwide/target" "-e" "CARGO_INCREMENTAL=0" "-e" "RUST_BACKTRACE=full" "-e" "RUSTFLAGS=--cap-lints=warn" "-e" "RUSTDOCFLAGS=--cap-lints=warn" "-w" "/opt/rustwide/workdir" "--user" "0:0" "1f66308d51861d8b4ce7b727dbaf3fc9573c24fae103e8c040e66c348f8e2dc3" "/opt/rustwide/cargo-home/bin/cargo" "+1.99.0-beta.8" "test" "--frozen" "--release", kill_on_drop: false }`
[INFO] [stderr]     Finished `release` profile [optimized] target(s) in 0.02s
[INFO] [stderr]      Running unittests src/lib.rs (/opt/rustwide/target/release/deps/placard_layout-1180422daf8762d9)
[INFO] [stdout] 
[INFO] [stdout] running 9 tests
[INFO] [stdout] test tests::implicit_body_margin_is_eight_px ... FAILED
[INFO] [stdout] test tests::margin_padding_border_produce_correct_border_box ... FAILED
[INFO] [stdout] test tests::whitespace_between_inline_siblings_is_not_double_spaced ... FAILED
[INFO] [stdout] test tests::explicit_width_overrides_auto_width ... FAILED
[INFO] [stdout] test tests::display_none_element_produces_no_box_and_no_gap ... FAILED
[INFO] [stdout] test tests::adjacent_inline_elements_with_no_source_whitespace_touch ... FAILED
[INFO] [stdout] test tests::block_children_stack_vertically_with_correct_offsets ... FAILED
[INFO] [stdout] test tests::inherited_line_height_does_not_inflate_inline_background_box ... FAILED
[INFO] [stdout] test tests::whitespace_only_inline_element_still_produces_a_background_box ... FAILED
[INFO] [stdout] 
[INFO] [stdout] failures:
[INFO] [stdout] 
[INFO] [stdout] ---- tests::implicit_body_margin_is_eight_px stdout ----
[INFO] [stdout] 
[INFO] [stdout] thread 'tests::implicit_body_margin_is_eight_px' (233) panicked at src/lib.rs:19:14:
[INFO] [stdout] failed to read font: Os { code: 2, kind: NotFound, message: "No such file or directory" }
[INFO] [stdout] stack backtrace:
[INFO] [stdout]    0:     0x594701df6511 - <<std[70759c8f55707aa4]::sys::backtrace::BacktraceLock>::print::DisplayBacktrace as core[df12db4294e9bfd3]::fmt::Display>::fmt
[INFO] [stdout]    1:     0x594701e0b8da - core[df12db4294e9bfd3]::fmt::write
[INFO] [stdout]    2:     0x594701dfa9ac - <alloc[2182bb758b4b3781]::vec::Vec<u8> as core[df12db4294e9bfd3]::io::write::Write>::write_fmt
[INFO] [stdout]    3:     0x594701dd27e6 - std[70759c8f55707aa4]::panicking::default_hook::{closure#0}
[INFO] [stdout]    4:     0x594701dee959 - std[70759c8f55707aa4]::panicking::default_hook
[INFO] [stdout]    5:     0x594701d75640 - test[9d35eded1c95d3be]::test_main_inner::<test[9d35eded1c95d3be]::test_main_static::{closure#0}>::{closure#0}
[INFO] [stdout]    6:     0x594701deeb12 - std[70759c8f55707aa4]::panicking::panic_with_hook
[INFO] [stdout]    7:     0x594701dd2892 - std[70759c8f55707aa4]::panicking::panic_handler::{closure#0}
[INFO] [stdout]    8:     0x594701dcb489 - std[70759c8f55707aa4]::sys::backtrace::__rust_end_short_backtrace::<std[70759c8f55707aa4]::panicking::panic_handler::{closure#0}, !>
[INFO] [stdout]    9:     0x594701dd348d - __rustc[8fa7c3cbc660c2b3]::rust_begin_unwind
[INFO] [stdout]   10:     0x594701e0c00c - core[df12db4294e9bfd3]::panicking::panic_fmt
[INFO] [stdout]   11:     0x594701e0bde2 - core[df12db4294e9bfd3]::result::unwrap_failed
[INFO] [stdout]   12:     0x594701d63908 - placard_layout[615b2bf014261a48]::tests::test_font
[INFO] [stdout]   13:     0x594701d63a4e - <placard_layout[615b2bf014261a48]::tests::implicit_body_margin_is_eight_px::{closure#0} as core[df12db4294e9bfd3]::ops::function::FnOnce<()>>::call_once
[INFO] [stdout]   14:     0x594701d6892b - test[9d35eded1c95d3be]::__rust_begin_short_backtrace::<core[df12db4294e9bfd3]::result::Result<(), alloc[2182bb758b4b3781]::string::String>, fn() -> core[df12db4294e9bfd3]::result::Result<(), alloc[2182bb758b4b3781]::string::String>>
[INFO] [stdout]   15:     0x594701d75f95 - test[9d35eded1c95d3be]::run_test::{closure#0}
[INFO] [stdout]   16:     0x594701d6f854 - std[70759c8f55707aa4]::sys::backtrace::__rust_begin_short_backtrace::<test[9d35eded1c95d3be]::run_test::{closure#1}, ()>
[INFO] [stdout]   17:     0x594701d790f2 - <std[70759c8f55707aa4]::thread::lifecycle::spawn_unchecked<test[9d35eded1c95d3be]::run_test::{closure#1}, ()>::{closure#1} as core[df12db4294e9bfd3]::ops::function::FnOnce<()>>::call_once::{shim:vtable#0}
[INFO] [stderr] error: test failed, to rerun pass `--lib`
[INFO] [stdout]   18:     0x594701df5ac9 - <std[70759c8f55707aa4]::sys::thread::unix::Thread>::new::thread_start
[INFO] [stdout]   19:     0x7a72b1424dfa - <unknown>
[INFO] [stdout]   20:     0x7a72b14b83d4 - clone
[INFO] [stdout]   21:                0x0 - <unknown>
[INFO] [stdout] 
[INFO] [stdout] ---- tests::margin_padding_border_produce_correct_border_box stdout ----
[INFO] [stdout] 
[INFO] [stdout] thread 'tests::margin_padding_border_produce_correct_border_box' (235) panicked at src/lib.rs:19:14:
[INFO] [stdout] failed to read font: Os { code: 2, kind: NotFound, message: "No such file or directory" }
[INFO] [stdout] stack backtrace:
[INFO] [stdout]    0:     0x594701df6511 - <<std[70759c8f55707aa4]::sys::backtrace::BacktraceLock>::print::DisplayBacktrace as core[df12db4294e9bfd3]::fmt::Display>::fmt
[INFO] [stdout]    1:     0x594701e0b8da - core[df12db4294e9bfd3]::fmt::write
[INFO] [stdout]    2:     0x594701dfa9ac - <alloc[2182bb758b4b3781]::vec::Vec<u8> as core[df12db4294e9bfd3]::io::write::Write>::write_fmt
[INFO] [stdout]    3:     0x594701dd27e6 - std[70759c8f55707aa4]::panicking::default_hook::{closure#0}
[INFO] [stdout]    4:     0x594701dee959 - std[70759c8f55707aa4]::panicking::default_hook
[INFO] [stdout]    5:     0x594701d75640 - test[9d35eded1c95d3be]::test_main_inner::<test[9d35eded1c95d3be]::test_main_static::{closure#0}>::{closure#0}
[INFO] [stdout]    6:     0x594701deeb12 - std[70759c8f55707aa4]::panicking::panic_with_hook
[INFO] [stdout]    7:     0x594701dd2892 - std[70759c8f55707aa4]::panicking::panic_handler::{closure#0}
[INFO] [stdout]    8:     0x594701dcb489 - std[70759c8f55707aa4]::sys::backtrace::__rust_end_short_backtrace::<std[70759c8f55707aa4]::panicking::panic_handler::{closure#0}, !>
[INFO] [stdout]    9:     0x594701dd348d - __rustc[8fa7c3cbc660c2b3]::rust_begin_unwind
[INFO] [stdout]   10:     0x594701e0c00c - core[df12db4294e9bfd3]::panicking::panic_fmt
[INFO] [stdout]   11:     0x594701e0bde2 - core[df12db4294e9bfd3]::result::unwrap_failed
[INFO] [stdout]   12:     0x594701d63908 - placard_layout[615b2bf014261a48]::tests::test_font
[INFO] [stdout]   13:     0x594701d6442e - <placard_layout[615b2bf014261a48]::tests::margin_padding_border_produce_correct_border_box::{closure#0} as core[df12db4294e9bfd3]::ops::function::FnOnce<()>>::call_once
[INFO] [stdout]   14:     0x594701d6892b - test[9d35eded1c95d3be]::__rust_begin_short_backtrace::<core[df12db4294e9bfd3]::result::Result<(), alloc[2182bb758b4b3781]::string::String>, fn() -> core[df12db4294e9bfd3]::result::Result<(), alloc[2182bb758b4b3781]::string::String>>
[INFO] [stdout]   15:     0x594701d75f95 - test[9d35eded1c95d3be]::run_test::{closure#0}
[INFO] [stdout]   16:     0x594701d6f854 - std[70759c8f55707aa4]::sys::backtrace::__rust_begin_short_backtrace::<test[9d35eded1c95d3be]::run_test::{closure#1}, ()>
[INFO] [stdout]   17:     0x594701d790f2 - <std[70759c8f55707aa4]::thread::lifecycle::spawn_unchecked<test[9d35eded1c95d3be]::run_test::{closure#1}, ()>::{closure#1} as core[df12db4294e9bfd3]::ops::function::FnOnce<()>>::call_once::{shim:vtable#0}
[INFO] [stdout]   18:     0x594701df5ac9 - <std[70759c8f55707aa4]::sys::thread::unix::Thread>::new::thread_start
[INFO] [stdout]   19:     0x7a72b1424dfa - <unknown>
[INFO] [stdout]   20:     0x7a72b14b83d4 - clone
[INFO] [stdout]   21:                0x0 - <unknown>
[INFO] [stdout] 
[INFO] [stdout] ---- tests::whitespace_between_inline_siblings_is_not_double_spaced stdout ----
[INFO] [stdout] 
[INFO] [stdout] thread 'tests::whitespace_between_inline_siblings_is_not_double_spaced' (236) panicked at src/lib.rs:19:14:
[INFO] [stdout] failed to read font: Os { code: 2, kind: NotFound, message: "No such file or directory" }
[INFO] [stdout] stack backtrace:
[INFO] [stdout]    0:     0x594701df6511 - <<std[70759c8f55707aa4]::sys::backtrace::BacktraceLock>::print::DisplayBacktrace as core[df12db4294e9bfd3]::fmt::Display>::fmt
[INFO] [stdout]    1:     0x594701e0b8da - core[df12db4294e9bfd3]::fmt::write
[INFO] [stdout]    2:     0x594701dfa9ac - <alloc[2182bb758b4b3781]::vec::Vec<u8> as core[df12db4294e9bfd3]::io::write::Write>::write_fmt
[INFO] [stdout]    3:     0x594701dd27e6 - std[70759c8f55707aa4]::panicking::default_hook::{closure#0}
[INFO] [stdout]    4:     0x594701dee959 - std[70759c8f55707aa4]::panicking::default_hook
[INFO] [stdout]    5:     0x594701d75640 - test[9d35eded1c95d3be]::test_main_inner::<test[9d35eded1c95d3be]::test_main_static::{closure#0}>::{closure#0}
[INFO] [stdout]    6:     0x594701deeb12 - std[70759c8f55707aa4]::panicking::panic_with_hook
[INFO] [stdout]    7:     0x594701dd2892 - std[70759c8f55707aa4]::panicking::panic_handler::{closure#0}
[INFO] [stdout]    8:     0x594701dcb489 - std[70759c8f55707aa4]::sys::backtrace::__rust_end_short_backtrace::<std[70759c8f55707aa4]::panicking::panic_handler::{closure#0}, !>
[INFO] [stdout]    9:     0x594701dd348d - __rustc[8fa7c3cbc660c2b3]::rust_begin_unwind
[INFO] [stdout]   10:     0x594701e0c00c - core[df12db4294e9bfd3]::panicking::panic_fmt
[INFO] [stdout]   11:     0x594701e0bde2 - core[df12db4294e9bfd3]::result::unwrap_failed
[INFO] [stdout]   12:     0x594701d63908 - placard_layout[615b2bf014261a48]::tests::test_font
[INFO] [stdout]   13:     0x594701d64bd1 - <placard_layout[615b2bf014261a48]::tests::whitespace_between_inline_siblings_is_not_double_spaced::{closure#0} as core[df12db4294e9bfd3]::ops::function::FnOnce<()>>::call_once
[INFO] [stdout]   14:     0x594701d6892b - test[9d35eded1c95d3be]::__rust_begin_short_backtrace::<core[df12db4294e9bfd3]::result::Result<(), alloc[2182bb758b4b3781]::string::String>, fn() -> core[df12db4294e9bfd3]::result::Result<(), alloc[2182bb758b4b3781]::string::String>>
[INFO] [stdout]   15:     0x594701d75f95 - test[9d35eded1c95d3be]::run_test::{closure#0}
[INFO] [stdout]   16:     0x594701d6f854 - std[70759c8f55707aa4]::sys::backtrace::__rust_begin_short_backtrace::<test[9d35eded1c95d3be]::run_test::{closure#1}, ()>
[INFO] [stdout]   17:     0x594701d790f2 - <std[70759c8f55707aa4]::thread::lifecycle::spawn_unchecked<test[9d35eded1c95d3be]::run_test::{closure#1}, ()>::{closure#1} as core[df12db4294e9bfd3]::ops::function::FnOnce<()>>::call_once::{shim:vtable#0}
[INFO] [stdout]   18:     0x594701df5ac9 - <std[70759c8f55707aa4]::sys::thread::unix::Thread>::new::thread_start
[INFO] [stdout]   19:     0x7a72b1424dfa - <unknown>
[INFO] [stdout]   20:     0x7a72b14b83d4 - clone
[INFO] [stdout]   21:                0x0 - <unknown>
[INFO] [stdout] 
[INFO] [stdout] ---- tests::explicit_width_overrides_auto_width stdout ----
[INFO] [stdout] 
[INFO] [stdout] thread 'tests::explicit_width_overrides_auto_width' (232) panicked at src/lib.rs:19:14:
[INFO] [stdout] failed to read font: Os { code: 2, kind: NotFound, message: "No such file or directory" }
[INFO] [stdout] stack backtrace:
[INFO] [stdout]    0:     0x594701df6511 - <<std[70759c8f55707aa4]::sys::backtrace::BacktraceLock>::print::DisplayBacktrace as core[df12db4294e9bfd3]::fmt::Display>::fmt
[INFO] [stdout]    1:     0x594701e0b8da - core[df12db4294e9bfd3]::fmt::write
[INFO] [stdout]    2:     0x594701dfa9ac - <alloc[2182bb758b4b3781]::vec::Vec<u8> as core[df12db4294e9bfd3]::io::write::Write>::write_fmt
[INFO] [stdout]    3:     0x594701dd27e6 - std[70759c8f55707aa4]::panicking::default_hook::{closure#0}
[INFO] [stdout]    4:     0x594701dee959 - std[70759c8f55707aa4]::panicking::default_hook
[INFO] [stdout]    5:     0x594701d75640 - test[9d35eded1c95d3be]::test_main_inner::<test[9d35eded1c95d3be]::test_main_static::{closure#0}>::{closure#0}
[INFO] [stdout]    6:     0x594701deeb12 - std[70759c8f55707aa4]::panicking::panic_with_hook
[INFO] [stdout]    7:     0x594701dd2892 - std[70759c8f55707aa4]::panicking::panic_handler::{closure#0}
[INFO] [stdout]    8:     0x594701dcb489 - std[70759c8f55707aa4]::sys::backtrace::__rust_end_short_backtrace::<std[70759c8f55707aa4]::panicking::panic_handler::{closure#0}, !>
[INFO] [stdout]    9:     0x594701dd348d - __rustc[8fa7c3cbc660c2b3]::rust_begin_unwind
[INFO] [stdout]   10:     0x594701e0c00c - core[df12db4294e9bfd3]::panicking::panic_fmt
[INFO] [stdout]   11:     0x594701e0bde2 - core[df12db4294e9bfd3]::result::unwrap_failed
[INFO] [stdout]   12:     0x594701d63908 - placard_layout[615b2bf014261a48]::tests::test_font
[INFO] [stdout]   13:     0x594701d63dae - <placard_layout[615b2bf014261a48]::tests::explicit_width_overrides_auto_width::{closure#0} as core[df12db4294e9bfd3]::ops::function::FnOnce<()>>::call_once
[INFO] [stdout]   14:     0x594701d6892b - test[9d35eded1c95d3be]::__rust_begin_short_backtrace::<core[df12db4294e9bfd3]::result::Result<(), alloc[2182bb758b4b3781]::string::String>, fn() -> core[df12db4294e9bfd3]::result::Result<(), alloc[2182bb758b4b3781]::string::String>>
[INFO] [stdout]   15:     0x594701d75f95 - test[9d35eded1c95d3be]::run_test::{closure#0}
[INFO] [stdout]   16:     0x594701d6f854 - std[70759c8f55707aa4]::sys::backtrace::__rust_begin_short_backtrace::<test[9d35eded1c95d3be]::run_test::{closure#1}, ()>
[INFO] [stdout]   17:     0x594701d790f2 - <std[70759c8f55707aa4]::thread::lifecycle::spawn_unchecked<test[9d35eded1c95d3be]::run_test::{closure#1}, ()>::{closure#1} as core[df12db4294e9bfd3]::ops::function::FnOnce<()>>::call_once::{shim:vtable#0}
[INFO] [stdout]   18:     0x594701df5ac9 - <std[70759c8f55707aa4]::sys::thread::unix::Thread>::new::thread_start
[INFO] [stdout]   19:     0x7a72b1424dfa - <unknown>
[INFO] [stdout]   20:     0x7a72b14b83d4 - clone
[INFO] [stdout]   21:                0x0 - <unknown>
[INFO] [stdout] 
[INFO] [stdout] ---- tests::display_none_element_produces_no_box_and_no_gap stdout ----
[INFO] [stdout] 
[INFO] [stdout] thread 'tests::display_none_element_produces_no_box_and_no_gap' (231) panicked at src/lib.rs:19:14:
[INFO] [stdout] failed to read font: Os { code: 2, kind: NotFound, message: "No such file or directory" }
[INFO] [stdout] stack backtrace:
[INFO] [stdout]    0:     0x594701df6511 - <<std[70759c8f55707aa4]::sys::backtrace::BacktraceLock>::print::DisplayBacktrace as core[df12db4294e9bfd3]::fmt::Display>::fmt
[INFO] [stdout]    1:     0x594701e0b8da - core[df12db4294e9bfd3]::fmt::write
[INFO] [stdout]    2:     0x594701dfa9ac - <alloc[2182bb758b4b3781]::vec::Vec<u8> as core[df12db4294e9bfd3]::io::write::Write>::write_fmt
[INFO] [stdout]    3:     0x594701dd27e6 - std[70759c8f55707aa4]::panicking::default_hook::{closure#0}
[INFO] [stdout]    4:     0x594701dee959 - std[70759c8f55707aa4]::panicking::default_hook
[INFO] [stdout]    5:     0x594701d75640 - test[9d35eded1c95d3be]::test_main_inner::<test[9d35eded1c95d3be]::test_main_static::{closure#0}>::{closure#0}
[INFO] [stdout]    6:     0x594701deeb12 - std[70759c8f55707aa4]::panicking::panic_with_hook
[INFO] [stdout]    7:     0x594701dd2892 - std[70759c8f55707aa4]::panicking::panic_handler::{closure#0}
[INFO] [stdout]    8:     0x594701dcb489 - std[70759c8f55707aa4]::sys::backtrace::__rust_end_short_backtrace::<std[70759c8f55707aa4]::panicking::panic_handler::{closure#0}, !>
[INFO] [stdout]    9:     0x594701dd348d - __rustc[8fa7c3cbc660c2b3]::rust_begin_unwind
[INFO] [stdout]   10:     0x594701e0c00c - core[df12db4294e9bfd3]::panicking::panic_fmt
[INFO] [stdout]   11:     0x594701e0bde2 - core[df12db4294e9bfd3]::result::unwrap_failed
[INFO] [stdout]   12:     0x594701d63908 - placard_layout[615b2bf014261a48]::tests::test_font
[INFO] [stdout]   13:     0x594701d640de - <placard_layout[615b2bf014261a48]::tests::display_none_element_produces_no_box_and_no_gap::{closure#0} as core[df12db4294e9bfd3]::ops::function::FnOnce<()>>::call_once
[INFO] [stdout]   14:     0x594701d6892b - test[9d35eded1c95d3be]::__rust_begin_short_backtrace::<core[df12db4294e9bfd3]::result::Result<(), alloc[2182bb758b4b3781]::string::String>, fn() -> core[df12db4294e9bfd3]::result::Result<(), alloc[2182bb758b4b3781]::string::String>>
[INFO] [stdout]   15:     0x594701d75f95 - test[9d35eded1c95d3be]::run_test::{closure#0}
[INFO] [stdout]   16:     0x594701d6f854 - std[70759c8f55707aa4]::sys::backtrace::__rust_begin_short_backtrace::<test[9d35eded1c95d3be]::run_test::{closure#1}, ()>
[INFO] [stdout]   17:     0x594701d790f2 - <std[70759c8f55707aa4]::thread::lifecycle::spawn_unchecked<test[9d35eded1c95d3be]::run_test::{closure#1}, ()>::{closure#1} as core[df12db4294e9bfd3]::ops::function::FnOnce<()>>::call_once::{shim:vtable#0}
[INFO] [stdout]   18:     0x594701df5ac9 - <std[70759c8f55707aa4]::sys::thread::unix::Thread>::new::thread_start
[INFO] [stdout]   19:     0x7a72b1424dfa - <unknown>
[INFO] [stdout]   20:     0x7a72b14b83d4 - clone
[INFO] [stdout]   21:                0x0 - <unknown>
[INFO] [stdout] 
[INFO] [stdout] ---- tests::adjacent_inline_elements_with_no_source_whitespace_touch stdout ----
[INFO] [stdout] 
[INFO] [stdout] thread 'tests::adjacent_inline_elements_with_no_source_whitespace_touch' (229) panicked at src/lib.rs:19:14:
[INFO] [stdout] failed to read font: Os { code: 2, kind: NotFound, message: "No such file or directory" }
[INFO] [stdout] stack backtrace:
[INFO] [stdout]    0:     0x594701df6511 - <<std[70759c8f55707aa4]::sys::backtrace::BacktraceLock>::print::DisplayBacktrace as core[df12db4294e9bfd3]::fmt::Display>::fmt
[INFO] [stdout]    1:     0x594701e0b8da - core[df12db4294e9bfd3]::fmt::write
[INFO] [stdout]    2:     0x594701dfa9ac - <alloc[2182bb758b4b3781]::vec::Vec<u8> as core[df12db4294e9bfd3]::io::write::Write>::write_fmt
[INFO] [stdout]    3:     0x594701dd27e6 - std[70759c8f55707aa4]::panicking::default_hook::{closure#0}
[INFO] [stdout]    4:     0x594701dee959 - std[70759c8f55707aa4]::panicking::default_hook
[INFO] [stdout]    5:     0x594701d75640 - test[9d35eded1c95d3be]::test_main_inner::<test[9d35eded1c95d3be]::test_main_static::{closure#0}>::{closure#0}
[INFO] [stdout]    6:     0x594701deeb12 - std[70759c8f55707aa4]::panicking::panic_with_hook
[INFO] [stdout]    7:     0x594701dd2892 - std[70759c8f55707aa4]::panicking::panic_handler::{closure#0}
[INFO] [stdout]    8:     0x594701dcb489 - std[70759c8f55707aa4]::sys::backtrace::__rust_end_short_backtrace::<std[70759c8f55707aa4]::panicking::panic_handler::{closure#0}, !>
[INFO] [stdout]    9:     0x594701dd348d - __rustc[8fa7c3cbc660c2b3]::rust_begin_unwind
[INFO] [stdout]   10:     0x594701e0c00c - core[df12db4294e9bfd3]::panicking::panic_fmt
[INFO] [stdout]   11:     0x594701e0bde2 - core[df12db4294e9bfd3]::result::unwrap_failed
[INFO] [stdout]   12:     0x594701d63908 - placard_layout[615b2bf014261a48]::tests::test_font
[INFO] [stdout]   13:     0x594701d65070 - <placard_layout[615b2bf014261a48]::tests::adjacent_inline_elements_with_no_source_whitespace_touch::{closure#0} as core[df12db4294e9bfd3]::ops::function::FnOnce<()>>::call_once
[INFO] [stdout]   14:     0x594701d6892b - test[9d35eded1c95d3be]::__rust_begin_short_backtrace::<core[df12db4294e9bfd3]::result::Result<(), alloc[2182bb758b4b3781]::string::String>, fn() -> core[df12db4294e9bfd3]::result::Result<(), alloc[2182bb758b4b3781]::string::String>>
[INFO] [stdout]   15:     0x594701d75f95 - test[9d35eded1c95d3be]::run_test::{closure#0}
[INFO] [stdout]   16:     0x594701d6f854 - std[70759c8f55707aa4]::sys::backtrace::__rust_begin_short_backtrace::<test[9d35eded1c95d3be]::run_test::{closure#1}, ()>
[INFO] [stdout]   17:     0x594701d790f2 - <std[70759c8f55707aa4]::thread::lifecycle::spawn_unchecked<test[9d35eded1c95d3be]::run_test::{closure#1}, ()>::{closure#1} as core[df12db4294e9bfd3]::ops::function::FnOnce<()>>::call_once::{shim:vtable#0}
[INFO] [stdout]   18:     0x594701df5ac9 - <std[70759c8f55707aa4]::sys::thread::unix::Thread>::new::thread_start
[INFO] [stdout]   19:     0x7a72b1424dfa - <unknown>
[INFO] [stdout]   20:     0x7a72b14b83d4 - clone
[INFO] [stdout]   21:                0x0 - <unknown>
[INFO] [stdout] 
[INFO] [stdout] ---- tests::block_children_stack_vertically_with_correct_offsets stdout ----
[INFO] [stdout] 
[INFO] [stdout] thread 'tests::block_children_stack_vertically_with_correct_offsets' (230) panicked at src/lib.rs:19:14:
[INFO] [stdout] failed to read font: Os { code: 2, kind: NotFound, message: "No such file or directory" }
[INFO] [stdout] stack backtrace:
[INFO] [stdout]    0:     0x594701df6511 - <<std[70759c8f55707aa4]::sys::backtrace::BacktraceLock>::print::DisplayBacktrace as core[df12db4294e9bfd3]::fmt::Display>::fmt
[INFO] [stdout]    1:     0x594701e0b8da - core[df12db4294e9bfd3]::fmt::write
[INFO] [stdout]    2:     0x594701dfa9ac - <alloc[2182bb758b4b3781]::vec::Vec<u8> as core[df12db4294e9bfd3]::io::write::Write>::write_fmt
[INFO] [stdout]    3:     0x594701dd27e6 - std[70759c8f55707aa4]::panicking::default_hook::{closure#0}
[INFO] [stdout]    4:     0x594701dee959 - std[70759c8f55707aa4]::panicking::default_hook
[INFO] [stdout]    5:     0x594701d75640 - test[9d35eded1c95d3be]::test_main_inner::<test[9d35eded1c95d3be]::test_main_static::{closure#0}>::{closure#0}
[INFO] [stdout]    6:     0x594701deeb12 - std[70759c8f55707aa4]::panicking::panic_with_hook
[INFO] [stdout]    7:     0x594701dd2892 - std[70759c8f55707aa4]::panicking::panic_handler::{closure#0}
[INFO] [stdout]    8:     0x594701dcb489 - std[70759c8f55707aa4]::sys::backtrace::__rust_end_short_backtrace::<std[70759c8f55707aa4]::panicking::panic_handler::{closure#0}, !>
[INFO] [stdout]    9:     0x594701dd348d - __rustc[8fa7c3cbc660c2b3]::rust_begin_unwind
[INFO] [stdout]   10:     0x594701e0c00c - core[df12db4294e9bfd3]::panicking::panic_fmt
[INFO] [stdout]   11:     0x594701e0bde2 - core[df12db4294e9bfd3]::result::unwrap_failed
[INFO] [stdout]   12:     0x594701d63908 - placard_layout[615b2bf014261a48]::tests::test_font
[INFO] [stdout]   13:     0x594701d647de - <placard_layout[615b2bf014261a48]::tests::block_children_stack_vertically_with_correct_offsets::{closure#0} as core[df12db4294e9bfd3]::ops::function::FnOnce<()>>::call_once
[INFO] [stdout]   14:     0x594701d6892b - test[9d35eded1c95d3be]::__rust_begin_short_backtrace::<core[df12db4294e9bfd3]::result::Result<(), alloc[2182bb758b4b3781]::string::String>, fn() -> core[df12db4294e9bfd3]::result::Result<(), alloc[2182bb758b4b3781]::string::String>>
[INFO] [stdout]   15:     0x594701d75f95 - test[9d35eded1c95d3be]::run_test::{closure#0}
[INFO] [stdout]   16:     0x594701d6f854 - std[70759c8f55707aa4]::sys::backtrace::__rust_begin_short_backtrace::<test[9d35eded1c95d3be]::run_test::{closure#1}, ()>
[INFO] [stdout]   17:     0x594701d790f2 - <std[70759c8f55707aa4]::thread::lifecycle::spawn_unchecked<test[9d35eded1c95d3be]::run_test::{closure#1}, ()>::{closure#1} as core[df12db4294e9bfd3]::ops::function::FnOnce<()>>::call_once::{shim:vtable#0}
[INFO] [stdout]   18:     0x594701df5ac9 - <std[70759c8f55707aa4]::sys::thread::unix::Thread>::new::thread_start
[INFO] [stdout]   19:     0x7a72b1424dfa - <unknown>
[INFO] [stdout]   20:     0x7a72b14b83d4 - clone
[INFO] [stdout]   21:                0x0 - <unknown>
[INFO] [stdout] 
[INFO] [stdout] ---- tests::inherited_line_height_does_not_inflate_inline_background_box stdout ----
[INFO] [stdout] 
[INFO] [stdout] thread 'tests::inherited_line_height_does_not_inflate_inline_background_box' (234) panicked at src/lib.rs:19:14:
[INFO] [stdout] failed to read font: Os { code: 2, kind: NotFound, message: "No such file or directory" }
[INFO] [stdout] stack backtrace:
[INFO] [stdout]    0:     0x594701df6511 - <<std[70759c8f55707aa4]::sys::backtrace::BacktraceLock>::print::DisplayBacktrace as core[df12db4294e9bfd3]::fmt::Display>::fmt
[INFO] [stdout]    1:     0x594701e0b8da - core[df12db4294e9bfd3]::fmt::write
[INFO] [stdout]    2:     0x594701dfa9ac - <alloc[2182bb758b4b3781]::vec::Vec<u8> as core[df12db4294e9bfd3]::io::write::Write>::write_fmt
[INFO] [stdout]    3:     0x594701dd27e6 - std[70759c8f55707aa4]::panicking::default_hook::{closure#0}
[INFO] [stdout]    4:     0x594701dee959 - std[70759c8f55707aa4]::panicking::default_hook
[INFO] [stdout]    5:     0x594701d75640 - test[9d35eded1c95d3be]::test_main_inner::<test[9d35eded1c95d3be]::test_main_static::{closure#0}>::{closure#0}
[INFO] [stdout]    6:     0x594701deeb12 - std[70759c8f55707aa4]::panicking::panic_with_hook
[INFO] [stdout]    7:     0x594701dd2892 - std[70759c8f55707aa4]::panicking::panic_handler::{closure#0}
[INFO] [stdout]    8:     0x594701dcb489 - std[70759c8f55707aa4]::sys::backtrace::__rust_end_short_backtrace::<std[70759c8f55707aa4]::panicking::panic_handler::{closure#0}, !>
[INFO] [stdout]    9:     0x594701dd348d - __rustc[8fa7c3cbc660c2b3]::rust_begin_unwind
[INFO] [stdout]   10:     0x594701e0c00c - core[df12db4294e9bfd3]::panicking::panic_fmt
[INFO] [stdout]   11:     0x594701e0bde2 - core[df12db4294e9bfd3]::result::unwrap_failed
[INFO] [stdout]   12:     0x594701d63908 - placard_layout[615b2bf014261a48]::tests::test_font
[INFO] [stdout]   13:     0x594701d6548e - <placard_layout[615b2bf014261a48]::tests::inherited_line_height_does_not_inflate_inline_background_box::{closure#0} as core[df12db4294e9bfd3]::ops::function::FnOnce<()>>::call_once
[INFO] [stdout]   14:     0x594701d6892b - test[9d35eded1c95d3be]::__rust_begin_short_backtrace::<core[df12db4294e9bfd3]::result::Result<(), alloc[2182bb758b4b3781]::string::String>, fn() -> core[df12db4294e9bfd3]::result::Result<(), alloc[2182bb758b4b3781]::string::String>>
[INFO] [stdout]   15:     0x594701d75f95 - test[9d35eded1c95d3be]::run_test::{closure#0}
[INFO] [stdout]   16:     0x594701d6f854 - std[70759c8f55707aa4]::sys::backtrace::__rust_begin_short_backtrace::<test[9d35eded1c95d3be]::run_test::{closure#1}, ()>
[INFO] [stdout]   17:     0x594701d790f2 - <std[70759c8f55707aa4]::thread::lifecycle::spawn_unchecked<test[9d35eded1c95d3be]::run_test::{closure#1}, ()>::{closure#1} as core[df12db4294e9bfd3]::ops::function::FnOnce<()>>::call_once::{shim:vtable#0}
[INFO] [stdout]   18:     0x594701df5ac9 - <std[70759c8f55707aa4]::sys::thread::unix::Thread>::new::thread_start
[INFO] [stdout]   19:     0x7a72b1424dfa - <unknown>
[INFO] [stdout]   20:     0x7a72b14b83d4 - clone
[INFO] [stdout]   21:                0x0 - <unknown>
[INFO] [stdout] 
[INFO] [stdout] ---- tests::whitespace_only_inline_element_still_produces_a_background_box stdout ----
[INFO] [stdout] 
[INFO] [stdout] thread 'tests::whitespace_only_inline_element_still_produces_a_background_box' (237) panicked at src/lib.rs:19:14:
[INFO] [stdout] failed to read font: Os { code: 2, kind: NotFound, message: "No such file or directory" }
[INFO] [stdout] stack backtrace:
[INFO] [stdout]    0:     0x594701df6511 - <<std[70759c8f55707aa4]::sys::backtrace::BacktraceLock>::print::DisplayBacktrace as core[df12db4294e9bfd3]::fmt::Display>::fmt
[INFO] [stdout]    1:     0x594701e0b8da - core[df12db4294e9bfd3]::fmt::write
[INFO] [stdout]    2:     0x594701dfa9ac - <alloc[2182bb758b4b3781]::vec::Vec<u8> as core[df12db4294e9bfd3]::io::write::Write>::write_fmt
[INFO] [stdout]    3:     0x594701dd27e6 - std[70759c8f55707aa4]::panicking::default_hook::{closure#0}
[INFO] [stdout]    4:     0x594701dee959 - std[70759c8f55707aa4]::panicking::default_hook
[INFO] [stdout]    5:     0x594701d75640 - test[9d35eded1c95d3be]::test_main_inner::<test[9d35eded1c95d3be]::test_main_static::{closure#0}>::{closure#0}
[INFO] [stdout]    6:     0x594701deeb12 - std[70759c8f55707aa4]::panicking::panic_with_hook
[INFO] [stdout]    7:     0x594701dd2892 - std[70759c8f55707aa4]::panicking::panic_handler::{closure#0}
[INFO] [stdout]    8:     0x594701dcb489 - std[70759c8f55707aa4]::sys::backtrace::__rust_end_short_backtrace::<std[70759c8f55707aa4]::panicking::panic_handler::{closure#0}, !>
[INFO] [stdout]    9:     0x594701dd348d - __rustc[8fa7c3cbc660c2b3]::rust_begin_unwind
[INFO] [stdout]   10:     0x594701e0c00c - core[df12db4294e9bfd3]::panicking::panic_fmt
[INFO] [stdout]   11:     0x594701e0bde2 - core[df12db4294e9bfd3]::result::unwrap_failed
[INFO] [stdout]   12:     0x594701d63908 - placard_layout[615b2bf014261a48]::tests::test_font
[INFO] [stdout]   13:     0x594701d658be - <placard_layout[615b2bf014261a48]::tests::whitespace_only_inline_element_still_produces_a_background_box::{closure#0} as core[df12db4294e9bfd3]::ops::function::FnOnce<()>>::call_once
[INFO] [stdout]   14:     0x594701d6892b - test[9d35eded1c95d3be]::__rust_begin_short_backtrace::<core[df12db4294e9bfd3]::result::Result<(), alloc[2182bb758b4b3781]::string::String>, fn() -> core[df12db4294e9bfd3]::result::Result<(), alloc[2182bb758b4b3781]::string::String>>
[INFO] [stdout]   15:     0x594701d75f95 - test[9d35eded1c95d3be]::run_test::{closure#0}
[INFO] [stdout]   16:     0x594701d6f854 - std[70759c8f55707aa4]::sys::backtrace::__rust_begin_short_backtrace::<test[9d35eded1c95d3be]::run_test::{closure#1}, ()>
[INFO] [stdout]   17:     0x594701d790f2 - <std[70759c8f55707aa4]::thread::lifecycle::spawn_unchecked<test[9d35eded1c95d3be]::run_test::{closure#1}, ()>::{closure#1} as core[df12db4294e9bfd3]::ops::function::FnOnce<()>>::call_once::{shim:vtable#0}
[INFO] [stdout]   18:     0x594701df5ac9 - <std[70759c8f55707aa4]::sys::thread::unix::Thread>::new::thread_start
[INFO] [stdout]   19:     0x7a72b1424dfa - <unknown>
[INFO] [stdout]   20:     0x7a72b14b83d4 - clone
[INFO] [stdout]   21:                0x0 - <unknown>
[INFO] [stdout] 
[INFO] [stdout] 
[INFO] [stdout] failures:
[INFO] [stdout]     tests::adjacent_inline_elements_with_no_source_whitespace_touch
[INFO] [stdout]     tests::block_children_stack_vertically_with_correct_offsets
[INFO] [stdout]     tests::display_none_element_produces_no_box_and_no_gap
[INFO] [stdout]     tests::explicit_width_overrides_auto_width
[INFO] [stdout]     tests::implicit_body_margin_is_eight_px
[INFO] [stdout]     tests::inherited_line_height_does_not_inflate_inline_background_box
[INFO] [stdout]     tests::margin_padding_border_produce_correct_border_box
[INFO] [stdout]     tests::whitespace_between_inline_siblings_is_not_double_spaced
[INFO] [stdout]     tests::whitespace_only_inline_element_still_produces_a_background_box
[INFO] [stdout] 
[INFO] [stdout] test result: FAILED. 0 passed; 9 failed; 0 ignored; 0 measured; 0 filtered out; finished in 0.01s
[INFO] [stdout] 
[INFO] running `Command { std: "docker" "inspect" "1f66308d51861d8b4ce7b727dbaf3fc9573c24fae103e8c040e66c348f8e2dc3", kill_on_drop: false }`
[INFO] running `Command { std: "docker" "rm" "-f" "1f66308d51861d8b4ce7b727dbaf3fc9573c24fae103e8c040e66c348f8e2dc3", kill_on_drop: false }`
[INFO] [stdout] 1f66308d51861d8b4ce7b727dbaf3fc9573c24fae103e8c040e66c348f8e2dc3
