[INFO] fetching crate pkttap 0.4.0...
[INFO] testing pkttap-0.4.0 against 1.99.0-beta.8+cargoflags=--release for beta-release-1.100-2
[INFO] extracting crate pkttap 0.4.0 into /workspace/builds/worker-1-tc1/source
[INFO] started tweaking crates.io crate pkttap 0.4.0
[INFO] removed 0 missing examples
[INFO] removed 0 missing tests
[INFO] finished tweaking crates.io crate pkttap 0.4.0
[INFO] tweaked toml for crates.io crate pkttap 0.4.0 written to /workspace/builds/worker-1-tc1/source/Cargo.toml
[INFO] validating manifest of crates.io crate pkttap 0.4.0 on toolchain 1.99.0-beta.8
[INFO] running `Command { std: CARGO_HOME="/workspace/cargo-home" RUSTUP_HOME="/workspace/rustup-home" "/workspace/cargo-home/bin/cargo" "+1.99.0-beta.8" "metadata" "--manifest-path" "Cargo.toml" "--no-deps", kill_on_drop: false }`
[INFO] crate crates.io crate pkttap 0.4.0 already has a lockfile, it will not be regenerated
[INFO] running `Command { std: CARGO_HOME="/workspace/cargo-home" RUSTUP_HOME="/workspace/rustup-home" "/workspace/cargo-home/bin/cargo" "+1.99.0-beta.8" "fetch" "--manifest-path" "Cargo.toml", kill_on_drop: false }`
[INFO] [stderr]     Updating crates.io index
[INFO] [stderr]  Downloading crates ...
[INFO] [stderr]   Downloaded pcap-file v2.0.0
[INFO] [stderr]   Downloaded byteorder_slice v3.0.0
[INFO] [stderr]   Downloaded derive-into-owned v0.2.0
[INFO] [stderr]   Downloaded pktbaffle v0.2.0
[INFO] running `Command { std: "docker" "create" "-v" "/var/lib/crater-agent-workspace/builds/worker-1-tc1/source:/opt/rustwide/workdir:ro,Z" "-v" "/var/lib/crater-agent-workspace/builds/worker-1-tc1/target:/opt/rustwide/target:rw,Z" "-v" "/var/lib/crater-agent-workspace/cargo-home:/opt/rustwide/cargo-home:ro,Z" "-v" "/var/lib/crater-agent-workspace/rustup-home:/opt/rustwide/rustup-home:ro,Z" "-m" "1610612736" "--network" "none" "ghcr.io/rust-lang/crates-build-env/linux@sha256:77db811e55d90add9212f6832c23229e3de5f1c1f9905e8cb07319ea15df73ac" "sleep" "infinity", kill_on_drop: false }`
[INFO] [stdout] c41b6a8d76cf6520430d0c0aedf2f449db5ad72d1124dcedebd1ef2fe04ec27c
[INFO] running `Command { std: "docker" "start" "c41b6a8d76cf6520430d0c0aedf2f449db5ad72d1124dcedebd1ef2fe04ec27c", kill_on_drop: false }`
[INFO] running `Command { std: "docker" "inspect" "c41b6a8d76cf6520430d0c0aedf2f449db5ad72d1124dcedebd1ef2fe04ec27c", kill_on_drop: false }`
[INFO] running `Command { std: "docker" "exec" "-e" "SOURCE_DIR=/opt/rustwide/workdir" "-e" "CARGO_HOME=/opt/rustwide/cargo-home" "-e" "RUSTUP_HOME=/opt/rustwide/rustup-home" "-e" "CARGO_TARGET_DIR=/opt/rustwide/target" "-w" "/opt/rustwide/workdir" "--user" "0:0" "c41b6a8d76cf6520430d0c0aedf2f449db5ad72d1124dcedebd1ef2fe04ec27c" "/opt/rustwide/cargo-home/bin/cargo" "+1.99.0-beta.8" "metadata" "--no-deps" "--format-version=1", kill_on_drop: false }`
[INFO] running `Command { std: "docker" "inspect" "c41b6a8d76cf6520430d0c0aedf2f449db5ad72d1124dcedebd1ef2fe04ec27c", kill_on_drop: false }`
[INFO] running `Command { std: "docker" "exec" "-e" "SOURCE_DIR=/opt/rustwide/workdir" "-e" "CARGO_HOME=/opt/rustwide/cargo-home" "-e" "RUSTUP_HOME=/opt/rustwide/rustup-home" "-e" "CARGO_TARGET_DIR=/opt/rustwide/target" "-e" "CARGO_INCREMENTAL=0" "-e" "RUST_BACKTRACE=full" "-e" "RUSTFLAGS=--cap-lints=warn" "-e" "RUSTDOCFLAGS=--cap-lints=warn" "-w" "/opt/rustwide/workdir" "--user" "0:0" "c41b6a8d76cf6520430d0c0aedf2f449db5ad72d1124dcedebd1ef2fe04ec27c" "/opt/rustwide/cargo-home/bin/cargo" "+1.99.0-beta.8" "build" "--frozen" "--message-format=json" "--release", kill_on_drop: false }`
[INFO] [stderr]    Compiling pktbaffle v0.2.0
[INFO] [stderr]    Compiling byteorder_slice v3.0.0
[INFO] [stderr]    Compiling syn v2.0.117
[INFO] [stderr]    Compiling syn v1.0.109
[INFO] [stderr]    Compiling derive-into-owned v0.2.0
[INFO] [stderr]    Compiling thiserror-impl v1.0.69
[INFO] [stderr]    Compiling thiserror v1.0.69
[INFO] [stderr]    Compiling pcap-file v2.0.0
[INFO] [stderr]    Compiling pkttap v0.4.0 (/opt/rustwide/workdir)
[INFO] [stderr]     Finished `release` profile [optimized] target(s) in 8.59s
[INFO] running `Command { std: "docker" "inspect" "c41b6a8d76cf6520430d0c0aedf2f449db5ad72d1124dcedebd1ef2fe04ec27c", kill_on_drop: false }`
[INFO] running `Command { std: "docker" "exec" "-e" "SOURCE_DIR=/opt/rustwide/workdir" "-e" "CARGO_HOME=/opt/rustwide/cargo-home" "-e" "RUSTUP_HOME=/opt/rustwide/rustup-home" "-e" "CARGO_TARGET_DIR=/opt/rustwide/target" "-e" "CARGO_INCREMENTAL=0" "-e" "RUST_BACKTRACE=full" "-e" "RUSTFLAGS=--cap-lints=warn" "-e" "RUSTDOCFLAGS=--cap-lints=warn" "-w" "/opt/rustwide/workdir" "--user" "0:0" "c41b6a8d76cf6520430d0c0aedf2f449db5ad72d1124dcedebd1ef2fe04ec27c" "/opt/rustwide/cargo-home/bin/cargo" "+1.99.0-beta.8" "test" "--frozen" "--no-run" "--message-format=json" "--release", kill_on_drop: false }`
[INFO] [stderr]    Compiling syn v2.0.117
[INFO] [stderr]    Compiling zerocopy v0.8.55
[INFO] [stderr]    Compiling either v1.17.0
[INFO] [stderr]    Compiling regex-automata v0.4.16
[INFO] [stderr]    Compiling serde_json v1.0.150
[INFO] [stderr]    Compiling clap_builder v4.6.2
[INFO] [stderr]    Compiling bitflags v2.11.1
[INFO] [stderr]    Compiling getrandom v0.4.2
[INFO] [stderr]    Compiling is-terminal v0.4.17
[INFO] [stderr]    Compiling rustix v1.1.4
[INFO] [stderr]    Compiling itertools v0.10.5
[INFO] [stderr]    Compiling rayon v1.12.0
[INFO] [stderr]    Compiling tempfile v3.27.0
[INFO] [stderr]    Compiling criterion-plot v0.5.0
[INFO] [stderr]    Compiling clap v4.6.4
[INFO] [stderr]    Compiling regex v1.13.1
[INFO] [stderr]    Compiling zerocopy-derive v0.8.55
[INFO] [stderr]    Compiling serde_derive v1.0.228
[INFO] [stderr]    Compiling thiserror-impl v1.0.69
[INFO] [stderr]    Compiling thiserror v1.0.69
[INFO] [stderr]    Compiling pcap-file v2.0.0
[INFO] [stderr]    Compiling pkttap v0.4.0 (/opt/rustwide/workdir)
[INFO] [stderr]    Compiling serde v1.0.228
[INFO] [stderr]    Compiling tinytemplate v1.2.1
[INFO] [stderr]    Compiling half v2.7.1
[INFO] [stderr]    Compiling ciborium-ll v0.2.2
[INFO] [stderr]    Compiling ciborium v0.2.2
[INFO] [stderr]    Compiling criterion v0.5.1
[INFO] [stderr]     Finished `release` profile [optimized] target(s) in 43.47s
[INFO] running `Command { std: "docker" "inspect" "c41b6a8d76cf6520430d0c0aedf2f449db5ad72d1124dcedebd1ef2fe04ec27c", kill_on_drop: false }`
[INFO] running `Command { std: "docker" "exec" "-e" "SOURCE_DIR=/opt/rustwide/workdir" "-e" "CARGO_HOME=/opt/rustwide/cargo-home" "-e" "RUSTUP_HOME=/opt/rustwide/rustup-home" "-e" "CARGO_TARGET_DIR=/opt/rustwide/target" "-e" "CARGO_INCREMENTAL=0" "-e" "RUST_BACKTRACE=full" "-e" "RUSTFLAGS=--cap-lints=warn" "-e" "RUSTDOCFLAGS=--cap-lints=warn" "-w" "/opt/rustwide/workdir" "--user" "0:0" "c41b6a8d76cf6520430d0c0aedf2f449db5ad72d1124dcedebd1ef2fe04ec27c" "/opt/rustwide/cargo-home/bin/cargo" "+1.99.0-beta.8" "test" "--frozen" "--release", kill_on_drop: false }`
[INFO] [stderr]     Finished `release` profile [optimized] target(s) in 0.11s
[INFO] [stderr]      Running unittests src/lib.rs (/opt/rustwide/target/release/deps/pkttap-b0a3109d04457159)
[INFO] [stdout] 
[INFO] [stdout] running 36 tests
[INFO] [stdout] test live::linux::tests::timestamp_mode_default_is_software ... ok
[INFO] [stdout] test live::linux_ring::tests::block_desc_layout_matches_kernel ... ok
[INFO] [stdout] test live::linux_ring::tests::block_size_grows_to_fit_one_frame ... ok
[INFO] [stdout] test live::linux_ring::tests::block_size_rounds_up_to_a_page_multiple ... ok
[INFO] [stdout] test live::linux::tests::libc_packet_mreq_fields_accessible ... ok
[INFO] [stdout] test live::linux::tests::libc_fcntl_constants_present ... ok
[INFO] [stdout] test live::linux_ring::tests::frame_header_past_the_block_is_rejected ... ok
[INFO] [stdout] test live::linux_ring::tests::empty_ring_returns_none_when_nonblocking ... ok
[INFO] [stdout] test live::linux::tests::extract_timestamp_empty_falls_back_to_now ... ok
[INFO] [stdout] test live::linux::tests::libc_ifreq_zeroed ... ok
[INFO] [stdout] test live::linux::tests::cmsg_buf_meets_cmsghdr_alignment ... ok
[INFO] [stdout] test live::linux::tests::libc_ifnamsiz_is_sensible ... ok
[INFO] [stdout] test live::linux_ring::tests::oversized_ring_is_rejected_not_wrapped ... ok
[INFO] [stdout] test live::linux_ring::tests::frame_header_layout_matches_kernel ... ok
[INFO] [stdout] test live::linux_ring::tests::parses_a_single_frame ... ok
[INFO] [stdout] test live::linux_ring::tests::default_geometry_satisfies_kernel_constraints ... ok
[INFO] [stdout] test live::linux::tests::timespec_to_pair_converts_correctly ... ok
[INFO] [stdout] test live::linux_ring::tests::nonblocking_flag_round_trips ... ok
[INFO] [stdout] test live::linux_ring::tests::malformed_block_is_released_rather_than_looping ... ok
[INFO] [stdout] test live::linux::tests::so_timestamping_flags_have_expected_values ... ok
[INFO] [stdout] test live::linux_ring::tests::tpacket_req3_is_seven_u32s ... ok
[INFO] [stdout] test live::linux_ring::tests::undersized_block_has_no_descriptor ... ok
[INFO] [stdout] test live::linux_ring::tests::reads_every_frame_in_a_block_then_releases_it ... ok
[INFO] [stdout] test live::linux_ring::tests::retire_timeout_rounds_up_to_one_millisecond ... ok
[INFO] [stdout] test live::linux_ring::tests::retired_empty_block_is_skipped_not_stalled_on ... ok
[INFO] [stdout] test live::linux_ring::tests::zero_block_size_is_rejected ... ok
[INFO] [stdout] test live::linux_ring::tests::walks_the_frame_chain ... ok
[INFO] [stdout] test live::linux_ring::tests::zero_block_count_is_rejected ... ok
[INFO] [stdout] test live::linux_ring::tests::snaplen_clamps_the_captured_range ... ok
[INFO] [stdout] test live::linux_ring::tests::stops_at_the_end_of_the_chain_even_if_num_pkts_overcounts ... ok
[INFO] [stdout] test ring::tests::builder_methods_override_defaults ... ok
[INFO] [stdout] test ring::tests::new_and_default_agree ... ok
[INFO] [stdout] test live::linux_ring::tests::small_snaplen_still_gets_a_usable_frame_size ... ok
[INFO] [stdout] test ring::tests::default_geometry_is_a_4mib_ring ... ok
[INFO] [stdout] test live::linux_ring::tests::walks_blocks_in_order_and_wraps ... ok
[INFO] [stderr]      Running tests/capture_stats.rs (/opt/rustwide/target/release/deps/capture_stats-93d2230b76b5a357)
[INFO] [stdout] test live::linux_ring::tests::payload_past_the_block_is_rejected ... ok
[INFO] [stdout] 
[INFO] [stdout] test result: ok. 36 passed; 0 failed; 0 ignored; 0 measured; 0 filtered out; finished in 0.08s
[INFO] [stdout] 
[INFO] [stdout] 
[INFO] [stdout] running 8 tests
[INFO] [stdout] test capture_stats_is_clone ... ok
[INFO] [stdout] test capture_stats_debug_contains_fields ... ok
[INFO] [stdout] test file_capture_stats_returns_zeros ... ok
[INFO] [stdout] test capture_stats_equality ... ok
[INFO] [stdout] test file_capture_stats_stable_across_reads ... ok
[INFO] [stdout] test capture_stats_is_copy ... ok
[INFO] [stdout] test capture_stats_default_is_zero ... ok
[INFO] [stdout] test file_capture_stats_callable_multiple_times ... ok
[INFO] [stdout] 
[INFO] [stdout] test result: ok. 8 passed; 0 failed; 0 ignored; 0 measured; 0 filtered out; finished in 0.00s
[INFO] [stdout] 
[INFO] [stderr]      Running tests/dump.rs (/opt/rustwide/target/release/deps/dump-983cade31fa8d097)
[INFO] [stdout] 
[INFO] [stdout] running 14 tests
[INFO] [stdout] test dump_open_errors_on_unknown_extension ... ok
[INFO] [stdout] test dump_open_errors_without_link_type ... ok
[INFO] [stdout] test dump_pcap_multiple_packets_in_order ... ok
[INFO] [stdout] test dump_pcapng_link_type_written_to_idb ... ok
[INFO] [stdout] test dump_pcapng_single_packet_roundtrip ... ok
[INFO] [stdout] test dump_pcapng_multiple_packets_in_order ... ok
[INFO] [stdout] test dump_pcap_single_packet_roundtrip ... ok
[INFO] [stdout] test convenience_dump_packets_roundtrip ... ok
[INFO] [stdout] test dump_flush_succeeds ... ok
[INFO] [stdout] test dump_pcap_orig_len_preserved ... ok
[INFO] [stdout] test dump_pcap_link_type_written_to_header ... ok
[INFO] [stdout] test dump_overwrites_existing_file ... ok
[INFO] [stdout] test dump_writes_packetref_directly_from_capture ... ok
[INFO] [stdout] test dump_pcapng_write_many_packets_vec_new_hot_path ... ok
[INFO] [stdout] 
[INFO] [stdout] test result: ok. 14 passed; 0 failed; 0 ignored; 0 measured; 0 filtered out; finished in 0.09s
[INFO] [stdout] 
[INFO] [stderr]      Running tests/dump_no_alloc.rs (/opt/rustwide/target/release/deps/dump_no_alloc-ae348ed55bbc094e)
[INFO] [stdout] 
[INFO] [stdout] running 1 test
[INFO] [stdout] test pcapng_dump_does_not_allocate_per_packet ... ok
[INFO] [stdout] 
[INFO] [stdout] test result: ok. 1 passed; 0 failed; 0 ignored; 0 measured; 0 filtered out; finished in 0.06s
[INFO] [stdout] 
[INFO] [stderr]      Running tests/fanout.rs (/opt/rustwide/target/release/deps/fanout-ad7ce90b35993901)
[INFO] [stdout] 
[INFO] [stdout] running 3 tests
[INFO] [stdout] test missing_interface_returns_error_not_panic ... ok
[INFO] [stdout] test filter_and_builder_methods_chain ... ok
[INFO] [stdout] test into_captures_zero_is_rejected ... ok
[INFO] [stdout] 
[INFO] [stdout] test result: ok. 3 passed; 0 failed; 0 ignored; 0 measured; 0 filtered out; finished in 0.00s
[INFO] [stdout] 
[INFO] [stderr]      Running tests/file_capture.rs (/opt/rustwide/target/release/deps/file_capture-88c26ff3be2a645c)
[INFO] [stdout] 
[INFO] [stdout] running 17 tests
[INFO] [stdout] test filter_option_none_captures_all_packets ... ok
[INFO] [stdout] test pcap_eof_returns_none ... ok
[INFO] [stdout] test filter_expression_accepts_matching_packet ... ok
[INFO] [stdout] test pcapng_eof_returns_none ... ok
[INFO] [stdout] test pcap_timestamp_increases_with_packets ... ok
[INFO] [stdout] test pcap_reports_raw_link_type ... ok
[INFO] [stdout] test filter_none_captures_all_packets ... ok
[INFO] [stdout] test pcap_reports_ethernet_link_type ... ok
[INFO] [stdout] test filter_skips_non_matching_and_returns_next_match ... ok
[INFO] [stdout] test precompiled_filter_program_works ... ok
[INFO] [stdout] test pcapng_single_packet_roundtrip ... ok
[INFO] [stdout] test pcap_single_packet_roundtrip ... ok
[INFO] [stdout] test pcap_orig_len_preserved ... ok
[INFO] [stdout] test pcapng_per_packet_link_type_from_idb ... ok
[INFO] [stdout] test filter_option_some_filters_matching ... ok
[INFO] [stdout] test pcap_multiple_packets_all_returned ... ok
[INFO] [stdout] test filter_expression_rejects_non_matching_packet ... ok
[INFO] [stdout] 
[INFO] [stdout] test result: ok. 17 passed; 0 failed; 0 ignored; 0 measured; 0 filtered out; finished in 0.05s
[INFO] [stdout] 
[INFO] [stderr]      Running tests/inject.rs (/opt/rustwide/target/release/deps/inject-7f73f8ffbd420407)
[INFO] [stdout] 
[INFO] [stdout] running 8 tests
[INFO] [stdout] test injector_is_send_and_sync ... ok
[INFO] [stdout] test empty_interface_name_returns_error_not_panic ... ok
[INFO] [stdout] test missing_interface_returns_error_not_panic ... ok
[INFO] [stdout] test live::shared_injector_sends_from_several_threads ... FAILED
[INFO] [stdout] test live::loopback_reports_ethernet_link_type ... ok
[INFO] [stdout] test live::injected_frame_is_captured_unmodified ... FAILED
[INFO] [stdout] test live::empty_frame_is_rejected ... ok
[INFO] [stdout] test live::malformed_frames_are_rejected_by_the_kernel ... ok
[INFO] [stdout] 
[INFO] [stdout] failures:
[INFO] [stdout] 
[INFO] [stdout] ---- live::shared_injector_sends_from_several_threads stdout ----
[INFO] [stdout] 
[INFO] [stdout] thread '<unnamed>' (1358) panicked at tests/inject.rs:222:46:
[INFO] [stdout] send from worker thread: Io(Os { code: 6, kind: Uncategorized, message: "No such device or address" })
[INFO] [stdout] stack backtrace:
[INFO] [stdout]    0:     0x64581f499d61 - <<std[70759c8f55707aa4]::sys::backtrace::BacktraceLock>::print::DisplayBacktrace as core[df12db4294e9bfd3]::fmt::Display>::fmt
[INFO] [stdout]    1:     0x64581f4ae60a - core[df12db4294e9bfd3]::fmt::write
[INFO] [stdout]    2:     0x64581f49e24c - <alloc[2182bb758b4b3781]::vec::Vec<u8> as core[df12db4294e9bfd3]::io::write::Write>::write_fmt
[INFO] [stdout]    3:     0x64581f475e86 - std[70759c8f55707aa4]::panicking::default_hook::{closure#0}
[INFO] [stdout]    4:     0x64581f491ff9 - std[70759c8f55707aa4]::panicking::default_hook
[INFO] [stdout]    5:     0x64581f3fe500 - test[9d35eded1c95d3be]::test_main_inner::<test[9d35eded1c95d3be]::test_main_static::{closure#0}>::{closure#0}
[INFO] [stdout]    6:     0x64581f4921b2 - std[70759c8f55707aa4]::panicking::panic_with_hook
[INFO] [stdout]    7:     0x64581f475f32 - std[70759c8f55707aa4]::panicking::panic_handler::{closure#0}
[INFO] [stdout]    8:     0x64581f46eb29 - std[70759c8f55707aa4]::sys::backtrace::__rust_end_short_backtrace::<std[70759c8f55707aa4]::panicking::panic_handler::{closure#0}, !>
[INFO] [stdout]    9:     0x64581f476b2d - __rustc[8fa7c3cbc660c2b3]::rust_begin_unwind
[INFO] [stdout]   10:     0x64581f4aed3c - core[df12db4294e9bfd3]::panicking::panic_fmt
[INFO] [stdout]   11:     0x64581f4aeb12 - core[df12db4294e9bfd3]::result::unwrap_failed
[INFO] [stdout]   12:     0x64581f3f0ac0 - std[70759c8f55707aa4]::sys::backtrace::__rust_begin_short_backtrace::<inject[b9cf0d0052f4d20d]::live::shared_injector_sends_from_several_threads::{closure#0}::{closure#0}::{closure#0}, ()>
[INFO] [stdout]   13:     0x64581f3f1119 - <std[70759c8f55707aa4]::thread::lifecycle::spawn_unchecked<inject[b9cf0d0052f4d20d]::live::shared_injector_sends_from_several_threads::{closure#0}::{closure#0}::{closure#0}, ()>::{closure#1} as core[df12db4294e9bfd3]::ops::function::FnOnce<()>>::call_once::{shim:vtable#0}
[INFO] [stdout]   14:     0x64581f4992c9 - <std[70759c8f55707aa4]::sys::thread::unix::Thread>::new::thread_start
[INFO] [stdout]   15:     0x7890ff8f9dfa - <unknown>
[INFO] [stdout]   16:     0x7890ff98d3d4 - clone
[INFO] [stdout]   17:                0x0 - <unknown>
[INFO] [stdout] 
[INFO] [stdout] thread '<unnamed>' (1359) panicked at tests/inject.rs:222:46:
[INFO] [stdout] send from worker thread: Io(Os { code: 6, kind: Uncategorized, message: "No such device or address" })
[INFO] [stdout] stack backtrace:
[INFO] [stdout]    0:     0x64581f499d61 - <<std[70759c8f55707aa4]::sys::backtrace::BacktraceLock>::print::DisplayBacktrace as core[df12db4294e9bfd3]::fmt::Display>::fmt
[INFO] [stdout]    1:     0x64581f4ae60a - core[df12db4294e9bfd3]::fmt::write
[INFO] [stdout]    2:     0x64581f49e24c - <alloc[2182bb758b4b3781]::vec::Vec<u8> as core[df12db4294e9bfd3]::io::write::Write>::write_fmt
[INFO] [stdout]    3:     0x64581f475e86 - std[70759c8f55707aa4]::panicking::default_hook::{closure#0}
[INFO] [stdout]    4:     0x64581f491ff9 - std[70759c8f55707aa4]::panicking::default_hook
[INFO] [stdout]    5:     0x64581f3fe500 - test[9d35eded1c95d3be]::test_main_inner::<test[9d35eded1c95d3be]::test_main_static::{closure#0}>::{closure#0}
[INFO] [stdout]    6:     0x64581f4921b2 - std[70759c8f55707aa4]::panicking::panic_with_hook
[INFO] [stdout]    7:     0x64581f475f32 - std[70759c8f55707aa4]::panicking::panic_handler::{closure#0}
[INFO] [stdout]    8:     0x64581f46eb29 - std[70759c8f55707aa4]::sys::backtrace::__rust_end_short_backtrace::<std[70759c8f55707aa4]::panicking::panic_handler::{closure#0}, !>
[INFO] [stdout]    9:     0x64581f476b2d - __rustc[8fa7c3cbc660c2b3]::rust_begin_unwind
[INFO] [stdout]   10:     0x64581f4aed3c - core[df12db4294e9bfd3]::panicking::panic_fmt
[INFO] [stdout]   11:     0x64581f4aeb12 - core[df12db4294e9bfd3]::result::unwrap_failed
[INFO] [stdout]   12:     0x64581f3f0ac0 - std[70759c8f55707aa4]::sys::backtrace::__rust_begin_short_backtrace::<inject[b9cf0d0052f4d20d]::live::shared_injector_sends_from_several_threads::{closure#0}::{closure#0}::{closure#0}, ()>
[INFO] [stdout]   13:     0x64581f3f1119 - <std[70759c8f55707aa4]::thread::lifecycle::spawn_unchecked<inject[b9cf0d0052f4d20d]::live::shared_injector_sends_from_several_threads::{closure#0}::{closure#0}::{closure#0}, ()>::{closure#1} as core[df12db4294e9bfd3]::ops::function::FnOnce<()>>::call_once::{shim:vtable#0}
[INFO] [stdout]   14:     0x64581f4992c9 - <std[70759c8f55707aa4]::sys::thread::unix::Thread>::new::thread_start
[INFO] [stdout]   15:     0x7890ff8f9dfa - <unknown>
[INFO] [stdout]   16:     0x7890ff98d3d4 - clone
[INFO] [stdout]   17:                0x0 - <unknown>
[INFO] [stdout] 
[INFO] [stdout] thread '<unnamed>' (1356) panicked at tests/inject.rs:222:46:
[INFO] [stdout] send from worker thread: Io(Os { code: 6, kind: Uncategorized, message: "No such device or address" })
[INFO] [stdout] stack backtrace:
[INFO] [stdout]    0:     0x64581f499d61 - <<std[70759c8f55707aa4]::sys::backtrace::BacktraceLock>::print::DisplayBacktrace as core[df12db4294e9bfd3]::fmt::Display>::fmt
[INFO] [stdout]    1:     0x64581f4ae60a - core[df12db4294e9bfd3]::fmt::write
[INFO] [stdout]    2:     0x64581f49e24c - <alloc[2182bb758b4b3781]::vec::Vec<u8> as core[df12db4294e9bfd3]::io::write::Write>::write_fmt
[INFO] [stdout]    3:     0x64581f475e86 - std[70759c8f55707aa4]::panicking::default_hook::{closure#0}
[INFO] [stdout]    4:     0x64581f491ff9 - std[70759c8f55707aa4]::panicking::default_hook
[INFO] [stdout]    5:     0x64581f3fe500 - test[9d35eded1c95d3be]::test_main_inner::<test[9d35eded1c95d3be]::test_main_static::{closure#0}>::{closure#0}
[INFO] [stdout]    6:     0x64581f4921b2 - std[70759c8f55707aa4]::panicking::panic_with_hook
[INFO] [stdout]    7:     0x64581f475f32 - std[70759c8f55707aa4]::panicking::panic_handler::{closure#0}
[INFO] [stdout]    8:     0x64581f46eb29 - std[70759c8f55707aa4]::sys::backtrace::__rust_end_short_backtrace::<std[70759c8f55707aa4]::panicking::panic_handler::{closure#0}, !>
[INFO] [stdout]    9:     0x64581f476b2d - __rustc[8fa7c3cbc660c2b3]::rust_begin_unwind
[INFO] [stdout]   10:     0x64581f4aed3c - core[df12db4294e9bfd3]::panicking::panic_fmt
[INFO] [stdout]   11:     0x64581f4aeb12 - core[df12db4294e9bfd3]::result::unwrap_failed
[INFO] [stdout]   12:     0x64581f3f0ac0 - std[70759c8f55707aa4]::sys::backtrace::__rust_begin_short_backtrace::<inject[b9cf0d0052f4d20d]::live::shared_injector_sends_from_several_threads::{closure#0}::{closure#0}::{closure#0}, ()>
[INFO] [stdout]   13:     0x64581f3f1119 - <std[70759c8f55707aa4]::thread::lifecycle::spawn_unchecked<inject[b9cf0d0052f4d20d]::live::shared_injector_sends_from_several_threads::{closure#0}::{closure#0}::{closure#0}, ()>::{closure#1} as core[df12db4294e9bfd3]::ops::function::FnOnce<()>>::call_once::{shim:vtable#0}
[INFO] [stdout]   14:     0x64581f4992c9 - <std[70759c8f55707aa4]::sys::thread::unix::Thread>::new::thread_start
[INFO] [stdout]   15:     0x7890ff8f9dfa - <unknown>
[INFO] [stdout]   16:     0x7890ff98d3d4 - clone
[INFO] [stdout]   17:                0x0 - <unknown>
[INFO] [stdout] 
[INFO] [stdout] thread 'live::shared_injector_sends_from_several_threads' (1354) panicked at tests/inject.rs:228:26:
[INFO] [stdout] sender thread panicked: Any { .. }
[INFO] [stdout] stack backtrace:
[INFO] [stdout]    0:     0x64581f499d61 - <<std[70759c8f55707aa4]::sys::backtrace::BacktraceLock>::print::DisplayBacktrace as core[df12db4294e9bfd3]::fmt::Display>::fmt
[INFO] [stdout]    1:     0x64581f4ae60a - core[df12db4294e9bfd3]::fmt::write
[INFO] [stdout]    2:     0x64581f49e24c - <alloc[2182bb758b4b3781]::vec::Vec<u8> as core[df12db4294e9bfd3]::io::write::Write>::write_fmt
[INFO] [stdout]    3:     0x64581f475e86 - std[70759c8f55707aa4]::panicking::default_hook::{closure#0}
[INFO] [stdout]    4:     0x64581f491ff9 - std[70759c8f55707aa4]::panicking::default_hook
[INFO] [stdout]    5:     0x64581f3fe500 - test[9d35eded1c95d3be]::test_main_inner::<test[9d35eded1c95d3be]::test_main_static::{closure#0}>::{closure#0}
[INFO] [stdout]    6:     0x64581f4921b2 - std[70759c8f55707aa4]::panicking::panic_with_hook
[INFO] [stdout]    7:     0x64581f475f32 - std[70759c8f55707aa4]::panicking::panic_handler::{closure#0}
[INFO] [stdout]    8:     0x64581f46eb29 - std[70759c8f55707aa4]::sys::backtrace::__rust_end_short_backtrace::<std[70759c8f55707aa4]::panicking::panic_handler::{closure#0}, !>
[INFO] [stdout]    9:     0x64581f476b2d - __rustc[8fa7c3cbc660c2b3]::rust_begin_unwind
[INFO] [stdout]   10:     0x64581f4aed3c - core[df12db4294e9bfd3]::panicking::panic_fmt
[INFO] [stdout]   11:     0x64581f4aeb12 - core[df12db4294e9bfd3]::result::unwrap_failed
[INFO] [stdout]   12:     0x64581f3ef9ce - <inject[b9cf0d0052f4d20d]::live::shared_injector_sends_from_several_threads::{closure#0} as core[df12db4294e9bfd3]::ops::function::FnOnce<()>>::call_once
[INFO] [stdout]   13:     0x64581f3f17eb - test[9d35eded1c95d3be]::__rust_begin_short_backtrace::<core[df12db4294e9bfd3]::result::Result<(), alloc[2182bb758b4b3781]::string::String>, fn() -> core[df12db4294e9bfd3]::result::Result<(), alloc[2182bb758b4b3781]::string::String>>
[INFO] [stdout]   14:     0x64581f3fee55 - test[9d35eded1c95d3be]::run_test::{closure#0}
[INFO] [stdout]   15:     0x64581f3f8714 - std[70759c8f55707aa4]::sys::backtrace::__rust_begin_short_backtrace::<test[9d35eded1c95d3be]::run_test::{closure#1}, ()>
[INFO] [stdout]   16:     0x64581f401fb2 - <std[70759c8f55707aa4]::thread::lifecycle::spawn_unchecked<test[9d35eded1c95d3be]::run_test::{closure#1}, ()>::{closure#1} as core[df12db4294e9bfd3]::ops::function::FnOnce<()>>::call_once::{shim:vtable#0}
[INFO] [stdout]   17:     0x64581f4992c9 - <std[70759c8f55707aa4]::sys::thread::unix::Thread>::new::thread_start
[INFO] [stdout]   18:     0x7890ff8f9dfa - <unknown>
[INFO] [stdout]   19:     0x7890ff98d3d4 - clone
[INFO] [stdout]   20:                0x0 - <unknown>
[INFO] [stdout] 
[INFO] [stdout] thread '<unnamed>' (1357) panicked at tests/inject.rs:222:46:
[INFO] [stdout] send from worker thread: Io(Os { code: 6, kind: Uncategorized, message: "No such device or address" })
[INFO] [stdout] stack backtrace:
[INFO] [stdout]    0:     0x64581f499d61 - <<std[70759c8f55707aa4]::sys::backtrace::BacktraceLock>::print::DisplayBacktrace as core[df12db4294e9bfd3]::fmt::Display>::fmt
[INFO] [stdout]    1:     0x64581f4ae60a - core[df12db4294e9bfd3]::fmt::write
[INFO] [stdout]    2:     0x64581f49e24c - <alloc[2182bb758b4b3781]::vec::Vec<u8> as core[df12db4294e9bfd3]::io::write::Write>::write_fmt
[INFO] [stdout]    3:     0x64581f475e86 - std[70759c8f55707aa4]::panicking::default_hook::{closure#0}
[INFO] [stdout]    4:     0x64581f491ff9 - std[70759c8f55707aa4]::panicking::default_hook
[INFO] [stdout]    5:     0x64581f3fe500 - test[9d35eded1c95d3be]::test_main_inner::<test[9d35eded1c95d3be]::test_main_static::{closure#0}>::{closure#0}
[INFO] [stdout]    6:     0x64581f4921b2 - std[70759c8f55707aa4]::panicking::panic_with_hook
[INFO] [stdout]    7:     0x64581f475f32 - std[70759c8f55707aa4]::panicking::panic_handler::{closure#0}
[INFO] [stdout]    8:     0x64581f46eb29 - std[70759c8f55707aa4]::sys::backtrace::__rust_end_short_backtrace::<std[70759c8f55707aa4]::panicking::panic_handler::{closure#0}, !>
[INFO] [stdout]    9:     0x64581f476b2d - __rustc[8fa7c3cbc660c2b3]::rust_begin_unwind
[INFO] [stdout]   10:     0x64581f4aed3c - core[df12db4294e9bfd3]::panicking::panic_fmt
[INFO] [stdout]   11:     0x64581f4aeb12 - core[df12db4294e9bfd3]::result::unwrap_failed
[INFO] [stdout]   12:     0x64581f3f0ac0 - std[70759c8f55707aa4]::sys::backtrace::__rust_begin_short_backtrace::<inject[b9cf0d0052f4d20d]::live::shared_injector_sends_from_several_threads::{closure#0}::{closure#0}::{closure#0}, ()>
[INFO] [stdout]   13:     0x64581f3f1119 - <std[70759c8f55707aa4]::thread::lifecycle::spawn_unchecked<inject[b9cf0d0052f4d20d]::live::shared_injector_sends_from_several_threads::{closure#0}::{closure#0}::{closure#0}, ()>::{closure#1} as core[df12db4294e9bfd3]::ops::function::FnOnce<()>>::call_once::{shim:vtable#0}
[INFO] [stdout]   14:     0x64581f4992c9 - <std[70759c8f55707aa4]::sys::thread::unix::Thread>::new::thread_start
[INFO] [stdout]   15:     0x7890ff8f9dfa - <unknown>
[INFO] [stdout]   16:     0x7890ff98d3d4 - clone
[INFO] [stdout]   17:                0x0 - <unknown>
[INFO] [stdout] 
[INFO] [stdout] ---- live::injected_frame_is_captured_unmodified stdout ----
[INFO] [stdout] 
[INFO] [stdout] thread 'live::injected_frame_is_captured_unmodified' (1351) panicked at tests/inject.rs:162:37:
[INFO] [stdout] send: Io(Os { code: 6, kind: Uncategorized, message: "No such device or address" })
[INFO] [stdout] stack backtrace:
[INFO] [stdout]    0:     0x64581f499d61 - <<std[70759c8f55707aa4]::sys::backtrace::BacktraceLock>::print::DisplayBacktrace as core[df12db4294e9bfd3]::fmt::Display>::fmt
[INFO] [stdout]    1:     0x64581f4ae60a - core[df12db4294e9bfd3]::fmt::write
[INFO] [stdout]    2:     0x64581f49e24c - <alloc[2182bb758b4b3781]::vec::Vec<u8> as core[df12db4294e9bfd3]::io::write::Write>::write_fmt
[INFO] [stdout]    3:     0x64581f475e86 - std[70759c8f55707aa4]::panicking::default_hook::{closure#0}
[INFO] [stdout]    4:     0x64581f491ff9 - std[70759c8f55707aa4]::panicking::default_hook
[INFO] [stdout]    5:     0x64581f3fe500 - test[9d35eded1c95d3be]::test_main_inner::<test[9d35eded1c95d3be]::test_main_static::{closure#0}>::{closure#0}
[INFO] [stdout]    6:     0x64581f4921b2 - std[70759c8f55707aa4]::panicking::panic_with_hook
[INFO] [stdout]    7:     0x64581f475f32 - std[70759c8f55707aa4]::panicking::panic_handler::{closure#0}
[INFO] [stdout]    8:     0x64581f46eb29 - std[70759c8f55707aa4]::sys::backtrace::__rust_end_short_backtrace::<std[70759c8f55707aa4]::panicking::panic_handler::{closure#0}, !>
[INFO] [stdout]    9:     0x64581f476b2d - __rustc[8fa7c3cbc660c2b3]::rust_begin_unwind
[INFO] [stdout]   10:     0x64581f4aed3c - core[df12db4294e9bfd3]::panicking::panic_fmt
[INFO] [stdout]   11:     0x64581f4aeb12 - core[df12db4294e9bfd3]::result::unwrap_failed
[INFO] [stdout]   12:     0x64581f3ef0c7 - <inject[b9cf0d0052f4d20d]::live::injected_frame_is_captured_unmodified::{closure#0} as core[df12db4294e9bfd3]::ops::function::FnOnce<()>>::call_once
[INFO] [stdout]   13:     0x64581f3f17eb - test[9d35eded1c95d3be]::__rust_begin_short_backtrace::<core[df12db4294e9bfd3]::result::Result<(), alloc[2182bb758b4b3781]::string::String>, fn() -> core[df12db4294e9bfd3]::result::Result<(), alloc[2182bb758b4b3781]::string::String>>
[INFO] [stdout]   14:     0x64581f3fee55 - test[9d35eded1c95d3be]::run_test::{closure#0}
[INFO] [stdout]   15:     0x64581f3f8714 - std[70759c8f55707aa4]::sys::backtrace::__rust_begin_short_backtrace::<test[9d35eded1c95d3be]::run_test::{closure#1}, ()>
[INFO] [stdout]   16:     0x64581f401fb2 - <std[70759c8f55707aa4]::thread::lifecycle::spawn_unchecked<test[9d35eded1c95d3be]::run_test::{closure#1}, ()>::{closure#1} as core[df12db4294e9bfd3]::ops::function::FnOnce<()>>::call_once::{shim:vtable#0}
[INFO] [stdout]   17:     0x64581f4992c9 - <std[70759c8f55707aa4]::sys::thread::unix::Thread>::new::thread_start
[INFO] [stdout]   18:     0x7890ff8f9dfa - <unknown>
[INFO] [stdout]   19:     0x7890ff98d3d4 - clone
[INFO] [stdout]   20:                0x0 - <unknown>
[INFO] [stdout] 
[INFO] [stdout] 
[INFO] [stdout] failures:
[INFO] [stdout]     live::injected_frame_is_captured_unmodified
[INFO] [stdout]     live::shared_injector_sends_from_several_threads
[INFO] [stdout] 
[INFO] [stdout] test result: FAILED. 6 passed; 2 failed; 0 ignored; 0 measured; 0 filtered out; finished in 0.03s
[INFO] [stdout] 
[INFO] [stderr] error: test failed, to rerun pass `--test inject`
[INFO] running `Command { std: "docker" "inspect" "c41b6a8d76cf6520430d0c0aedf2f449db5ad72d1124dcedebd1ef2fe04ec27c", kill_on_drop: false }`
[INFO] running `Command { std: "docker" "rm" "-f" "c41b6a8d76cf6520430d0c0aedf2f449db5ad72d1124dcedebd1ef2fe04ec27c", kill_on_drop: false }`
[INFO] [stdout] c41b6a8d76cf6520430d0c0aedf2f449db5ad72d1124dcedebd1ef2fe04ec27c
