[INFO] fetching crate pks 0.2.40...
[INFO] testing pks-0.2.40 against 1.99.0-beta.8+cargoflags=--release for beta-release-1.100-2
[INFO] extracting crate pks 0.2.40 into /workspace/builds/worker-2-tc1/source
[INFO] removed /workspace/builds/worker-2-tc1/source/rust-toolchain.toml
[INFO] started tweaking crates.io crate pks 0.2.40
[INFO] removed 0 missing tests
[INFO] finished tweaking crates.io crate pks 0.2.40
[INFO] tweaked toml for crates.io crate pks 0.2.40 written to /workspace/builds/worker-2-tc1/source/Cargo.toml
[INFO] validating manifest of crates.io crate pks 0.2.40 on toolchain 1.99.0-beta.8
[INFO] running `Command { std: CARGO_HOME="/workspace/cargo-home" RUSTUP_HOME="/workspace/rustup-home" "/workspace/cargo-home/bin/cargo" "+1.99.0-beta.8" "metadata" "--manifest-path" "Cargo.toml" "--no-deps", kill_on_drop: false }`
[INFO] crate crates.io crate pks 0.2.40 already has a lockfile, it will not be regenerated
[INFO] running `Command { std: CARGO_HOME="/workspace/cargo-home" RUSTUP_HOME="/workspace/rustup-home" "/workspace/cargo-home/bin/cargo" "+1.99.0-beta.8" "fetch" "--manifest-path" "Cargo.toml", kill_on_drop: false }`
[INFO] [stderr]     Updating crates.io index
[INFO] [stderr]     Blocking waiting for file lock on package cache
[INFO] [stderr]  Downloading crates ...
[INFO] [stderr]   Downloaded serial_test v3.4.0
[INFO] [stderr]   Downloaded tempfile v3.26.0
[INFO] [stderr]   Downloaded sdd v3.0.10
[INFO] [stderr]   Downloaded serial_test_derive v3.4.0
[INFO] [stderr]   Downloaded nias v0.5.0
[INFO] [stderr]   Downloaded fnmatch-regex2 v0.3.0
[INFO] [stderr]   Downloaded line-col v0.2.1
[INFO] [stderr]   Downloaded alloc-from-pool v1.0.5
[INFO] [stderr]   Downloaded path-clean v1.0.1
[INFO] [stderr]   Downloaded rusty-hook v0.11.2
[INFO] [stderr]   Downloaded scc v2.4.0
[INFO] [stderr]   Downloaded serde_magnus v0.7.0
[INFO] [stderr]   Downloaded globset v0.4.15
[INFO] [stderr]   Downloaded assert_cmd v2.1.2
[INFO] [stderr]   Downloaded ruby_inflector v0.0.8
[INFO] [stderr]   Downloaded jwalk v0.8.1
[INFO] [stderr]   Downloaded clap_derive v4.5.55
[INFO] [stderr]   Downloaded lib-ruby-parser-ast v0.55.0
[INFO] [stderr]   Downloaded clap v4.5.60
[INFO] [stderr]   Downloaded lib-ruby-parser v4.0.6+ruby-3.1.2
[INFO] [stderr]   Downloaded clap_builder v4.5.60
[INFO] [stderr]   Downloaded fsio v0.1.3
[INFO] [stderr]   Downloaded ci_info v0.10.2
[INFO] [stderr]   Downloaded envmnt v0.8.4
[INFO] running `Command { std: "docker" "create" "-v" "/var/lib/crater-agent-workspace/builds/worker-2-tc1/source:/opt/rustwide/workdir:ro,Z" "-v" "/var/lib/crater-agent-workspace/builds/worker-2-tc1/target:/opt/rustwide/target:rw,Z" "-v" "/var/lib/crater-agent-workspace/cargo-home:/opt/rustwide/cargo-home:ro,Z" "-v" "/var/lib/crater-agent-workspace/rustup-home:/opt/rustwide/rustup-home:ro,Z" "-m" "1610612736" "--network" "none" "ghcr.io/rust-lang/crates-build-env/linux@sha256:77db811e55d90add9212f6832c23229e3de5f1c1f9905e8cb07319ea15df73ac" "sleep" "infinity", kill_on_drop: false }`
[INFO] [stdout] eea39163f574d953be0abd80b2c36816a96ea3e10d4a8c24432ebf24fc03a4ae
[INFO] running `Command { std: "docker" "start" "eea39163f574d953be0abd80b2c36816a96ea3e10d4a8c24432ebf24fc03a4ae", kill_on_drop: false }`
[INFO] running `Command { std: "docker" "inspect" "eea39163f574d953be0abd80b2c36816a96ea3e10d4a8c24432ebf24fc03a4ae", kill_on_drop: false }`
[INFO] running `Command { std: "docker" "exec" "-e" "SOURCE_DIR=/opt/rustwide/workdir" "-e" "CARGO_HOME=/opt/rustwide/cargo-home" "-e" "RUSTUP_HOME=/opt/rustwide/rustup-home" "-e" "CARGO_TARGET_DIR=/opt/rustwide/target" "-w" "/opt/rustwide/workdir" "--user" "0:0" "eea39163f574d953be0abd80b2c36816a96ea3e10d4a8c24432ebf24fc03a4ae" "/opt/rustwide/cargo-home/bin/cargo" "+1.99.0-beta.8" "metadata" "--no-deps" "--format-version=1", kill_on_drop: false }`
[INFO] running `Command { std: "docker" "inspect" "eea39163f574d953be0abd80b2c36816a96ea3e10d4a8c24432ebf24fc03a4ae", kill_on_drop: false }`
[INFO] running `Command { std: "docker" "exec" "-e" "SOURCE_DIR=/opt/rustwide/workdir" "-e" "CARGO_HOME=/opt/rustwide/cargo-home" "-e" "RUSTUP_HOME=/opt/rustwide/rustup-home" "-e" "CARGO_TARGET_DIR=/opt/rustwide/target" "-e" "CARGO_INCREMENTAL=0" "-e" "RUST_BACKTRACE=full" "-e" "RUSTFLAGS=--cap-lints=warn" "-e" "RUSTDOCFLAGS=--cap-lints=warn" "-w" "/opt/rustwide/workdir" "--user" "0:0" "eea39163f574d953be0abd80b2c36816a96ea3e10d4a8c24432ebf24fc03a4ae" "/opt/rustwide/cargo-home/bin/cargo" "+1.99.0-beta.8" "build" "--frozen" "--message-format=json" "--release", kill_on_drop: false }`
[INFO] [stderr]    Compiling memchr v2.8.0
[INFO] [stderr]    Compiling regex-syntax v0.8.10
[INFO] [stderr]    Compiling libc v0.2.182
[INFO] [stderr]    Compiling hashbrown v0.15.5
[INFO] [stderr]    Compiling anstream v0.6.21
[INFO] [stderr]    Compiling clap_lex v1.0.0
[INFO] [stderr]    Compiling anyhow v1.0.102
[INFO] [stderr]    Compiling lib-ruby-parser v4.0.6+ruby-3.1.2
[INFO] [stderr]    Compiling crossbeam-channel v0.5.15
[INFO] [stderr]    Compiling crossbeam-queue v0.3.12
[INFO] [stderr]    Compiling syn v2.0.117
[INFO] [stderr]    Compiling thread_local v1.1.9
[INFO] [stderr]    Compiling tracing-log v0.2.0
[INFO] [stderr]    Compiling rayon-core v1.13.0
[INFO] [stderr]    Compiling itertools v0.12.1
[INFO] [stderr]    Compiling lib-ruby-parser-ast v0.55.0
[INFO] [stderr]    Compiling quick-error v2.0.1
[INFO] [stderr]    Compiling clap_builder v4.5.60
[INFO] [stderr]    Compiling unsafe-libyaml v0.2.11
[INFO] [stderr]    Compiling fixedbitset v0.4.2
[INFO] [stderr]    Compiling alloc-from-pool v1.0.5
[INFO] [stderr]    Compiling itertools v0.13.0
[INFO] [stderr]    Compiling line-col v0.2.1
[INFO] [stderr]    Compiling path-clean v1.0.1
[INFO] [stderr]    Compiling serde_magnus v0.7.0
[INFO] [stderr]    Compiling md5 v0.7.0
[INFO] [stderr]    Compiling glob v0.3.3
[INFO] [stderr]    Compiling rayon v1.11.0
[INFO] [stderr]    Compiling crossbeam v0.8.4
[INFO] [stderr]    Compiling aho-corasick v1.1.4
[INFO] [stderr]    Compiling vte v0.14.1
[INFO] [stderr]    Compiling bstr v1.12.1
[INFO] [stderr]    Compiling strip-ansi-escapes v0.2.1
[INFO] [stderr]    Compiling serde_json v1.0.149
[INFO] [stderr]    Compiling indexmap v2.6.0
[INFO] [stderr]    Compiling petgraph v0.6.5
[INFO] [stderr]    Compiling fs2 v0.4.3
[INFO] [stderr]    Compiling regex-automata v0.4.14
[INFO] [stderr]    Compiling jwalk v0.8.1
[INFO] [stderr]    Compiling serde_derive v1.0.228
[INFO] [stderr]    Compiling tracing-attributes v0.1.31
[INFO] [stderr]    Compiling clap_derive v4.5.55
[INFO] [stderr]    Compiling tracing v0.1.44
[INFO] [stderr]    Compiling clap v4.5.60
[INFO] [stderr]    Compiling serde v1.0.228
[INFO] [stderr]    Compiling regex v1.12.3
[INFO] [stderr]    Compiling matchers v0.2.0
[INFO] [stderr]    Compiling globset v0.4.15
[INFO] [stderr]    Compiling tracing-subscriber v0.3.22
[INFO] [stderr]    Compiling serde_yaml v0.9.34+deprecated
[INFO] [stderr]    Compiling ruby_inflector v0.0.8
[INFO] [stderr]    Compiling fnmatch-regex2 v0.3.0
[INFO] [stderr]    Compiling pks v0.2.40 (/opt/rustwide/workdir)
[INFO] [stdout] warning: hiding a lifetime that's elided elsewhere is confusing
[INFO] [stdout]    --> src/packs/configuration.rs:113:9
[INFO] [stdout]     |
[INFO] [stdout] 113 |         &self,
[INFO] [stdout]     |         ^^^^^ the lifetime is elided here
[INFO] [stdout] 114 |     ) -> ConstantResolverConfiguration {
[INFO] [stdout]     |          ^^^^^^^^^^^^^^^^^^^^^^^^^^^^^ the same lifetime is hidden here
[INFO] [stdout]     |
[INFO] [stdout]     = help: the same lifetime is referred to in inconsistent ways, making the signature confusing
[INFO] [stdout]     = note: `#[warn(mismatched_lifetime_syntaxes)]` on by default
[INFO] [stdout] help: use `'_` for type paths
[INFO] [stdout]     |
[INFO] [stdout] 114 |     ) -> ConstantResolverConfiguration<'_> {
[INFO] [stdout]     |                                       ++++
[INFO] [stdout] 
[INFO] [stdout] 
[INFO] [stdout] warning: hiding a lifetime that's named elsewhere is confusing
[INFO] [stdout]    --> src/packs/pack_set.rs:119:21
[INFO] [stdout]     |
[INFO] [stdout] 117 |         &'a self,
[INFO] [stdout]     |          -- the lifetime is named here
[INFO] [stdout] 118 |         configuration: &'a Configuration,
[INFO] [stdout]     |                         -- the lifetime is named here
[INFO] [stdout] 119 |     ) -> Result<Vec<PackDependency>> {
[INFO] [stdout]     |                     ^^^^^^^^^^^^^^ the same lifetime is hidden here
[INFO] [stdout]     |
[INFO] [stdout]     = help: the same lifetime is referred to in inconsistent ways, making the signature confusing
[INFO] [stdout] help: consistently use `'a`
[INFO] [stdout]     |
[INFO] [stdout] 119 |     ) -> Result<Vec<PackDependency<'a>>> {
[INFO] [stdout]     |                                   ++++
[INFO] [stdout] 
[INFO] [stdout] 
[INFO] [stderr]     Finished `release` profile [optimized] target(s) in 1m 06s
[INFO] running `Command { std: "docker" "inspect" "eea39163f574d953be0abd80b2c36816a96ea3e10d4a8c24432ebf24fc03a4ae", kill_on_drop: false }`
[INFO] running `Command { std: "docker" "exec" "-e" "SOURCE_DIR=/opt/rustwide/workdir" "-e" "CARGO_HOME=/opt/rustwide/cargo-home" "-e" "RUSTUP_HOME=/opt/rustwide/rustup-home" "-e" "CARGO_TARGET_DIR=/opt/rustwide/target" "-e" "CARGO_INCREMENTAL=0" "-e" "RUST_BACKTRACE=full" "-e" "RUSTFLAGS=--cap-lints=warn" "-e" "RUSTDOCFLAGS=--cap-lints=warn" "-w" "/opt/rustwide/workdir" "--user" "0:0" "eea39163f574d953be0abd80b2c36816a96ea3e10d4a8c24432ebf24fc03a4ae" "/opt/rustwide/cargo-home/bin/cargo" "+1.99.0-beta.8" "test" "--frozen" "--no-run" "--message-format=json" "--release", kill_on_drop: false }`
[INFO] [stderr]    Compiling indexmap v1.9.3
[INFO] [stderr]    Compiling hashbrown v0.12.3
[INFO] [stderr]    Compiling bstr v1.12.1
[INFO] [stderr]    Compiling fsio v0.1.3
[INFO] [stderr]    Compiling toml v0.5.11
[INFO] [stderr]    Compiling nias v0.5.0
[INFO] [stderr]    Compiling slab v0.4.12
[INFO] [stderr]    Compiling predicates-core v1.0.10
[INFO] [stderr]    Compiling float-cmp v0.10.0
[INFO] [stderr]    Compiling parking_lot_core v0.9.12
[INFO] [stderr]    Compiling difflib v0.4.0
[INFO] [stderr]    Compiling normalize-line-endings v0.3.0
[INFO] [stderr]    Compiling assert_cmd v2.1.2
[INFO] [stderr]    Compiling bitflags v2.11.0
[INFO] [stderr]    Compiling termtree v0.5.1
[INFO] [stderr]    Compiling sdd v3.0.10
[INFO] [stderr]    Compiling getrandom v0.3.4
[INFO] [stderr]    Compiling serial_test_derive v3.4.0
[INFO] [stderr]    Compiling predicates-tree v1.0.13
[INFO] [stderr]    Compiling wait-timeout v0.2.1
[INFO] [stderr]    Compiling futures-util v0.3.32
[INFO] [stderr]    Compiling rustix v1.1.4
[INFO] [stderr]    Compiling parking_lot v0.12.5
[INFO] [stderr]    Compiling yansi v1.0.1
[INFO] [stderr]    Compiling predicates v3.1.4
[INFO] [stderr]    Compiling scc v2.4.0
[INFO] [stderr]    Compiling pretty_assertions v1.4.1
[INFO] [stderr]    Compiling globset v0.4.15
[INFO] [stderr]    Compiling envmnt v0.8.4
[INFO] [stderr]    Compiling pks v0.2.40 (/opt/rustwide/workdir)
[INFO] [stderr]    Compiling ci_info v0.10.2
[INFO] [stderr]    Compiling rusty-hook v0.11.2
[INFO] [stderr]    Compiling tempfile v3.26.0
[INFO] [stderr]    Compiling futures-executor v0.3.32
[INFO] [stderr]    Compiling serial_test v3.4.0
[INFO] [stdout] warning: hiding a lifetime that's elided elsewhere is confusing
[INFO] [stdout]    --> src/packs/configuration.rs:113:9
[INFO] [stdout]     |
[INFO] [stdout] 113 |         &self,
[INFO] [stdout]     |         ^^^^^ the lifetime is elided here
[INFO] [stdout] 114 |     ) -> ConstantResolverConfiguration {
[INFO] [stdout]     |          ^^^^^^^^^^^^^^^^^^^^^^^^^^^^^ the same lifetime is hidden here
[INFO] [stdout]     |
[INFO] [stdout]     = help: the same lifetime is referred to in inconsistent ways, making the signature confusing
[INFO] [stdout]     = note: `#[warn(mismatched_lifetime_syntaxes)]` on by default
[INFO] [stdout] help: use `'_` for type paths
[INFO] [stdout]     |
[INFO] [stdout] 114 |     ) -> ConstantResolverConfiguration<'_> {
[INFO] [stdout]     |                                       ++++
[INFO] [stdout] 
[INFO] [stdout] 
[INFO] [stdout] warning: hiding a lifetime that's named elsewhere is confusing
[INFO] [stdout]    --> src/packs/pack_set.rs:119:21
[INFO] [stdout]     |
[INFO] [stdout] 117 |         &'a self,
[INFO] [stdout]     |          -- the lifetime is named here
[INFO] [stdout] 118 |         configuration: &'a Configuration,
[INFO] [stdout]     |                         -- the lifetime is named here
[INFO] [stdout] 119 |     ) -> Result<Vec<PackDependency>> {
[INFO] [stdout]     |                     ^^^^^^^^^^^^^^ the same lifetime is hidden here
[INFO] [stdout]     |
[INFO] [stdout]     = help: the same lifetime is referred to in inconsistent ways, making the signature confusing
[INFO] [stdout] help: consistently use `'a`
[INFO] [stdout]     |
[INFO] [stdout] 119 |     ) -> Result<Vec<PackDependency<'a>>> {
[INFO] [stdout]     |                                   ++++
[INFO] [stdout] 
[INFO] [stdout] 
[INFO] [stdout] warning: hiding a lifetime that's elided elsewhere is confusing
[INFO] [stdout]    --> src/packs/configuration.rs:113:9
[INFO] [stdout]     |
[INFO] [stdout] 113 |         &self,
[INFO] [stdout]     |         ^^^^^ the lifetime is elided here
[INFO] [stdout] 114 |     ) -> ConstantResolverConfiguration {
[INFO] [stdout]     |          ^^^^^^^^^^^^^^^^^^^^^^^^^^^^^ the same lifetime is hidden here
[INFO] [stdout]     |
[INFO] [stdout]     = help: the same lifetime is referred to in inconsistent ways, making the signature confusing
[INFO] [stdout]     = note: `#[warn(mismatched_lifetime_syntaxes)]` on by default
[INFO] [stdout] help: use `'_` for type paths
[INFO] [stdout]     |
[INFO] [stdout] 114 |     ) -> ConstantResolverConfiguration<'_> {
[INFO] [stdout]     |                                       ++++
[INFO] [stdout] 
[INFO] [stdout] 
[INFO] [stdout] warning: hiding a lifetime that's named elsewhere is confusing
[INFO] [stdout]    --> src/packs/pack_set.rs:119:21
[INFO] [stdout]     |
[INFO] [stdout] 117 |         &'a self,
[INFO] [stdout]     |          -- the lifetime is named here
[INFO] [stdout] 118 |         configuration: &'a Configuration,
[INFO] [stdout]     |                         -- the lifetime is named here
[INFO] [stdout] 119 |     ) -> Result<Vec<PackDependency>> {
[INFO] [stdout]     |                     ^^^^^^^^^^^^^^ the same lifetime is hidden here
[INFO] [stdout]     |
[INFO] [stdout]     = help: the same lifetime is referred to in inconsistent ways, making the signature confusing
[INFO] [stdout] help: consistently use `'a`
[INFO] [stdout]     |
[INFO] [stdout] 119 |     ) -> Result<Vec<PackDependency<'a>>> {
[INFO] [stdout]     |                                   ++++
[INFO] [stdout] 
[INFO] [stdout] 
[INFO] [stderr]     Finished `release` profile [optimized] target(s) in 1m 03s
[INFO] running `Command { std: "docker" "inspect" "eea39163f574d953be0abd80b2c36816a96ea3e10d4a8c24432ebf24fc03a4ae", kill_on_drop: false }`
[INFO] running `Command { std: "docker" "exec" "-e" "SOURCE_DIR=/opt/rustwide/workdir" "-e" "CARGO_HOME=/opt/rustwide/cargo-home" "-e" "RUSTUP_HOME=/opt/rustwide/rustup-home" "-e" "CARGO_TARGET_DIR=/opt/rustwide/target" "-e" "CARGO_INCREMENTAL=0" "-e" "RUST_BACKTRACE=full" "-e" "RUSTFLAGS=--cap-lints=warn" "-e" "RUSTDOCFLAGS=--cap-lints=warn" "-w" "/opt/rustwide/workdir" "--user" "0:0" "eea39163f574d953be0abd80b2c36816a96ea3e10d4a8c24432ebf24fc03a4ae" "/opt/rustwide/cargo-home/bin/cargo" "+1.99.0-beta.8" "test" "--frozen" "--release", kill_on_drop: false }`
[INFO] [stderr] warning: hiding a lifetime that's elided elsewhere is confusing
[INFO] [stderr]    --> src/packs/configuration.rs:113:9
[INFO] [stderr]     |
[INFO] [stderr] 113 |         &self,
[INFO] [stderr]     |         ^^^^^ the lifetime is elided here
[INFO] [stderr] 114 |     ) -> ConstantResolverConfiguration {
[INFO] [stderr]     |          ^^^^^^^^^^^^^^^^^^^^^^^^^^^^^ the same lifetime is hidden here
[INFO] [stderr]     |
[INFO] [stderr]     = help: the same lifetime is referred to in inconsistent ways, making the signature confusing
[INFO] [stderr]     = note: `#[warn(mismatched_lifetime_syntaxes)]` on by default
[INFO] [stderr] help: use `'_` for type paths
[INFO] [stderr]     |
[INFO] [stderr] 114 |     ) -> ConstantResolverConfiguration<'_> {
[INFO] [stderr]     |                                       ++++
[INFO] [stderr] 
[INFO] [stderr] warning: hiding a lifetime that's named elsewhere is confusing
[INFO] [stderr]    --> src/packs/pack_set.rs:119:21
[INFO] [stderr]     |
[INFO] [stderr] 117 |         &'a self,
[INFO] [stderr]     |          -- the lifetime is named here
[INFO] [stderr] 118 |         configuration: &'a Configuration,
[INFO] [stderr]     |                         -- the lifetime is named here
[INFO] [stderr] 119 |     ) -> Result<Vec<PackDependency>> {
[INFO] [stderr]     |                     ^^^^^^^^^^^^^^ the same lifetime is hidden here
[INFO] [stderr]     |
[INFO] [stderr]     = help: the same lifetime is referred to in inconsistent ways, making the signature confusing
[INFO] [stderr] help: consistently use `'a`
[INFO] [stderr]     |
[INFO] [stderr] 119 |     ) -> Result<Vec<PackDependency<'a>>> {
[INFO] [stderr]     |                                   ++++
[INFO] [stderr] 
[INFO] [stderr] warning: `pks` (lib) generated 2 warnings (run `cargo fix --lib -p pks` to apply 2 suggestions)
[INFO] [stderr] warning: `pks` (lib test) generated 2 warnings (2 duplicates)
[INFO] [stderr]     Finished `release` profile [optimized] target(s) in 0.16s
[INFO] [stderr]      Running unittests src/lib.rs (/opt/rustwide/target/release/deps/packs-16bbd2e527e1a334)
[INFO] [stdout] 
[INFO] [stdout] running 181 tests
[INFO] [stdout] test packs::caching::per_file_cache::tests::test_corrupt_cache ... FAILED
[INFO] [stdout] test packs::checker::dependency::tests::test_reference_and_defining_packs_are_identical ... ok
[INFO] [stdout] test packs::checker::dependency::tests::test_with_enforcement_globs_ignore ... ok
[INFO] [stdout] test packs::checker::dependency::tests::test_ignored_dependency ... ok
[INFO] [stdout] test packs::checker::dependency::tests::test_with_violation ... ok
[INFO] [stdout] test packs::checker::dependency::tests::test_validate_strict_transitive_non_strict ... ok
[INFO] [stdout] test packs::checker::dependency::tests::test_validate_strict_mode_no_violation ... ok
[INFO] [stdout] test packs::checker::folder_privacy::tests::test_folder_privacy_when_not_enforced ... ok
[INFO] [stdout] test packs::checker::folder_privacy::tests::test_folder_privacy_when_invisible ... ok
[INFO] [stdout] test packs::checker::folder_privacy::tests::test_folder_privacy_when_descendant ... ok
[INFO] [stdout] test packs::checker::dependency::tests::test_with_strict_violation ... ok
[INFO] [stdout] test packs::checker::folder_privacy::tests::test_folder_privacy_when_siblings ... ok
[INFO] [stdout] test packs::checker::folder_privacy::tests::test_folder_privacy_when_parent_invisible ... ok
[INFO] [stdout] test packs::checker::folder_privacy::tests::test_with_violation ... ok
[INFO] [stdout] test packs::checker::folder_privacy::tests::test_folder_privacy_when_same ... ok
[INFO] [stdout] test packs::checker::folder_privacy::tests::test_folder_privacy_when_from_is_root ... ok
[INFO] [stdout] test packs::checker::layer::tests::reference_is_a_layer_violation ... ok
[INFO] [stdout] test packs::checker::layer::tests::reference_is_a_strict_violation ... ok
[INFO] [stdout] test packs::checker::layer::tests::reference_is_not_an_architecture_violation ... ok
[INFO] [stdout] test packs::checker::layer::tests::referencing_and_defining_pack_are_identical ... ok
[INFO] [stdout] test packs::checker::dependency::tests::test_validate_without_cycle ... ok
[INFO] [stdout] test packs::checker::folder_privacy::tests::test_no_violation ... ok
[INFO] [stdout] test packs::checker::dependency::tests::test_validate_structured_with_cycle ... ok
[INFO] [stdout] test packs::checker::layer::tests::validate_layers_false_none ... ok
[INFO] [stdout] test packs::checker::folder_privacy::tests::test_with_enforcement_globs_ignore ... ok
[INFO] [stdout] test packs::checker::layer::tests::test_with_enforcement_globs_ignore ... ok
[INFO] [stdout] test packs::checker::folder_privacy::tests::test_with_strict_violation ... ok
[INFO] [stdout] test packs::checker::layer::tests::validate_layers_strict_true ... ok
[INFO] [stdout] test packs::checker::privacy::tests::test_custom_public_folder_detection ... ok
[INFO] [stdout] test packs::checker::privacy::tests::test_privacy_constants_includes_parent_of_referenced_constant ... ok
[INFO] [stdout] test packs::checker::dependency::tests::test_validate_strict_depends_on_non_strict ... ok
[INFO] [stdout] test packs::checker::layer::tests::validate_layers_false_none_but_layer_specified ... ok
[INFO] [stdout] test packs::checker::dependency::tests::test_validate_structured_no_errors ... ok
[INFO] [stdout] test packs::checker::dependency::tests::test_validate_with_cycle ... ok
[INFO] [stdout] test packs::checker::privacy::tests::test_defining_pack_not_found ... ok
[INFO] [stdout] test packs::checker::privacy::tests::test_privacy_constants_exclude_referenced_constant ... ok
[INFO] [stdout] test packs::checker::privacy::tests::test_reference_and_defining_packs_are_identical ... ok
[INFO] [stdout] test packs::checker::privacy::tests::test_with_ignored_private_constants ... ok
[INFO] [stdout] test packs::checker::privacy::tests::test_with_privacy_violation ... ok
[INFO] [stdout] test packs::checker::layer::tests::validate_layers_true_strict_with_no_layer ... ok
[INFO] [stdout] test packs::checker::layer::tests::validate_layers_with_not_found_layer ... ok
[INFO] [stdout] test packs::checker::layer::tests::reference_is_an_architecture_violation_but_not_enforced ... ok
[INFO] [stdout] test packs::checker::privacy::tests::test_with_public_constant ... ok
[INFO] [stdout] test packs::checker::privacy::tests::test_privacy_constants_match_full_namespace ... ok
[INFO] [stdout] test packs::checker::privacy::tests::test_private_constants_does_not_include_referenced_constant ... ok
[INFO] [stdout] test packs::checker::folder_privacy::tests::test_folder_privacy_when_different_parent_invisible ... ok
[INFO] [stdout] test packs::checker::visibility::tests::reference_is_not_a_visibility_violation ... ok
[INFO] [stdout] test packs::checker::privacy::tests::test_with_strict_privacy_violation ... ok
[INFO] [stdout] test packs::checker::visibility::tests::referencing_and_defining_pack_are_identical ... ok
[INFO] [stdout] test packs::checker::visibility::tests::test_with_strict_violation ... ok
[INFO] [stdout] test packs::checker::visibility::tests::test_with_violation ... ok
[INFO] [stdout] test packs::checker::privacy::tests::test_without_privacy_enforcement ... ok
[INFO] [stdout] test packs::checker::privacy::tests::test_with_enforcement_globs_ignore ... ok
[INFO] [stdout] test packs::checker::dependency::tests::test_validate_structured_self_dependency ... ok
[INFO] [stdout] test packs::constant_dependencies::tests::test_find_defining_and_referencing_packs ... ok
[INFO] [stdout] test packs::checker::visibility::tests::test_with_enforcement_globs_ignore ... ok
[INFO] [stdout] test packs::configuration::tests::with_symbols_as_custom_associations ... ok
[INFO] [stdout] test packs::checker::privacy::tests::test_public_folder_detection ... ok
[INFO] [stdout] test packs::constant_dependencies::tests::test_find_defining_and_referencing_packs_when_constant_not_found ... ok
[INFO] [stdout] test packs::constant_dependencies::tests::test_find_pack_names_for_update ... ok
[INFO] [stdout] test packs::checker::tests::test_write_violations ... ok
[INFO] [stdout] test packs::checker::privacy::tests::test_private_constants_does_include_referenced_public_constant ... ok
[INFO] [stdout] test packs::caching::per_file_cache::tests::test_file_content_digest ... ok
[INFO] [stdout] test packs::ignored::tests::foo1 ... ok
[INFO] [stdout] test packs::ignored::tests::nofoo1 ... ok
[INFO] [stdout] test packs::ignored::tests::test_is_match ... ok
[INFO] [stdout] test packs::pack::tests::test_all_recorded_violations ... ok
[INFO] [stdout] test packs::caching::per_file_cache::tests::test_compatible_with_packwerk ... ok
[INFO] [stdout] test packs::pack::tests::test_autoload_roots ... ok
[INFO] [stdout] test packs::pack::tests::test_serde_sorted_dependencies ... ok
[INFO] [stdout] test packs::pack::tests::test_serde_with_arbitrary_client_keys ... ok
[INFO] [stdout] test packs::pack::tests::test_serde_with_enforcements ... ok
[INFO] [stdout] test packs::pack::tests::test_serde_with_explicitly_empty_visible ... ok
[INFO] [stdout] test packs::ignored::tests::foo2 ... ok
[INFO] [stdout] test packs::pack::tests::test_serde_with_duplicate_dependencies ... ok
[INFO] [stdout] test packs::pack::tests::test_serde_with_empty_pack ... ok
[INFO] [stdout] test packs::pack::tests::test_serde_with_many_fields ... ok
[INFO] [stdout] test packs::pack::tests::test_serde_with_enforcement_globs ... ok
[INFO] [stdout] test packs::pack::tests::test_serde_with_metadata ... ok
[INFO] [stdout] test packs::pack::tests::test_serde_with_owner ... ok
[INFO] [stdout] test packs::pack_set::tests::from_pack_with_slash ... ok
[INFO] [stdout] test packs::package_todo::tests::test_merge_package_todo_adds_new_entries ... ok
[INFO] [stdout] test packs::checker::dependency::tests::test_invalid_package_yml - should panic ... ok
[INFO] [stdout] test packs::pack_set::tests::from_pack ... ok
[INFO] [stdout] test packs::package_todo::tests::test_deserialize_trivial_case ... ok
[INFO] [stdout] test packs::checker::layer::tests::test_validate_with_layer_violations ... ok
[INFO] [stdout] test packs::package_todo::tests::test_merge_package_todo_preserves_unrelated_packs ... ok
[INFO] [stdout] test packs::configuration::tests::cache_directory_includes_config_digest ... ok
[INFO] [stdout] test packs::configuration::tests::filtered_absolute_paths_with_empty_input_paths ... ok
[INFO] [stdout] test packs::configuration::tests::filtered_absolute_paths_with_nonempty_input_paths ... ok
[INFO] [stdout] test packs::configuration::tests::cache_cleanup_removes_old_digest_directories ... ok
[INFO] [stdout] test packs::configuration::tests::filtered_absolute_paths_with_directory_input_paths ... ok
[INFO] [stdout] test packs::package_todo::tests::test_merge_package_todo_merges_files_and_types ... ok
[INFO] [stdout] test packs::package_todo::tests::test_serialize_trivial_case ... ok
[INFO] [stdout] test packs::package_todo::tests::test_serialize_violation_against_root ... ok
[INFO] [stdout] test packs::parsing::erb::packwerk::tests::multiple_references ... ok
[INFO] [stdout] test packs::parsing::ruby::experimental::tests::class_definition_no_body ... ok
[INFO] [stdout] test packs::parsing::erb::packwerk::tests::complex_erb ... ok
[INFO] [stdout] test packs::parsing::erb::packwerk::tests::trivial_case ... ok
[INFO] [stdout] test packs::parsing::erb::packwerk::tests::erb_with_leading_hyphen_syntax ... ok
[INFO] [stdout] test packs::parsing::erb::packwerk::tests::complex_multiline_erb ... ok
[INFO] [stdout] test packs::parsing::erb::packwerk::tests::erb_with_trailing_hyphen_syntax ... ok
[INFO] [stdout] test packs::dependencies::tests::find_implicit_dependencies ... ok
[INFO] [stdout] test packs::dependencies::tests::find_explicit_dependencies ... ok
[INFO] [stdout] test packs::configuration::tests::default_options ... ok
[INFO] [stdout] test packs::parsing::erb::packwerk::tests::multiline_erb ... ok
[INFO] [stdout] test packs::parsing::ruby::experimental::tests::nested_class_definition_after_function_def ... ok
[INFO] [stdout] test packs::parsing::ruby::experimental::tests::class_definition_some_body_with_class_method ... ok
[INFO] [stdout] test packs::parsing::ruby::experimental::tests::deeply_nested_constant ... ok
[INFO] [stdout] test packs::parsing::ruby::experimental::tests::class_definition_some_method_call ... ok
[INFO] [stdout] test packs::parsing::ruby::experimental::tests::mix_of_metaprogramming_and_regular_reference ... ok
[INFO] [stdout] test packs::parsing::ruby::experimental::tests::class_definition_with_private_constant ... ok
[INFO] [stdout] test packs::parsing::ruby::experimental::tests::class_definition_some_body ... ok
[INFO] [stdout] test packs::parsing::ruby::inflector_shim::tests::test_trivial ... ok
[INFO] [stdout] test packs::parsing::ruby::experimental::tests::sigil_on_line_6 ... ok
[INFO] [stdout] test packs::parsing::ruby::experimental::tests::sigil_on_line_one ... ok
[INFO] [stdout] test packs::parsing::ruby::experimental::tests::nested_class_definition_before_function_def ... ok
[INFO] [stdout] test packs::parsing::ruby::experimental::tests::very_deeply_nested_constant ... ok
[INFO] [stdout] test packs::monkey_patch_detection::tests::test_expose_monkey_patches ... ok
[INFO] [stdout] test packs::parsing::ruby::packwerk::tests::class_definition ... ok
[INFO] [stdout] test packs::parsing::ruby::packwerk::tests::compact_style_with_module_constant ... ok
[INFO] [stdout] test packs::parsing::ruby::packwerk::tests::const_assignments_are_references ... ok
[INFO] [stdout] test packs::parsing::ruby::packwerk::tests::class_namespaced_constant ... ok
[INFO] [stdout] test packs::parsing::ruby::packwerk::tests::compact_nested_classes_are_references ... ok
[INFO] [stdout] test packs::parsing::ruby::packwerk::tests::deeply_class_namespaced_constant ... ok
[INFO] [stdout] test packs::parsing::ruby::packwerk::tests::compact_style_class_definition_constant ... ok
[INFO] [stdout] test packs::parsing::ruby::packwerk::tests::deeply_module_namespaced_constant ... ok
[INFO] [stdout] test packs::parsing::ruby::packwerk::tests::deeply_nested_constant ... ok
[INFO] [stdout] test packs::parsing::ruby::packwerk::tests::globally_referenced_constant ... ok
[INFO] [stdout] test packs::parsing::ruby::inflector_shim::tests::fn_test_camelizing_case_retained ... ok
[INFO] [stdout] test packs::parsing::ruby::inflector_shim::tests::test_digits ... ok
[INFO] [stdout] test packs::parsing::ruby::experimental::tests::nested_constant ... ok
[INFO] [stdout] test packs::parsing::ruby::packwerk::tests::array_of_multiple_constants ... ok
[INFO] [stdout] test packs::parsing::ruby::packwerk::tests::array_of_constant ... ok
[INFO] [stdout] test packs::parsing::ruby::packwerk::tests::array_of_nested_constant ... ok
[INFO] [stdout] test packs::parsing::ruby::packwerk::tests::has_one_association_with_class_name ... ok
[INFO] [stdout] test packs::parsing::ruby::packwerk::tests::ignore_local_constant ... ok
[INFO] [stdout] test packs::parsing::ruby::packwerk::tests::ignore_local_constant_under_nested_module ... ok
[INFO] [stdout] test packs::parsing::ruby::packwerk::tests::metaprogrammatically_referenced_constant ... ok
[INFO] [stdout] test packs::parsing::ruby::packwerk::tests::mixed_namespaced_constant ... ok
[INFO] [stdout] test packs::package_todo::tests::test_serialize_trivial_case_in_packs_first_mode ... ok
[INFO] [stdout] test packs::parsing::ruby::packwerk::tests::module_namespaced_constant ... ok
[INFO] [stdout] test packs::parsing::ruby::packwerk::tests::it_ignores_locally_defined_nested_constants ... ok
[INFO] [stdout] test packs::parsing::ruby::packwerk::tests::nested_constant ... ok
[INFO] [stdout] test packs::parsing::ruby::packwerk::tests::has_many_association_with_class_name_after_block ... ok
[INFO] [stdout] test packs::parsing::ruby::packwerk::tests::it_ignores_references_to_subsets_of_locally_defined_nested_constants ... ok
[INFO] [stdout] test packs::parsing::ruby::packwerk::tests::it_uses_the_namespace_of_inherited_class_when_referencing_inherited_class ... ok
[INFO] [stdout] test packs::parsing::ruby::packwerk::tests::mix_of_metaprogramming_and_regular_reference ... ok
[INFO] [stdout] test packs::parsing::ruby::packwerk::tests::sigil_on_line_6 ... ok
[INFO] [stdout] test packs::parsing::ruby::packwerk::tests::regular_nested_classes_are_references ... ok
[INFO] [stdout] test packs::parsing::ruby::packwerk::tests::super_classes_are_references ... ok
[INFO] [stdout] test packs::parsing::ruby::packwerk::tests::trivial_case ... ok
[INFO] [stdout] test packs::parsing::ruby::packwerk::tests::very_deeply_class_namespaced_constant ... ok
[INFO] [stdout] test packs::parsing::ruby::packwerk::tests::sigil_on_line_one ... ok
[INFO] [stdout] test packs::parsing::ruby::packwerk::tests::very_deeply_nested_constant ... ok
[INFO] [stdout] test packs::parsing::ruby::experimental::tests::trivial_case ... ok
[INFO] [stdout] test packs::parsing::ruby::packwerk::tests::very_deeply_module_namespaced_constant ... ok
[INFO] [stdout] test packs::parsing::ruby::zeitwerk::tests::test_corrupt_constant_resolver_json ... FAILED
[INFO] [stdout] test packs::parsing::ruby::zeitwerk::tests::inflected_constant ... ok
[INFO] [stdout] test packs::parsing::ruby::zeitwerk::tests::nested_reference_to_unnested_constant ... ok
[INFO] [stdout] test packs::parsing::tests::identifies_erb_files ... ok
[INFO] [stdout] test packs::parsing::tests::identifies_ruby_files ... ok
[INFO] [stdout] test packs::raw_configuration::tests::test_defaults ... ok
[INFO] [stdout] test packs::raw_configuration::tests::test_deserialize_package_paths_as_string ... ok
[INFO] [stdout] test packs::parsing::ruby::zeitwerk::tests::nested_reference_to_global_constant ... ok
[INFO] [stdout] test packs::parsing::ruby::zeitwerk::tests::nested_reference_to_constant_defined_within_another_file ... ok
[INFO] [stdout] test packs::parsing::ruby::zeitwerk::tests::constant_in_overridden_namespace ... ok
[INFO] [stdout] test packs::walk_directory::tests::test_walk_directory ... ok
[INFO] [stdout] test packs::tests::test_for_file ... ok
[INFO] [stdout] test packs::parsing::ruby::zeitwerk::tests::nested_reference_to_nested_constant ... ok
[INFO] [stdout] test packs::parsing::ruby::zeitwerk::tests::test_cache_constant_definitions ... FAILED
[INFO] [stdout] test packs::parsing::ruby::zeitwerk::tests::unnested_reference_to_unnested_constant ... ok
[INFO] [stdout] test packs::parsing::ruby::zeitwerk::tests::test_file_map ... ok
[INFO] [stdout] test packs::parsing::ruby::packwerk::tests::belongs_to_association_with_custom_inflection ... ok
[INFO] [stdout] test packs::parsing::ruby::packwerk::tests::association_with_user_inputted_custom_inflection_3 ... ok
[INFO] [stdout] test packs::parsing::ruby::packwerk::tests::association_with_custom_inflection_3 ... ok
[INFO] [stdout] test packs::parsing::ruby::packwerk::tests::has_one_association ... ok
[INFO] [stdout] test packs::parsing::ruby::packwerk::tests::has_many_association_with_custom_inflection_2 ... ok
[INFO] [stdout] test packs::parsing::ruby::packwerk::tests::has_many_association_with_custom_inflection ... ok
[INFO] [stdout] test packs::parsing::ruby::packwerk::tests::has_many_association ... ok
[INFO] [stdout] test packs::parsing::ruby::inflector_shim::tests::test_to_class_case ... ok
[INFO] [stdout] 
[INFO] [stdout] failures:
[INFO] [stdout] 
[INFO] [stdout] ---- packs::caching::per_file_cache::tests::test_corrupt_cache stdout ----
[INFO] [stdout] Error: unable to create cache dir
[INFO] [stdout] 
[INFO] [stdout] Caused by:
[INFO] [stdout]     Read-only file system (os error 30)
[INFO] [stdout] 
[INFO] [stdout] Stack backtrace:
[INFO] [stdout]    0: <core::io::error::Error as anyhow::context::ext::StdError>::ext_context::<&str>
[INFO] [stdout]    1: packs::packs::caching::per_file_cache::tests::test_corrupt_cache
[INFO] [stdout]    2: <packs::packs::caching::per_file_cache::tests::test_corrupt_cache::{closure#0} as core::ops::function::FnOnce<()>>::call_once
[INFO] [stdout]    3: test::__rust_begin_short_backtrace::<core::result::Result<(), alloc::string::String>, fn() -> core::result::Result<(), alloc::string::String>>
[INFO] [stdout]    4: test::run_test::{closure#0}
[INFO] [stdout]    5: std::sys::backtrace::__rust_begin_short_backtrace::<test::run_test::{closure#1}, ()>
[INFO] [stdout]    6: <std::thread::lifecycle::spawn_unchecked<test::run_test::{closure#1}, ()>::{closure#1} as core::ops::function::FnOnce<()>>::call_once::{shim:vtable#0}
[INFO] [stdout]    7: <std::sys::thread::unix::Thread>::new::thread_start
[INFO] [stdout]    8: <unknown>
[INFO] [stdout]    9: clone
[INFO] [stdout] 
[INFO] [stdout] ---- packs::parsing::ruby::zeitwerk::tests::test_corrupt_constant_resolver_json stdout ----
[INFO] [stdout] 
[INFO] [stdout] thread 'packs::parsing::ruby::zeitwerk::tests::test_corrupt_constant_resolver_json' (3010) panicked at src/packs/parsing/ruby/zeitwerk/mod.rs:715:14:
[INFO] [stdout] Failed to create cache dir: Os { code: 30, kind: ReadOnlyFilesystem, message: "Read-only file system" }
[INFO] [stdout] stack backtrace:
[INFO] [stdout]    0:     0x56271f3b2c51 - <<std[70759c8f55707aa4]::sys::backtrace::BacktraceLock>::print::DisplayBacktrace as core[df12db4294e9bfd3]::fmt::Display>::fmt
[INFO] [stdout]    1:     0x56271f3cb5da - core[df12db4294e9bfd3]::fmt::write
[INFO] [stdout]    2:     0x56271f3b7e1c - <alloc[2182bb758b4b3781]::vec::Vec<u8> as core[df12db4294e9bfd3]::io::write::Write>::write_fmt
[INFO] [stdout]    3:     0x56271f38ba36 - std[70759c8f55707aa4]::panicking::default_hook::{closure#0}
[INFO] [stdout]    4:     0x56271f3a9c09 - std[70759c8f55707aa4]::panicking::default_hook
[INFO] [stdout]    5:     0x56271f113f00 - test[9d35eded1c95d3be]::test_main_inner::<test[9d35eded1c95d3be]::test_main_static::{closure#0}>::{closure#0}
[INFO] [stdout]    6:     0x56271f3a9f32 - std[70759c8f55707aa4]::panicking::panic_with_hook
[INFO] [stdout]    7:     0x56271f38bae2 - std[70759c8f55707aa4]::panicking::panic_handler::{closure#0}
[INFO] [stdout]    8:     0x56271f383d49 - std[70759c8f55707aa4]::sys::backtrace::__rust_end_short_backtrace::<std[70759c8f55707aa4]::panicking::panic_handler::{closure#0}, !>
[INFO] [stdout]    9:     0x56271f38c86d - __rustc[8fa7c3cbc660c2b3]::rust_begin_unwind
[INFO] [stdout]   10:     0x56271f3cbdbc - core[df12db4294e9bfd3]::panicking::panic_fmt
[INFO] [stdout]   11:     0x56271f3cbb92 - core[df12db4294e9bfd3]::result::unwrap_failed
[INFO] [stdout]   12:     0x56271f0c7973 - packs[65186241e2001c37]::packs::parsing::ruby::zeitwerk::tests::test_corrupt_constant_resolver_json
[INFO] [stdout]   13:     0x56271f025f49 - <packs[65186241e2001c37]::packs::parsing::ruby::zeitwerk::tests::test_corrupt_constant_resolver_json::{closure#0} as core[df12db4294e9bfd3]::ops::function::FnOnce<()>>::call_once
[INFO] [stdout]   14:     0x56271f1071eb - test[9d35eded1c95d3be]::__rust_begin_short_backtrace::<core[df12db4294e9bfd3]::result::Result<(), alloc[2182bb758b4b3781]::string::String>, fn() -> core[df12db4294e9bfd3]::result::Result<(), alloc[2182bb758b4b3781]::string::String>>
[INFO] [stdout]   15:     0x56271f114855 - test[9d35eded1c95d3be]::run_test::{closure#0}
[INFO] [stdout]   16:     0x56271f10e114 - std[70759c8f55707aa4]::sys::backtrace::__rust_begin_short_backtrace::<test[9d35eded1c95d3be]::run_test::{closure#1}, ()>
[INFO] [stdout]   17:     0x56271f1179b2 - <std[70759c8f55707aa4]::thread::lifecycle::spawn_unchecked<test[9d35eded1c95d3be]::run_test::{closure#1}, ()>::{closure#1} as core[df12db4294e9bfd3]::ops::function::FnOnce<()>>::call_once::{shim:vtable#0}
[INFO] [stdout]   18:     0x56271f3b1f89 - <std[70759c8f55707aa4]::sys::thread::unix::Thread>::new::thread_start
[INFO] [stdout]   19:     0x723a90a67dfa - <unknown>
[INFO] [stdout]   20:     0x723a90afb3d4 - clone
[INFO] [stdout]   21:                0x0 - <unknown>
[INFO] [stdout] 
[INFO] [stdout] ---- packs::parsing::ruby::zeitwerk::tests::test_cache_constant_definitions stdout ----
[INFO] [stdout] 
[INFO] [stdout] thread 'packs::parsing::ruby::zeitwerk::tests::test_cache_constant_definitions' (3009) panicked at src/packs/caching/mod.rs:39:10:
[INFO] [stdout] Failed to create cache directory: Os { code: 30, kind: ReadOnlyFilesystem, message: "Read-only file system" }
[INFO] [stdout] stack backtrace:
[INFO] [stdout]    0:     0x56271f3b2c51 - <<std[70759c8f55707aa4]::sys::backtrace::BacktraceLock>::print::DisplayBacktrace as core[df12db4294e9bfd3]::fmt::Display>::fmt
[INFO] [stdout]    1:     0x56271f3cb5da - core[df12db4294e9bfd3]::fmt::write
[INFO] [stdout]    2:     0x56271f3b7e1c - <alloc[2182bb758b4b3781]::vec::Vec<u8> as core[df12db4294e9bfd3]::io::write::Write>::write_fmt
[INFO] [stdout]    3:     0x56271f38ba36 - std[70759c8f55707aa4]::panicking::default_hook::{closure#0}
[INFO] [stdout]    4:     0x56271f3a9c09 - std[70759c8f55707aa4]::panicking::default_hook
[INFO] [stdout]    5:     0x56271f113f00 - test[9d35eded1c95d3be]::test_main_inner::<test[9d35eded1c95d3be]::test_main_static::{closure#0}>::{closure#0}
[INFO] [stdout]    6:     0x56271f3a9f32 - std[70759c8f55707aa4]::panicking::panic_with_hook
[INFO] [stdout]    7:     0x56271f38bae2 - std[70759c8f55707aa4]::panicking::panic_handler::{closure#0}
[INFO] [stdout]    8:     0x56271f383d49 - std[70759c8f55707aa4]::sys::backtrace::__rust_end_short_backtrace::<std[70759c8f55707aa4]::panicking::panic_handler::{closure#0}, !>
[INFO] [stdout]    9:     0x56271f38c86d - __rustc[8fa7c3cbc660c2b3]::rust_begin_unwind
[INFO] [stdout]   10:     0x56271f3cbdbc - core[df12db4294e9bfd3]::panicking::panic_fmt
[INFO] [stdout]   11:     0x56271f3cbb92 - core[df12db4294e9bfd3]::result::unwrap_failed
[INFO] [stdout]   12:     0x56271efc6572 - packs[65186241e2001c37]::packs::parsing::ruby::zeitwerk::cache_constant_definitions
[INFO] [stdout]   13:     0x56271f0c615a - packs[65186241e2001c37]::packs::parsing::ruby::zeitwerk::tests::test_cache_constant_definitions
[INFO] [stdout]   14:     0x56271f025ec9 - <packs[65186241e2001c37]::packs::parsing::ruby::zeitwerk::tests::test_cache_constant_definitions::{closure#0} as core[df12db4294e9bfd3]::ops::function::FnOnce<()>>::call_once
[INFO] [stdout]   15:     0x56271f1071eb - test[9d35eded1c95d3be]::__rust_begin_short_backtrace::<core[df12db4294e9bfd3]::result::Result<(), alloc[2182bb758b4b3781]::string::String>, fn() -> core[df12db4294e9bfd3]::result::Result<(), alloc[2182bb758b4b3781]::string::String>>
[INFO] [stdout]   16:     0x56271f114855 - test[9d35eded1c95d3be]::run_test::{closure#0}
[INFO] [stdout]   17:     0x56271f10e114 - std[70759c8f55707aa4]::sys::backtrace::__rust_begin_short_backtrace::<test[9d35eded1c95d3be]::run_test::{closure#1}, ()>
[INFO] [stdout]   18:     0x56271f1179b2 - <std[70759c8f55707aa4]::thread::lifecycle::spawn_unchecked<test[9d35eded1c95d3be]::run_test::{closure#1}, ()>::{closure#1} as core[df12db4294e9bfd3]::ops::function::FnOnce<()>>::call_once::{shim:vtable#0}
[INFO] [stdout]   19:     0x56271f3b1f89 - <std[70759c8f55707aa4]::sys::thread::unix::Thread>::new::thread_start
[INFO] [stdout]   20:     0x723a90a67dfa - <unknown>
[INFO] [stdout]   21:     0x723a90afb3d4 - clone
[INFO] [stdout]   22:                0x0 - <unknown>
[INFO] [stdout] 
[INFO] [stdout] 
[INFO] [stdout] failures:
[INFO] [stdout]     packs::caching::per_file_cache::tests::test_corrupt_cache
[INFO] [stdout]     packs::parsing::ruby::zeitwerk::tests::test_cache_constant_definitions
[INFO] [stdout]     packs::parsing::ruby::zeitwerk::tests::test_corrupt_constant_resolver_json
[INFO] [stdout] 
[INFO] [stdout] test result: FAILED. 178 passed; 3 failed; 0 ignored; 0 measured; 0 filtered out; finished in 0.15s
[INFO] [stdout] 
[INFO] [stderr] error: test failed, to rerun pass `--lib`
[INFO] running `Command { std: "docker" "inspect" "eea39163f574d953be0abd80b2c36816a96ea3e10d4a8c24432ebf24fc03a4ae", kill_on_drop: false }`
[INFO] running `Command { std: "docker" "rm" "-f" "eea39163f574d953be0abd80b2c36816a96ea3e10d4a8c24432ebf24fc03a4ae", kill_on_drop: false }`
[INFO] [stdout] eea39163f574d953be0abd80b2c36816a96ea3e10d4a8c24432ebf24fc03a4ae
