[INFO] fetching crate pkpw 1.4.0...
[INFO] testing pkpw-1.4.0 against 1.99.0-beta.8+cargoflags=--release for beta-release-1.100-2
[INFO] extracting crate pkpw 1.4.0 into /workspace/builds/worker-4-tc1/source
[INFO] removed /workspace/builds/worker-4-tc1/source/.cargo/config.toml
[INFO] removed /workspace/builds/worker-4-tc1/source/rust-toolchain.toml
[INFO] started tweaking crates.io crate pkpw 1.4.0
[INFO] finished tweaking crates.io crate pkpw 1.4.0
[INFO] tweaked toml for crates.io crate pkpw 1.4.0 written to /workspace/builds/worker-4-tc1/source/Cargo.toml
[INFO] validating manifest of crates.io crate pkpw 1.4.0 on toolchain 1.99.0-beta.8
[INFO] running `Command { std: CARGO_HOME="/workspace/cargo-home" RUSTUP_HOME="/workspace/rustup-home" "/workspace/cargo-home/bin/cargo" "+1.99.0-beta.8" "metadata" "--manifest-path" "Cargo.toml" "--no-deps", kill_on_drop: false }`
[INFO] crate crates.io crate pkpw 1.4.0 already has a lockfile, it will not be regenerated
[INFO] running `Command { std: CARGO_HOME="/workspace/cargo-home" RUSTUP_HOME="/workspace/rustup-home" "/workspace/cargo-home/bin/cargo" "+1.99.0-beta.8" "fetch" "--manifest-path" "Cargo.toml", kill_on_drop: false }`
[INFO] [stderr]  Downloading crates ...
[INFO] [stderr]   Downloaded zmij v1.0.19
[INFO] [stderr]   Downloaded wasm-bindgen-test-shared v0.2.108
[INFO] [stderr]   Downloaded getrandom v0.4.0
[INFO] [stderr]   Downloaded wasm-bindgen-test-macro v0.3.58
[INFO] [stderr]   Downloaded wasm-bindgen-test v0.3.58
[INFO] [stderr]   Downloaded clap v4.5.56
[INFO] [stderr]   Downloaded clap_builder v4.5.56
[INFO] running `Command { std: "docker" "create" "-v" "/var/lib/crater-agent-workspace/builds/worker-4-tc1/source:/opt/rustwide/workdir:ro,Z" "-v" "/var/lib/crater-agent-workspace/builds/worker-4-tc1/target:/opt/rustwide/target:rw,Z" "-v" "/var/lib/crater-agent-workspace/cargo-home:/opt/rustwide/cargo-home:ro,Z" "-v" "/var/lib/crater-agent-workspace/rustup-home:/opt/rustwide/rustup-home:ro,Z" "-m" "1610612736" "--network" "none" "ghcr.io/rust-lang/crates-build-env/linux@sha256:77db811e55d90add9212f6832c23229e3de5f1c1f9905e8cb07319ea15df73ac" "sleep" "infinity", kill_on_drop: false }`
[INFO] [stdout] 05af9121ddff9ca7149e293f820541d2fb620db0b95d6fae8e823b7de2f43889
[INFO] running `Command { std: "docker" "start" "05af9121ddff9ca7149e293f820541d2fb620db0b95d6fae8e823b7de2f43889", kill_on_drop: false }`
[INFO] running `Command { std: "docker" "inspect" "05af9121ddff9ca7149e293f820541d2fb620db0b95d6fae8e823b7de2f43889", kill_on_drop: false }`
[INFO] running `Command { std: "docker" "exec" "-e" "SOURCE_DIR=/opt/rustwide/workdir" "-e" "CARGO_HOME=/opt/rustwide/cargo-home" "-e" "RUSTUP_HOME=/opt/rustwide/rustup-home" "-e" "CARGO_TARGET_DIR=/opt/rustwide/target" "-w" "/opt/rustwide/workdir" "--user" "0:0" "05af9121ddff9ca7149e293f820541d2fb620db0b95d6fae8e823b7de2f43889" "/opt/rustwide/cargo-home/bin/cargo" "+1.99.0-beta.8" "metadata" "--no-deps" "--format-version=1", kill_on_drop: false }`
[INFO] running `Command { std: "docker" "inspect" "05af9121ddff9ca7149e293f820541d2fb620db0b95d6fae8e823b7de2f43889", kill_on_drop: false }`
[INFO] running `Command { std: "docker" "exec" "-e" "SOURCE_DIR=/opt/rustwide/workdir" "-e" "CARGO_HOME=/opt/rustwide/cargo-home" "-e" "RUSTUP_HOME=/opt/rustwide/rustup-home" "-e" "CARGO_TARGET_DIR=/opt/rustwide/target" "-e" "CARGO_INCREMENTAL=0" "-e" "RUST_BACKTRACE=full" "-e" "RUSTFLAGS=--cap-lints=warn" "-e" "RUSTDOCFLAGS=--cap-lints=warn" "-w" "/opt/rustwide/workdir" "--user" "0:0" "05af9121ddff9ca7149e293f820541d2fb620db0b95d6fae8e823b7de2f43889" "/opt/rustwide/cargo-home/bin/cargo" "+1.99.0-beta.8" "build" "--frozen" "--message-format=json" "--release", kill_on_drop: false }`
[INFO] [stderr]    Compiling cfg-if v1.0.4
[INFO] [stderr]    Compiling autocfg v1.5.0
[INFO] [stderr]    Compiling libc v0.2.180
[INFO] [stderr]    Compiling proc-macro2 v1.0.106
[INFO] [stderr]    Compiling bitflags v2.10.0
[INFO] [stderr]    Compiling simd-adler32 v0.3.8
[INFO] [stderr]    Compiling crc32fast v1.5.0
[INFO] [stderr]    Compiling quote v1.0.44
[INFO] [stderr]    Compiling unicode-ident v1.0.22
[INFO] [stderr]    Compiling rustix v1.1.3
[INFO] [stderr]    Compiling adler2 v2.0.1
[INFO] [stderr]    Compiling utf8parse v0.2.2
[INFO] [stderr]    Compiling parking_lot_core v0.9.12
[INFO] [stderr]    Compiling linux-raw-sys v0.11.0
[INFO] [stderr]    Compiling anstyle v1.0.13
[INFO] [stderr]    Compiling smallvec v1.15.1
[INFO] [stderr]    Compiling anstyle-parse v0.2.7
[INFO] [stderr]    Compiling rand_core v0.10.0
[INFO] [stderr]    Compiling scopeguard v1.2.0
[INFO] [stderr]    Compiling is_terminal_polyfill v1.70.2
[INFO] [stderr]    Compiling getrandom v0.4.0
[INFO] [stderr]    Compiling miniz_oxide v0.8.9
[INFO] [stderr]    Compiling fdeflate v0.3.7
[INFO] [stderr]    Compiling colorchoice v1.0.4
[INFO] [stderr]    Compiling anstyle-query v1.1.5
[INFO] [stderr]    Compiling lock_api v0.4.14
[INFO] [stderr]    Compiling strsim v0.11.1
[INFO] [stderr]    Compiling clap_lex v0.7.7
[INFO] [stderr]    Compiling cpufeatures v0.3.0
[INFO] [stderr]    Compiling byteorder-lite v0.1.0
[INFO] [stderr]    Compiling num-traits v0.2.19
[INFO] [stderr]    Compiling bytemuck v1.25.0
[INFO] [stderr]    Compiling anstream v0.6.21
[INFO] [stderr]    Compiling x11rb-protocol v0.13.2
[INFO] [stderr]    Compiling heck v0.5.0
[INFO] [stderr]    Compiling chacha20 v0.10.0
[INFO] [stderr]    Compiling percent-encoding v2.3.2
[INFO] [stderr]    Compiling log v0.4.29
[INFO] [stderr]    Compiling clap_builder v4.5.56
[INFO] [stderr]    Compiling lazy_static v1.5.0
[INFO] [stderr]    Compiling flate2 v1.1.8
[INFO] [stderr]    Compiling png v0.18.0
[INFO] [stderr]    Compiling pxfm v0.1.27
[INFO] [stderr]    Compiling syn v2.0.114
[INFO] [stderr]    Compiling rand v0.10.0
[INFO] [stderr]    Compiling parking_lot v0.12.5
[INFO] [stderr]    Compiling gethostname v1.1.0
[INFO] [stderr]    Compiling clap_derive v4.5.55
[INFO] [stderr]    Compiling x11rb v0.13.2
[INFO] [stderr]    Compiling moxcms v0.7.11
[INFO] [stderr]    Compiling clap v4.5.56
[INFO] [stderr]    Compiling image v0.25.9
[INFO] [stderr]    Compiling arboard v3.6.1
[INFO] [stderr]    Compiling pkpw v1.4.0 (/opt/rustwide/workdir)
[INFO] [stderr]     Finished `release` profile [optimized] target(s) in 44.54s
[INFO] running `Command { std: "docker" "inspect" "05af9121ddff9ca7149e293f820541d2fb620db0b95d6fae8e823b7de2f43889", kill_on_drop: false }`
[INFO] running `Command { std: "docker" "exec" "-e" "SOURCE_DIR=/opt/rustwide/workdir" "-e" "CARGO_HOME=/opt/rustwide/cargo-home" "-e" "RUSTUP_HOME=/opt/rustwide/rustup-home" "-e" "CARGO_TARGET_DIR=/opt/rustwide/target" "-e" "CARGO_INCREMENTAL=0" "-e" "RUST_BACKTRACE=full" "-e" "RUSTFLAGS=--cap-lints=warn" "-e" "RUSTDOCFLAGS=--cap-lints=warn" "-w" "/opt/rustwide/workdir" "--user" "0:0" "05af9121ddff9ca7149e293f820541d2fb620db0b95d6fae8e823b7de2f43889" "/opt/rustwide/cargo-home/bin/cargo" "+1.99.0-beta.8" "test" "--frozen" "--no-run" "--message-format=json" "--release", kill_on_drop: false }`
[INFO] [stderr]    Compiling cfg-if v1.0.4
[INFO] [stderr]    Compiling simd-adler32 v0.3.8
[INFO] [stderr]    Compiling bitflags v2.10.0
[INFO] [stderr]    Compiling anstyle v1.0.13
[INFO] [stderr]    Compiling adler2 v2.0.1
[INFO] [stderr]    Compiling utf8parse v0.2.2
[INFO] [stderr]    Compiling linux-raw-sys v0.11.0
[INFO] [stderr]    Compiling rand_core v0.10.0
[INFO] [stderr]    Compiling libc v0.2.180
[INFO] [stderr]    Compiling scopeguard v1.2.0
[INFO] [stderr]    Compiling colorchoice v1.0.4
[INFO] [stderr]    Compiling is_terminal_polyfill v1.70.2
[INFO] [stderr]    Compiling anstyle-query v1.1.5
[INFO] [stderr]    Compiling smallvec v1.15.1
[INFO] [stderr]    Compiling num-traits v0.2.19
[INFO] [stderr]    Compiling strsim v0.11.1
[INFO] [stderr]    Compiling crc32fast v1.5.0
[INFO] [stderr]    Compiling anstyle-parse v0.2.7
[INFO] [stderr]    Compiling clap_lex v0.7.7
[INFO] [stderr]    Compiling x11rb-protocol v0.13.2
[INFO] [stderr]    Compiling miniz_oxide v0.8.9
[INFO] [stderr]    Compiling fdeflate v0.3.7
[INFO] [stderr]    Compiling lock_api v0.4.14
[INFO] [stderr]    Compiling cpufeatures v0.3.0
[INFO] [stderr]    Compiling byteorder-lite v0.1.0
[INFO] [stderr]    Compiling bytemuck v1.25.0
[INFO] [stderr]    Compiling anstream v0.6.21
[INFO] [stderr]    Compiling predicates-core v1.0.9
[INFO] [stderr]    Compiling chacha20 v0.10.0
[INFO] [stderr]    Compiling log v0.4.29
[INFO] [stderr]    Compiling percent-encoding v2.3.2
[INFO] [stderr]    Compiling regex-automata v0.4.13
[INFO] [stderr]    Compiling clap_builder v4.5.56
[INFO] [stderr]    Compiling difflib v0.4.0
[INFO] [stderr]    Compiling termtree v0.5.1
[INFO] [stderr]    Compiling memchr v2.7.6
[INFO] [stderr]    Compiling assert_cmd v2.1.2
[INFO] [stderr]    Compiling predicates v3.1.3
[INFO] [stderr]    Compiling predicates-tree v1.0.12
[INFO] [stderr]    Compiling lazy_static v1.5.0
[INFO] [stderr]    Compiling flate2 v1.1.8
[INFO] [stderr]    Compiling pxfm v0.1.27
[INFO] [stderr]    Compiling png v0.18.0
[INFO] [stderr]    Compiling parking_lot_core v0.9.12
[INFO] [stderr]    Compiling getrandom v0.4.0
[INFO] [stderr]    Compiling wait-timeout v0.2.1
[INFO] [stderr]    Compiling rand v0.10.0
[INFO] [stderr]    Compiling parking_lot v0.12.5
[INFO] [stderr]    Compiling bstr v1.12.1
[INFO] [stderr]    Compiling rustix v1.1.3
[INFO] [stderr]    Compiling moxcms v0.7.11
[INFO] [stderr]    Compiling clap v4.5.56
[INFO] [stderr]    Compiling gethostname v1.1.0
[INFO] [stderr]    Compiling x11rb v0.13.2
[INFO] [stderr]    Compiling image v0.25.9
[INFO] [stderr]    Compiling arboard v3.6.1
[INFO] [stderr]    Compiling pkpw v1.4.0 (/opt/rustwide/workdir)
[INFO] [stderr]     Finished `release` profile [optimized] target(s) in 1m 04s
[INFO] running `Command { std: "docker" "inspect" "05af9121ddff9ca7149e293f820541d2fb620db0b95d6fae8e823b7de2f43889", kill_on_drop: false }`
[INFO] running `Command { std: "docker" "exec" "-e" "SOURCE_DIR=/opt/rustwide/workdir" "-e" "CARGO_HOME=/opt/rustwide/cargo-home" "-e" "RUSTUP_HOME=/opt/rustwide/rustup-home" "-e" "CARGO_TARGET_DIR=/opt/rustwide/target" "-e" "CARGO_INCREMENTAL=0" "-e" "RUST_BACKTRACE=full" "-e" "RUSTFLAGS=--cap-lints=warn" "-e" "RUSTDOCFLAGS=--cap-lints=warn" "-w" "/opt/rustwide/workdir" "--user" "0:0" "05af9121ddff9ca7149e293f820541d2fb620db0b95d6fae8e823b7de2f43889" "/opt/rustwide/cargo-home/bin/cargo" "+1.99.0-beta.8" "test" "--frozen" "--release", kill_on_drop: false }`
[INFO] [stderr]     Finished `release` profile [optimized] target(s) in 0.14s
[INFO] [stderr]      Running unittests src/lib.rs (/opt/rustwide/target/release/deps/pkpw-bf02e638cce20fbf)
[INFO] [stdout] 
[INFO] [stdout] running 17 tests
[INFO] [stdout] test pokemon::test::test_length ... ok
[INFO] [stdout] test pokemon::test::test_pokemon ... ok
[INFO] [stdout] test pokemon::test::test_pick ... ok
[INFO] [stdout] test test::test_generate_append_numbers_with_special ... ok
[INFO] [stdout] test pokemon::test::test_pick_pick ... ok
[INFO] [stdout] test pokemon::test::test_into_inner ... ok
[INFO] [stdout] test test::test_generate_append_numbers ... ok
[INFO] [stdout] test pokemon::test::test_new ... ok
[INFO] [stdout] test pokemon::test::test_new_new ... ok
[INFO] [stdout] test test::test_generate_length ... ok
[INFO] [stdout] test test::test_generate_digit ... ok
[INFO] [stdout] test test::test_generate_special ... ok
[INFO] [stdout] test test::test_join ... ok
[INFO] [stdout] test test::test_generate ... ok
[INFO] [stdout] test test::test_generate_append_numbers_zero ... ok
[INFO] [stdout] test test::test_generate_random ... ok
[INFO] [stderr]      Running unittests src/bin/pkpw.rs (/opt/rustwide/target/release/deps/pkpw-5d8ae02ca1a949a1)
[INFO] [stdout] test test::test_generate_separator ... ok
[INFO] [stdout] 
[INFO] [stdout] test result: ok. 17 passed; 0 failed; 0 ignored; 0 measured; 0 filtered out; finished in 0.01s
[INFO] [stdout] 
[INFO] [stdout] 
[INFO] [stdout] running 4 tests
[INFO] [stdout] test test::test_command ... FAILED
[INFO] [stdout] test test::test_command_append_numbers_default ... FAILED
[INFO] [stdout] test test::test_command_length_excl_pick ... FAILED
[INFO] [stdout] test test::test_command_append_numbers ... FAILED
[INFO] [stdout] 
[INFO] [stdout] failures:
[INFO] [stdout] 
[INFO] [stdout] ---- test::test_command stdout ----
[INFO] [stdout] 
[INFO] [stdout] thread 'test::test_command' (1368) panicked at /opt/rustwide/cargo-home/registry/src/index.crates.io-1949cf8c6b5b557f/assert_cmd-2.1.2/src/cmd.rs:659:17:
[INFO] [stdout] Failed to spawn Command { cmd: "target/release/pkpw", stdin: None, timeout: None }: No such file or directory (os error 2)
[INFO] [stdout] stack backtrace:
[INFO] [stdout]    0:     0x562aa151fea7 - <unknown>
[INFO] [stdout]    1:     0x562aa15086c4 - <unknown>
[INFO] [stdout]    2:     0x562aa151f46b - <unknown>
[INFO] [stdout]    3:     0x562aa151f069 - <unknown>
[INFO] [stdout]    4:     0x562aa151ecea - <unknown>
[INFO] [stdout]    5:     0x562aa151e823 - <unknown>
[INFO] [stdout]    6:     0x562aa1544971 - <unknown>
[INFO] [stdout]    7:     0x562aa1544929 - <unknown>
[INFO] [stdout]    8:     0x562aa1544e2c - <unknown>
[INFO] [stdout]    9:     0x562aa150855b - <unknown>
[INFO] [stdout]   10:     0x562aa15076a1 - <unknown>
[INFO] [stdout]   11:     0x562aa150143f - <unknown>
[INFO] [stdout]   12:     0x562aa155db1b - <unknown>
[INFO] [stdout]   13:     0x562aa1559ad2 - <unknown>
[INFO] [stdout]   14:     0x562aa155923c - <unknown>
[INFO] [stdout]   15:     0x562aa1573e6c - <unknown>
[INFO] [stdout]   16:     0x562aa15465da - <unknown>
[INFO] [stdout]   17:     0x7d9c0b53cdfa - <unknown>
[INFO] [stdout]   18:     0x7d9c0b5d03d4 - clone
[INFO] [stdout]   19:                0x0 - <unknown>
[INFO] [stdout] 
[INFO] [stdout] ---- test::test_command_append_numbers_default stdout ----
[INFO] [stdout] 
[INFO] [stdout] thread 'test::test_command_append_numbers_default' (1370) panicked at /opt/rustwide/cargo-home/registry/src/index.crates.io-1949cf8c6b5b557f/assert_cmd-2.1.2/src/cmd.rs:659:17:
[INFO] [stdout] Failed to spawn Command { cmd: "target/release/pkpw" "-a", stdin: None, timeout: None }: No such file or directory (os error 2)
[INFO] [stdout] stack backtrace:
[INFO] [stdout]    0:     0x562aa151fea7 - <unknown>
[INFO] [stdout]    1:     0x562aa15086c4 - <unknown>
[INFO] [stdout]    2:     0x562aa151f46b - <unknown>
[INFO] [stdout]    3:     0x562aa151f069 - <unknown>
[INFO] [stdout]    4:     0x562aa151ecea - <unknown>
[INFO] [stdout]    5:     0x562aa151e823 - <unknown>
[INFO] [stdout]    6:     0x562aa1544971 - <unknown>
[INFO] [stdout]    7:     0x562aa1544929 - <unknown>
[INFO] [stdout]    8:     0x562aa1544e2c - <unknown>
[INFO] [stdout]    9:     0x562aa150855b - <unknown>
[INFO] [stdout]   10:     0x562aa15076a1 - <unknown>
[INFO] [stdout]   11:     0x562aa1501749 - <unknown>
[INFO] [stdout]   12:     0x562aa155db1b - <unknown>
[INFO] [stdout]   13:     0x562aa1559ad2 - <unknown>
[INFO] [stdout]   14:     0x562aa155923c - <unknown>
[INFO] [stdout]   15:     0x562aa1573e6c - <unknown>
[INFO] [stdout]   16:     0x562aa15465da - <unknown>
[INFO] [stdout]   17:     0x7d9c0b53cdfa - <unknown>
[INFO] [stdout]   18:     0x7d9c0b5d03d4 - clone
[INFO] [stdout]   19:                0x0 - <unknown>
[INFO] [stdout] 
[INFO] [stdout] ---- test::test_command_length_excl_pick stdout ----
[INFO] [stdout] 
[INFO] [stdout] thread 'test::test_command_length_excl_pick' (1371) panicked at /opt/rustwide/cargo-home/registry/src/index.crates.io-1949cf8c6b5b557f/assert_cmd-2.1.2/src/cmd.rs:659:17:
[INFO] [stdout] Failed to spawn Command { cmd: "target/release/pkpw" "-l 40" "-n 4", stdin: None, timeout: None }: No such file or directory (os error 2)
[INFO] [stdout] stack backtrace:
[INFO] [stdout]    0:     0x562aa151fea7 - <unknown>
[INFO] [stdout]    1:     0x562aa15086c4 - <unknown>
[INFO] [stdout]    2:     0x562aa151f46b - <unknown>
[INFO] [stdout]    3:     0x562aa151f069 - <unknown>
[INFO] [stdout]    4:     0x562aa151ecea - <unknown>
[INFO] [stdout]    5:     0x562aa151e823 - <unknown>
[INFO] [stdout]    6:     0x562aa1544971 - <unknown>
[INFO] [stdout]    7:     0x562aa1544929 - <unknown>
[INFO] [stdout]    8:     0x562aa1544e2c - <unknown>
[INFO] [stdout]    9:     0x562aa150855b - <unknown>
[INFO] [stdout]   10:     0x562aa15076a1 - <unknown>
[INFO] [stdout]   11:     0x562aa1501677 - <unknown>
[INFO] [stdout]   12:     0x562aa155db1b - <unknown>
[INFO] [stdout]   13:     0x562aa1559ad2 - <unknown>
[INFO] [stdout]   14:     0x562aa155923c - <unknown>
[INFO] [stdout]   15:     0x562aa1573e6c - <unknown>
[INFO] [stdout]   16:     0x562aa15465da - <unknown>
[INFO] [stdout]   17:     0x7d9c0b53cdfa - <unknown>
[INFO] [stdout]   18:     0x7d9c0b5d03d4 - clone
[INFO] [stdout]   19:                0x0 - <unknown>
[INFO] [stdout] 
[INFO] [stdout] ---- test::test_command_append_numbers stdout ----
[INFO] [stdout] 
[INFO] [stdout] thread 'test::test_command_append_numbers' (1369) panicked at /opt/rustwide/cargo-home/registry/src/index.crates.io-1949cf8c6b5b557f/assert_cmd-2.1.2/src/cmd.rs:659:17:
[INFO] [stdout] Failed to spawn Command { cmd: "target/release/pkpw" "--append-numbers" "3", stdin: None, timeout: None }: No such file or directory (os error 2)
[INFO] [stdout] stack backtrace:
[INFO] [stdout]    0:     0x562aa151fea7 - <unknown>
[INFO] [stdout]    1:     0x562aa15086c4 - <unknown>
[INFO] [stdout]    2:     0x562aa151f46b - <unknown>
[INFO] [stdout]    3:     0x562aa151f069 - <unknown>
[INFO] [stdout]    4:     0x562aa151ecea - <unknown>
[INFO] [stdout]    5:     0x562aa151e823 - <unknown>
[INFO] [stdout]    6:     0x562aa1544971 - <unknown>
[INFO] [stdout]    7:     0x562aa1544929 - <unknown>
[INFO] [stdout]    8:     0x562aa1544e2c - <unknown>
[INFO] [stdout]    9:     0x562aa150855b - <unknown>
[INFO] [stdout]   10:     0x562aa15076a1 - <unknown>
[INFO] [stdout]   11:     0x562aa15014ea - <unknown>
[INFO] [stdout]   12:     0x562aa155db1b - <unknown>
[INFO] [stdout]   13:     0x562aa1559ad2 - <unknown>
[INFO] [stdout]   14:     0x562aa155923c - <unknown>
[INFO] [stdout]   15:     0x562aa1573e6c - <unknown>
[INFO] [stdout]   16:     0x562aa15465da - <unknown>
[INFO] [stdout]   17:     0x7d9c0b53cdfa - <unknown>
[INFO] [stdout]   18:     0x7d9c0b5d03d4 - clone
[INFO] [stdout]   19:                0x0 - <unknown>
[INFO] [stdout] 
[INFO] [stdout] 
[INFO] [stdout] failures:
[INFO] [stdout]     test::test_command
[INFO] [stdout]     test::test_command_append_numbers
[INFO] [stdout]     test::test_command_append_numbers_default
[INFO] [stdout]     test::test_command_length_excl_pick
[INFO] [stdout] 
[INFO] [stdout] test result: FAILED. 0 passed; 4 failed; 0 ignored; 0 measured; 0 filtered out; finished in 0.01s
[INFO] [stdout] 
[INFO] [stderr] error: test failed, to rerun pass `--bin pkpw`
[INFO] running `Command { std: "docker" "inspect" "05af9121ddff9ca7149e293f820541d2fb620db0b95d6fae8e823b7de2f43889", kill_on_drop: false }`
[INFO] running `Command { std: "docker" "rm" "-f" "05af9121ddff9ca7149e293f820541d2fb620db0b95d6fae8e823b7de2f43889", kill_on_drop: false }`
[INFO] [stdout] 05af9121ddff9ca7149e293f820541d2fb620db0b95d6fae8e823b7de2f43889
