[INFO] fetching crate pkcs-12 0.3.1...
[INFO] testing pkcs-12-0.3.1 against 1.99.0-beta.8+cargoflags=--release for beta-release-1.100-2
[INFO] extracting crate pkcs-12 0.3.1 into /workspace/builds/worker-2-tc1/source
[INFO] started tweaking crates.io crate pkcs-12 0.3.1
[INFO] finished tweaking crates.io crate pkcs-12 0.3.1
[INFO] tweaked toml for crates.io crate pkcs-12 0.3.1 written to /workspace/builds/worker-2-tc1/source/Cargo.toml
[INFO] validating manifest of crates.io crate pkcs-12 0.3.1 on toolchain 1.99.0-beta.8
[INFO] running `Command { std: CARGO_HOME="/workspace/cargo-home" RUSTUP_HOME="/workspace/rustup-home" "/workspace/cargo-home/bin/cargo" "+1.99.0-beta.8" "metadata" "--manifest-path" "Cargo.toml" "--no-deps", kill_on_drop: false }`
[INFO] running `Command { std: CARGO_HOME="/workspace/cargo-home" RUSTUP_HOME="/workspace/rustup-home" "/workspace/cargo-home/bin/cargo" "+1.99.0-beta.8" "generate-lockfile" "--manifest-path" "Cargo.toml", kill_on_drop: false }`
[INFO] [stderr]     Updating crates.io index
[INFO] [stderr]      Locking 25 packages to highest compatible versions
[INFO] [stderr]       Adding block-modes v0.8.1 (available: v0.9.1)
[INFO] [stderr]       Adding des v0.7.0 (available: v0.9.0)
[INFO] [stderr]       Adding getrandom v0.2.17 (available: v0.4.3)
[INFO] [stderr]       Adding hex-literal v0.3.4 (available: v1.1.0)
[INFO] [stderr]       Adding hmac v0.11.0 (available: v0.13.0)
[INFO] [stderr]       Adding rc2 v0.7.0 (available: v0.9.0)
[INFO] [stderr]       Adding sha-1 v0.9.8 (available: v0.10.1)
[INFO] [stderr]       Adding subtle v2.4.1 (available: v2.6.1)
[INFO] [stderr]       Adding yasna v0.4.0 (available: v0.6.0)
[INFO] running `Command { std: CARGO_HOME="/workspace/cargo-home" RUSTUP_HOME="/workspace/rustup-home" "/workspace/cargo-home/bin/cargo" "+1.99.0-beta.8" "fetch" "--manifest-path" "Cargo.toml", kill_on_drop: false }`
[INFO] [stderr]  Downloading crates ...
[INFO] [stderr]   Downloaded rc2 v0.7.0
[INFO] [stderr]   Downloaded sha-1 v0.9.8
[INFO] [stderr]   Downloaded hmac v0.11.0
[INFO] [stderr]   Downloaded yasna v0.4.0
[INFO] [stderr]   Downloaded crypto-mac v0.11.1
[INFO] [stderr]   Downloaded hex-literal v0.3.4
[INFO] [stderr]   Downloaded block-modes v0.8.1
[INFO] [stderr]   Downloaded block-padding v0.2.1
[INFO] [stderr]   Downloaded des v0.7.0
[INFO] running `Command { std: "docker" "create" "-v" "/var/lib/crater-agent-workspace/builds/worker-2-tc1/source:/opt/rustwide/workdir:ro,Z" "-v" "/var/lib/crater-agent-workspace/builds/worker-2-tc1/target:/opt/rustwide/target:rw,Z" "-v" "/var/lib/crater-agent-workspace/cargo-home:/opt/rustwide/cargo-home:ro,Z" "-v" "/var/lib/crater-agent-workspace/rustup-home:/opt/rustwide/rustup-home:ro,Z" "-m" "1610612736" "--network" "none" "ghcr.io/rust-lang/crates-build-env/linux@sha256:77db811e55d90add9212f6832c23229e3de5f1c1f9905e8cb07319ea15df73ac" "sleep" "infinity", kill_on_drop: false }`
[INFO] [stdout] be9380accffad399ba3413a64d3989bceb1ab792d641f27469c6d632f248cf73
[INFO] running `Command { std: "docker" "start" "be9380accffad399ba3413a64d3989bceb1ab792d641f27469c6d632f248cf73", kill_on_drop: false }`
[INFO] running `Command { std: "docker" "inspect" "be9380accffad399ba3413a64d3989bceb1ab792d641f27469c6d632f248cf73", kill_on_drop: false }`
[INFO] running `Command { std: "docker" "exec" "-e" "SOURCE_DIR=/opt/rustwide/workdir" "-e" "CARGO_HOME=/opt/rustwide/cargo-home" "-e" "RUSTUP_HOME=/opt/rustwide/rustup-home" "-e" "CARGO_TARGET_DIR=/opt/rustwide/target" "-w" "/opt/rustwide/workdir" "--user" "0:0" "be9380accffad399ba3413a64d3989bceb1ab792d641f27469c6d632f248cf73" "/opt/rustwide/cargo-home/bin/cargo" "+1.99.0-beta.8" "metadata" "--no-deps" "--format-version=1", kill_on_drop: false }`
[INFO] running `Command { std: "docker" "inspect" "be9380accffad399ba3413a64d3989bceb1ab792d641f27469c6d632f248cf73", kill_on_drop: false }`
[INFO] running `Command { std: "docker" "exec" "-e" "SOURCE_DIR=/opt/rustwide/workdir" "-e" "CARGO_HOME=/opt/rustwide/cargo-home" "-e" "RUSTUP_HOME=/opt/rustwide/rustup-home" "-e" "CARGO_TARGET_DIR=/opt/rustwide/target" "-e" "CARGO_INCREMENTAL=0" "-e" "RUST_BACKTRACE=full" "-e" "RUSTFLAGS=--cap-lints=warn" "-e" "RUSTDOCFLAGS=--cap-lints=warn" "-w" "/opt/rustwide/workdir" "--user" "0:0" "be9380accffad399ba3413a64d3989bceb1ab792d641f27469c6d632f248cf73" "/opt/rustwide/cargo-home/bin/cargo" "+1.99.0-beta.8" "build" "--frozen" "--message-format=json" "--release", kill_on_drop: false }`
[INFO] [stderr]    Compiling generic-array v0.14.9
[INFO] [stderr]    Compiling subtle v2.4.1
[INFO] [stderr]    Compiling block-padding v0.2.1
[INFO] [stderr]    Compiling byteorder v1.5.0
[INFO] [stderr]    Compiling yasna v0.4.0
[INFO] [stderr]    Compiling getrandom v0.2.17
[INFO] [stderr]    Compiling cipher v0.3.0
[INFO] [stderr]    Compiling digest v0.9.0
[INFO] [stderr]    Compiling crypto-mac v0.11.1
[INFO] [stderr]    Compiling block-buffer v0.9.0
[INFO] [stderr]    Compiling hmac v0.11.0
[INFO] [stderr]    Compiling sha-1 v0.9.8
[INFO] [stderr]    Compiling des v0.7.0
[INFO] [stderr]    Compiling rc2 v0.7.0
[INFO] [stderr]    Compiling block-modes v0.8.1
[INFO] [stderr]    Compiling pkcs-12 v0.3.1 (/opt/rustwide/workdir)
[INFO] [stderr]     Finished `release` profile [optimized] target(s) in 4.33s
[INFO] running `Command { std: "docker" "inspect" "be9380accffad399ba3413a64d3989bceb1ab792d641f27469c6d632f248cf73", kill_on_drop: false }`
[INFO] running `Command { std: "docker" "exec" "-e" "SOURCE_DIR=/opt/rustwide/workdir" "-e" "CARGO_HOME=/opt/rustwide/cargo-home" "-e" "RUSTUP_HOME=/opt/rustwide/rustup-home" "-e" "CARGO_TARGET_DIR=/opt/rustwide/target" "-e" "CARGO_INCREMENTAL=0" "-e" "RUST_BACKTRACE=full" "-e" "RUSTFLAGS=--cap-lints=warn" "-e" "RUSTDOCFLAGS=--cap-lints=warn" "-w" "/opt/rustwide/workdir" "--user" "0:0" "be9380accffad399ba3413a64d3989bceb1ab792d641f27469c6d632f248cf73" "/opt/rustwide/cargo-home/bin/cargo" "+1.99.0-beta.8" "test" "--frozen" "--no-run" "--message-format=json" "--release", kill_on_drop: false }`
[INFO] [stderr]    Compiling hex-literal v0.3.4
[INFO] [stderr]    Compiling pkcs-12 v0.3.1 (/opt/rustwide/workdir)
[INFO] [stderr]     Finished `release` profile [optimized] target(s) in 2.56s
[INFO] running `Command { std: "docker" "inspect" "be9380accffad399ba3413a64d3989bceb1ab792d641f27469c6d632f248cf73", kill_on_drop: false }`
[INFO] running `Command { std: "docker" "exec" "-e" "SOURCE_DIR=/opt/rustwide/workdir" "-e" "CARGO_HOME=/opt/rustwide/cargo-home" "-e" "RUSTUP_HOME=/opt/rustwide/rustup-home" "-e" "CARGO_TARGET_DIR=/opt/rustwide/target" "-e" "CARGO_INCREMENTAL=0" "-e" "RUST_BACKTRACE=full" "-e" "RUSTFLAGS=--cap-lints=warn" "-e" "RUSTDOCFLAGS=--cap-lints=warn" "-w" "/opt/rustwide/workdir" "--user" "0:0" "be9380accffad399ba3413a64d3989bceb1ab792d641f27469c6d632f248cf73" "/opt/rustwide/cargo-home/bin/cargo" "+1.99.0-beta.8" "test" "--frozen" "--release", kill_on_drop: false }`
[INFO] [stderr]     Finished `release` profile [optimized] target(s) in 0.04s
[INFO] [stderr]      Running unittests src/lib.rs (/opt/rustwide/target/release/deps/pkcs_12-96547bbcb855689a)
[INFO] [stdout] 
[INFO] [stdout] running 5 tests
[INFO] [stdout] test test_bmp_string ... ok
[INFO] [stdout] test test_encrypted_private_key_info ... ok
[INFO] [stdout] test test_pbepkcs12sha1_2 ... ok
[INFO] [stdout] test test_pbepkcs12sha1 ... ok
[INFO] [stderr] error: test failed, to rerun pass `--lib`
[INFO] [stdout] test test_create_p12 ... FAILED
[INFO] [stdout] 
[INFO] [stdout] failures:
[INFO] [stdout] 
[INFO] [stdout] ---- test_create_p12 stdout ----
[INFO] [stdout] 
[INFO] [stdout] thread 'test_create_p12' (369) panicked at src/lib.rs:1016:45:
[INFO] [stdout] called `Result::unwrap()` on an `Err` value: Os { code: 30, kind: ReadOnlyFilesystem, message: "Read-only file system" }
[INFO] [stdout] stack backtrace:
[INFO] [stdout]    0:     0x64ccae045261 - <<std[70759c8f55707aa4]::sys::backtrace::BacktraceLock>::print::DisplayBacktrace as core[df12db4294e9bfd3]::fmt::Display>::fmt
[INFO] [stdout]    1:     0x64ccae05953a - core[df12db4294e9bfd3]::fmt::write
[INFO] [stdout]    2:     0x64ccae0496fc - <alloc[2182bb758b4b3781]::vec::Vec<u8> as core[df12db4294e9bfd3]::io::write::Write>::write_fmt
[INFO] [stdout]    3:     0x64ccae021856 - std[70759c8f55707aa4]::panicking::default_hook::{closure#0}
[INFO] [stdout]    4:     0x64ccae03d9c9 - std[70759c8f55707aa4]::panicking::default_hook
[INFO] [stdout]    5:     0x64ccadfd41c0 - test[9d35eded1c95d3be]::test_main_inner::<test[9d35eded1c95d3be]::test_main_static::{closure#0}>::{closure#0}
[INFO] [stdout]    6:     0x64ccae03db82 - std[70759c8f55707aa4]::panicking::panic_with_hook
[INFO] [stdout]    7:     0x64ccae021902 - std[70759c8f55707aa4]::panicking::panic_handler::{closure#0}
[INFO] [stdout]    8:     0x64ccae01a689 - std[70759c8f55707aa4]::sys::backtrace::__rust_end_short_backtrace::<std[70759c8f55707aa4]::panicking::panic_handler::{closure#0}, !>
[INFO] [stdout]    9:     0x64ccae0224fd - __rustc[8fa7c3cbc660c2b3]::rust_begin_unwind
[INFO] [stdout]   10:     0x64ccae059c6c - core[df12db4294e9bfd3]::panicking::panic_fmt
[INFO] [stdout]   11:     0x64ccae059a42 - core[df12db4294e9bfd3]::result::unwrap_failed
[INFO] [stdout]   12:     0x64ccadfc14f9 - <pkcs_12[e2d502d30bccea37]::test_create_p12::{closure#0} as core[df12db4294e9bfd3]::ops::function::FnOnce<()>>::call_once
[INFO] [stdout]   13:     0x64ccadfc74ab - test[9d35eded1c95d3be]::__rust_begin_short_backtrace::<core[df12db4294e9bfd3]::result::Result<(), alloc[2182bb758b4b3781]::string::String>, fn() -> core[df12db4294e9bfd3]::result::Result<(), alloc[2182bb758b4b3781]::string::String>>
[INFO] [stdout]   14:     0x64ccadfd4b15 - test[9d35eded1c95d3be]::run_test::{closure#0}
[INFO] [stdout]   15:     0x64ccadfce3d4 - std[70759c8f55707aa4]::sys::backtrace::__rust_begin_short_backtrace::<test[9d35eded1c95d3be]::run_test::{closure#1}, ()>
[INFO] [stdout]   16:     0x64ccadfd7c72 - <std[70759c8f55707aa4]::thread::lifecycle::spawn_unchecked<test[9d35eded1c95d3be]::run_test::{closure#1}, ()>::{closure#1} as core[df12db4294e9bfd3]::ops::function::FnOnce<()>>::call_once::{shim:vtable#0}
[INFO] [stdout]   17:     0x64ccae044b39 - <std[70759c8f55707aa4]::sys::thread::unix::Thread>::new::thread_start
[INFO] [stdout]   18:     0x7f8a57677dfa - <unknown>
[INFO] [stdout]   19:     0x7f8a5770b3d4 - clone
[INFO] [stdout]   20:                0x0 - <unknown>
[INFO] [stdout] 
[INFO] [stdout] 
[INFO] [stdout] failures:
[INFO] [stdout]     test_create_p12
[INFO] [stdout] 
[INFO] [stdout] test result: FAILED. 4 passed; 1 failed; 0 ignored; 0 measured; 0 filtered out; finished in 0.01s
[INFO] [stdout] 
[INFO] running `Command { std: "docker" "inspect" "be9380accffad399ba3413a64d3989bceb1ab792d641f27469c6d632f248cf73", kill_on_drop: false }`
[INFO] running `Command { std: "docker" "rm" "-f" "be9380accffad399ba3413a64d3989bceb1ab792d641f27469c6d632f248cf73", kill_on_drop: false }`
[INFO] [stdout] be9380accffad399ba3413a64d3989bceb1ab792d641f27469c6d632f248cf73
