[INFO] fetching crate pkcrack 0.1.0...
[INFO] testing pkcrack-0.1.0 against 1.100.0-beta.1+cargoflags=--release for beta-release-1.100-2
[INFO] extracting crate pkcrack 0.1.0 into /workspace/builds/worker-3-tc2/source
[INFO] started tweaking crates.io crate pkcrack 0.1.0
[INFO] finished tweaking crates.io crate pkcrack 0.1.0
[INFO] tweaked toml for crates.io crate pkcrack 0.1.0 written to /workspace/builds/worker-3-tc2/source/Cargo.toml
[INFO] validating manifest of crates.io crate pkcrack 0.1.0 on toolchain 1.100.0-beta.1
[INFO] running `Command { std: CARGO_HOME="/workspace/cargo-home" RUSTUP_HOME="/workspace/rustup-home" "/workspace/cargo-home/bin/cargo" "+1.100.0-beta.1" "metadata" "--manifest-path" "Cargo.toml" "--no-deps", kill_on_drop: false }`
[INFO] crate crates.io crate pkcrack 0.1.0 already has a lockfile, it will not be regenerated
[INFO] running `Command { std: CARGO_HOME="/workspace/cargo-home" RUSTUP_HOME="/workspace/rustup-home" "/workspace/cargo-home/bin/cargo" "+1.100.0-beta.1" "fetch" "--manifest-path" "Cargo.toml", kill_on_drop: false }`
[INFO] [stderr] warning: `package.homepage` is redundant with `package.repository`
[INFO] [stderr]   --> Cargo.toml:45:12
[INFO] [stderr]    |
[INFO] [stderr] 45 | homepage = "https://gitcode.net/dnrops/pkcrack"
[INFO] [stderr]    |            ^^^^^^^^^^^^^^^^^^^^^^^^^^^^^^^^^^^^
[INFO] [stderr] ...
[INFO] [stderr] 50 | repository = "https://gitcode.net/dnrops/pkcrack"
[INFO] [stderr]    |              ------------------------------------
[INFO] [stderr]    |
[INFO] [stderr]    = note: `cargo::redundant_homepage` is set to `warn` by default
[INFO] [stderr] help: consider removing `package.homepage`
[INFO] [stderr] warning: `pkcrack` (manifest) generated 1 warning
[INFO] running `Command { std: "docker" "create" "-v" "/var/lib/crater-agent-workspace/builds/worker-3-tc2/source:/opt/rustwide/workdir:ro,Z" "-v" "/var/lib/crater-agent-workspace/builds/worker-3-tc2/target:/opt/rustwide/target:rw,Z" "-v" "/var/lib/crater-agent-workspace/cargo-home:/opt/rustwide/cargo-home:ro,Z" "-v" "/var/lib/crater-agent-workspace/rustup-home:/opt/rustwide/rustup-home:ro,Z" "-m" "1610612736" "--network" "none" "ghcr.io/rust-lang/crates-build-env/linux@sha256:77db811e55d90add9212f6832c23229e3de5f1c1f9905e8cb07319ea15df73ac" "sleep" "infinity", kill_on_drop: false }`
[INFO] [stdout] d5929f878665a8c2a5142cc10de4ed9d196f34a60af04b0014293058f9d5ae14
[INFO] running `Command { std: "docker" "start" "d5929f878665a8c2a5142cc10de4ed9d196f34a60af04b0014293058f9d5ae14", kill_on_drop: false }`
[INFO] running `Command { std: "docker" "inspect" "d5929f878665a8c2a5142cc10de4ed9d196f34a60af04b0014293058f9d5ae14", kill_on_drop: false }`
[INFO] running `Command { std: "docker" "exec" "-e" "SOURCE_DIR=/opt/rustwide/workdir" "-e" "CARGO_HOME=/opt/rustwide/cargo-home" "-e" "RUSTUP_HOME=/opt/rustwide/rustup-home" "-e" "CARGO_TARGET_DIR=/opt/rustwide/target" "-w" "/opt/rustwide/workdir" "--user" "0:0" "d5929f878665a8c2a5142cc10de4ed9d196f34a60af04b0014293058f9d5ae14" "/opt/rustwide/cargo-home/bin/cargo" "+1.100.0-beta.1" "metadata" "--no-deps" "--format-version=1", kill_on_drop: false }`
[INFO] running `Command { std: "docker" "inspect" "d5929f878665a8c2a5142cc10de4ed9d196f34a60af04b0014293058f9d5ae14", kill_on_drop: false }`
[INFO] running `Command { std: "docker" "exec" "-e" "SOURCE_DIR=/opt/rustwide/workdir" "-e" "CARGO_HOME=/opt/rustwide/cargo-home" "-e" "RUSTUP_HOME=/opt/rustwide/rustup-home" "-e" "CARGO_TARGET_DIR=/opt/rustwide/target" "-e" "CARGO_INCREMENTAL=0" "-e" "RUST_BACKTRACE=full" "-e" "RUSTFLAGS=--cap-lints=warn" "-e" "RUSTDOCFLAGS=--cap-lints=warn" "-w" "/opt/rustwide/workdir" "--user" "0:0" "d5929f878665a8c2a5142cc10de4ed9d196f34a60af04b0014293058f9d5ae14" "/opt/rustwide/cargo-home/bin/cargo" "+1.100.0-beta.1" "build" "--frozen" "--message-format=json" "--release", kill_on_drop: false }`
[INFO] [stderr] warning: `package.homepage` is redundant with `package.repository`
[INFO] [stderr]   --> Cargo.toml:45:12
[INFO] [stderr]    |
[INFO] [stderr] 45 | homepage = "https://gitcode.net/dnrops/pkcrack"
[INFO] [stderr]    |            ^^^^^^^^^^^^^^^^^^^^^^^^^^^^^^^^^^^^
[INFO] [stderr] ...
[INFO] [stderr] 50 | repository = "https://gitcode.net/dnrops/pkcrack"
[INFO] [stderr]    |              ------------------------------------
[INFO] [stderr]    |
[INFO] [stderr]    = note: `cargo::redundant_homepage` is set to `warn` by default
[INFO] [stderr] help: consider removing `package.homepage`
[INFO] [stderr] warning: `pkcrack` (manifest) generated 1 warning
[INFO] [stderr]    Compiling libc v0.2.178
[INFO] [stderr]    Compiling zstd-safe v5.0.2+zstd.1.5.2
[INFO] [stderr]    Compiling anstyle-parse v0.2.7
[INFO] [stderr]    Compiling anstyle v1.0.13
[INFO] [stderr]    Compiling simd-adler32 v0.3.7
[INFO] [stderr]    Compiling base64ct v1.8.0
[INFO] [stderr]    Compiling colorchoice v1.0.4
[INFO] [stderr]    Compiling clap_lex v0.7.6
[INFO] [stderr]    Compiling syn v2.0.111
[INFO] [stderr]    Compiling inout v0.1.4
[INFO] [stderr]    Compiling time v0.3.44
[INFO] [stderr]    Compiling constant_time_eq v0.1.5
[INFO] [stderr]    Compiling sha2 v0.10.9
[INFO] [stderr]    Compiling hmac v0.12.1
[INFO] [stderr]    Compiling sha1 v0.10.6
[INFO] [stderr]    Compiling cipher v0.4.4
[INFO] [stderr]    Compiling miniz_oxide v0.8.9
[INFO] [stderr]    Compiling anstream v0.6.21
[INFO] [stderr]    Compiling password-hash v0.4.2
[INFO] [stderr]    Compiling clap_builder v4.5.53
[INFO] [stderr]    Compiling aes v0.8.4
[INFO] [stderr]    Compiling pbkdf2 v0.11.0
[INFO] [stderr]    Compiling flate2 v1.1.5
[INFO] [stderr]    Compiling jobserver v0.1.34
[INFO] [stderr]    Compiling cc v1.2.48
[INFO] [stderr]    Compiling zstd-sys v2.0.16+zstd.1.5.7
[INFO] [stderr]    Compiling bzip2-sys v0.1.13+1.0.8
[INFO] [stderr]    Compiling bzip2 v0.4.4
[INFO] [stderr]    Compiling clap_derive v4.5.49
[INFO] [stderr]    Compiling thiserror-impl v1.0.69
[INFO] [stderr]    Compiling thiserror v1.0.69
[INFO] [stderr]    Compiling clap v4.5.53
[INFO] [stderr]    Compiling zstd v0.11.2+zstd.1.5.2
[INFO] [stderr]    Compiling zip v0.6.6
[INFO] [stderr]    Compiling pkcrack v0.1.0 (/opt/rustwide/workdir)
[INFO] [stderr] warning: unused dependency `anyhow`
[INFO] [stderr]  --> Cargo.toml:5:15
[INFO] [stderr]   |
[INFO] [stderr] 5 | [dependencies.anyhow]
[INFO] [stderr]   |               ^^^^^^^
[INFO] [stderr]   |
[INFO] [stderr]   = note: `cargo::unused_dependencies` is set to `warn` by default
[INFO] [stderr] help: consider removing the dependency on `anyhow`
[INFO] [stderr] warning: unused dependency `zip`
[INFO] [stderr]   --> Cargo.toml:21:15
[INFO] [stderr]    |
[INFO] [stderr] 21 | [dependencies.zip]
[INFO] [stderr]    |               ^^^^
[INFO] [stderr]    |
[INFO] [stderr] help: consider removing the dependency on `zip`
[INFO] [stderr] warning: `pkcrack` (manifest) generated 2 warnings
[INFO] [stderr]     Finished `release` profile [optimized] target(s) in 53.98s
[INFO] running `Command { std: "docker" "inspect" "d5929f878665a8c2a5142cc10de4ed9d196f34a60af04b0014293058f9d5ae14", kill_on_drop: false }`
[INFO] running `Command { std: "docker" "exec" "-e" "SOURCE_DIR=/opt/rustwide/workdir" "-e" "CARGO_HOME=/opt/rustwide/cargo-home" "-e" "RUSTUP_HOME=/opt/rustwide/rustup-home" "-e" "CARGO_TARGET_DIR=/opt/rustwide/target" "-e" "CARGO_INCREMENTAL=0" "-e" "RUST_BACKTRACE=full" "-e" "RUSTFLAGS=--cap-lints=warn" "-e" "RUSTDOCFLAGS=--cap-lints=warn" "-w" "/opt/rustwide/workdir" "--user" "0:0" "d5929f878665a8c2a5142cc10de4ed9d196f34a60af04b0014293058f9d5ae14" "/opt/rustwide/cargo-home/bin/cargo" "+1.100.0-beta.1" "test" "--frozen" "--no-run" "--message-format=json" "--release", kill_on_drop: false }`
[INFO] [stderr] warning: `package.homepage` is redundant with `package.repository`
[INFO] [stderr]   --> Cargo.toml:45:12
[INFO] [stderr]    |
[INFO] [stderr] 45 | homepage = "https://gitcode.net/dnrops/pkcrack"
[INFO] [stderr]    |            ^^^^^^^^^^^^^^^^^^^^^^^^^^^^^^^^^^^^
[INFO] [stderr] ...
[INFO] [stderr] 50 | repository = "https://gitcode.net/dnrops/pkcrack"
[INFO] [stderr]    |              ------------------------------------
[INFO] [stderr]    |
[INFO] [stderr]    = note: `cargo::redundant_homepage` is set to `warn` by default
[INFO] [stderr] help: consider removing `package.homepage`
[INFO] [stderr] warning: `pkcrack` (manifest) generated 1 warning
[INFO] [stderr]    Compiling pkcrack v0.1.0 (/opt/rustwide/workdir)
[INFO] [stderr] warning: unused dependency `anyhow`
[INFO] [stderr]  --> Cargo.toml:5:15
[INFO] [stderr]   |
[INFO] [stderr] 5 | [dependencies.anyhow]
[INFO] [stderr]   |               ^^^^^^^
[INFO] [stderr]   |
[INFO] [stderr]   = note: `cargo::unused_dependencies` is set to `warn` by default
[INFO] [stderr] help: consider removing the dependency on `anyhow`
[INFO] [stderr] warning: unused dependency `zip`
[INFO] [stderr]   --> Cargo.toml:21:15
[INFO] [stderr]    |
[INFO] [stderr] 21 | [dependencies.zip]
[INFO] [stderr]    |               ^^^^
[INFO] [stderr]    |
[INFO] [stderr] help: consider removing the dependency on `zip`
[INFO] [stderr] warning: `pkcrack` (manifest) generated 2 warnings
[INFO] [stderr]     Finished `release` profile [optimized] target(s) in 1.66s
[INFO] running `Command { std: "docker" "inspect" "d5929f878665a8c2a5142cc10de4ed9d196f34a60af04b0014293058f9d5ae14", kill_on_drop: false }`
[INFO] running `Command { std: "docker" "exec" "-e" "SOURCE_DIR=/opt/rustwide/workdir" "-e" "CARGO_HOME=/opt/rustwide/cargo-home" "-e" "RUSTUP_HOME=/opt/rustwide/rustup-home" "-e" "CARGO_TARGET_DIR=/opt/rustwide/target" "-e" "CARGO_INCREMENTAL=0" "-e" "RUST_BACKTRACE=full" "-e" "RUSTFLAGS=--cap-lints=warn" "-e" "RUSTDOCFLAGS=--cap-lints=warn" "-w" "/opt/rustwide/workdir" "--user" "0:0" "d5929f878665a8c2a5142cc10de4ed9d196f34a60af04b0014293058f9d5ae14" "/opt/rustwide/cargo-home/bin/cargo" "+1.100.0-beta.1" "test" "--frozen" "--release", kill_on_drop: false }`
[INFO] [stderr] warning: `package.homepage` is redundant with `package.repository`
[INFO] [stderr]   --> Cargo.toml:45:12
[INFO] [stderr]    |
[INFO] [stderr] 45 | homepage = "https://gitcode.net/dnrops/pkcrack"
[INFO] [stderr]    |            ^^^^^^^^^^^^^^^^^^^^^^^^^^^^^^^^^^^^
[INFO] [stderr] ...
[INFO] [stderr] 50 | repository = "https://gitcode.net/dnrops/pkcrack"
[INFO] [stderr]    |              ------------------------------------
[INFO] [stderr]    |
[INFO] [stderr]    = note: `cargo::redundant_homepage` is set to `warn` by default
[INFO] [stderr] help: consider removing `package.homepage`
[INFO] [stderr] warning: `pkcrack` (manifest) generated 1 warning
[INFO] [stderr] warning: unused dependency `anyhow`
[INFO] [stderr]  --> Cargo.toml:5:15
[INFO] [stderr]   |
[INFO] [stderr] 5 | [dependencies.anyhow]
[INFO] [stderr]   |               ^^^^^^^
[INFO] [stderr]   |
[INFO] [stderr]   = note: `cargo::unused_dependencies` is set to `warn` by default
[INFO] [stderr] help: consider removing the dependency on `anyhow`
[INFO] [stderr] warning: unused dependency `zip`
[INFO] [stderr]   --> Cargo.toml:21:15
[INFO] [stderr]    |
[INFO] [stderr] 21 | [dependencies.zip]
[INFO] [stderr]    |               ^^^^
[INFO] [stderr]    |
[INFO] [stderr] help: consider removing the dependency on `zip`
[INFO] [stderr] warning: `pkcrack` (manifest) generated 2 warnings
[INFO] [stderr]     Finished `release` profile [optimized] target(s) in 0.08s
[INFO] [stderr]      Running unittests src/lib.rs (/opt/rustwide/target/release/build/pkcrack/f1cd68d46d1d8766/out/pkcrack-f1cd68d46d1d8766)
[INFO] [stdout] 
[INFO] [stdout] running 30 tests
[INFO] [stdout] test cracker::tests::test_attack_statistics ... ok
[INFO] [stdout] test crc::tests::test_crc32_basic ... FAILED
[INFO] [stdout] test crc::tests::test_inverse_crc32 ... FAILED
[INFO] [stdout] test crypto::tests::test_key_validation ... FAILED
[INFO] [stdout] test crypto::tests::test_password_to_keys ... ok
[INFO] [stdout] test crc::tests::test_crc_computer ... ok
[INFO] [stdout] test stage1::tests::test_temp_validation ... ok
[INFO] [stdout] test crypto::tests::test_encrypt_decrypt_roundtrip ... FAILED
[INFO] [stdout] test stage1::tests::test_plaintext_too_short ... ok
[INFO] [stdout] test stage2::tests::test_execute_stage2_empty_candidates ... ok
[INFO] [stdout] test crc::tests::test_crc32_buffer ... ok
[INFO] [stdout] test stage1::tests::test_stage1_processor_creation ... ok
[INFO] [stdout] test cracker::tests::test_attack_report ... FAILED
[INFO] [stdout] test zip::tests::test_write_local_file_header ... ok
[INFO] [stdout] test zip::tests::test_is_file_encrypted ... ok
[INFO] [stdout] test cracker::tests::test_pkcracker_creation ... ok
[INFO] [stdout] test stage2::tests::test_find_key2_im1_candidates ... ok
[INFO] [stdout] test stage2::tests::test_stage2_processor_creation ... ok
[INFO] [stdout] test stage3::tests::test_password_validation ... FAILED
[INFO] [stdout] test stage3::tests::test_brute_force_short ... ok
[INFO] [stdout] test stage2::tests::test_validate_key2_transition ... ok
[INFO] [stdout] test stage3::tests::test_generate_progress_report ... ok
[INFO] [stdout] test stage3::tests::test_common_passwords ... ok
[INFO] [stdout] test stage3::tests::test_keys_match ... ok
[INFO] [stdout] test crypto::tests::test_key_manager_initialization ... ok
[INFO] [stdout] test stage3::tests::test_password_complexity ... ok
[INFO] [stdout] test stage3::tests::test_stage3_processor_creation ... ok
[INFO] [stdout] test zip::tests::test_zip_processor_creation ... ok
[INFO] [stdout] test stage1::tests::test_generate_initial_key2s ... ok
[INFO] [stderr] error: test failed, to rerun pass `--lib`
[INFO] [stdout] test stage1::tests::test_execute_stage1_convenience ... ok
[INFO] [stdout] 
[INFO] [stdout] failures:
[INFO] [stdout] 
[INFO] [stdout] ---- crc::tests::test_crc32_basic stdout ----
[INFO] [stdout] 
[INFO] [stdout] thread 'crc::tests::test_crc32_basic' (896) panicked at src/crc.rs:230:9:
[INFO] [stdout] assertion `left == right` failed
[INFO] [stdout]   left: 771559538
[INFO] [stdout]  right: 4278190080
[INFO] [stdout] stack backtrace:
[INFO] [stdout]    0:     0x5a41d2ad3fd1 - <<std[617be2ca0a6fd877]::sys::backtrace::BacktraceLock>::print::DisplayBacktrace as core[a373ad73a504971]::fmt::Display>::fmt
[INFO] [stdout]    1:     0x5a41d2ae8c7a - core[a373ad73a504971]::fmt::write
[INFO] [stdout]    2:     0x5a41d2ad82dc - <alloc[2e1b2a31b91974c5]::vec::Vec<u8> as core[a373ad73a504971]::io::write::Write>::write_fmt
[INFO] [stdout]    3:     0x5a41d2ab0436 - std[617be2ca0a6fd877]::panicking::default_hook::{closure#0}
[INFO] [stdout]    4:     0x5a41d2acc669 - std[617be2ca0a6fd877]::panicking::default_hook
[INFO] [stdout]    5:     0x5a41d2a68d10 - test[aada8e7e76ba119b]::test_main_inner::{closure#0}
[INFO] [stdout]    6:     0x5a41d2acc822 - std[617be2ca0a6fd877]::panicking::panic_with_hook
[INFO] [stdout]    7:     0x5a41d2ab04e2 - std[617be2ca0a6fd877]::panicking::panic_handler::{closure#0}
[INFO] [stdout]    8:     0x5a41d2aa91f9 - std[617be2ca0a6fd877]::sys::backtrace::__rust_end_short_backtrace::<std[617be2ca0a6fd877]::panicking::panic_handler::{closure#0}, !>
[INFO] [stdout]    9:     0x5a41d2ab10ed - __rustc[ea4f61d10b84890b]::rust_begin_unwind
[INFO] [stdout]   10:     0x5a41d2ae93ac - core[a373ad73a504971]::panicking::panic_fmt
[INFO] [stdout]   11:     0x5a41d2ae92c3 - core[a373ad73a504971]::panicking::assert_failed_inner
[INFO] [stdout]   12:     0x5a41d2aa8dca - core[a373ad73a504971]::panicking::assert_failed::<u32, u32>
[INFO] [stdout]   13:     0x5a41d2a4f5cb - <pkcrack[672804f10ce795b0]::crc::tests::test_crc32_basic::{closure#0} as core[a373ad73a504971]::ops::function::FnOnce<()>>::call_once
[INFO] [stdout]   14:     0x5a41d2a5c15b - test[aada8e7e76ba119b]::__rust_begin_short_backtrace::<core[a373ad73a504971]::result::Result<(), alloc[2e1b2a31b91974c5]::string::String>, fn() -> core[a373ad73a504971]::result::Result<(), alloc[2e1b2a31b91974c5]::string::String>>
[INFO] [stdout]   15:     0x5a41d2a69335 - test[aada8e7e76ba119b]::run_test::{closure#0}
[INFO] [stdout]   16:     0x5a41d2a62c24 - std[617be2ca0a6fd877]::sys::backtrace::__rust_begin_short_backtrace::<test[aada8e7e76ba119b]::run_test::{closure#1}, ()>
[INFO] [stdout]   17:     0x5a41d2a6c3c2 - <std[617be2ca0a6fd877]::thread::lifecycle::spawn_unchecked<test[aada8e7e76ba119b]::run_test::{closure#1}, ()>::{closure#1} as core[a373ad73a504971]::ops::function::FnOnce<()>>::call_once::{shim:vtable#0}
[INFO] [stdout]   18:     0x5a41d2ad382f - <std[617be2ca0a6fd877]::sys::thread::unix::Thread>::new::thread_start
[INFO] [stdout]   19:     0x7f8917a2edfa - <unknown>
[INFO] [stdout]   20:     0x7f8917ac23d4 - clone
[INFO] [stdout]   21:                0x0 - <unknown>
[INFO] [stdout] 
[INFO] [stdout] ---- crc::tests::test_inverse_crc32 stdout ----
[INFO] [stdout] 
[INFO] [stdout] thread 'crc::tests::test_inverse_crc32' (899) panicked at src/crc.rs:256:9:
[INFO] [stdout] assertion `left == right` failed
[INFO] [stdout]   left: 588537076
[INFO] [stdout]  right: 305419896
[INFO] [stdout] stack backtrace:
[INFO] [stdout]    0:     0x5a41d2ad3fd1 - <<std[617be2ca0a6fd877]::sys::backtrace::BacktraceLock>::print::DisplayBacktrace as core[a373ad73a504971]::fmt::Display>::fmt
[INFO] [stdout]    1:     0x5a41d2ae8c7a - core[a373ad73a504971]::fmt::write
[INFO] [stdout]    2:     0x5a41d2ad82dc - <alloc[2e1b2a31b91974c5]::vec::Vec<u8> as core[a373ad73a504971]::io::write::Write>::write_fmt
[INFO] [stdout]    3:     0x5a41d2ab0436 - std[617be2ca0a6fd877]::panicking::default_hook::{closure#0}
[INFO] [stdout]    4:     0x5a41d2acc669 - std[617be2ca0a6fd877]::panicking::default_hook
[INFO] [stdout]    5:     0x5a41d2a68d10 - test[aada8e7e76ba119b]::test_main_inner::{closure#0}
[INFO] [stdout]    6:     0x5a41d2acc822 - std[617be2ca0a6fd877]::panicking::panic_with_hook
[INFO] [stdout]    7:     0x5a41d2ab04e2 - std[617be2ca0a6fd877]::panicking::panic_handler::{closure#0}
[INFO] [stdout]    8:     0x5a41d2aa91f9 - std[617be2ca0a6fd877]::sys::backtrace::__rust_end_short_backtrace::<std[617be2ca0a6fd877]::panicking::panic_handler::{closure#0}, !>
[INFO] [stdout]    9:     0x5a41d2ab10ed - __rustc[ea4f61d10b84890b]::rust_begin_unwind
[INFO] [stdout]   10:     0x5a41d2ae93ac - core[a373ad73a504971]::panicking::panic_fmt
[INFO] [stdout]   11:     0x5a41d2ae92c3 - core[a373ad73a504971]::panicking::assert_failed_inner
[INFO] [stdout]   12:     0x5a41d2aa8dca - core[a373ad73a504971]::panicking::assert_failed::<u32, u32>
[INFO] [stdout]   13:     0x5a41d2a4fbec - <pkcrack[672804f10ce795b0]::crc::tests::test_inverse_crc32::{closure#0} as core[a373ad73a504971]::ops::function::FnOnce<()>>::call_once
[INFO] [stdout]   14:     0x5a41d2a5c15b - test[aada8e7e76ba119b]::__rust_begin_short_backtrace::<core[a373ad73a504971]::result::Result<(), alloc[2e1b2a31b91974c5]::string::String>, fn() -> core[a373ad73a504971]::result::Result<(), alloc[2e1b2a31b91974c5]::string::String>>
[INFO] [stdout]   15:     0x5a41d2a69335 - test[aada8e7e76ba119b]::run_test::{closure#0}
[INFO] [stdout]   16:     0x5a41d2a62c24 - std[617be2ca0a6fd877]::sys::backtrace::__rust_begin_short_backtrace::<test[aada8e7e76ba119b]::run_test::{closure#1}, ()>
[INFO] [stdout]   17:     0x5a41d2a6c3c2 - <std[617be2ca0a6fd877]::thread::lifecycle::spawn_unchecked<test[aada8e7e76ba119b]::run_test::{closure#1}, ()>::{closure#1} as core[a373ad73a504971]::ops::function::FnOnce<()>>::call_once::{shim:vtable#0}
[INFO] [stdout]   18:     0x5a41d2ad382f - <std[617be2ca0a6fd877]::sys::thread::unix::Thread>::new::thread_start
[INFO] [stdout]   19:     0x7f8917a2edfa - <unknown>
[INFO] [stdout]   20:     0x7f8917ac23d4 - clone
[INFO] [stdout]   21:                0x0 - <unknown>
[INFO] [stdout] 
[INFO] [stdout] ---- crypto::tests::test_key_validation stdout ----
[INFO] [stdout] 
[INFO] [stdout] thread 'crypto::tests::test_key_validation' (902) panicked at src/crypto.rs:414:9:
[INFO] [stdout] assertion failed: manager.validate_keys(validation_state, plaintext, &ciphertext)
[INFO] [stdout] stack backtrace:
[INFO] [stdout]    0:     0x5a41d2ad3fd1 - <<std[617be2ca0a6fd877]::sys::backtrace::BacktraceLock>::print::DisplayBacktrace as core[a373ad73a504971]::fmt::Display>::fmt
[INFO] [stdout]    1:     0x5a41d2ae8c7a - core[a373ad73a504971]::fmt::write
[INFO] [stdout]    2:     0x5a41d2ad82dc - <alloc[2e1b2a31b91974c5]::vec::Vec<u8> as core[a373ad73a504971]::io::write::Write>::write_fmt
[INFO] [stdout]    3:     0x5a41d2ab0436 - std[617be2ca0a6fd877]::panicking::default_hook::{closure#0}
[INFO] [stdout]    4:     0x5a41d2acc669 - std[617be2ca0a6fd877]::panicking::default_hook
[INFO] [stdout]    5:     0x5a41d2a68d10 - test[aada8e7e76ba119b]::test_main_inner::{closure#0}
[INFO] [stdout]    6:     0x5a41d2acc822 - std[617be2ca0a6fd877]::panicking::panic_with_hook
[INFO] [stdout]    7:     0x5a41d2ab0514 - std[617be2ca0a6fd877]::panicking::panic_handler::{closure#0}
[INFO] [stdout]    8:     0x5a41d2aa91f9 - std[617be2ca0a6fd877]::sys::backtrace::__rust_end_short_backtrace::<std[617be2ca0a6fd877]::panicking::panic_handler::{closure#0}, !>
[INFO] [stdout]    9:     0x5a41d2ab10ed - __rustc[ea4f61d10b84890b]::rust_begin_unwind
[INFO] [stdout]   10:     0x5a41d2ae93ac - core[a373ad73a504971]::panicking::panic_fmt
[INFO] [stdout]   11:     0x5a41d2ae9372 - core[a373ad73a504971]::panicking::panic
[INFO] [stdout]   12:     0x5a41d2a54fab - <pkcrack[672804f10ce795b0]::crypto::tests::test_key_validation::{closure#0} as core[a373ad73a504971]::ops::function::FnOnce<()>>::call_once
[INFO] [stdout]   13:     0x5a41d2a5c15b - test[aada8e7e76ba119b]::__rust_begin_short_backtrace::<core[a373ad73a504971]::result::Result<(), alloc[2e1b2a31b91974c5]::string::String>, fn() -> core[a373ad73a504971]::result::Result<(), alloc[2e1b2a31b91974c5]::string::String>>
[INFO] [stdout]   14:     0x5a41d2a69335 - test[aada8e7e76ba119b]::run_test::{closure#0}
[INFO] [stdout]   15:     0x5a41d2a62c24 - std[617be2ca0a6fd877]::sys::backtrace::__rust_begin_short_backtrace::<test[aada8e7e76ba119b]::run_test::{closure#1}, ()>
[INFO] [stdout]   16:     0x5a41d2a6c3c2 - <std[617be2ca0a6fd877]::thread::lifecycle::spawn_unchecked<test[aada8e7e76ba119b]::run_test::{closure#1}, ()>::{closure#1} as core[a373ad73a504971]::ops::function::FnOnce<()>>::call_once::{shim:vtable#0}
[INFO] [stdout]   17:     0x5a41d2ad382f - <std[617be2ca0a6fd877]::sys::thread::unix::Thread>::new::thread_start
[INFO] [stdout]   18:     0x7f8917a2edfa - <unknown>
[INFO] [stdout]   19:     0x7f8917ac23d4 - clone
[INFO] [stdout]   20:                0x0 - <unknown>
[INFO] [stdout] 
[INFO] [stdout] ---- crypto::tests::test_encrypt_decrypt_roundtrip stdout ----
[INFO] [stdout] 
[INFO] [stdout] thread 'crypto::tests::test_encrypt_decrypt_roundtrip' (900) panicked at src/crypto.rs:397:9:
[INFO] [stdout] assertion `left == right` failed
[INFO] [stdout]   left: [72, 101, 108, 108, 111, 44, 32, 87, 111, 114, 108, 100, 33]
[INFO] [stdout]  right: [72, 234, 237, 115, 197, 239, 231, 140, 59, 28, 2, 22, 65]
[INFO] [stdout] stack backtrace:
[INFO] [stdout]    0:     0x5a41d2ad3fd1 - <<std[617be2ca0a6fd877]::sys::backtrace::BacktraceLock>::print::DisplayBacktrace as core[a373ad73a504971]::fmt::Display>::fmt
[INFO] [stdout]    1:     0x5a41d2ae8c7a - core[a373ad73a504971]::fmt::write
[INFO] [stdout]    2:     0x5a41d2ad82dc - <alloc[2e1b2a31b91974c5]::vec::Vec<u8> as core[a373ad73a504971]::io::write::Write>::write_fmt
[INFO] [stdout]    3:     0x5a41d2ab0436 - std[617be2ca0a6fd877]::panicking::default_hook::{closure#0}
[INFO] [stdout]    4:     0x5a41d2acc669 - std[617be2ca0a6fd877]::panicking::default_hook
[INFO] [stdout]    5:     0x5a41d2a68d10 - test[aada8e7e76ba119b]::test_main_inner::{closure#0}
[INFO] [stdout]    6:     0x5a41d2acc822 - std[617be2ca0a6fd877]::panicking::panic_with_hook
[INFO] [stdout]    7:     0x5a41d2ab04e2 - std[617be2ca0a6fd877]::panicking::panic_handler::{closure#0}
[INFO] [stdout]    8:     0x5a41d2aa91f9 - std[617be2ca0a6fd877]::sys::backtrace::__rust_end_short_backtrace::<std[617be2ca0a6fd877]::panicking::panic_handler::{closure#0}, !>
[INFO] [stdout]    9:     0x5a41d2ab10ed - __rustc[ea4f61d10b84890b]::rust_begin_unwind
[INFO] [stdout]   10:     0x5a41d2ae93ac - core[a373ad73a504971]::panicking::panic_fmt
[INFO] [stdout]   11:     0x5a41d2ae92c3 - core[a373ad73a504971]::panicking::assert_failed_inner
[INFO] [stdout]   12:     0x5a41d2a4e155 - core[a373ad73a504971]::panicking::assert_failed::<&[u8; 13usize], &[u8]>
[INFO] [stdout]   13:     0x5a41d2a555e5 - <pkcrack[672804f10ce795b0]::crypto::tests::test_encrypt_decrypt_roundtrip::{closure#0} as core[a373ad73a504971]::ops::function::FnOnce<()>>::call_once
[INFO] [stdout]   14:     0x5a41d2a5c15b - test[aada8e7e76ba119b]::__rust_begin_short_backtrace::<core[a373ad73a504971]::result::Result<(), alloc[2e1b2a31b91974c5]::string::String>, fn() -> core[a373ad73a504971]::result::Result<(), alloc[2e1b2a31b91974c5]::string::String>>
[INFO] [stdout]   15:     0x5a41d2a69335 - test[aada8e7e76ba119b]::run_test::{closure#0}
[INFO] [stdout]   16:     0x5a41d2a62c24 - std[617be2ca0a6fd877]::sys::backtrace::__rust_begin_short_backtrace::<test[aada8e7e76ba119b]::run_test::{closure#1}, ()>
[INFO] [stdout]   17:     0x5a41d2a6c3c2 - <std[617be2ca0a6fd877]::thread::lifecycle::spawn_unchecked<test[aada8e7e76ba119b]::run_test::{closure#1}, ()>::{closure#1} as core[a373ad73a504971]::ops::function::FnOnce<()>>::call_once::{shim:vtable#0}
[INFO] [stdout]   18:     0x5a41d2ad382f - <std[617be2ca0a6fd877]::sys::thread::unix::Thread>::new::thread_start
[INFO] [stdout]   19:     0x7f8917a2edfa - <unknown>
[INFO] [stdout]   20:     0x7f8917ac23d4 - clone
[INFO] [stdout]   21:                0x0 - <unknown>
[INFO] [stdout] 
[INFO] [stdout] ---- cracker::tests::test_attack_report stdout ----
[INFO] [stdout] 
[INFO] [stdout] thread 'cracker::tests::test_attack_report' (893) panicked at src/cracker.rs:356:9:
[INFO] [stdout] assertion failed: report_str.contains("SUCCESS")
[INFO] [stdout] stack backtrace:
[INFO] [stdout]    0:     0x5a41d2ad3fd1 - <<std[617be2ca0a6fd877]::sys::backtrace::BacktraceLock>::print::DisplayBacktrace as core[a373ad73a504971]::fmt::Display>::fmt
[INFO] [stdout]    1:     0x5a41d2ae8c7a - core[a373ad73a504971]::fmt::write
[INFO] [stdout]    2:     0x5a41d2ad82dc - <alloc[2e1b2a31b91974c5]::vec::Vec<u8> as core[a373ad73a504971]::io::write::Write>::write_fmt
[INFO] [stdout]    3:     0x5a41d2ab0436 - std[617be2ca0a6fd877]::panicking::default_hook::{closure#0}
[INFO] [stdout]    4:     0x5a41d2acc669 - std[617be2ca0a6fd877]::panicking::default_hook
[INFO] [stdout]    5:     0x5a41d2a68d10 - test[aada8e7e76ba119b]::test_main_inner::{closure#0}
[INFO] [stdout]    6:     0x5a41d2acc822 - std[617be2ca0a6fd877]::panicking::panic_with_hook
[INFO] [stdout]    7:     0x5a41d2ab0514 - std[617be2ca0a6fd877]::panicking::panic_handler::{closure#0}
[INFO] [stdout]    8:     0x5a41d2aa91f9 - std[617be2ca0a6fd877]::sys::backtrace::__rust_end_short_backtrace::<std[617be2ca0a6fd877]::panicking::panic_handler::{closure#0}, !>
[INFO] [stdout]    9:     0x5a41d2ab10ed - __rustc[ea4f61d10b84890b]::rust_begin_unwind
[INFO] [stdout]   10:     0x5a41d2ae93ac - core[a373ad73a504971]::panicking::panic_fmt
[INFO] [stdout]   11:     0x5a41d2ae9372 - core[a373ad73a504971]::panicking::panic
[INFO] [stdout]   12:     0x5a41d2a5bee0 - <pkcrack[672804f10ce795b0]::cracker::tests::test_attack_report::{closure#0} as core[a373ad73a504971]::ops::function::FnOnce<()>>::call_once
[INFO] [stdout]   13:     0x5a41d2a5c15b - test[aada8e7e76ba119b]::__rust_begin_short_backtrace::<core[a373ad73a504971]::result::Result<(), alloc[2e1b2a31b91974c5]::string::String>, fn() -> core[a373ad73a504971]::result::Result<(), alloc[2e1b2a31b91974c5]::string::String>>
[INFO] [stdout]   14:     0x5a41d2a69335 - test[aada8e7e76ba119b]::run_test::{closure#0}
[INFO] [stdout]   15:     0x5a41d2a62c24 - std[617be2ca0a6fd877]::sys::backtrace::__rust_begin_short_backtrace::<test[aada8e7e76ba119b]::run_test::{closure#1}, ()>
[INFO] [stdout]   16:     0x5a41d2a6c3c2 - <std[617be2ca0a6fd877]::thread::lifecycle::spawn_unchecked<test[aada8e7e76ba119b]::run_test::{closure#1}, ()>::{closure#1} as core[a373ad73a504971]::ops::function::FnOnce<()>>::call_once::{shim:vtable#0}
[INFO] [stdout]   17:     0x5a41d2ad382f - <std[617be2ca0a6fd877]::sys::thread::unix::Thread>::new::thread_start
[INFO] [stdout]   18:     0x7f8917a2edfa - <unknown>
[INFO] [stdout]   19:     0x7f8917ac23d4 - clone
[INFO] [stdout]   20:                0x0 - <unknown>
[INFO] [stdout] 
[INFO] [stdout] ---- stage3::tests::test_password_validation stdout ----
[INFO] [stdout] 
[INFO] [stdout] thread 'stage3::tests::test_password_validation' (918) panicked at src/stage3.rs:310:9:
[INFO] [stdout] assertion failed: result.unwrap()
[INFO] [stdout] stack backtrace:
[INFO] [stdout]    0:     0x5a41d2ad3fd1 - <<std[617be2ca0a6fd877]::sys::backtrace::BacktraceLock>::print::DisplayBacktrace as core[a373ad73a504971]::fmt::Display>::fmt
[INFO] [stdout]    1:     0x5a41d2ae8c7a - core[a373ad73a504971]::fmt::write
[INFO] [stdout]    2:     0x5a41d2ad82dc - <alloc[2e1b2a31b91974c5]::vec::Vec<u8> as core[a373ad73a504971]::io::write::Write>::write_fmt
[INFO] [stdout]    3:     0x5a41d2ab0436 - std[617be2ca0a6fd877]::panicking::default_hook::{closure#0}
[INFO] [stdout]    4:     0x5a41d2acc669 - std[617be2ca0a6fd877]::panicking::default_hook
[INFO] [stdout]    5:     0x5a41d2a68d10 - test[aada8e7e76ba119b]::test_main_inner::{closure#0}
[INFO] [stdout]    6:     0x5a41d2acc822 - std[617be2ca0a6fd877]::panicking::panic_with_hook
[INFO] [stdout]    7:     0x5a41d2ab0514 - std[617be2ca0a6fd877]::panicking::panic_handler::{closure#0}
[INFO] [stdout]    8:     0x5a41d2aa91f9 - std[617be2ca0a6fd877]::sys::backtrace::__rust_end_short_backtrace::<std[617be2ca0a6fd877]::panicking::panic_handler::{closure#0}, !>
[INFO] [stdout]    9:     0x5a41d2ab10ed - __rustc[ea4f61d10b84890b]::rust_begin_unwind
[INFO] [stdout]   10:     0x5a41d2ae93ac - core[a373ad73a504971]::panicking::panic_fmt
[INFO] [stdout]   11:     0x5a41d2ae9372 - core[a373ad73a504971]::panicking::panic
[INFO] [stdout]   12:     0x5a41d2a57102 - <pkcrack[672804f10ce795b0]::stage3::tests::test_password_validation::{closure#0} as core[a373ad73a504971]::ops::function::FnOnce<()>>::call_once
[INFO] [stdout]   13:     0x5a41d2a5c15b - test[aada8e7e76ba119b]::__rust_begin_short_backtrace::<core[a373ad73a504971]::result::Result<(), alloc[2e1b2a31b91974c5]::string::String>, fn() -> core[a373ad73a504971]::result::Result<(), alloc[2e1b2a31b91974c5]::string::String>>
[INFO] [stdout]   14:     0x5a41d2a69335 - test[aada8e7e76ba119b]::run_test::{closure#0}
[INFO] [stdout]   15:     0x5a41d2a62c24 - std[617be2ca0a6fd877]::sys::backtrace::__rust_begin_short_backtrace::<test[aada8e7e76ba119b]::run_test::{closure#1}, ()>
[INFO] [stdout]   16:     0x5a41d2a6c3c2 - <std[617be2ca0a6fd877]::thread::lifecycle::spawn_unchecked<test[aada8e7e76ba119b]::run_test::{closure#1}, ()>::{closure#1} as core[a373ad73a504971]::ops::function::FnOnce<()>>::call_once::{shim:vtable#0}
[INFO] [stdout]   17:     0x5a41d2ad382f - <std[617be2ca0a6fd877]::sys::thread::unix::Thread>::new::thread_start
[INFO] [stdout]   18:     0x7f8917a2edfa - <unknown>
[INFO] [stdout]   19:     0x7f8917ac23d4 - clone
[INFO] [stdout]   20:                0x0 - <unknown>
[INFO] [stdout] 
[INFO] [stdout] 
[INFO] [stdout] failures:
[INFO] [stdout]     cracker::tests::test_attack_report
[INFO] [stdout]     crc::tests::test_crc32_basic
[INFO] [stdout]     crc::tests::test_inverse_crc32
[INFO] [stdout]     crypto::tests::test_encrypt_decrypt_roundtrip
[INFO] [stdout]     crypto::tests::test_key_validation
[INFO] [stdout]     stage3::tests::test_password_validation
[INFO] [stdout] 
[INFO] [stdout] test result: FAILED. 24 passed; 6 failed; 0 ignored; 0 measured; 0 filtered out; finished in 0.53s
[INFO] [stdout] 
[INFO] running `Command { std: "docker" "inspect" "d5929f878665a8c2a5142cc10de4ed9d196f34a60af04b0014293058f9d5ae14", kill_on_drop: false }`
[INFO] running `Command { std: "docker" "rm" "-f" "d5929f878665a8c2a5142cc10de4ed9d196f34a60af04b0014293058f9d5ae14", kill_on_drop: false }`
[INFO] [stdout] d5929f878665a8c2a5142cc10de4ed9d196f34a60af04b0014293058f9d5ae14
