[INFO] fetching crate pitwall 0.1.0...
[INFO] testing pitwall-0.1.0 against 1.100.0-beta.1+cargoflags=--release for beta-release-1.100-2
[INFO] extracting crate pitwall 0.1.0 into /workspace/builds/worker-1-tc2/source
[INFO] started tweaking crates.io crate pitwall 0.1.0
[INFO] removed 0 missing tests
[INFO] finished tweaking crates.io crate pitwall 0.1.0
[INFO] tweaked toml for crates.io crate pitwall 0.1.0 written to /workspace/builds/worker-1-tc2/source/Cargo.toml
[INFO] validating manifest of crates.io crate pitwall 0.1.0 on toolchain 1.100.0-beta.1
[INFO] running `Command { std: CARGO_HOME="/workspace/cargo-home" RUSTUP_HOME="/workspace/rustup-home" "/workspace/cargo-home/bin/cargo" "+1.100.0-beta.1" "metadata" "--manifest-path" "Cargo.toml" "--no-deps", kill_on_drop: false }`
[INFO] crate crates.io crate pitwall 0.1.0 already has a lockfile, it will not be regenerated
[INFO] running `Command { std: CARGO_HOME="/workspace/cargo-home" RUSTUP_HOME="/workspace/rustup-home" "/workspace/cargo-home/bin/cargo" "+1.100.0-beta.1" "fetch" "--manifest-path" "Cargo.toml", kill_on_drop: false }`
[INFO] running `Command { std: "docker" "create" "-v" "/var/lib/crater-agent-workspace/builds/worker-1-tc2/source:/opt/rustwide/workdir:ro,Z" "-v" "/var/lib/crater-agent-workspace/builds/worker-1-tc2/target:/opt/rustwide/target:rw,Z" "-v" "/var/lib/crater-agent-workspace/cargo-home:/opt/rustwide/cargo-home:ro,Z" "-v" "/var/lib/crater-agent-workspace/rustup-home:/opt/rustwide/rustup-home:ro,Z" "-m" "1610612736" "--network" "none" "ghcr.io/rust-lang/crates-build-env/linux@sha256:77db811e55d90add9212f6832c23229e3de5f1c1f9905e8cb07319ea15df73ac" "sleep" "infinity", kill_on_drop: false }`
[INFO] [stdout] ee248aedcaaefb44d55ba418800a6010a0dbae48b0bec03a447f4a8d24c40c5a
[INFO] running `Command { std: "docker" "start" "ee248aedcaaefb44d55ba418800a6010a0dbae48b0bec03a447f4a8d24c40c5a", kill_on_drop: false }`
[INFO] running `Command { std: "docker" "inspect" "ee248aedcaaefb44d55ba418800a6010a0dbae48b0bec03a447f4a8d24c40c5a", kill_on_drop: false }`
[INFO] running `Command { std: "docker" "exec" "-e" "SOURCE_DIR=/opt/rustwide/workdir" "-e" "CARGO_HOME=/opt/rustwide/cargo-home" "-e" "RUSTUP_HOME=/opt/rustwide/rustup-home" "-e" "CARGO_TARGET_DIR=/opt/rustwide/target" "-w" "/opt/rustwide/workdir" "--user" "0:0" "ee248aedcaaefb44d55ba418800a6010a0dbae48b0bec03a447f4a8d24c40c5a" "/opt/rustwide/cargo-home/bin/cargo" "+1.100.0-beta.1" "metadata" "--no-deps" "--format-version=1", kill_on_drop: false }`
[INFO] running `Command { std: "docker" "inspect" "ee248aedcaaefb44d55ba418800a6010a0dbae48b0bec03a447f4a8d24c40c5a", kill_on_drop: false }`
[INFO] running `Command { std: "docker" "exec" "-e" "SOURCE_DIR=/opt/rustwide/workdir" "-e" "CARGO_HOME=/opt/rustwide/cargo-home" "-e" "RUSTUP_HOME=/opt/rustwide/rustup-home" "-e" "CARGO_TARGET_DIR=/opt/rustwide/target" "-e" "CARGO_INCREMENTAL=0" "-e" "RUST_BACKTRACE=full" "-e" "RUSTFLAGS=--cap-lints=warn" "-e" "RUSTDOCFLAGS=--cap-lints=warn" "-w" "/opt/rustwide/workdir" "--user" "0:0" "ee248aedcaaefb44d55ba418800a6010a0dbae48b0bec03a447f4a8d24c40c5a" "/opt/rustwide/cargo-home/bin/cargo" "+1.100.0-beta.1" "build" "--frozen" "--message-format=json" "--release", kill_on_drop: false }`
[INFO] [stderr]    Compiling proc-macro2 v1.0.101
[INFO] [stderr]    Compiling unicode-ident v1.0.19
[INFO] [stderr]    Compiling libc v0.2.175
[INFO] [stderr]    Compiling cfg-if v1.0.3
[INFO] [stderr]    Compiling parking_lot_core v0.9.11
[INFO] [stderr]    Compiling lock_api v0.4.13
[INFO] [stderr]    Compiling smallvec v1.15.1
[INFO] [stderr]    Compiling serde_core v1.0.226
[INFO] [stderr]    Compiling tracing-core v0.1.34
[INFO] [stderr]    Compiling futures-channel v0.3.31
[INFO] [stderr]    Compiling memchr v2.7.5
[INFO] [stderr]    Compiling regex-syntax v0.8.6
[INFO] [stderr]    Compiling bytes v1.10.1
[INFO] [stderr]    Compiling serde v1.0.226
[INFO] [stderr]    Compiling thiserror v2.0.16
[INFO] [stderr]    Compiling quote v1.0.40
[INFO] [stderr]    Compiling log v0.4.28
[INFO] [stderr]    Compiling syn v2.0.106
[INFO] [stderr]    Compiling anyhow v1.0.99
[INFO] [stderr]    Compiling signal-hook-registry v1.4.6
[INFO] [stderr]    Compiling mio v1.0.4
[INFO] [stderr]    Compiling parking_lot v0.12.4
[INFO] [stderr]    Compiling socket2 v0.6.0
[INFO] [stderr]    Compiling hashbrown v0.15.5
[INFO] [stderr]    Compiling tracing-log v0.2.0
[INFO] [stderr]    Compiling sharded-slab v0.1.7
[INFO] [stderr]    Compiling regex-automata v0.4.10
[INFO] [stderr]    Compiling thread_local v1.1.9
[INFO] [stderr]    Compiling nu-ansi-term v0.50.1
[INFO] [stderr]    Compiling indexmap v2.11.4
[INFO] [stderr]    Compiling matchers v0.2.0
[INFO] [stderr]    Compiling tokio-macros v2.5.0
[INFO] [stderr]    Compiling futures-macro v0.3.31
[INFO] [stderr]    Compiling serde_derive v1.0.226
[INFO] [stderr]    Compiling tracing-attributes v0.1.30
[INFO] [stderr]    Compiling thiserror-impl v2.0.16
[INFO] [stderr]    Compiling tokio v1.47.1
[INFO] [stderr]    Compiling pitwall-derive v0.1.0
[INFO] [stderr]    Compiling async-trait v0.1.89
[INFO] [stderr]    Compiling futures-util v0.3.31
[INFO] [stderr]    Compiling tracing v0.1.41
[INFO] [stderr]    Compiling tracing-subscriber v0.3.20
[INFO] [stderr]    Compiling serde_yaml_ng v0.10.0
[INFO] [stderr]    Compiling futures-executor v0.3.31
[INFO] [stderr]    Compiling futures v0.3.31
[INFO] [stderr]    Compiling tokio-util v0.7.16
[INFO] [stderr]    Compiling tokio-stream v0.1.17
[INFO] [stderr]    Compiling pitwall v0.1.0 (/opt/rustwide/workdir)
[INFO] [stderr] warning: unused dependency `tracing-subscriber`
[INFO] [stderr]   --> Cargo.toml:70:15
[INFO] [stderr]    |
[INFO] [stderr] 70 | [dependencies.tracing-subscriber]
[INFO] [stderr]    |               ^^^^^^^^^^^^^^^^^^^
[INFO] [stderr]    |
[INFO] [stderr]    = note: `cargo::unused_dependencies` is set to `warn` by default
[INFO] [stderr] help: consider removing the dependency on `tracing-subscriber`
[INFO] [stderr] warning: `pitwall` (manifest) generated 1 warning
[INFO] [stderr]     Finished `release` profile [optimized] target(s) in 1m 34s
[INFO] running `Command { std: "docker" "inspect" "ee248aedcaaefb44d55ba418800a6010a0dbae48b0bec03a447f4a8d24c40c5a", kill_on_drop: false }`
[INFO] running `Command { std: "docker" "exec" "-e" "SOURCE_DIR=/opt/rustwide/workdir" "-e" "CARGO_HOME=/opt/rustwide/cargo-home" "-e" "RUSTUP_HOME=/opt/rustwide/rustup-home" "-e" "CARGO_TARGET_DIR=/opt/rustwide/target" "-e" "CARGO_INCREMENTAL=0" "-e" "RUST_BACKTRACE=full" "-e" "RUSTFLAGS=--cap-lints=warn" "-e" "RUSTDOCFLAGS=--cap-lints=warn" "-w" "/opt/rustwide/workdir" "--user" "0:0" "ee248aedcaaefb44d55ba418800a6010a0dbae48b0bec03a447f4a8d24c40c5a" "/opt/rustwide/cargo-home/bin/cargo" "+1.100.0-beta.1" "test" "--frozen" "--no-run" "--message-format=json" "--release", kill_on_drop: false }`
[INFO] [stderr]    Compiling serde_core v1.0.226
[INFO] [stderr]    Compiling getrandom v0.3.3
[INFO] [stderr]    Compiling serde v1.0.226
[INFO] [stderr]    Compiling regex-syntax v0.8.6
[INFO] [stderr]    Compiling num-traits v0.2.19
[INFO] [stderr]    Compiling rustix v1.1.2
[INFO] [stderr]    Compiling zerocopy v0.8.27
[INFO] [stderr]    Compiling either v1.15.0
[INFO] [stderr]    Compiling bitflags v2.9.4
[INFO] [stderr]    Compiling futures-util v0.3.31
[INFO] [stderr]    Compiling tokio v1.47.1
[INFO] [stderr]    Compiling rand_core v0.9.3
[INFO] [stderr]    Compiling half v2.6.0
[INFO] [stderr]    Compiling clap_lex v0.7.5
[INFO] [stderr]    Compiling anstyle v1.0.11
[INFO] [stderr]    Compiling target-triple v0.1.4
[INFO] [stderr]    Compiling ciborium-ll v0.2.2
[INFO] [stderr]    Compiling toml_parser v1.0.3
[INFO] [stderr]    Compiling clap_builder v4.5.48
[INFO] [stderr]    Compiling regex-automata v0.4.10
[INFO] [stderr]    Compiling serde_json v1.0.145
[INFO] [stderr]    Compiling futures-executor v0.3.31
[INFO] [stderr]    Compiling toml_datetime v0.7.2
[INFO] [stderr]    Compiling serde_spanned v1.0.2
[INFO] [stderr]    Compiling ppv-lite86 v0.2.21
[INFO] [stderr]    Compiling tempfile v3.22.0
[INFO] [stderr]    Compiling itertools v0.13.0
[INFO] [stderr]    Compiling wait-timeout v0.2.1
[INFO] [stderr]    Compiling bit-vec v0.8.0
[INFO] [stderr]    Compiling quick-error v1.2.3
[INFO] [stderr]    Compiling toml_writer v1.0.3
[INFO] [stderr]    Compiling serde_yaml_ng v0.10.0
[INFO] [stderr]    Compiling toml v0.9.7
[INFO] [stderr]    Compiling matchers v0.2.0
[INFO] [stderr]    Compiling tracing-subscriber v0.3.20
[INFO] [stderr]    Compiling criterion-plot v0.6.0
[INFO] [stderr]    Compiling tokio-util v0.7.16
[INFO] [stderr]    Compiling tokio-stream v0.1.17
[INFO] [stderr]    Compiling regex v1.11.2
[INFO] [stderr]    Compiling rusty-fork v0.3.0
[INFO] [stderr]    Compiling bit-set v0.8.0
[INFO] [stderr]    Compiling clap v4.5.48
[INFO] [stderr]    Compiling rand_chacha v0.9.0
[INFO] [stderr]    Compiling rayon v1.11.0
[INFO] [stderr]    Compiling tinytemplate v1.2.1
[INFO] [stderr]    Compiling futures v0.3.31
[INFO] [stderr]    Compiling ciborium v0.2.2
[INFO] [stderr]    Compiling plotters v0.3.7
[INFO] [stderr]    Compiling rand_xorshift v0.4.0
[INFO] [stderr]    Compiling rand v0.9.2
[INFO] [stderr]    Compiling unarray v0.1.4
[INFO] [stderr]    Compiling trybuild v1.0.111
[INFO] [stderr]    Compiling proptest v1.8.0
[INFO] [stderr]    Compiling pitwall v0.1.0 (/opt/rustwide/workdir)
[INFO] [stderr]    Compiling criterion v0.7.0
[INFO] [stderr] warning: unused dependency `tracing-subscriber`
[INFO] [stderr]   --> Cargo.toml:97:19
[INFO] [stderr]    |
[INFO] [stderr] 97 | [dev-dependencies.tracing-subscriber]
[INFO] [stderr]    |                   ^^^^^^^^^^^^^^^^^^^
[INFO] [stderr]    |
[INFO] [stderr]    = note: `cargo::unused_dependencies` is set to `warn` by default
[INFO] [stderr] help: consider removing the dependency on `tracing-subscriber`
[INFO] [stderr] help: to still use for development builds, move to `dev-dependencies`
[INFO] [stderr] warning: unused dependency `tracing-subscriber`
[INFO] [stderr]   --> Cargo.toml:70:15
[INFO] [stderr]    |
[INFO] [stderr] 70 | [dependencies.tracing-subscriber]
[INFO] [stderr]    |               ^^^^^^^^^^^^^^^^^^^
[INFO] [stderr]    |
[INFO] [stderr] help: consider removing the dependency on `tracing-subscriber`
[INFO] [stderr] help: to still use for development builds, move to `dev-dependencies`
[INFO] [stderr] warning: `pitwall` (manifest) generated 2 warnings
[INFO] [stderr]     Finished `release` profile [optimized] target(s) in 3m 16s
[INFO] running `Command { std: "docker" "inspect" "ee248aedcaaefb44d55ba418800a6010a0dbae48b0bec03a447f4a8d24c40c5a", kill_on_drop: false }`
[INFO] running `Command { std: "docker" "exec" "-e" "SOURCE_DIR=/opt/rustwide/workdir" "-e" "CARGO_HOME=/opt/rustwide/cargo-home" "-e" "RUSTUP_HOME=/opt/rustwide/rustup-home" "-e" "CARGO_TARGET_DIR=/opt/rustwide/target" "-e" "CARGO_INCREMENTAL=0" "-e" "RUST_BACKTRACE=full" "-e" "RUSTFLAGS=--cap-lints=warn" "-e" "RUSTDOCFLAGS=--cap-lints=warn" "-w" "/opt/rustwide/workdir" "--user" "0:0" "ee248aedcaaefb44d55ba418800a6010a0dbae48b0bec03a447f4a8d24c40c5a" "/opt/rustwide/cargo-home/bin/cargo" "+1.100.0-beta.1" "test" "--frozen" "--release", kill_on_drop: false }`
[INFO] [stderr] warning: unused dependency `tracing-subscriber`
[INFO] [stderr]   --> Cargo.toml:97:19
[INFO] [stderr]    |
[INFO] [stderr] 97 | [dev-dependencies.tracing-subscriber]
[INFO] [stderr]    |                   ^^^^^^^^^^^^^^^^^^^
[INFO] [stderr]    |
[INFO] [stderr]    = note: `cargo::unused_dependencies` is set to `warn` by default
[INFO] [stderr] help: consider removing the dependency on `tracing-subscriber`
[INFO] [stderr] help: to still use for development builds, move to `dev-dependencies`
[INFO] [stderr] warning: unused dependency `tracing-subscriber`
[INFO] [stderr]   --> Cargo.toml:70:15
[INFO] [stderr]    |
[INFO] [stderr] 70 | [dependencies.tracing-subscriber]
[INFO] [stderr]    |               ^^^^^^^^^^^^^^^^^^^
[INFO] [stderr]    |
[INFO] [stderr] help: consider removing the dependency on `tracing-subscriber`
[INFO] [stderr] help: to still use for development builds, move to `dev-dependencies`
[INFO] [stderr] warning: `pitwall` (manifest) generated 2 warnings
[INFO] [stderr]     Finished `release` profile [optimized] target(s) in 0.29s
[INFO] [stderr]      Running unittests src/lib.rs (/opt/rustwide/target/release/build/pitwall/dd0dc0ba5878f847/out/pitwall-dd0dc0ba5878f847)
[INFO] [stdout] 
[INFO] [stdout] running 63 tests
[INFO] [stdout] test adapters::tests::schema_provider_basic_usage ... ok
[INFO] [stdout] test dynamic_frame::tests::dynamic_frame_basic_lookup ... ok
[INFO] [stdout] test error::tests::error_constructors_validation ... ok
[INFO] [stdout] test error::tests::error_traits_validation ... ok
[INFO] [stdout] test adapters::tests::adapter_validation_creation ... ok
[INFO] [stdout] test adapters::tests::field_extraction_properties ... ok
[INFO] [stdout] test connection::tests::replay_session_info_propagation ... FAILED
[INFO] [stdout] test connection::tests::replay_telemetry_stream_throttling ... FAILED
[INFO] [stdout] test connection::tests::replay_session_immediate_delivery ... FAILED
[INFO] [stdout] test error::tests::property_tests::error_conversions_work_for_all_generated_variants ... ok
[INFO] [stdout] test error::tests::property_tests::platform_error_handling_works_across_failure_modes ... ok
[INFO] [stdout] test ibt::format::tests::test_disk_length_verification_truncated ... FAILED
[INFO] [stdout] test error::tests::from_conversions_work ... ok
[INFO] [stdout] test error::tests::recovery_methods_work ... ok
[INFO] [stdout] test ibt::format::tests::test_disk_length_verification_ok ... FAILED
[INFO] [stdout] test ibt::format::tests::test_ford_mustang_gt4_road_atlanta_variables ... FAILED
[INFO] [stdout] test ibt::format::tests::test_essential_variables_across_all_files ... FAILED
[INFO] [stdout] test ibt::format::tests::test_ford_vs_supercars_variable_differences ... FAILED
[INFO] [stdout] test ibt::format::tests::test_supercars_camaro_jerez_frames ... FAILED
[INFO] [stdout] test ibt::format::tests::test_ford_mustang_gt4_road_atlanta_frames ... FAILED
[INFO] [stdout] test ibt::format::tests::test_supercars_camaro_jerez_header ... FAILED
[INFO] [stdout] test ibt::format::tests::test_supercars_camaro_okayama_header ... FAILED
[INFO] [stdout] test ibt::format::tests::test_supercars_camaro_jerez_variables ... FAILED
[INFO] [stdout] test ibt::format::tests::test_supercars_camaro_okayama_variables ... FAILED
[INFO] [stdout] test ibt::format::tests::test_ford_mustang_gt4_road_atlanta_header ... FAILED
[INFO] [stdout] test ibt::format::tests::test_invalid_version_handling ... FAILED
[INFO] [stdout] test ibt::format::tests::test_supercars_camaro_okayama_frames ... FAILED
[INFO] [stdout] test ibt::format::tests::test_truncated_file_handling ... ok
[INFO] [stdout] test ibt::reader::tests::test_real_ibt_end_of_file_handling ... FAILED
[INFO] [stdout] test ibt::reader::tests::test_real_ibt_reader_construction ... FAILED
[INFO] [stdout] test ibt::reader::tests::test_real_ibt_frame_seeking ... FAILED
[INFO] [stdout] test ibt::reader::tests::test_real_ibt_raw_frame_validation ... FAILED
[INFO] [stdout] test ibt::reader::tests::test_real_ibt_read_next_frame ... FAILED
[INFO] [stdout] test ibt::reader::tests::test_real_ibt_read_next_frame_performance ... FAILED
[INFO] [stdout] test ibt::reader::tests::test_real_ibt_session_yaml_extraction ... FAILED
[INFO] [stdout] test test_utils::tests::test_get_ibt_test_files ... ok
[INFO] [stdout] test test_utils::tests::test_get_test_data_dir ... FAILED
[INFO] [stdout] test test_utils::tests::test_require_fixture_errors_when_missing ... ok
[INFO] [stdout] test types::tests::bitfield_constructor_works ... ok
[INFO] [stdout] test test_utils::tests::test_find_git_repository_root_works ... FAILED
[INFO] [stdout] test types::tests::bitfield_flag_operations_basic ... ok
[INFO] [stdout] test providers::replay::tests::test_replay_provider_session_yaml ... FAILED
[INFO] [stdout] test types::tests::prop_bitfield_flag_operations ... ok
[INFO] [stdout] test types::tests::prop_tick_comparison_handles_wraparound ... ok
[INFO] [stdout] test types::tests::prop_vardata_roundtrip_preserves_data_f32 ... ok
[INFO] [stdout] test types::tests::prop_bitfield_parsing_handles_all_32bit_patterns ... ok
[INFO] [stdout] test types::tests::prop_variable_type_size_calculations_correct ... ok
[INFO] [stdout] test types::tests::test_engine_warnings_new_bits_present ... ok
[INFO] [stdout] test types::tests::prop_vardata_roundtrip_preserves_data_i32 ... ok
[INFO] [stdout] test types::tests::test_engine_repair_helpers ... ok
[INFO] [stdout] test types::tests::test_incident_decoding_pen_only ... ok
[INFO] [stdout] test types::tests::test_incident_decoding_rep_only ... ok
[INFO] [stdout] test types::tests::test_session_dq_scoring_invalid_helper ... ok
[INFO] [stdout] test types::tests::variable_type_size_returns_correct_values ... ok
[INFO] [stdout] test yaml_utils::tests::test_extract_yaml_bounds_check ... ok
[INFO] [stdout] test yaml_utils::tests::test_extract_yaml_from_memory_with_null_terminator ... ok
[INFO] [stdout] test yaml_utils::tests::test_extract_yaml_from_memory_without_null ... ok
[INFO] [stdout] test yaml_utils::tests::test_preprocess_keeps_valid_whitespace ... ok
[INFO] [stdout] test yaml_utils::tests::test_preprocess_removes_control_characters ... ok
[INFO] [stdout] test error::tests::property_tests::error_source_chaining_preserves_information_through_nested_trees ... ok
[INFO] [stdout] test error::tests::property_tests::error_messages_format_correctly_with_arbitrary_context ... ok
[INFO] [stdout] test test_utils::tests::test_get_smallest_ibt_test_file ... ok
[INFO] [stderr] error: test failed, to rerun pass `--lib`
[INFO] [stdout] test types::tests::prop_variable_schema_parsing_with_fuzzed_headers ... ok
[INFO] [stdout] 
[INFO] [stdout] failures:
[INFO] [stdout] 
[INFO] [stdout] ---- connection::tests::replay_session_info_propagation stdout ----
[INFO] [stdout] 
[INFO] [stdout] thread 'connection::tests::replay_session_info_propagation' (2193) panicked at src/connection/tests.rs:348:61:
[INFO] [stdout] No IBT test files found
[INFO] [stdout] stack backtrace:
[INFO] [stdout]    0:     0x6390d33e6731 - <<std[617be2ca0a6fd877]::sys::backtrace::BacktraceLock>::print::DisplayBacktrace as core[a373ad73a504971]::fmt::Display>::fmt
[INFO] [stdout]    1:     0x6390d33fe48a - core[a373ad73a504971]::fmt::write
[INFO] [stdout]    2:     0x6390d33eb6cc - <alloc[2e1b2a31b91974c5]::vec::Vec<u8> as core[a373ad73a504971]::io::write::Write>::write_fmt
[INFO] [stdout]    3:     0x6390d33c00d6 - std[617be2ca0a6fd877]::panicking::default_hook::{closure#0}
[INFO] [stdout]    4:     0x6390d33de3a9 - std[617be2ca0a6fd877]::panicking::default_hook
[INFO] [stdout]    5:     0x6390d32f4670 - test[aada8e7e76ba119b]::test_main_inner::{closure#0}
[INFO] [stdout]    6:     0x6390d33de6d2 - std[617be2ca0a6fd877]::panicking::panic_with_hook
[INFO] [stdout]    7:     0x6390d33c0182 - std[617be2ca0a6fd877]::panicking::panic_handler::{closure#0}
[INFO] [stdout]    8:     0x6390d33b8589 - std[617be2ca0a6fd877]::sys::backtrace::__rust_end_short_backtrace::<std[617be2ca0a6fd877]::panicking::panic_handler::{closure#0}, !>
[INFO] [stdout]    9:     0x6390d33c0e9d - __rustc[ea4f61d10b84890b]::rust_begin_unwind
[INFO] [stdout]   10:     0x6390d33fec6c - core[a373ad73a504971]::panicking::panic_fmt
[INFO] [stdout]   11:     0x6390d33fe9c4 - core[a373ad73a504971]::option::expect_failed
[INFO] [stdout]   12:     0x6390d32373ca - pitwall[f40ea5be09c50e5c]::connection::tests::replay_session_info_propagation::{closure#0}
[INFO] [stdout]   13:     0x6390d326c1b3 - <tokio[9a5aaf354ed04181]::runtime::scheduler::current_thread::Context>::enter::<core[a373ad73a504971]::task::poll::Poll<()>, <tokio[9a5aaf354ed04181]::runtime::scheduler::current_thread::CoreGuard>::block_on<core[a373ad73a504971]::pin::Pin<&mut core[a373ad73a504971]::pin::Pin<&mut dyn core[a373ad73a504971]::future::future::Future<Output = ()>>>>::{closure#0}::{closure#0}>
[INFO] [stdout]   14:     0x6390d324129c - <tokio[9a5aaf354ed04181]::runtime::context::scoped::Scoped<tokio[9a5aaf354ed04181]::runtime::scheduler::Context>>::set::<<tokio[9a5aaf354ed04181]::runtime::scheduler::current_thread::CoreGuard>::enter<<tokio[9a5aaf354ed04181]::runtime::scheduler::current_thread::CoreGuard>::block_on<core[a373ad73a504971]::pin::Pin<&mut core[a373ad73a504971]::pin::Pin<&mut dyn core[a373ad73a504971]::future::future::Future<Output = ()>>>>::{closure#0}, core[a373ad73a504971]::option::Option<()>>::{closure#0}, (alloc[2e1b2a31b91974c5]::boxed::Box<tokio[9a5aaf354ed04181]::runtime::scheduler::current_thread::Core>, core[a373ad73a504971]::option::Option<()>)>
[INFO] [stdout]   15:     0x6390d326c507 - <tokio[9a5aaf354ed04181]::runtime::scheduler::current_thread::CoreGuard>::block_on::<core[a373ad73a504971]::pin::Pin<&mut core[a373ad73a504971]::pin::Pin<&mut dyn core[a373ad73a504971]::future::future::Future<Output = ()>>>>
[INFO] [stdout]   16:     0x6390d3274e8d - tokio[9a5aaf354ed04181]::runtime::context::runtime::enter_runtime::<<tokio[9a5aaf354ed04181]::runtime::scheduler::current_thread::CurrentThread>::block_on<core[a373ad73a504971]::pin::Pin<&mut dyn core[a373ad73a504971]::future::future::Future<Output = ()>>>::{closure#0}, ()>
[INFO] [stdout]   17:     0x6390d327226f - <tokio[9a5aaf354ed04181]::runtime::runtime::Runtime>::block_on::<core[a373ad73a504971]::pin::Pin<&mut dyn core[a373ad73a504971]::future::future::Future<Output = ()>>>
[INFO] [stdout]   18:     0x6390d323a62e - <pitwall[f40ea5be09c50e5c]::connection::tests::replay_session_info_propagation::{closure#0} as core[a373ad73a504971]::ops::function::FnOnce<()>>::call_once
[INFO] [stdout]   19:     0x6390d32e7abb - test[aada8e7e76ba119b]::__rust_begin_short_backtrace::<core[a373ad73a504971]::result::Result<(), alloc[2e1b2a31b91974c5]::string::String>, fn() -> core[a373ad73a504971]::result::Result<(), alloc[2e1b2a31b91974c5]::string::String>>
[INFO] [stdout]   20:     0x6390d32f4c95 - test[aada8e7e76ba119b]::run_test::{closure#0}
[INFO] [stdout]   21:     0x6390d32ee584 - std[617be2ca0a6fd877]::sys::backtrace::__rust_begin_short_backtrace::<test[aada8e7e76ba119b]::run_test::{closure#1}, ()>
[INFO] [stdout]   22:     0x6390d32f7d22 - <std[617be2ca0a6fd877]::thread::lifecycle::spawn_unchecked<test[aada8e7e76ba119b]::run_test::{closure#1}, ()>::{closure#1} as core[a373ad73a504971]::ops::function::FnOnce<()>>::call_once::{shim:vtable#0}
[INFO] [stdout]   23:     0x6390d33e5c3f - <std[617be2ca0a6fd877]::sys::thread::unix::Thread>::new::thread_start
[INFO] [stdout]   24:     0x7a3ae28f7dfa - <unknown>
[INFO] [stdout]   25:     0x7a3ae298b3d4 - clone
[INFO] [stdout]   26:                0x0 - <unknown>
[INFO] [stdout] 
[INFO] [stdout] ---- connection::tests::replay_telemetry_stream_throttling stdout ----
[INFO] [stdout] 
[INFO] [stdout] thread 'connection::tests::replay_telemetry_stream_throttling' (2194) panicked at src/connection/tests.rs:406:61:
[INFO] [stdout] No IBT test files found
[INFO] [stdout] stack backtrace:
[INFO] [stdout]    0:     0x6390d33e6731 - <<std[617be2ca0a6fd877]::sys::backtrace::BacktraceLock>::print::DisplayBacktrace as core[a373ad73a504971]::fmt::Display>::fmt
[INFO] [stdout]    1:     0x6390d33fe48a - core[a373ad73a504971]::fmt::write
[INFO] [stdout]    2:     0x6390d33eb6cc - <alloc[2e1b2a31b91974c5]::vec::Vec<u8> as core[a373ad73a504971]::io::write::Write>::write_fmt
[INFO] [stdout]    3:     0x6390d33c00d6 - std[617be2ca0a6fd877]::panicking::default_hook::{closure#0}
[INFO] [stdout]    4:     0x6390d33de3a9 - std[617be2ca0a6fd877]::panicking::default_hook
[INFO] [stdout]    5:     0x6390d32f4670 - test[aada8e7e76ba119b]::test_main_inner::{closure#0}
[INFO] [stdout]    6:     0x6390d33de6d2 - std[617be2ca0a6fd877]::panicking::panic_with_hook
[INFO] [stdout]    7:     0x6390d33c0182 - std[617be2ca0a6fd877]::panicking::panic_handler::{closure#0}
[INFO] [stdout]    8:     0x6390d33b8589 - std[617be2ca0a6fd877]::sys::backtrace::__rust_end_short_backtrace::<std[617be2ca0a6fd877]::panicking::panic_handler::{closure#0}, !>
[INFO] [stdout]    9:     0x6390d33c0e9d - __rustc[ea4f61d10b84890b]::rust_begin_unwind
[INFO] [stdout]   10:     0x6390d33fec6c - core[a373ad73a504971]::panicking::panic_fmt
[INFO] [stdout]   11:     0x6390d33fe9c4 - core[a373ad73a504971]::option::expect_failed
[INFO] [stdout]   12:     0x6390d32387e5 - pitwall[f40ea5be09c50e5c]::connection::tests::replay_telemetry_stream_throttling::{closure#0}
[INFO] [stdout]   13:     0x6390d326c1b3 - <tokio[9a5aaf354ed04181]::runtime::scheduler::current_thread::Context>::enter::<core[a373ad73a504971]::task::poll::Poll<()>, <tokio[9a5aaf354ed04181]::runtime::scheduler::current_thread::CoreGuard>::block_on<core[a373ad73a504971]::pin::Pin<&mut core[a373ad73a504971]::pin::Pin<&mut dyn core[a373ad73a504971]::future::future::Future<Output = ()>>>>::{closure#0}::{closure#0}>
[INFO] [stdout]   14:     0x6390d324129c - <tokio[9a5aaf354ed04181]::runtime::context::scoped::Scoped<tokio[9a5aaf354ed04181]::runtime::scheduler::Context>>::set::<<tokio[9a5aaf354ed04181]::runtime::scheduler::current_thread::CoreGuard>::enter<<tokio[9a5aaf354ed04181]::runtime::scheduler::current_thread::CoreGuard>::block_on<core[a373ad73a504971]::pin::Pin<&mut core[a373ad73a504971]::pin::Pin<&mut dyn core[a373ad73a504971]::future::future::Future<Output = ()>>>>::{closure#0}, core[a373ad73a504971]::option::Option<()>>::{closure#0}, (alloc[2e1b2a31b91974c5]::boxed::Box<tokio[9a5aaf354ed04181]::runtime::scheduler::current_thread::Core>, core[a373ad73a504971]::option::Option<()>)>
[INFO] [stdout]   15:     0x6390d326c507 - <tokio[9a5aaf354ed04181]::runtime::scheduler::current_thread::CoreGuard>::block_on::<core[a373ad73a504971]::pin::Pin<&mut core[a373ad73a504971]::pin::Pin<&mut dyn core[a373ad73a504971]::future::future::Future<Output = ()>>>>
[INFO] [stdout]   16:     0x6390d3274e8d - tokio[9a5aaf354ed04181]::runtime::context::runtime::enter_runtime::<<tokio[9a5aaf354ed04181]::runtime::scheduler::current_thread::CurrentThread>::block_on<core[a373ad73a504971]::pin::Pin<&mut dyn core[a373ad73a504971]::future::future::Future<Output = ()>>>::{closure#0}, ()>
[INFO] [stdout]   17:     0x6390d327226f - <tokio[9a5aaf354ed04181]::runtime::runtime::Runtime>::block_on::<core[a373ad73a504971]::pin::Pin<&mut dyn core[a373ad73a504971]::future::future::Future<Output = ()>>>
[INFO] [stdout]   18:     0x6390d323a8ee - <pitwall[f40ea5be09c50e5c]::connection::tests::replay_telemetry_stream_throttling::{closure#0} as core[a373ad73a504971]::ops::function::FnOnce<()>>::call_once
[INFO] [stdout]   19:     0x6390d32e7abb - test[aada8e7e76ba119b]::__rust_begin_short_backtrace::<core[a373ad73a504971]::result::Result<(), alloc[2e1b2a31b91974c5]::string::String>, fn() -> core[a373ad73a504971]::result::Result<(), alloc[2e1b2a31b91974c5]::string::String>>
[INFO] [stdout]   20:     0x6390d32f4c95 - test[aada8e7e76ba119b]::run_test::{closure#0}
[INFO] [stdout]   21:     0x6390d32ee584 - std[617be2ca0a6fd877]::sys::backtrace::__rust_begin_short_backtrace::<test[aada8e7e76ba119b]::run_test::{closure#1}, ()>
[INFO] [stdout]   22:     0x6390d32f7d22 - <std[617be2ca0a6fd877]::thread::lifecycle::spawn_unchecked<test[aada8e7e76ba119b]::run_test::{closure#1}, ()>::{closure#1} as core[a373ad73a504971]::ops::function::FnOnce<()>>::call_once::{shim:vtable#0}
[INFO] [stdout]   23:     0x6390d33e5c3f - <std[617be2ca0a6fd877]::sys::thread::unix::Thread>::new::thread_start
[INFO] [stdout]   24:     0x7a3ae28f7dfa - <unknown>
[INFO] [stdout]   25:     0x7a3ae298b3d4 - clone
[INFO] [stdout]   26:                0x0 - <unknown>
[INFO] [stdout] 
[INFO] [stdout] ---- connection::tests::replay_session_immediate_delivery stdout ----
[INFO] [stdout] 
[INFO] [stdout] thread 'connection::tests::replay_session_immediate_delivery' (2192) panicked at src/connection/tests.rs:314:61:
[INFO] [stdout] No IBT test files found
[INFO] [stdout] stack backtrace:
[INFO] [stdout]    0:     0x6390d33e6731 - <<std[617be2ca0a6fd877]::sys::backtrace::BacktraceLock>::print::DisplayBacktrace as core[a373ad73a504971]::fmt::Display>::fmt
[INFO] [stdout]    1:     0x6390d33fe48a - core[a373ad73a504971]::fmt::write
[INFO] [stdout]    2:     0x6390d33eb6cc - <alloc[2e1b2a31b91974c5]::vec::Vec<u8> as core[a373ad73a504971]::io::write::Write>::write_fmt
[INFO] [stdout]    3:     0x6390d33c00d6 - std[617be2ca0a6fd877]::panicking::default_hook::{closure#0}
[INFO] [stdout]    4:     0x6390d33de3a9 - std[617be2ca0a6fd877]::panicking::default_hook
[INFO] [stdout]    5:     0x6390d32f4670 - test[aada8e7e76ba119b]::test_main_inner::{closure#0}
[INFO] [stdout]    6:     0x6390d33de6d2 - std[617be2ca0a6fd877]::panicking::panic_with_hook
[INFO] [stdout]    7:     0x6390d33c0182 - std[617be2ca0a6fd877]::panicking::panic_handler::{closure#0}
[INFO] [stdout]    8:     0x6390d33b8589 - std[617be2ca0a6fd877]::sys::backtrace::__rust_end_short_backtrace::<std[617be2ca0a6fd877]::panicking::panic_handler::{closure#0}, !>
[INFO] [stdout]    9:     0x6390d33c0e9d - __rustc[ea4f61d10b84890b]::rust_begin_unwind
[INFO] [stdout]   10:     0x6390d33fec6c - core[a373ad73a504971]::panicking::panic_fmt
[INFO] [stdout]   11:     0x6390d33fe9c4 - core[a373ad73a504971]::option::expect_failed
[INFO] [stdout]   12:     0x6390d3238332 - pitwall[f40ea5be09c50e5c]::connection::tests::replay_session_immediate_delivery::{closure#0}
[INFO] [stdout]   13:     0x6390d326c1b3 - <tokio[9a5aaf354ed04181]::runtime::scheduler::current_thread::Context>::enter::<core[a373ad73a504971]::task::poll::Poll<()>, <tokio[9a5aaf354ed04181]::runtime::scheduler::current_thread::CoreGuard>::block_on<core[a373ad73a504971]::pin::Pin<&mut core[a373ad73a504971]::pin::Pin<&mut dyn core[a373ad73a504971]::future::future::Future<Output = ()>>>>::{closure#0}::{closure#0}>
[INFO] [stdout]   14:     0x6390d324129c - <tokio[9a5aaf354ed04181]::runtime::context::scoped::Scoped<tokio[9a5aaf354ed04181]::runtime::scheduler::Context>>::set::<<tokio[9a5aaf354ed04181]::runtime::scheduler::current_thread::CoreGuard>::enter<<tokio[9a5aaf354ed04181]::runtime::scheduler::current_thread::CoreGuard>::block_on<core[a373ad73a504971]::pin::Pin<&mut core[a373ad73a504971]::pin::Pin<&mut dyn core[a373ad73a504971]::future::future::Future<Output = ()>>>>::{closure#0}, core[a373ad73a504971]::option::Option<()>>::{closure#0}, (alloc[2e1b2a31b91974c5]::boxed::Box<tokio[9a5aaf354ed04181]::runtime::scheduler::current_thread::Core>, core[a373ad73a504971]::option::Option<()>)>
[INFO] [stdout]   15:     0x6390d326c507 - <tokio[9a5aaf354ed04181]::runtime::scheduler::current_thread::CoreGuard>::block_on::<core[a373ad73a504971]::pin::Pin<&mut core[a373ad73a504971]::pin::Pin<&mut dyn core[a373ad73a504971]::future::future::Future<Output = ()>>>>
[INFO] [stdout]   16:     0x6390d3274e8d - tokio[9a5aaf354ed04181]::runtime::context::runtime::enter_runtime::<<tokio[9a5aaf354ed04181]::runtime::scheduler::current_thread::CurrentThread>::block_on<core[a373ad73a504971]::pin::Pin<&mut dyn core[a373ad73a504971]::future::future::Future<Output = ()>>>::{closure#0}, ()>
[INFO] [stdout]   17:     0x6390d327226f - <tokio[9a5aaf354ed04181]::runtime::runtime::Runtime>::block_on::<core[a373ad73a504971]::pin::Pin<&mut dyn core[a373ad73a504971]::future::future::Future<Output = ()>>>
[INFO] [stdout]   18:     0x6390d323a78e - <pitwall[f40ea5be09c50e5c]::connection::tests::replay_session_immediate_delivery::{closure#0} as core[a373ad73a504971]::ops::function::FnOnce<()>>::call_once
[INFO] [stdout]   19:     0x6390d32e7abb - test[aada8e7e76ba119b]::__rust_begin_short_backtrace::<core[a373ad73a504971]::result::Result<(), alloc[2e1b2a31b91974c5]::string::String>, fn() -> core[a373ad73a504971]::result::Result<(), alloc[2e1b2a31b91974c5]::string::String>>
[INFO] [stdout]   20:     0x6390d32f4c95 - test[aada8e7e76ba119b]::run_test::{closure#0}
[INFO] [stdout]   21:     0x6390d32ee584 - std[617be2ca0a6fd877]::sys::backtrace::__rust_begin_short_backtrace::<test[aada8e7e76ba119b]::run_test::{closure#1}, ()>
[INFO] [stdout]   22:     0x6390d32f7d22 - <std[617be2ca0a6fd877]::thread::lifecycle::spawn_unchecked<test[aada8e7e76ba119b]::run_test::{closure#1}, ()>::{closure#1} as core[a373ad73a504971]::ops::function::FnOnce<()>>::call_once::{shim:vtable#0}
[INFO] [stdout]   23:     0x6390d33e5c3f - <std[617be2ca0a6fd877]::sys::thread::unix::Thread>::new::thread_start
[INFO] [stdout]   24:     0x7a3ae28f7dfa - <unknown>
[INFO] [stdout]   25:     0x7a3ae298b3d4 - clone
[INFO] [stdout]   26:                0x0 - <unknown>
[INFO] [stdout] 
[INFO] [stdout] ---- ibt::format::tests::test_disk_length_verification_truncated stdout ----
[INFO] [stdout] Error: No IBT telemetry fixtures found in test-data/ibt. Telemetry fixtures are stored under test-data/. Install Git LFS and run `git lfs pull` to download them.
[INFO] [stdout] 
[INFO] [stdout] Stack backtrace:
[INFO] [stdout]    0: <anyhow::Error as core::convert::From<pitwall::test_utils::FixtureError>>::from
[INFO] [stdout]    1: <pitwall::ibt::format::tests::test_disk_length_verification_truncated::{closure#0} as core::ops::function::FnOnce<()>>::call_once
[INFO] [stdout]    2: test::__rust_begin_short_backtrace::<core::result::Result<(), alloc::string::String>, fn() -> core::result::Result<(), alloc::string::String>>
[INFO] [stdout]    3: test::run_test::{closure#0}
[INFO] [stdout]    4: std::sys::backtrace::__rust_begin_short_backtrace::<test::run_test::{closure#1}, ()>
[INFO] [stdout]    5: <std::thread::lifecycle::spawn_unchecked<test::run_test::{closure#1}, ()>::{closure#1} as core::ops::function::FnOnce<()>>::call_once::{shim:vtable#0}
[INFO] [stdout]    6: <std::sys::thread::unix::Thread>::new::thread_start
[INFO] [stdout]    7: <unknown>
[INFO] [stdout]    8: clone
[INFO] [stdout] 
[INFO] [stdout] ---- ibt::format::tests::test_disk_length_verification_ok stdout ----
[INFO] [stdout] Error: No IBT telemetry fixtures found in test-data/ibt. Telemetry fixtures are stored under test-data/. Install Git LFS and run `git lfs pull` to download them.
[INFO] [stdout] 
[INFO] [stdout] Stack backtrace:
[INFO] [stdout]    0: <anyhow::Error as core::convert::From<pitwall::test_utils::FixtureError>>::from
[INFO] [stdout]    1: <pitwall::ibt::format::tests::test_disk_length_verification_ok::{closure#0} as core::ops::function::FnOnce<()>>::call_once
[INFO] [stdout]    2: test::__rust_begin_short_backtrace::<core::result::Result<(), alloc::string::String>, fn() -> core::result::Result<(), alloc::string::String>>
[INFO] [stdout]    3: test::run_test::{closure#0}
[INFO] [stdout]    4: std::sys::backtrace::__rust_begin_short_backtrace::<test::run_test::{closure#1}, ()>
[INFO] [stdout]    5: <std::thread::lifecycle::spawn_unchecked<test::run_test::{closure#1}, ()>::{closure#1} as core::ops::function::FnOnce<()>>::call_once::{shim:vtable#0}
[INFO] [stdout]    6: <std::sys::thread::unix::Thread>::new::thread_start
[INFO] [stdout]    7: <unknown>
[INFO] [stdout]    8: clone
[INFO] [stdout] 
[INFO] [stdout] ---- ibt::format::tests::test_ford_mustang_gt4_road_atlanta_variables stdout ----
[INFO] [stdout] Error: No IBT telemetry fixtures found in test-data/ibt. Telemetry fixtures are stored under test-data/. Install Git LFS and run `git lfs pull` to download them.
[INFO] [stdout] 
[INFO] [stdout] Stack backtrace:
[INFO] [stdout]    0: <anyhow::Error as core::convert::From<pitwall::test_utils::FixtureError>>::from
[INFO] [stdout]    1: <pitwall::ibt::format::tests::test_ford_mustang_gt4_road_atlanta_variables::{closure#0} as core::ops::function::FnOnce<()>>::call_once
[INFO] [stdout]    2: test::__rust_begin_short_backtrace::<core::result::Result<(), alloc::string::String>, fn() -> core::result::Result<(), alloc::string::String>>
[INFO] [stdout]    3: test::run_test::{closure#0}
[INFO] [stdout]    4: std::sys::backtrace::__rust_begin_short_backtrace::<test::run_test::{closure#1}, ()>
[INFO] [stdout]    5: <std::thread::lifecycle::spawn_unchecked<test::run_test::{closure#1}, ()>::{closure#1} as core::ops::function::FnOnce<()>>::call_once::{shim:vtable#0}
[INFO] [stdout]    6: <std::sys::thread::unix::Thread>::new::thread_start
[INFO] [stdout]    7: <unknown>
[INFO] [stdout]    8: clone
[INFO] [stdout] 
[INFO] [stdout] ---- ibt::format::tests::test_essential_variables_across_all_files stdout ----
[INFO] [stdout] Error: No IBT telemetry fixtures found in test-data/ibt. Telemetry fixtures are stored under test-data/. Install Git LFS and run `git lfs pull` to download them.
[INFO] [stdout] 
[INFO] [stdout] Stack backtrace:
[INFO] [stdout]    0: <anyhow::Error as core::convert::From<pitwall::test_utils::FixtureError>>::from
[INFO] [stdout]    1: <pitwall::ibt::format::tests::test_essential_variables_across_all_files::{closure#0} as core::ops::function::FnOnce<()>>::call_once
[INFO] [stdout]    2: test::__rust_begin_short_backtrace::<core::result::Result<(), alloc::string::String>, fn() -> core::result::Result<(), alloc::string::String>>
[INFO] [stdout]    3: test::run_test::{closure#0}
[INFO] [stdout]    4: std::sys::backtrace::__rust_begin_short_backtrace::<test::run_test::{closure#1}, ()>
[INFO] [stdout]    5: <std::thread::lifecycle::spawn_unchecked<test::run_test::{closure#1}, ()>::{closure#1} as core::ops::function::FnOnce<()>>::call_once::{shim:vtable#0}
[INFO] [stdout]    6: <std::sys::thread::unix::Thread>::new::thread_start
[INFO] [stdout]    7: <unknown>
[INFO] [stdout]    8: clone
[INFO] [stdout] 
[INFO] [stdout] ---- ibt::format::tests::test_ford_vs_supercars_variable_differences stdout ----
[INFO] [stdout] Error: No IBT telemetry fixtures found in test-data/ibt. Telemetry fixtures are stored under test-data/. Install Git LFS and run `git lfs pull` to download them.
[INFO] [stdout] 
[INFO] [stdout] Stack backtrace:
[INFO] [stdout]    0: <anyhow::Error as core::convert::From<pitwall::test_utils::FixtureError>>::from
[INFO] [stdout]    1: <pitwall::ibt::format::tests::test_ford_vs_supercars_variable_differences::{closure#0} as core::ops::function::FnOnce<()>>::call_once
[INFO] [stdout]    2: test::__rust_begin_short_backtrace::<core::result::Result<(), alloc::string::String>, fn() -> core::result::Result<(), alloc::string::String>>
[INFO] [stdout]    3: test::run_test::{closure#0}
[INFO] [stdout]    4: std::sys::backtrace::__rust_begin_short_backtrace::<test::run_test::{closure#1}, ()>
[INFO] [stdout]    5: <std::thread::lifecycle::spawn_unchecked<test::run_test::{closure#1}, ()>::{closure#1} as core::ops::function::FnOnce<()>>::call_once::{shim:vtable#0}
[INFO] [stdout]    6: <std::sys::thread::unix::Thread>::new::thread_start
[INFO] [stdout]    7: <unknown>
[INFO] [stdout]    8: clone
[INFO] [stdout] 
[INFO] [stdout] ---- ibt::format::tests::test_supercars_camaro_jerez_frames stdout ----
[INFO] [stdout] Error: No IBT telemetry fixtures found in test-data/ibt. Telemetry fixtures are stored under test-data/. Install Git LFS and run `git lfs pull` to download them.
[INFO] [stdout] 
[INFO] [stdout] Stack backtrace:
[INFO] [stdout]    0: <anyhow::Error as core::convert::From<pitwall::test_utils::FixtureError>>::from
[INFO] [stdout]    1: <pitwall::ibt::format::tests::test_supercars_camaro_jerez_frames::{closure#0} as core::ops::function::FnOnce<()>>::call_once
[INFO] [stdout]    2: test::__rust_begin_short_backtrace::<core::result::Result<(), alloc::string::String>, fn() -> core::result::Result<(), alloc::string::String>>
[INFO] [stdout]    3: test::run_test::{closure#0}
[INFO] [stdout]    4: std::sys::backtrace::__rust_begin_short_backtrace::<test::run_test::{closure#1}, ()>
[INFO] [stdout]    5: <std::thread::lifecycle::spawn_unchecked<test::run_test::{closure#1}, ()>::{closure#1} as core::ops::function::FnOnce<()>>::call_once::{shim:vtable#0}
[INFO] [stdout]    6: <std::sys::thread::unix::Thread>::new::thread_start
[INFO] [stdout]    7: <unknown>
[INFO] [stdout]    8: clone
[INFO] [stdout] 
[INFO] [stdout] ---- ibt::format::tests::test_ford_mustang_gt4_road_atlanta_frames stdout ----
[INFO] [stdout] Error: No IBT telemetry fixtures found in test-data/ibt. Telemetry fixtures are stored under test-data/. Install Git LFS and run `git lfs pull` to download them.
[INFO] [stdout] 
[INFO] [stdout] Stack backtrace:
[INFO] [stdout]    0: <anyhow::Error as core::convert::From<pitwall::test_utils::FixtureError>>::from
[INFO] [stdout]    1: <pitwall::ibt::format::tests::test_ford_mustang_gt4_road_atlanta_frames::{closure#0} as core::ops::function::FnOnce<()>>::call_once
[INFO] [stdout]    2: test::__rust_begin_short_backtrace::<core::result::Result<(), alloc::string::String>, fn() -> core::result::Result<(), alloc::string::String>>
[INFO] [stdout]    3: test::run_test::{closure#0}
[INFO] [stdout]    4: std::sys::backtrace::__rust_begin_short_backtrace::<test::run_test::{closure#1}, ()>
[INFO] [stdout]    5: <std::thread::lifecycle::spawn_unchecked<test::run_test::{closure#1}, ()>::{closure#1} as core::ops::function::FnOnce<()>>::call_once::{shim:vtable#0}
[INFO] [stdout]    6: <std::sys::thread::unix::Thread>::new::thread_start
[INFO] [stdout]    7: <unknown>
[INFO] [stdout]    8: clone
[INFO] [stdout] 
[INFO] [stdout] ---- ibt::format::tests::test_supercars_camaro_jerez_header stdout ----
[INFO] [stdout] Error: No IBT telemetry fixtures found in test-data/ibt. Telemetry fixtures are stored under test-data/. Install Git LFS and run `git lfs pull` to download them.
[INFO] [stdout] 
[INFO] [stdout] Stack backtrace:
[INFO] [stdout]    0: <anyhow::Error as core::convert::From<pitwall::test_utils::FixtureError>>::from
[INFO] [stdout]    1: <pitwall::ibt::format::tests::test_supercars_camaro_jerez_header::{closure#0} as core::ops::function::FnOnce<()>>::call_once
[INFO] [stdout]    2: test::__rust_begin_short_backtrace::<core::result::Result<(), alloc::string::String>, fn() -> core::result::Result<(), alloc::string::String>>
[INFO] [stdout]    3: test::run_test::{closure#0}
[INFO] [stdout]    4: std::sys::backtrace::__rust_begin_short_backtrace::<test::run_test::{closure#1}, ()>
[INFO] [stdout]    5: <std::thread::lifecycle::spawn_unchecked<test::run_test::{closure#1}, ()>::{closure#1} as core::ops::function::FnOnce<()>>::call_once::{shim:vtable#0}
[INFO] [stdout]    6: <std::sys::thread::unix::Thread>::new::thread_start
[INFO] [stdout]    7: <unknown>
[INFO] [stdout]    8: clone
[INFO] [stdout] 
[INFO] [stdout] ---- ibt::format::tests::test_supercars_camaro_okayama_header stdout ----
[INFO] [stdout] Error: No IBT telemetry fixtures found in test-data/ibt. Telemetry fixtures are stored under test-data/. Install Git LFS and run `git lfs pull` to download them.
[INFO] [stdout] 
[INFO] [stdout] Stack backtrace:
[INFO] [stdout]    0: <anyhow::Error as core::convert::From<pitwall::test_utils::FixtureError>>::from
[INFO] [stdout]    1: <pitwall::ibt::format::tests::test_supercars_camaro_okayama_header::{closure#0} as core::ops::function::FnOnce<()>>::call_once
[INFO] [stdout]    2: test::__rust_begin_short_backtrace::<core::result::Result<(), alloc::string::String>, fn() -> core::result::Result<(), alloc::string::String>>
[INFO] [stdout]    3: test::run_test::{closure#0}
[INFO] [stdout]    4: std::sys::backtrace::__rust_begin_short_backtrace::<test::run_test::{closure#1}, ()>
[INFO] [stdout]    5: <std::thread::lifecycle::spawn_unchecked<test::run_test::{closure#1}, ()>::{closure#1} as core::ops::function::FnOnce<()>>::call_once::{shim:vtable#0}
[INFO] [stdout]    6: <std::sys::thread::unix::Thread>::new::thread_start
[INFO] [stdout]    7: <unknown>
[INFO] [stdout]    8: clone
[INFO] [stdout] 
[INFO] [stdout] ---- ibt::format::tests::test_supercars_camaro_jerez_variables stdout ----
[INFO] [stdout] Error: No IBT telemetry fixtures found in test-data/ibt. Telemetry fixtures are stored under test-data/. Install Git LFS and run `git lfs pull` to download them.
[INFO] [stdout] 
[INFO] [stdout] Stack backtrace:
[INFO] [stdout]    0: <anyhow::Error as core::convert::From<pitwall::test_utils::FixtureError>>::from
[INFO] [stdout]    1: <pitwall::ibt::format::tests::test_supercars_camaro_jerez_variables::{closure#0} as core::ops::function::FnOnce<()>>::call_once
[INFO] [stdout]    2: test::__rust_begin_short_backtrace::<core::result::Result<(), alloc::string::String>, fn() -> core::result::Result<(), alloc::string::String>>
[INFO] [stdout]    3: test::run_test::{closure#0}
[INFO] [stdout]    4: std::sys::backtrace::__rust_begin_short_backtrace::<test::run_test::{closure#1}, ()>
[INFO] [stdout]    5: <std::thread::lifecycle::spawn_unchecked<test::run_test::{closure#1}, ()>::{closure#1} as core::ops::function::FnOnce<()>>::call_once::{shim:vtable#0}
[INFO] [stdout]    6: <std::sys::thread::unix::Thread>::new::thread_start
[INFO] [stdout]    7: <unknown>
[INFO] [stdout]    8: clone
[INFO] [stdout] 
[INFO] [stdout] ---- ibt::format::tests::test_supercars_camaro_okayama_variables stdout ----
[INFO] [stdout] Error: No IBT telemetry fixtures found in test-data/ibt. Telemetry fixtures are stored under test-data/. Install Git LFS and run `git lfs pull` to download them.
[INFO] [stdout] 
[INFO] [stdout] Stack backtrace:
[INFO] [stdout]    0: <anyhow::Error as core::convert::From<pitwall::test_utils::FixtureError>>::from
[INFO] [stdout]    1: <pitwall::ibt::format::tests::test_supercars_camaro_okayama_variables::{closure#0} as core::ops::function::FnOnce<()>>::call_once
[INFO] [stdout]    2: test::__rust_begin_short_backtrace::<core::result::Result<(), alloc::string::String>, fn() -> core::result::Result<(), alloc::string::String>>
[INFO] [stdout]    3: test::run_test::{closure#0}
[INFO] [stdout]    4: std::sys::backtrace::__rust_begin_short_backtrace::<test::run_test::{closure#1}, ()>
[INFO] [stdout]    5: <std::thread::lifecycle::spawn_unchecked<test::run_test::{closure#1}, ()>::{closure#1} as core::ops::function::FnOnce<()>>::call_once::{shim:vtable#0}
[INFO] [stdout]    6: <std::sys::thread::unix::Thread>::new::thread_start
[INFO] [stdout]    7: <unknown>
[INFO] [stdout]    8: clone
[INFO] [stdout] 
[INFO] [stdout] ---- ibt::format::tests::test_ford_mustang_gt4_road_atlanta_header stdout ----
[INFO] [stdout] Error: No IBT telemetry fixtures found in test-data/ibt. Telemetry fixtures are stored under test-data/. Install Git LFS and run `git lfs pull` to download them.
[INFO] [stdout] 
[INFO] [stdout] Stack backtrace:
[INFO] [stdout]    0: <anyhow::Error as core::convert::From<pitwall::test_utils::FixtureError>>::from
[INFO] [stdout]    1: <pitwall::ibt::format::tests::test_ford_mustang_gt4_road_atlanta_header::{closure#0} as core::ops::function::FnOnce<()>>::call_once
[INFO] [stdout]    2: test::__rust_begin_short_backtrace::<core::result::Result<(), alloc::string::String>, fn() -> core::result::Result<(), alloc::string::String>>
[INFO] [stdout]    3: test::run_test::{closure#0}
[INFO] [stdout]    4: std::sys::backtrace::__rust_begin_short_backtrace::<test::run_test::{closure#1}, ()>
[INFO] [stdout]    5: <std::thread::lifecycle::spawn_unchecked<test::run_test::{closure#1}, ()>::{closure#1} as core::ops::function::FnOnce<()>>::call_once::{shim:vtable#0}
[INFO] [stdout]    6: <std::sys::thread::unix::Thread>::new::thread_start
[INFO] [stdout]    7: <unknown>
[INFO] [stdout]    8: clone
[INFO] [stdout] 
[INFO] [stdout] ---- ibt::format::tests::test_invalid_version_handling stdout ----
[INFO] [stdout] Error: No IBT telemetry fixtures found in test-data/ibt. Telemetry fixtures are stored under test-data/. Install Git LFS and run `git lfs pull` to download them.
[INFO] [stdout] 
[INFO] [stdout] Stack backtrace:
[INFO] [stdout]    0: <anyhow::Error as core::convert::From<pitwall::test_utils::FixtureError>>::from
[INFO] [stdout]    1: <pitwall::ibt::format::tests::test_invalid_version_handling::{closure#0} as core::ops::function::FnOnce<()>>::call_once
[INFO] [stdout]    2: test::__rust_begin_short_backtrace::<core::result::Result<(), alloc::string::String>, fn() -> core::result::Result<(), alloc::string::String>>
[INFO] [stdout]    3: test::run_test::{closure#0}
[INFO] [stdout]    4: std::sys::backtrace::__rust_begin_short_backtrace::<test::run_test::{closure#1}, ()>
[INFO] [stdout]    5: <std::thread::lifecycle::spawn_unchecked<test::run_test::{closure#1}, ()>::{closure#1} as core::ops::function::FnOnce<()>>::call_once::{shim:vtable#0}
[INFO] [stdout]    6: <std::sys::thread::unix::Thread>::new::thread_start
[INFO] [stdout]    7: <unknown>
[INFO] [stdout]    8: clone
[INFO] [stdout] 
[INFO] [stdout] ---- ibt::format::tests::test_supercars_camaro_okayama_frames stdout ----
[INFO] [stdout] Error: No IBT telemetry fixtures found in test-data/ibt. Telemetry fixtures are stored under test-data/. Install Git LFS and run `git lfs pull` to download them.
[INFO] [stdout] 
[INFO] [stdout] Stack backtrace:
[INFO] [stdout]    0: <anyhow::Error as core::convert::From<pitwall::test_utils::FixtureError>>::from
[INFO] [stdout]    1: <pitwall::ibt::format::tests::test_supercars_camaro_okayama_frames::{closure#0} as core::ops::function::FnOnce<()>>::call_once
[INFO] [stdout]    2: test::__rust_begin_short_backtrace::<core::result::Result<(), alloc::string::String>, fn() -> core::result::Result<(), alloc::string::String>>
[INFO] [stdout]    3: test::run_test::{closure#0}
[INFO] [stdout]    4: std::sys::backtrace::__rust_begin_short_backtrace::<test::run_test::{closure#1}, ()>
[INFO] [stdout]    5: <std::thread::lifecycle::spawn_unchecked<test::run_test::{closure#1}, ()>::{closure#1} as core::ops::function::FnOnce<()>>::call_once::{shim:vtable#0}
[INFO] [stdout]    6: <std::sys::thread::unix::Thread>::new::thread_start
[INFO] [stdout]    7: <unknown>
[INFO] [stdout]    8: clone
[INFO] [stdout] 
[INFO] [stdout] ---- ibt::reader::tests::test_real_ibt_end_of_file_handling stdout ----
[INFO] [stdout] Error: No IBT telemetry fixtures found in test-data/ibt. Telemetry fixtures are stored under test-data/. Install Git LFS and run `git lfs pull` to download them.
[INFO] [stdout] 
[INFO] [stdout] Stack backtrace:
[INFO] [stdout]    0: <anyhow::Error as core::convert::From<pitwall::test_utils::FixtureError>>::from
[INFO] [stdout]    1: <pitwall::ibt::reader::tests::test_real_ibt_end_of_file_handling::{closure#0} as core::ops::function::FnOnce<()>>::call_once
[INFO] [stdout]    2: test::__rust_begin_short_backtrace::<core::result::Result<(), alloc::string::String>, fn() -> core::result::Result<(), alloc::string::String>>
[INFO] [stdout]    3: test::run_test::{closure#0}
[INFO] [stdout]    4: std::sys::backtrace::__rust_begin_short_backtrace::<test::run_test::{closure#1}, ()>
[INFO] [stdout]    5: <std::thread::lifecycle::spawn_unchecked<test::run_test::{closure#1}, ()>::{closure#1} as core::ops::function::FnOnce<()>>::call_once::{shim:vtable#0}
[INFO] [stdout]    6: <std::sys::thread::unix::Thread>::new::thread_start
[INFO] [stdout]    7: <unknown>
[INFO] [stdout]    8: clone
[INFO] [stdout] 
[INFO] [stdout] ---- ibt::reader::tests::test_real_ibt_reader_construction stdout ----
[INFO] [stdout] Error: No IBT telemetry fixtures found in test-data/ibt. Telemetry fixtures are stored under test-data/. Install Git LFS and run `git lfs pull` to download them.
[INFO] [stdout] 
[INFO] [stdout] Stack backtrace:
[INFO] [stdout]    0: <anyhow::Error as core::convert::From<pitwall::test_utils::FixtureError>>::from
[INFO] [stdout]    1: <pitwall::ibt::reader::tests::test_real_ibt_reader_construction::{closure#0} as core::ops::function::FnOnce<()>>::call_once
[INFO] [stdout]    2: test::__rust_begin_short_backtrace::<core::result::Result<(), alloc::string::String>, fn() -> core::result::Result<(), alloc::string::String>>
[INFO] [stdout]    3: test::run_test::{closure#0}
[INFO] [stdout]    4: std::sys::backtrace::__rust_begin_short_backtrace::<test::run_test::{closure#1}, ()>
[INFO] [stdout]    5: <std::thread::lifecycle::spawn_unchecked<test::run_test::{closure#1}, ()>::{closure#1} as core::ops::function::FnOnce<()>>::call_once::{shim:vtable#0}
[INFO] [stdout]    6: <std::sys::thread::unix::Thread>::new::thread_start
[INFO] [stdout]    7: <unknown>
[INFO] [stdout]    8: clone
[INFO] [stdout] 
[INFO] [stdout] ---- ibt::reader::tests::test_real_ibt_frame_seeking stdout ----
[INFO] [stdout] Error: No IBT telemetry fixtures found in test-data/ibt. Telemetry fixtures are stored under test-data/. Install Git LFS and run `git lfs pull` to download them.
[INFO] [stdout] 
[INFO] [stdout] Stack backtrace:
[INFO] [stdout]    0: <anyhow::Error as core::convert::From<pitwall::test_utils::FixtureError>>::from
[INFO] [stdout]    1: <pitwall::ibt::reader::tests::test_real_ibt_frame_seeking::{closure#0} as core::ops::function::FnOnce<()>>::call_once
[INFO] [stdout]    2: test::__rust_begin_short_backtrace::<core::result::Result<(), alloc::string::String>, fn() -> core::result::Result<(), alloc::string::String>>
[INFO] [stdout]    3: test::run_test::{closure#0}
[INFO] [stdout]    4: std::sys::backtrace::__rust_begin_short_backtrace::<test::run_test::{closure#1}, ()>
[INFO] [stdout]    5: <std::thread::lifecycle::spawn_unchecked<test::run_test::{closure#1}, ()>::{closure#1} as core::ops::function::FnOnce<()>>::call_once::{shim:vtable#0}
[INFO] [stdout]    6: <std::sys::thread::unix::Thread>::new::thread_start
[INFO] [stdout]    7: <unknown>
[INFO] [stdout]    8: clone
[INFO] [stdout] 
[INFO] [stdout] ---- ibt::reader::tests::test_real_ibt_raw_frame_validation stdout ----
[INFO] [stdout] Error: No IBT telemetry fixtures found in test-data/ibt. Telemetry fixtures are stored under test-data/. Install Git LFS and run `git lfs pull` to download them.
[INFO] [stdout] 
[INFO] [stdout] Stack backtrace:
[INFO] [stdout]    0: <anyhow::Error as core::convert::From<pitwall::test_utils::FixtureError>>::from
[INFO] [stdout]    1: <pitwall::ibt::reader::tests::test_real_ibt_raw_frame_validation::{closure#0} as core::ops::function::FnOnce<()>>::call_once
[INFO] [stdout]    2: test::__rust_begin_short_backtrace::<core::result::Result<(), alloc::string::String>, fn() -> core::result::Result<(), alloc::string::String>>
[INFO] [stdout]    3: test::run_test::{closure#0}
[INFO] [stdout]    4: std::sys::backtrace::__rust_begin_short_backtrace::<test::run_test::{closure#1}, ()>
[INFO] [stdout]    5: <std::thread::lifecycle::spawn_unchecked<test::run_test::{closure#1}, ()>::{closure#1} as core::ops::function::FnOnce<()>>::call_once::{shim:vtable#0}
[INFO] [stdout]    6: <std::sys::thread::unix::Thread>::new::thread_start
[INFO] [stdout]    7: <unknown>
[INFO] [stdout]    8: clone
[INFO] [stdout] 
[INFO] [stdout] ---- ibt::reader::tests::test_real_ibt_read_next_frame stdout ----
[INFO] [stdout] Error: No IBT telemetry fixtures found in test-data/ibt. Telemetry fixtures are stored under test-data/. Install Git LFS and run `git lfs pull` to download them.
[INFO] [stdout] 
[INFO] [stdout] Stack backtrace:
[INFO] [stdout]    0: <anyhow::Error as core::convert::From<pitwall::test_utils::FixtureError>>::from
[INFO] [stdout]    1: <pitwall::ibt::reader::tests::test_real_ibt_read_next_frame::{closure#0} as core::ops::function::FnOnce<()>>::call_once
[INFO] [stdout]    2: test::__rust_begin_short_backtrace::<core::result::Result<(), alloc::string::String>, fn() -> core::result::Result<(), alloc::string::String>>
[INFO] [stdout]    3: test::run_test::{closure#0}
[INFO] [stdout]    4: std::sys::backtrace::__rust_begin_short_backtrace::<test::run_test::{closure#1}, ()>
[INFO] [stdout]    5: <std::thread::lifecycle::spawn_unchecked<test::run_test::{closure#1}, ()>::{closure#1} as core::ops::function::FnOnce<()>>::call_once::{shim:vtable#0}
[INFO] [stdout]    6: <std::sys::thread::unix::Thread>::new::thread_start
[INFO] [stdout]    7: <unknown>
[INFO] [stdout]    8: clone
[INFO] [stdout] 
[INFO] [stdout] ---- ibt::reader::tests::test_real_ibt_read_next_frame_performance stdout ----
[INFO] [stdout] Error: No IBT telemetry fixtures found in test-data/ibt. Telemetry fixtures are stored under test-data/. Install Git LFS and run `git lfs pull` to download them.
[INFO] [stdout] 
[INFO] [stdout] Stack backtrace:
[INFO] [stdout]    0: <anyhow::Error as core::convert::From<pitwall::test_utils::FixtureError>>::from
[INFO] [stdout]    1: <pitwall::ibt::reader::tests::test_real_ibt_read_next_frame_performance::{closure#0} as core::ops::function::FnOnce<()>>::call_once
[INFO] [stdout]    2: test::__rust_begin_short_backtrace::<core::result::Result<(), alloc::string::String>, fn() -> core::result::Result<(), alloc::string::String>>
[INFO] [stdout]    3: test::run_test::{closure#0}
[INFO] [stdout]    4: std::sys::backtrace::__rust_begin_short_backtrace::<test::run_test::{closure#1}, ()>
[INFO] [stdout]    5: <std::thread::lifecycle::spawn_unchecked<test::run_test::{closure#1}, ()>::{closure#1} as core::ops::function::FnOnce<()>>::call_once::{shim:vtable#0}
[INFO] [stdout]    6: <std::sys::thread::unix::Thread>::new::thread_start
[INFO] [stdout]    7: <unknown>
[INFO] [stdout]    8: clone
[INFO] [stdout] 
[INFO] [stdout] ---- ibt::reader::tests::test_real_ibt_session_yaml_extraction stdout ----
[INFO] [stdout] Error: No IBT telemetry fixtures found in test-data/ibt. Telemetry fixtures are stored under test-data/. Install Git LFS and run `git lfs pull` to download them.
[INFO] [stdout] 
[INFO] [stdout] Stack backtrace:
[INFO] [stdout]    0: <anyhow::Error as core::convert::From<pitwall::test_utils::FixtureError>>::from
[INFO] [stdout]    1: <pitwall::ibt::reader::tests::test_real_ibt_session_yaml_extraction::{closure#0} as core::ops::function::FnOnce<()>>::call_once
[INFO] [stdout]    2: test::__rust_begin_short_backtrace::<core::result::Result<(), alloc::string::String>, fn() -> core::result::Result<(), alloc::string::String>>
[INFO] [stdout]    3: test::run_test::{closure#0}
[INFO] [stdout]    4: std::sys::backtrace::__rust_begin_short_backtrace::<test::run_test::{closure#1}, ()>
[INFO] [stdout]    5: <std::thread::lifecycle::spawn_unchecked<test::run_test::{closure#1}, ()>::{closure#1} as core::ops::function::FnOnce<()>>::call_once::{shim:vtable#0}
[INFO] [stdout]    6: <std::sys::thread::unix::Thread>::new::thread_start
[INFO] [stdout]    7: <unknown>
[INFO] [stdout]    8: clone
[INFO] [stdout] 
[INFO] [stdout] ---- test_utils::tests::test_get_test_data_dir stdout ----
[INFO] [stdout] 
[INFO] [stdout] thread 'test_utils::tests::test_get_test_data_dir' (2230) panicked at src/test_utils.rs:234:49:
[INFO] [stdout] Should find test-data directory: "Git repository root not found"
[INFO] [stdout] stack backtrace:
[INFO] [stdout]    0:     0x6390d33e6731 - <<std[617be2ca0a6fd877]::sys::backtrace::BacktraceLock>::print::DisplayBacktrace as core[a373ad73a504971]::fmt::Display>::fmt
[INFO] [stdout]    1:     0x6390d33fe48a - core[a373ad73a504971]::fmt::write
[INFO] [stdout]    2:     0x6390d33eb6cc - <alloc[2e1b2a31b91974c5]::vec::Vec<u8> as core[a373ad73a504971]::io::write::Write>::write_fmt
[INFO] [stdout]    3:     0x6390d33c00d6 - std[617be2ca0a6fd877]::panicking::default_hook::{closure#0}
[INFO] [stdout]    4:     0x6390d33de3a9 - std[617be2ca0a6fd877]::panicking::default_hook
[INFO] [stdout]    5:     0x6390d32f4670 - test[aada8e7e76ba119b]::test_main_inner::{closure#0}
[INFO] [stdout]    6:     0x6390d33de6d2 - std[617be2ca0a6fd877]::panicking::panic_with_hook
[INFO] [stdout]    7:     0x6390d33c0182 - std[617be2ca0a6fd877]::panicking::panic_handler::{closure#0}
[INFO] [stdout]    8:     0x6390d33b8589 - std[617be2ca0a6fd877]::sys::backtrace::__rust_end_short_backtrace::<std[617be2ca0a6fd877]::panicking::panic_handler::{closure#0}, !>
[INFO] [stdout]    9:     0x6390d33c0e9d - __rustc[ea4f61d10b84890b]::rust_begin_unwind
[INFO] [stdout]   10:     0x6390d33fec6c - core[a373ad73a504971]::panicking::panic_fmt
[INFO] [stdout]   11:     0x6390d33fea42 - core[a373ad73a504971]::result::unwrap_failed
[INFO] [stdout]   12:     0x6390d3223d55 - <pitwall[f40ea5be09c50e5c]::test_utils::tests::test_get_test_data_dir::{closure#0} as core[a373ad73a504971]::ops::function::FnOnce<()>>::call_once
[INFO] [stdout]   13:     0x6390d32e7abb - test[aada8e7e76ba119b]::__rust_begin_short_backtrace::<core[a373ad73a504971]::result::Result<(), alloc[2e1b2a31b91974c5]::string::String>, fn() -> core[a373ad73a504971]::result::Result<(), alloc[2e1b2a31b91974c5]::string::String>>
[INFO] [stdout]   14:     0x6390d32f4c95 - test[aada8e7e76ba119b]::run_test::{closure#0}
[INFO] [stdout]   15:     0x6390d32ee584 - std[617be2ca0a6fd877]::sys::backtrace::__rust_begin_short_backtrace::<test[aada8e7e76ba119b]::run_test::{closure#1}, ()>
[INFO] [stdout]   16:     0x6390d32f7d22 - <std[617be2ca0a6fd877]::thread::lifecycle::spawn_unchecked<test[aada8e7e76ba119b]::run_test::{closure#1}, ()>::{closure#1} as core[a373ad73a504971]::ops::function::FnOnce<()>>::call_once::{shim:vtable#0}
[INFO] [stdout]   17:     0x6390d33e5c3f - <std[617be2ca0a6fd877]::sys::thread::unix::Thread>::new::thread_start
[INFO] [stdout]   18:     0x7a3ae28f7dfa - <unknown>
[INFO] [stdout]   19:     0x7a3ae298b3d4 - clone
[INFO] [stdout]   20:                0x0 - <unknown>
[INFO] [stdout] 
[INFO] [stdout] ---- test_utils::tests::test_find_git_repository_root_works stdout ----
[INFO] [stdout] 
[INFO] [stdout] thread 'test_utils::tests::test_find_git_repository_root_works' (2227) panicked at src/test_utils.rs:217:52:
[INFO] [stdout] Should find git repository root: "Git repository root not found"
[INFO] [stdout] stack backtrace:
[INFO] [stdout]    0:     0x6390d33e6731 - <<std[617be2ca0a6fd877]::sys::backtrace::BacktraceLock>::print::DisplayBacktrace as core[a373ad73a504971]::fmt::Display>::fmt
[INFO] [stdout]    1:     0x6390d33fe48a - core[a373ad73a504971]::fmt::write
[INFO] [stdout]    2:     0x6390d33eb6cc - <alloc[2e1b2a31b91974c5]::vec::Vec<u8> as core[a373ad73a504971]::io::write::Write>::write_fmt
[INFO] [stdout]    3:     0x6390d33c00d6 - std[617be2ca0a6fd877]::panicking::default_hook::{closure#0}
[INFO] [stdout]    4:     0x6390d33de3a9 - std[617be2ca0a6fd877]::panicking::default_hook
[INFO] [stdout]    5:     0x6390d32f4670 - test[aada8e7e76ba119b]::test_main_inner::{closure#0}
[INFO] [stdout]    6:     0x6390d33de6d2 - std[617be2ca0a6fd877]::panicking::panic_with_hook
[INFO] [stdout]    7:     0x6390d33c0182 - std[617be2ca0a6fd877]::panicking::panic_handler::{closure#0}
[INFO] [stdout]    8:     0x6390d33b8589 - std[617be2ca0a6fd877]::sys::backtrace::__rust_end_short_backtrace::<std[617be2ca0a6fd877]::panicking::panic_handler::{closure#0}, !>
[INFO] [stdout]    9:     0x6390d33c0e9d - __rustc[ea4f61d10b84890b]::rust_begin_unwind
[INFO] [stdout]   10:     0x6390d33fec6c - core[a373ad73a504971]::panicking::panic_fmt
[INFO] [stdout]   11:     0x6390d33fea42 - core[a373ad73a504971]::result::unwrap_failed
[INFO] [stdout]   12:     0x6390d32243a6 - <pitwall[f40ea5be09c50e5c]::test_utils::tests::test_find_git_repository_root_works::{closure#0} as core[a373ad73a504971]::ops::function::FnOnce<()>>::call_once
[INFO] [stdout]   13:     0x6390d32e7abb - test[aada8e7e76ba119b]::__rust_begin_short_backtrace::<core[a373ad73a504971]::result::Result<(), alloc[2e1b2a31b91974c5]::string::String>, fn() -> core[a373ad73a504971]::result::Result<(), alloc[2e1b2a31b91974c5]::string::String>>
[INFO] [stdout]   14:     0x6390d32f4c95 - test[aada8e7e76ba119b]::run_test::{closure#0}
[INFO] [stdout]   15:     0x6390d32ee584 - std[617be2ca0a6fd877]::sys::backtrace::__rust_begin_short_backtrace::<test[aada8e7e76ba119b]::run_test::{closure#1}, ()>
[INFO] [stdout]   16:     0x6390d32f7d22 - <std[617be2ca0a6fd877]::thread::lifecycle::spawn_unchecked<test[aada8e7e76ba119b]::run_test::{closure#1}, ()>::{closure#1} as core[a373ad73a504971]::ops::function::FnOnce<()>>::call_once::{shim:vtable#0}
[INFO] [stdout]   17:     0x6390d33e5c3f - <std[617be2ca0a6fd877]::sys::thread::unix::Thread>::new::thread_start
[INFO] [stdout]   18:     0x7a3ae28f7dfa - <unknown>
[INFO] [stdout]   19:     0x7a3ae298b3d4 - clone
[INFO] [stdout]   20:                0x0 - <unknown>
[INFO] [stdout] 
[INFO] [stdout] ---- providers::replay::tests::test_replay_provider_session_yaml stdout ----
[INFO] [stdout] 
[INFO] [stdout] thread 'providers::replay::tests::test_replay_provider_session_yaml' (2226) panicked at src/providers/replay.rs:193:65:
[INFO] [stdout] No IBT test files found
[INFO] [stdout] stack backtrace:
[INFO] [stdout]    0:     0x6390d33e6731 - <<std[617be2ca0a6fd877]::sys::backtrace::BacktraceLock>::print::DisplayBacktrace as core[a373ad73a504971]::fmt::Display>::fmt
[INFO] [stdout]    1:     0x6390d33fe48a - core[a373ad73a504971]::fmt::write
[INFO] [stdout]    2:     0x6390d33eb6cc - <alloc[2e1b2a31b91974c5]::vec::Vec<u8> as core[a373ad73a504971]::io::write::Write>::write_fmt
[INFO] [stdout]    3:     0x6390d33c00d6 - std[617be2ca0a6fd877]::panicking::default_hook::{closure#0}
[INFO] [stdout]    4:     0x6390d33de3a9 - std[617be2ca0a6fd877]::panicking::default_hook
[INFO] [stdout]    5:     0x6390d32f4670 - test[aada8e7e76ba119b]::test_main_inner::{closure#0}
[INFO] [stdout]    6:     0x6390d33de6d2 - std[617be2ca0a6fd877]::panicking::panic_with_hook
[INFO] [stdout]    7:     0x6390d33c0182 - std[617be2ca0a6fd877]::panicking::panic_handler::{closure#0}
[INFO] [stdout]    8:     0x6390d33b8589 - std[617be2ca0a6fd877]::sys::backtrace::__rust_end_short_backtrace::<std[617be2ca0a6fd877]::panicking::panic_handler::{closure#0}, !>
[INFO] [stdout]    9:     0x6390d33c0e9d - __rustc[ea4f61d10b84890b]::rust_begin_unwind
[INFO] [stdout]   10:     0x6390d33fec6c - core[a373ad73a504971]::panicking::panic_fmt
[INFO] [stdout]   11:     0x6390d33fe9c4 - core[a373ad73a504971]::option::expect_failed
[INFO] [stdout]   12:     0x6390d325d64c - pitwall[f40ea5be09c50e5c]::providers::replay::tests::test_replay_provider_session_yaml::{closure#0}
[INFO] [stdout]   13:     0x6390d326c1b3 - <tokio[9a5aaf354ed04181]::runtime::scheduler::current_thread::Context>::enter::<core[a373ad73a504971]::task::poll::Poll<()>, <tokio[9a5aaf354ed04181]::runtime::scheduler::current_thread::CoreGuard>::block_on<core[a373ad73a504971]::pin::Pin<&mut core[a373ad73a504971]::pin::Pin<&mut dyn core[a373ad73a504971]::future::future::Future<Output = ()>>>>::{closure#0}::{closure#0}>
[INFO] [stdout]   14:     0x6390d324129c - <tokio[9a5aaf354ed04181]::runtime::context::scoped::Scoped<tokio[9a5aaf354ed04181]::runtime::scheduler::Context>>::set::<<tokio[9a5aaf354ed04181]::runtime::scheduler::current_thread::CoreGuard>::enter<<tokio[9a5aaf354ed04181]::runtime::scheduler::current_thread::CoreGuard>::block_on<core[a373ad73a504971]::pin::Pin<&mut core[a373ad73a504971]::pin::Pin<&mut dyn core[a373ad73a504971]::future::future::Future<Output = ()>>>>::{closure#0}, core[a373ad73a504971]::option::Option<()>>::{closure#0}, (alloc[2e1b2a31b91974c5]::boxed::Box<tokio[9a5aaf354ed04181]::runtime::scheduler::current_thread::Core>, core[a373ad73a504971]::option::Option<()>)>
[INFO] [stdout]   15:     0x6390d326c507 - <tokio[9a5aaf354ed04181]::runtime::scheduler::current_thread::CoreGuard>::block_on::<core[a373ad73a504971]::pin::Pin<&mut core[a373ad73a504971]::pin::Pin<&mut dyn core[a373ad73a504971]::future::future::Future<Output = ()>>>>
[INFO] [stdout]   16:     0x6390d3274e8d - tokio[9a5aaf354ed04181]::runtime::context::runtime::enter_runtime::<<tokio[9a5aaf354ed04181]::runtime::scheduler::current_thread::CurrentThread>::block_on<core[a373ad73a504971]::pin::Pin<&mut dyn core[a373ad73a504971]::future::future::Future<Output = ()>>>::{closure#0}, ()>
[INFO] [stdout]   17:     0x6390d327226f - <tokio[9a5aaf354ed04181]::runtime::runtime::Runtime>::block_on::<core[a373ad73a504971]::pin::Pin<&mut dyn core[a373ad73a504971]::future::future::Future<Output = ()>>>
[INFO] [stdout]   18:     0x6390d325f29e - <pitwall[f40ea5be09c50e5c]::providers::replay::tests::test_replay_provider_session_yaml::{closure#0} as core[a373ad73a504971]::ops::function::FnOnce<()>>::call_once
[INFO] [stdout]   19:     0x6390d32e7abb - test[aada8e7e76ba119b]::__rust_begin_short_backtrace::<core[a373ad73a504971]::result::Result<(), alloc[2e1b2a31b91974c5]::string::String>, fn() -> core[a373ad73a504971]::result::Result<(), alloc[2e1b2a31b91974c5]::string::String>>
[INFO] [stdout]   20:     0x6390d32f4c95 - test[aada8e7e76ba119b]::run_test::{closure#0}
[INFO] [stdout]   21:     0x6390d32ee584 - std[617be2ca0a6fd877]::sys::backtrace::__rust_begin_short_backtrace::<test[aada8e7e76ba119b]::run_test::{closure#1}, ()>
[INFO] [stdout]   22:     0x6390d32f7d22 - <std[617be2ca0a6fd877]::thread::lifecycle::spawn_unchecked<test[aada8e7e76ba119b]::run_test::{closure#1}, ()>::{closure#1} as core[a373ad73a504971]::ops::function::FnOnce<()>>::call_once::{shim:vtable#0}
[INFO] [stdout]   23:     0x6390d33e5c3f - <std[617be2ca0a6fd877]::sys::thread::unix::Thread>::new::thread_start
[INFO] [stdout]   24:     0x7a3ae28f7dfa - <unknown>
[INFO] [stdout]   25:     0x7a3ae298b3d4 - clone
[INFO] [stdout]   26:                0x0 - <unknown>
[INFO] [stdout] 
[INFO] [stdout] 
[INFO] [stdout] failures:
[INFO] [stdout]     connection::tests::replay_session_immediate_delivery
[INFO] [stdout]     connection::tests::replay_session_info_propagation
[INFO] [stdout]     connection::tests::replay_telemetry_stream_throttling
[INFO] [stdout]     ibt::format::tests::test_disk_length_verification_ok
[INFO] [stdout]     ibt::format::tests::test_disk_length_verification_truncated
[INFO] [stdout]     ibt::format::tests::test_essential_variables_across_all_files
[INFO] [stdout]     ibt::format::tests::test_ford_mustang_gt4_road_atlanta_frames
[INFO] [stdout]     ibt::format::tests::test_ford_mustang_gt4_road_atlanta_header
[INFO] [stdout]     ibt::format::tests::test_ford_mustang_gt4_road_atlanta_variables
[INFO] [stdout]     ibt::format::tests::test_ford_vs_supercars_variable_differences
[INFO] [stdout]     ibt::format::tests::test_invalid_version_handling
[INFO] [stdout]     ibt::format::tests::test_supercars_camaro_jerez_frames
[INFO] [stdout]     ibt::format::tests::test_supercars_camaro_jerez_header
[INFO] [stdout]     ibt::format::tests::test_supercars_camaro_jerez_variables
[INFO] [stdout]     ibt::format::tests::test_supercars_camaro_okayama_frames
[INFO] [stdout]     ibt::format::tests::test_supercars_camaro_okayama_header
[INFO] [stdout]     ibt::format::tests::test_supercars_camaro_okayama_variables
[INFO] [stdout]     ibt::reader::tests::test_real_ibt_end_of_file_handling
[INFO] [stdout]     ibt::reader::tests::test_real_ibt_frame_seeking
[INFO] [stdout]     ibt::reader::tests::test_real_ibt_raw_frame_validation
[INFO] [stdout]     ibt::reader::tests::test_real_ibt_read_next_frame
[INFO] [stdout]     ibt::reader::tests::test_real_ibt_read_next_frame_performance
[INFO] [stdout]     ibt::reader::tests::test_real_ibt_reader_construction
[INFO] [stdout]     ibt::reader::tests::test_real_ibt_session_yaml_extraction
[INFO] [stdout]     providers::replay::tests::test_replay_provider_session_yaml
[INFO] [stdout]     test_utils::tests::test_find_git_repository_root_works
[INFO] [stdout]     test_utils::tests::test_get_test_data_dir
[INFO] [stdout] 
[INFO] [stdout] test result: FAILED. 36 passed; 27 failed; 0 ignored; 0 measured; 0 filtered out; finished in 0.27s
[INFO] [stdout] 
[INFO] running `Command { std: "docker" "inspect" "ee248aedcaaefb44d55ba418800a6010a0dbae48b0bec03a447f4a8d24c40c5a", kill_on_drop: false }`
[INFO] running `Command { std: "docker" "rm" "-f" "ee248aedcaaefb44d55ba418800a6010a0dbae48b0bec03a447f4a8d24c40c5a", kill_on_drop: false }`
[INFO] [stdout] ee248aedcaaefb44d55ba418800a6010a0dbae48b0bec03a447f4a8d24c40c5a
