[INFO] fetching crate pithos_lib 0.8.0...
[INFO] testing pithos_lib-0.8.0 against 1.100.0-beta.1+cargoflags=--release for beta-release-1.100-2
[INFO] extracting crate pithos_lib 0.8.0 into /workspace/builds/worker-1-tc2/source
[INFO] started tweaking crates.io crate pithos_lib 0.8.0
[INFO] removed 0 missing examples
[INFO] finished tweaking crates.io crate pithos_lib 0.8.0
[INFO] tweaked toml for crates.io crate pithos_lib 0.8.0 written to /workspace/builds/worker-1-tc2/source/Cargo.toml
[INFO] validating manifest of crates.io crate pithos_lib 0.8.0 on toolchain 1.100.0-beta.1
[INFO] running `Command { std: CARGO_HOME="/workspace/cargo-home" RUSTUP_HOME="/workspace/rustup-home" "/workspace/cargo-home/bin/cargo" "+1.100.0-beta.1" "metadata" "--manifest-path" "Cargo.toml" "--no-deps", kill_on_drop: false }`
[INFO] crate crates.io crate pithos_lib 0.8.0 already has a lockfile, it will not be regenerated
[INFO] running `Command { std: CARGO_HOME="/workspace/cargo-home" RUSTUP_HOME="/workspace/rustup-home" "/workspace/cargo-home/bin/cargo" "+1.100.0-beta.1" "fetch" "--manifest-path" "Cargo.toml", kill_on_drop: false }`
[INFO] running `Command { std: "docker" "create" "-v" "/var/lib/crater-agent-workspace/builds/worker-1-tc2/source:/opt/rustwide/workdir:ro,Z" "-v" "/var/lib/crater-agent-workspace/builds/worker-1-tc2/target:/opt/rustwide/target:rw,Z" "-v" "/var/lib/crater-agent-workspace/cargo-home:/opt/rustwide/cargo-home:ro,Z" "-v" "/var/lib/crater-agent-workspace/rustup-home:/opt/rustwide/rustup-home:ro,Z" "-m" "1610612736" "--network" "none" "ghcr.io/rust-lang/crates-build-env/linux@sha256:77db811e55d90add9212f6832c23229e3de5f1c1f9905e8cb07319ea15df73ac" "sleep" "infinity", kill_on_drop: false }`
[INFO] [stdout] 7b4184453da5aca086245dbb8a2bf05dad8e8dc730014f873a0165e0f2906a97
[INFO] running `Command { std: "docker" "start" "7b4184453da5aca086245dbb8a2bf05dad8e8dc730014f873a0165e0f2906a97", kill_on_drop: false }`
[INFO] running `Command { std: "docker" "inspect" "7b4184453da5aca086245dbb8a2bf05dad8e8dc730014f873a0165e0f2906a97", kill_on_drop: false }`
[INFO] running `Command { std: "docker" "exec" "-e" "SOURCE_DIR=/opt/rustwide/workdir" "-e" "CARGO_HOME=/opt/rustwide/cargo-home" "-e" "RUSTUP_HOME=/opt/rustwide/rustup-home" "-e" "CARGO_TARGET_DIR=/opt/rustwide/target" "-w" "/opt/rustwide/workdir" "--user" "0:0" "7b4184453da5aca086245dbb8a2bf05dad8e8dc730014f873a0165e0f2906a97" "/opt/rustwide/cargo-home/bin/cargo" "+1.100.0-beta.1" "metadata" "--no-deps" "--format-version=1", kill_on_drop: false }`
[INFO] running `Command { std: "docker" "inspect" "7b4184453da5aca086245dbb8a2bf05dad8e8dc730014f873a0165e0f2906a97", kill_on_drop: false }`
[INFO] running `Command { std: "docker" "exec" "-e" "SOURCE_DIR=/opt/rustwide/workdir" "-e" "CARGO_HOME=/opt/rustwide/cargo-home" "-e" "RUSTUP_HOME=/opt/rustwide/rustup-home" "-e" "CARGO_TARGET_DIR=/opt/rustwide/target" "-e" "CARGO_INCREMENTAL=0" "-e" "RUST_BACKTRACE=full" "-e" "RUSTFLAGS=--cap-lints=warn" "-e" "RUSTDOCFLAGS=--cap-lints=warn" "-w" "/opt/rustwide/workdir" "--user" "0:0" "7b4184453da5aca086245dbb8a2bf05dad8e8dc730014f873a0165e0f2906a97" "/opt/rustwide/cargo-home/bin/cargo" "+1.100.0-beta.1" "build" "--frozen" "--message-format=json" "--release", kill_on_drop: false }`
[INFO] [stderr]    Compiling getrandom v0.4.3
[INFO] [stderr]    Compiling jobserver v0.1.35
[INFO] [stderr]    Compiling mio v1.2.2
[INFO] [stderr]    Compiling socket2 v0.6.5
[INFO] [stderr]    Compiling rustix v1.1.4
[INFO] [stderr]    Compiling syn v2.0.119
[INFO] [stderr]    Compiling io-lifetimes v3.0.1
[INFO] [stderr]    Compiling linux-raw-sys v0.12.1
[INFO] [stderr]    Compiling futures-util v0.3.32
[INFO] [stderr]    Compiling io-lifetimes v2.0.4
[INFO] [stderr]    Compiling futures-channel v0.3.32
[INFO] [stderr]    Compiling cpubits v0.1.1
[INFO] [stderr]    Compiling subtle v2.6.1
[INFO] [stderr]    Compiling io-extras v0.19.0
[INFO] [stderr]    Compiling pem-rfc7468 v1.0.0
[INFO] [stderr]    Compiling curve25519-dalek v5.0.0
[INFO] [stderr]    Compiling simd-adler32 v0.3.10
[INFO] [stderr]    Compiling zlib-rs v0.6.6
[INFO] [stderr]    Compiling crypto-common v0.2.2
[INFO] [stderr]    Compiling zstd-safe v7.2.4
[INFO] [stderr]    Compiling cap-primitives v4.0.2
[INFO] [stderr]    Compiling bumpalo v3.20.3
[INFO] [stderr]    Compiling time v0.3.53
[INFO] [stderr]    Compiling dirs-sys v0.5.0
[INFO] [stderr]    Compiling der v0.8.1
[INFO] [stderr]    Compiling zopfli v0.8.3
[INFO] [stderr]    Compiling serde_json v1.0.150
[INFO] [stderr]    Compiling cc v1.2.67
[INFO] [stderr]    Compiling crypto-common v0.1.7
[INFO] [stderr]    Compiling tokio v1.52.3
[INFO] [stderr]    Compiling ambient-authority v0.0.2
[INFO] [stderr]    Compiling cap-std v4.0.2
[INFO] [stderr]    Compiling maybe-owned v0.3.4
[INFO] [stderr]    Compiling digest v0.10.7
[INFO] [stderr]    Compiling dirs v6.0.0
[INFO] [stderr]    Compiling uuid v1.24.0
[INFO] [stderr]    Compiling keccak v0.2.0
[INFO] [stderr]    Compiling arrayvec v0.7.8
[INFO] [stderr]    Compiling constant_time_eq v0.4.2
[INFO] [stderr]    Compiling sponge-cursor v0.1.0
[INFO] [stderr]    Compiling blake2 v0.10.6
[INFO] [stderr]    Compiling integer-encoding v4.1.0
[INFO] [stderr]    Compiling fastcdc v4.0.1
[INFO] [stderr]    Compiling cipher v0.5.2
[INFO] [stderr]    Compiling universal-hash v0.6.1
[INFO] [stderr]    Compiling digest v0.11.3
[INFO] [stderr]    Compiling polyval v0.7.3
[INFO] [stderr]    Compiling aead v0.6.1
[INFO] [stderr]    Compiling hmac v0.13.0
[INFO] [stderr]    Compiling poly1305 v0.9.1
[INFO] [stderr]    Compiling ghash v0.6.0
[INFO] [stderr]    Compiling hkdf v0.13.0
[INFO] [stderr]    Compiling chacha20 v0.10.2
[INFO] [stderr]    Compiling ctr v0.10.1
[INFO] [stderr]    Compiling aes v0.9.3
[INFO] [stderr]    Compiling sha2 v0.11.0
[INFO] [stderr]    Compiling shake v0.1.0
[INFO] [stderr]    Compiling rand v0.10.2
[INFO] [stderr]    Compiling chacha20poly1305 v0.11.0
[INFO] [stderr]    Compiling zstd-sys v2.0.16+zstd.1.5.7
[INFO] [stderr]    Compiling blake3 v1.8.5
[INFO] [stderr]    Compiling spki v0.8.0
[INFO] [stderr]    Compiling aes-gcm v0.11.1
[INFO] [stderr]    Compiling pkcs8 v0.11.0
[INFO] [stderr]    Compiling flate2 v1.1.9
[INFO] [stderr]    Compiling rustix-linux-procfs v0.1.1
[INFO] [stderr]    Compiling fs-set-times v0.20.3
[INFO] [stderr]    Compiling zip v8.6.0
[INFO] [stderr]    Compiling tower v0.5.3
[INFO] [stderr]    Compiling hyper v1.10.1
[INFO] [stderr]    Compiling synstructure v0.13.2
[INFO] [stderr]    Compiling zerofrom-derive v0.1.7
[INFO] [stderr]    Compiling yoke-derive v0.8.2
[INFO] [stderr]    Compiling zerovec-derive v0.11.3
[INFO] [stderr]    Compiling displaydoc v0.2.6
[INFO] [stderr]    Compiling serde_derive v1.0.228
[INFO] [stderr]    Compiling zerofrom v0.1.8
[INFO] [stderr]    Compiling tracing-attributes v0.1.31
[INFO] [stderr]    Compiling thiserror-impl v2.0.18
[INFO] [stderr]    Compiling curve25519-dalek-derive v0.1.1
[INFO] [stderr]    Compiling yoke v0.8.3
[INFO] [stderr]    Compiling zerotrie v0.2.4
[INFO] [stderr]    Compiling zerovec v0.11.6
[INFO] [stderr]    Compiling tinystr v0.8.3
[INFO] [stderr]    Compiling potential_utf v0.1.5
[INFO] [stderr]    Compiling icu_collections v2.2.0
[INFO] [stderr]    Compiling thiserror v2.0.18
[INFO] [stderr]    Compiling tracing v0.1.44
[INFO] [stderr]    Compiling icu_locale_core v2.2.0
[INFO] [stderr]    Compiling hyper-util v0.1.20
[INFO] [stderr]    Compiling x25519-dalek v3.0.0
[INFO] [stderr]    Compiling icu_provider v2.2.0
[INFO] [stderr]    Compiling icu_properties v2.2.0
[INFO] [stderr]    Compiling icu_normalizer v2.2.0
[INFO] [stderr]    Compiling serde v1.0.228
[INFO] [stderr]    Compiling chrono v0.4.45
[INFO] [stderr]    Compiling idna_adapter v1.2.2
[INFO] [stderr]    Compiling idna v1.1.0
[INFO] [stderr]    Compiling url v2.5.8
[INFO] [stderr]    Compiling tower-http v0.6.11
[INFO] [stderr]    Compiling reqwest v0.13.4
[INFO] [stderr]    Compiling ro-crate-rs v0.5.1
[INFO] [stderr]    Compiling zstd v0.13.3
[INFO] [stderr]    Compiling pithos_lib v0.8.0 (/opt/rustwide/workdir)
[INFO] [stderr]     Finished `release` profile [optimized] target(s) in 1m 52s
[INFO] running `Command { std: "docker" "inspect" "7b4184453da5aca086245dbb8a2bf05dad8e8dc730014f873a0165e0f2906a97", kill_on_drop: false }`
[INFO] running `Command { std: "docker" "exec" "-e" "SOURCE_DIR=/opt/rustwide/workdir" "-e" "CARGO_HOME=/opt/rustwide/cargo-home" "-e" "RUSTUP_HOME=/opt/rustwide/rustup-home" "-e" "CARGO_TARGET_DIR=/opt/rustwide/target" "-e" "CARGO_INCREMENTAL=0" "-e" "RUST_BACKTRACE=full" "-e" "RUSTFLAGS=--cap-lints=warn" "-e" "RUSTDOCFLAGS=--cap-lints=warn" "-w" "/opt/rustwide/workdir" "--user" "0:0" "7b4184453da5aca086245dbb8a2bf05dad8e8dc730014f873a0165e0f2906a97" "/opt/rustwide/cargo-home/bin/cargo" "+1.100.0-beta.1" "test" "--frozen" "--no-run" "--message-format=json" "--release", kill_on_drop: false }`
[INFO] [stderr]    Compiling zerocopy-derive v0.8.55
[INFO] [stderr]    Compiling serde v1.0.228
[INFO] [stderr]    Compiling serde_json v1.0.150
[INFO] [stderr]    Compiling getrandom v0.3.4
[INFO] [stderr]    Compiling either v1.16.0
[INFO] [stderr]    Compiling alloca v0.4.0
[INFO] [stderr]    Compiling fastrand v2.4.1
[INFO] [stderr]    Compiling target-triple v1.0.1
[INFO] [stderr]    Compiling clap_builder v4.6.2
[INFO] [stderr]    Compiling regex-automata v0.4.16
[INFO] [stderr]    Compiling serde_spanned v1.1.1
[INFO] [stderr]    Compiling toml_datetime v1.1.1+spec-1.1.0
[INFO] [stderr]    Compiling wait-timeout v0.2.1
[INFO] [stderr]    Compiling plotters v0.3.7
[INFO] [stderr]    Compiling page_size v0.6.0
[INFO] [stderr]    Compiling glob v0.3.4
[INFO] [stderr]    Compiling itertools v0.13.0
[INFO] [stderr]    Compiling rayon v1.12.0
[INFO] [stderr]    Compiling toml v1.1.4+spec-1.1.0
[INFO] [stderr]    Compiling peak_alloc v0.3.0
[INFO] [stderr]    Compiling rand_core v0.9.5
[INFO] [stderr]    Compiling tempfile v3.27.0
[INFO] [stderr]    Compiling rand_xorshift v0.4.0
[INFO] [stderr]    Compiling rand v0.9.5
[INFO] [stderr]    Compiling rusty-fork v0.3.1
[INFO] [stderr]    Compiling chrono v0.4.45
[INFO] [stderr]    Compiling reqwest v0.13.4
[INFO] [stderr]    Compiling tinytemplate v1.2.1
[INFO] [stderr]    Compiling zerocopy v0.8.55
[INFO] [stderr]    Compiling trybuild v1.0.118
[INFO] [stderr]    Compiling regex v1.13.1
[INFO] [stderr]    Compiling criterion-plot v0.8.2
[INFO] [stderr]    Compiling clap v4.6.2
[INFO] [stderr]    Compiling ro-crate-rs v0.5.1
[INFO] [stderr]    Compiling half v2.7.1
[INFO] [stderr]    Compiling ppv-lite86 v0.2.21
[INFO] [stderr]    Compiling pithos_lib v0.8.0 (/opt/rustwide/workdir)
[INFO] [stderr]    Compiling ciborium-ll v0.2.2
[INFO] [stderr]    Compiling rand_chacha v0.9.0
[INFO] [stderr]    Compiling ciborium v0.2.2
[INFO] [stderr]    Compiling proptest v1.11.0
[INFO] [stderr]    Compiling criterion v0.8.2
[INFO] [stderr]     Finished `release` profile [optimized] target(s) in 1m 46s
[INFO] running `Command { std: "docker" "inspect" "7b4184453da5aca086245dbb8a2bf05dad8e8dc730014f873a0165e0f2906a97", kill_on_drop: false }`
[INFO] running `Command { std: "docker" "exec" "-e" "SOURCE_DIR=/opt/rustwide/workdir" "-e" "CARGO_HOME=/opt/rustwide/cargo-home" "-e" "RUSTUP_HOME=/opt/rustwide/rustup-home" "-e" "CARGO_TARGET_DIR=/opt/rustwide/target" "-e" "CARGO_INCREMENTAL=0" "-e" "RUST_BACKTRACE=full" "-e" "RUSTFLAGS=--cap-lints=warn" "-e" "RUSTDOCFLAGS=--cap-lints=warn" "-w" "/opt/rustwide/workdir" "--user" "0:0" "7b4184453da5aca086245dbb8a2bf05dad8e8dc730014f873a0165e0f2906a97" "/opt/rustwide/cargo-home/bin/cargo" "+1.100.0-beta.1" "test" "--frozen" "--release", kill_on_drop: false }`
[INFO] [stderr]     Finished `release` profile [optimized] target(s) in 0.33s
[INFO] [stderr]      Running unittests src/lib.rs (/opt/rustwide/target/release/build/pithos_lib/4203a0e5fdb5be8f/out/pithos_lib-4203a0e5fdb5be8f)
[INFO] [stdout] 
[INFO] [stdout] running 171 tests
[INFO] [stdout] test archive::path_validation::tests::archive_path_invalid_entry_corpus ... ok
[INFO] [stdout] test archive::path_validation::tests::archive_path_component_order_keeps_descendants_adjacent ... ok
[INFO] [stdout] test archive::path_validation::tests::archive_path_candidate_validation_handles_component_boundaries_and_depth ... ok
[INFO] [stdout] test archive::path_validation::tests::archive_path_candidate_and_map_conflicts_are_order_independent ... ok
[INFO] [stdout] test adapters::crypt4gh::zeroization_tests::packet_count_overflow_is_rejected_instead_of_saturated ... ok
[INFO] [stdout] test archive::path_validation::tests::archive_path_existing_and_new_candidate_exact_path_semantics ... ok
[INFO] [stdout] test archive::content_tree::tests::invalid_trees_are_detected ... ok
[INFO] [stdout] test archive::path_validation::tests::archive_path_entry_invariants_corpus ... ok
[INFO] [stdout] test archive::path_validation::tests::archive_path_symlink_target_corpus ... ok
[INFO] [stdout] test archive::pieces::tests::piece_records_carry_version_1_1_flags_and_reject_invalid_ones ... ok
[INFO] [stdout] test archive::pieces::tests::piece_records_reject_non_contributory_keys ... ok
[INFO] [stdout] test archive::path_validation::tests::archive_path_valid_entry_corpus ... ok
[INFO] [stdout] test archive::pieces::tests::written_fragments_give_the_same_fixed_blocks_as_pushed_blocks ... ok
[INFO] [stdout] test archive::pieces::tests::version_1_records_decode_without_a_content_tree_and_bad_trees_are_rejected ... ok
[INFO] [stdout] test adapters::crypt4gh::zeroization_tests::ga4gh_header_kdf_uses_blake2b_512_then_truncates ... ok
[INFO] [stdout] test adapters::crypt4gh::zeroization_tests::encryption_packets_use_stable_zeroizing_key_owners ... ok
[INFO] [stdout] test archive::path_validation::tests::entry_permissions_accept_only_the_defined_twelve_bits ... ok
[INFO] [stdout] test archive::reader_private_tests::archive_distinguishes_missing_and_wrong_keys_from_matching_metadata_corruption ... FAILED
[INFO] [stdout] test archive::path_validation::tests::entry_semantics_cover_every_file_type_combination ... ok
[INFO] [stdout] test archive::reader_private_tests::archive_external_blocks_validate_exact_framing_and_share_read_paths ... FAILED
[INFO] [stdout] test archive::reader_private_tests::archive_open_reads_no_block_bytes ... FAILED
[INFO] [stdout] test archive::reader_private_tests::an_append_changes_the_metadata_digest ... FAILED
[INFO] [stdout] test archive::reader_private_tests::archive_open_copy_range_unavailable_and_limits_are_boundary_checked ... FAILED
[INFO] [stdout] test archive::reader_private_tests::archive_ranges_are_half_open_and_invalid_ranges_do_not_acquire_payload ... FAILED
[INFO] [stdout] test archive::reader_private_tests::a_tampered_piece_fails_before_any_content_is_indexed ... FAILED
[INFO] [stdout] test archive::reader_private_tests::a_missing_piece_key_leaves_the_content_unavailable ... FAILED
[INFO] [stdout] test archive::reader_private_tests::aes_256_gcm_blocks_verify_payload_and_cipher_before_output ... FAILED
[INFO] [stdout] test archive::reader_private_tests::archive_opens_terminal_entries_preserving_entry_order_and_unavailable_entries ... FAILED
[INFO] [stdout] test archive::reader_private_tests::appended_standard_relationship_repeats_must_match ... FAILED
[INFO] [stdout] test archive::content_tree::tests::split_trees_merge_to_the_plain_hash_at_every_boundary ... ok
[INFO] [stdout] test archive::reader_private_tests::archive_block_limits_reject_before_local_or_external_acquisition ... FAILED
[INFO] [stdout] test archive::reader_private_tests::archive_rejects_bad_compressed_payload_before_sink_output ... FAILED
[INFO] [stdout] test archive::reader_private_tests::an_expected_digest_mismatch_fails_before_any_metadata_is_decrypted ... FAILED
[INFO] [stdout] test archive::reader_private_tests::archive_rejects_bad_nonce_tag_and_ciphertext_before_sink_output ... FAILED
[INFO] [stdout] test archive::reader_private_tests::archive_rejects_conflicting_recovered_file_keys_at_open ... FAILED
[INFO] [stdout] test archive::reader_private_tests::archive_rejects_descriptor_size_mismatches_before_sink_output ... FAILED
[INFO] [stdout] test archive::reader_private_tests::archive_rejects_invalid_base_standard_relationship_tables ... FAILED
[INFO] [stdout] test archive::reader_private_tests::archive_rejects_no_content_sizes_and_undefined_permission_bits ... FAILED
[INFO] [stdout] test archive::reader_private_tests::archive_rejects_plaintext_hash_mismatches_before_sink_output ... FAILED
[INFO] [stdout] test adapters::crypt4gh::export_tests::plain_content_round_trips ... ok
[INFO] [stdout] test archive::reader_private_tests::archive_rejects_stored_size_failures_before_sink_output ... FAILED
[INFO] [stdout] test archive::reader_private_tests::archive_validates_custom_relationship_ids_and_names ... FAILED
[INFO] [stdout] test archive::reader_private_tests::archive_validates_every_encoded_sender_and_recipient_key_without_access_keys ... FAILED
[INFO] [stdout] test archive::reader_private_tests::block_list_pieces_concatenate_in_stored_order ... FAILED
[INFO] [stdout] test archive::reader_private_tests::ciphers_mix_per_descriptor_and_reused_blocks_keep_their_cipher ... FAILED
[INFO] [stdout] test archive::reader_private_tests::direct_block_list_keys_are_used_without_file_or_recipient_keys ... FAILED
[INFO] [stdout] test archive::reader_private_tests::direct_block_lists_share_one_decode_budget_within_and_across_directories ... FAILED
[INFO] [stdout] test archive::reader_private_tests::encrypted_local_descriptor_stored_size_has_a_28_byte_minimum ... FAILED
[INFO] [stdout] test archive::reader_private_tests::encrypted_recipient_grant_conflicts_are_key_independent_and_compare_all_bytes ... FAILED
[INFO] [stdout] test archive::reader_private_tests::missing_or_changed_local_block_markers_fail_when_the_block_is_read ... FAILED
[INFO] [stdout] test archive::reader_private_tests::decrypted_recipient_grants_compare_decoded_order_and_accept_non_minimal_uleb128 ... FAILED
[INFO] [stdout] test archive::reader_private_tests::direct_and_decrypted_encrypted_block_lists_share_one_open_budget ... FAILED
[INFO] [stdout] test archive::reader_private_tests::piece_rules_reject_version_1_0_archives_and_shared_key_ids ... FAILED
[INFO] [stdout] test archive::reader_private_tests::crypt4gh_blocks_read_a_repeated_adjacent_block_once ... FAILED
[INFO] [stdout] test archive::reader_private_tests::structurally_equal_encrypted_recipient_grants_repeat_with_or_without_access_keys ... FAILED
[INFO] [stdout] test archive::reader_private_tests::read_wiping::failed_block_read_is_wiped ... ok
[INFO] [stdout] test archive::reader_private_tests::unique_key_blocks_round_trip_and_store_every_repeat ... FAILED
[INFO] [stdout] test archive::reader_private_tests::unique_key_blocks_verify_payload_and_identity_before_output ... FAILED
[INFO] [stdout] test archive::reader_private_tests::unsupported_external_content_preflights_the_whole_file_and_adapters ... FAILED
[INFO] [stdout] test archive::reader_private_tests::recipient_grant_variants_must_match_across_directories ... FAILED
[INFO] [stdout] test archive::reader_private_tests::version_1_1_processing_round_trips_compressed_blocks ... FAILED
[INFO] [stdout] test archive::reader_private_tests::read_wiping::rejected_resolver_response_is_wiped ... ok
[INFO] [stdout] test archive::snapshot::tests::snapshot_checks_existing_paths_ids_and_content_kinds ... FAILED
[INFO] [stdout] test archive::snapshot::tests::snapshot_keeps_the_earliest_effective_descriptor ... FAILED
[INFO] [stdout] test archive::snapshot::tests::snapshot_creation_consumes_archive_and_moves_recovered_access ... FAILED
[INFO] [stdout] test archive::snapshot::tests::prospective_append_rejects_an_ancestor_sender_recipient_pair_before_publication ... FAILED
[INFO] [stdout] test archive::reader_private_tests::external_availability_requires_both_resolver_and_policy ... FAILED
[INFO] [stdout] test archive::snapshot::tests::snapshot_borrows_recovered_keys_for_sender_and_recipient_access ... FAILED
[INFO] [stdout] test archive::tests::adjacent_effective_local_descriptors_are_valid ... ok
[INFO] [stdout] test archive::snapshot::tests::snapshot_records_archive_length_terminal_span_and_maximum_id ... FAILED
[INFO] [stdout] test archive::tests::batches_join_contiguous_local_spans_up_to_the_byte_bound ... ok
[INFO] [stdout] test archive::reader_private_tests::version_1_1_flags_are_rejected_in_version_1_0_archives ... FAILED
[INFO] [stdout] test archive::tests::checked_spans_reject_overflow_and_symlink_escape ... ok
[INFO] [stdout] test archive::reader_private_tests::archive_ranges_verify_and_slice_every_intersecting_multiblock_payload ... FAILED
[INFO] [stdout] test archive::reader_private_tests::version_1_1_appends_reuse_ciphers_and_give_unique_blocks_fresh_identities ... FAILED
[INFO] [stdout] test archive::tests::hierarchy_conflicts_are_order_independent_and_component_aware ... ok
[INFO] [stdout] test archive::snapshot::tests::snapshot_rejects_missing_wrong_and_unavailable_file_keys ... FAILED
[INFO] [stdout] test archive::tests::hierarchy_requires_earlier_directory_ancestors_across_segments ... ok
[INFO] [stdout] test archive::tests::index_preserves_segment_entry_order_and_component_hierarchy ... ok
[INFO] [stdout] test archive::tests::local_descriptors_must_stay_in_their_declaring_segment_region ... ok
[INFO] [stdout] test archive::tests::merge_is_pure_and_earliest_compatible_descriptor_wins ... ok
[INFO] [stdout] test archive::tests::non_winning_compatible_descriptors_do_not_impose_extent_checks ... ok
[INFO] [stdout] test archive::tests::overlapping_effective_local_descriptors_are_rejected ... ok
[INFO] [stdout] test archive::tests::processing_flags_follow_the_version_and_encryption_rules ... ok
[INFO] [stdout] test archive::reader_private_tests::version_1_1_flags_require_encryption ... FAILED
[INFO] [stdout] test archive::reader_private_tests::writers_emit_only_the_required_standard_relationship_table ... FAILED
[INFO] [stdout] test archive::tests::plans_check_block_limits_before_yielding_a_block ... ok
[INFO] [stdout] test archive::tests::plans_include_whole_intersecting_blocks_and_output_slices ... ok
[INFO] [stdout] test archive::tests::shared_blocks_keep_file_order_and_only_join_contiguous_spans ... ok
[INFO] [stdout] test archive::tests::plans_start_at_the_offset_checkpoint_before_the_range ... ok
[INFO] [stdout] test archive::pieces::tests::written_fragments_give_the_same_fastcdc_blocks_as_the_archive_writer ... ok
[INFO] [stdout] test archive::writer::tests::deterministic_runtime_produces_identical_complete_archives ... ok
[INFO] [stdout] test archive::writer::tests::directory_and_symlink_validation_failures_preserve_live_metadata ... ok
[INFO] [stdout] test archive::tests::external_blocks_join_a_batch_only_when_repeated ... ok
[INFO] [stdout] test archive::reader_private_tests::decrypted_encrypted_block_list_accepts_a_non_minimal_count ... FAILED
[INFO] [stdout] test archive::reader_private_tests::external_policy_denial_precedes_initial_and_redirect_access ... FAILED
[INFO] [stdout] test archive::tests::resolved_access_rejects_conflicts_and_keeps_deterministic_provenance ... ok
[INFO] [stdout] test archive::writer::tests::file_id_exhaustion_does_not_mutate_or_poison_before_streaming ... ok
[INFO] [stdout] test archive::writer::tests::fixed_block_sizes_are_validated_before_header_output ... ok
[INFO] [stdout] test archive::writer::tests::fixed_reads_stop_at_the_end ... ok
[INFO] [stdout] test archive::writer::tests::fixed_blocks_ignore_read_sizes_and_end_with_one_short_block ... ok
[INFO] [stdout] test archive::tests::unavailable_content_is_visible_but_cannot_plan_reads ... ok
[INFO] [stdout] test archive::writer::tests::invalid_transient_states_cannot_be_published ... ok
[INFO] [stdout] test archive::writer::tests::planned_append_ids_allow_u64_max_only_as_the_final_id ... ok
[INFO] [stdout] test archive::writer::tests::injected_transform_failure_poison_preserves_live_directory ... ok
[INFO] [stdout] test archive::writer::tests::content_defined_reads_stop_at_the_end ... ok
[INFO] [stdout] test archive::writer::tests::content_defined_blocks_match_stream_cdc ... ok
[INFO] [stdout] test archive::writer::tests::counter_overflow_is_not_saturated ... ok
[INFO] [stdout] test archive::writer::tests::version_1_0_writers_reject_version_1_1_processing_before_writing_blocks ... ok
[INFO] [stdout] test archive::writer::tests::recipient_runtime_failures_return_an_incomplete_sink ... ok
[INFO] [stdout] test archive::writer::tests::selected_content_runtime_failures_poison_without_publishing_metadata ... ok
[INFO] [stdout] test archive::writer::tests::writer_publication_revalidates_entry_and_relationship_semantics ... ok
[INFO] [stdout] test archive::writer::tests::version_1_1_processing_options_require_encryption ... ok
[INFO] [stdout] test archive::writer::tests::writer_publication_revalidates_stored_hierarchy_order ... ok
[INFO] [stdout] test block::tests::aes_256_gcm_vector_matches_the_specification ... ok
[INFO] [stdout] test block::tests::corruption_never_returns_unverified_plaintext ... ok
[INFO] [stdout] test block::tests::unique_key_vector_matches_the_specification ... ok
[INFO] [stdout] test block::tests::unique_keys_and_aes_256_gcm_combine ... ok
[INFO] [stdout] test archive::path_validation::tests::descending_insertions_produce_component_path_order ... ok
[INFO] [stdout] test crypto::zeroization_tests::aead_ciphers_wipe_keys ... ok
[INFO] [stdout] test crypto::zeroization_tests::owned_secret_roles_have_drop_zeroization_contracts ... ok
[INFO] [stdout] test format::block::tests::block_markers_reject_wrong_tags ... ok
[INFO] [stdout] test format::directory::tests::complete_directory_reports_entry_semantics_before_trailing_body_data ... ok
[INFO] [stdout] test format::directory::tests::directory_rejects_duplicate_relationship_definitions ... ok
[INFO] [stdout] test archive::writer::tests::repeated_compatible_descriptor_keeps_the_earliest_descriptor ... ok
[INFO] [stdout] test format::encryption::tests::decrypted_recipient_lists_retain_exact_duplicates_but_reject_conflicts ... ok
[INFO] [stdout] test archive::writer::tests::failed_content_delta_preserves_all_live_metadata_and_next_id ... ok
[INFO] [stdout] test block::tests::controlled_nonce_vector_round_trips_without_changing_the_protocol_shape ... ok
[INFO] [stdout] test format::file_entry::tests::list_counts_must_match_the_remaining_bytes_before_allocation ... ok
[INFO] [stdout] test format::file_entry::tests::block_list_pieces_round_trip_and_require_increasing_key_ids ... ok
[INFO] [stdout] test format::directory::tests::complete_directory_rejects_bad_footer_and_trailing_bytes ... ok
[INFO] [stdout] test format::file_entry::tests::authenticated_lists_require_exact_consumption_and_unique_keys ... ok
[INFO] [stdout] test block::tests::every_unique_key_encoding_has_a_fresh_key_and_identity ... ok
[INFO] [stdout] test archive::tests::component_ancestor_conflicts_ignore_adjacent_prefixes ... ok
[INFO] [stdout] test archive::tests::lazy_plans_yield_only_the_blocks_of_a_range_over_many_blocks ... ok
[INFO] [stdout] test archive::tests::path_and_checked_range_properties ... ok
[INFO] [stdout] test format::primitives::tests::typed_uleb128_accepts_bounded_non_minimal_values ... ok
[INFO] [stdout] test format::file_entry::tests::transient_plaintext_key_lists_have_drop_zeroization_contracts ... ok
[INFO] [stdout] test format::file_entry::tests::permission_field_uses_u32_varint_width ... ok
[INFO] [stdout] test format::zeroing_tests::decode_error_wipes_partial_secrets ... ok
[INFO] [stdout] test format::header::tests::file_header_uses_the_fixed_width_encoding_for_both_versions ... ok
[INFO] [stdout] test format::primitives::tests::bounded_string_decode_rejects_truncation_and_limits ... ok
[INFO] [stdout] test format::file_entry::tests::piece_lists_fill_one_reservation_without_moving ... ok
[INFO] [stdout] test format::primitives::tests::typed_uleb128_rejects_truncated_and_width_overflowing_values ... ok
[INFO] [stdout] test archive::writer::tests::append_writer_accepts_an_inherited_directory_ancestor ... ok
[INFO] [stdout] test block::tests::failed_decompression_wipes_partial_plaintext ... ok
[INFO] [stdout] test format::primitives::tests::secret_reservation_keeps_room_and_moves_a_full_buffer_once ... ok
[INFO] [stdout] test archive::writer::tests::grant_child_is_metadata_only_and_seals_selected_recovered_keys ... ok
[INFO] [stdout] test format::zeroing_tests::secret_growth_and_drop_wipe_freed_buffers ... ok
[INFO] [stdout] test format::zeroing_tests::untracked_buffers_with_spare_capacity_are_never_read ... ok
[INFO] [stdout] test fs::extraction::tests::staged_file_mode_failure_prevents_publication ... FAILED
[INFO] [stdout] test fs::extraction::tests::extraction_modes_strip_special_bits_unless_explicitly_enabled ... ok
[INFO] [stdout] test format::zeroing_tests::ordinary_growth_is_detected ... ok
[INFO] [stdout] test fs::extraction::tests::destination_root_rejects_parent_traversal ... ok
[INFO] [stdout] test fs::ingest::tests::synthetic_parents_are_deterministic ... ok
[INFO] [stdout] test fs::extraction::tests::staged_file_is_removed_after_sink_failure ... ok
[INFO] [stdout] test source::tests::remote_range_maps_exact_requests_and_short_responses ... ok
[INFO] [stdout] test archive::writer::tests::recipient_grants_follow_the_archive_version_rules ... ok
[INFO] [stdout] test fs::extraction::tests::staged_file_is_removed_after_commit_collision ... ok
[INFO] [stdout] test fs::extraction::tests::staged_file_publication_uses_the_retained_anonymous_file ... ok
[INFO] [stdout] test source::tests::file_source_reports_contextual_eof ... ok
[INFO] [stdout] test archive::writer::tests::planned_append_ids_reject_mismatches_before_content_io_and_allow_forward_references ... ok
[INFO] [stdout] test fs::append::tests::conflicting_ancestor_relationship_is_rejected_before_mutation ... ok
[INFO] [stdout] test fs::append::tests::append_and_grant_use_fresh_senders_and_retain_the_access_key_as_a_recipient ... ok
[INFO] [stdout] test source::tests::memory_source_is_exact_and_concurrent ... ok
[INFO] [stdout] test fs::ingest::tests::planned_ingestion_runs_again_after_a_sink_failure ... ok
[INFO] [stdout] test fs::append::tests::rollback_failure_reports_both_failures_recovery_lengths_and_no_secrets ... ok
[INFO] [stdout] test fs::ingest::tests::planned_ingestion_can_run_again ... ok
[INFO] [stdout] test fs::append::tests::post_mutation_failures_roll_back_to_byte_identical_original_content ... ok
[INFO] [stdout] test adapters::ro_crate::tests::zip_member_conversion_reads_large_content_in_bounded_chunks ... ok
[INFO] [stdout] test archive::writer::tests::compression_profiles_round_trip_with_current_flags_and_empty_content ... ok
[INFO] [stdout] 
[INFO] [stdout] failures:
[INFO] [stdout] 
[INFO] [stdout] ---- archive::reader_private_tests::archive_distinguishes_missing_and_wrong_keys_from_matching_metadata_corruption stdout ----
[INFO] [stdout] 
[INFO] [stdout] thread 'archive::reader_private_tests::archive_distinguishes_missing_and_wrong_keys_from_matching_metadata_corruption' (3305) panicked at src/archive/reader_private_tests.rs:30:71:
[INFO] [stdout] called `Result::unwrap()` on an `Err` value: Os { code: 2, kind: NotFound, message: "No such file or directory" }
[INFO] [stdout] stack backtrace:
[INFO] [stdout]    0:     0x5c6608a40ce1 - <<std[617be2ca0a6fd877]::sys::backtrace::BacktraceLock>::print::DisplayBacktrace as core[a373ad73a504971]::fmt::Display>::fmt
[INFO] [stdout]    1:     0x5c6608a57a9a - core[a373ad73a504971]::fmt::write
[INFO] [stdout]    2:     0x5c6608a456cc - <alloc[2e1b2a31b91974c5]::vec::Vec<u8> as core[a373ad73a504971]::io::write::Write>::write_fmt
[INFO] [stdout]    3:     0x5c6608a1a596 - std[617be2ca0a6fd877]::panicking::default_hook::{closure#0}
[INFO] [stdout]    4:     0x5c6608a37f69 - std[617be2ca0a6fd877]::panicking::default_hook
[INFO] [stdout]    5:     0x5c660885a890 - test[aada8e7e76ba119b]::test_main_inner::{closure#0}
[INFO] [stdout]    6:     0x5c6608a38122 - std[617be2ca0a6fd877]::panicking::panic_with_hook
[INFO] [stdout]    7:     0x5c6608a1a642 - std[617be2ca0a6fd877]::panicking::panic_handler::{closure#0}
[INFO] [stdout]    8:     0x5c6608a12fd9 - std[617be2ca0a6fd877]::sys::backtrace::__rust_end_short_backtrace::<std[617be2ca0a6fd877]::panicking::panic_handler::{closure#0}, !>
[INFO] [stdout]    9:     0x5c6608a1b12d - __rustc[ea4f61d10b84890b]::rust_begin_unwind
[INFO] [stdout]   10:     0x5c6608a5827c - core[a373ad73a504971]::panicking::panic_fmt
[INFO] [stdout]   11:     0x5c6608a58052 - core[a373ad73a504971]::result::unwrap_failed
[INFO] [stdout]   12:     0x5c66087627b0 - pithos_lib[ff138405e3b9a8fc]::archive::reader_private_tests::private
[INFO] [stdout]   13:     0x5c660875f3e9 - pithos_lib[ff138405e3b9a8fc]::archive::reader_private_tests::fixture_with_options
[INFO] [stdout]   14:     0x5c6608786fc9 - <pithos_lib[ff138405e3b9a8fc]::archive::reader_private_tests::archive_distinguishes_missing_and_wrong_keys_from_matching_metadata_corruption::{closure#0} as core[a373ad73a504971]::ops::function::FnOnce<()>>::call_once
[INFO] [stdout]   15:     0x5c660884dcdb - test[aada8e7e76ba119b]::__rust_begin_short_backtrace::<core[a373ad73a504971]::result::Result<(), alloc[2e1b2a31b91974c5]::string::String>, fn() -> core[a373ad73a504971]::result::Result<(), alloc[2e1b2a31b91974c5]::string::String>>
[INFO] [stdout]   16:     0x5c660885aeb5 - test[aada8e7e76ba119b]::run_test::{closure#0}
[INFO] [stdout]   17:     0x5c66088547a4 - std[617be2ca0a6fd877]::sys::backtrace::__rust_begin_short_backtrace::<test[aada8e7e76ba119b]::run_test::{closure#1}, ()>
[INFO] [stdout]   18:     0x5c660885df42 - <std[617be2ca0a6fd877]::thread::lifecycle::spawn_unchecked<test[aada8e7e76ba119b]::run_test::{closure#1}, ()>::{closure#1} as core[a373ad73a504971]::ops::function::FnOnce<()>>::call_once::{shim:vtable#0}
[INFO] [stdout]   19:     0x5c6608a3ffaf - <std[617be2ca0a6fd877]::sys::thread::unix::Thread>::new::thread_start
[INFO] [stdout]   20:     0x7f2b76d37dfa - <unknown>
[INFO] [stdout]   21:     0x7f2b76dcb3d4 - clone
[INFO] [stdout]   22:                0x0 - <unknown>
[INFO] [stdout] 
[INFO] [stdout] ---- archive::reader_private_tests::archive_external_blocks_validate_exact_framing_and_share_read_paths stdout ----
[INFO] [stdout] 
[INFO] [stdout] thread 'archive::reader_private_tests::archive_external_blocks_validate_exact_framing_and_share_read_paths' (3306) panicked at src/archive/reader_private_tests.rs:30:71:
[INFO] [stdout] called `Result::unwrap()` on an `Err` value: Os { code: 2, kind: NotFound, message: "No such file or directory" }
[INFO] [stdout] stack backtrace:
[INFO] [stdout]    0:     0x5c6608a40ce1 - <<std[617be2ca0a6fd877]::sys::backtrace::BacktraceLock>::print::DisplayBacktrace as core[a373ad73a504971]::fmt::Display>::fmt
[INFO] [stdout]    1:     0x5c6608a57a9a - core[a373ad73a504971]::fmt::write
[INFO] [stdout]    2:     0x5c6608a456cc - <alloc[2e1b2a31b91974c5]::vec::Vec<u8> as core[a373ad73a504971]::io::write::Write>::write_fmt
[INFO] [stdout]    3:     0x5c6608a1a596 - std[617be2ca0a6fd877]::panicking::default_hook::{closure#0}
[INFO] [stdout]    4:     0x5c6608a37f69 - std[617be2ca0a6fd877]::panicking::default_hook
[INFO] [stdout]    5:     0x5c660885a890 - test[aada8e7e76ba119b]::test_main_inner::{closure#0}
[INFO] [stdout]    6:     0x5c6608a38122 - std[617be2ca0a6fd877]::panicking::panic_with_hook
[INFO] [stdout]    7:     0x5c6608a1a642 - std[617be2ca0a6fd877]::panicking::panic_handler::{closure#0}
[INFO] [stdout]    8:     0x5c6608a12fd9 - std[617be2ca0a6fd877]::sys::backtrace::__rust_end_short_backtrace::<std[617be2ca0a6fd877]::panicking::panic_handler::{closure#0}, !>
[INFO] [stdout]    9:     0x5c6608a1b12d - __rustc[ea4f61d10b84890b]::rust_begin_unwind
[INFO] [stdout]   10:     0x5c6608a5827c - core[a373ad73a504971]::panicking::panic_fmt
[INFO] [stdout]   11:     0x5c6608a58052 - core[a373ad73a504971]::result::unwrap_failed
[INFO] [stdout]   12:     0x5c66087627b0 - pithos_lib[ff138405e3b9a8fc]::archive::reader_private_tests::private
[INFO] [stdout]   13:     0x5c660875f3e9 - pithos_lib[ff138405e3b9a8fc]::archive::reader_private_tests::fixture_with_options
[INFO] [stdout]   14:     0x5c660877cd5e - <pithos_lib[ff138405e3b9a8fc]::archive::reader_private_tests::archive_external_blocks_validate_exact_framing_and_share_read_paths::{closure#0} as core[a373ad73a504971]::ops::function::FnOnce<()>>::call_once
[INFO] [stdout]   15:     0x5c660884dcdb - test[aada8e7e76ba119b]::__rust_begin_short_backtrace::<core[a373ad73a504971]::result::Result<(), alloc[2e1b2a31b91974c5]::string::String>, fn() -> core[a373ad73a504971]::result::Result<(), alloc[2e1b2a31b91974c5]::string::String>>
[INFO] [stdout]   16:     0x5c660885aeb5 - test[aada8e7e76ba119b]::run_test::{closure#0}
[INFO] [stdout]   17:     0x5c66088547a4 - std[617be2ca0a6fd877]::sys::backtrace::__rust_begin_short_backtrace::<test[aada8e7e76ba119b]::run_test::{closure#1}, ()>
[INFO] [stdout]   18:     0x5c660885df42 - <std[617be2ca0a6fd877]::thread::lifecycle::spawn_unchecked<test[aada8e7e76ba119b]::run_test::{closure#1}, ()>::{closure#1} as core[a373ad73a504971]::ops::function::FnOnce<()>>::call_once::{shim:vtable#0}
[INFO] [stdout]   19:     0x5c6608a3ffaf - <std[617be2ca0a6fd877]::sys::thread::unix::Thread>::new::thread_start
[INFO] [stdout]   20:     0x7f2b76d37dfa - <unknown>
[INFO] [stdout]   21:     0x7f2b76dcb3d4 - clone
[INFO] [stdout]   22:                0x0 - <unknown>
[INFO] [stdout] 
[INFO] [stdout] ---- archive::reader_private_tests::archive_open_reads_no_block_bytes stdout ----
[INFO] [stdout] 
[INFO] [stdout] thread 'archive::reader_private_tests::archive_open_reads_no_block_bytes' (3308) panicked at src/archive/reader_private_tests.rs:30:71:
[INFO] [stdout] called `Result::unwrap()` on an `Err` value: Os { code: 2, kind: NotFound, message: "No such file or directory" }
[INFO] [stdout] stack backtrace:
[INFO] [stdout]    0:     0x5c6608a40ce1 - <<std[617be2ca0a6fd877]::sys::backtrace::BacktraceLock>::print::DisplayBacktrace as core[a373ad73a504971]::fmt::Display>::fmt
[INFO] [stdout]    1:     0x5c6608a57a9a - core[a373ad73a504971]::fmt::write
[INFO] [stdout]    2:     0x5c6608a456cc - <alloc[2e1b2a31b91974c5]::vec::Vec<u8> as core[a373ad73a504971]::io::write::Write>::write_fmt
[INFO] [stdout]    3:     0x5c6608a1a596 - std[617be2ca0a6fd877]::panicking::default_hook::{closure#0}
[INFO] [stdout]    4:     0x5c6608a37f69 - std[617be2ca0a6fd877]::panicking::default_hook
[INFO] [stdout]    5:     0x5c660885a890 - test[aada8e7e76ba119b]::test_main_inner::{closure#0}
[INFO] [stdout]    6:     0x5c6608a38122 - std[617be2ca0a6fd877]::panicking::panic_with_hook
[INFO] [stdout]    7:     0x5c6608a1a642 - std[617be2ca0a6fd877]::panicking::panic_handler::{closure#0}
[INFO] [stdout]    8:     0x5c6608a12fd9 - std[617be2ca0a6fd877]::sys::backtrace::__rust_end_short_backtrace::<std[617be2ca0a6fd877]::panicking::panic_handler::{closure#0}, !>
[INFO] [stdout]    9:     0x5c6608a1b12d - __rustc[ea4f61d10b84890b]::rust_begin_unwind
[INFO] [stdout]   10:     0x5c6608a5827c - core[a373ad73a504971]::panicking::panic_fmt
[INFO] [stdout]   11:     0x5c6608a58052 - core[a373ad73a504971]::result::unwrap_failed
[INFO] [stdout]   12:     0x5c66087627b0 - pithos_lib[ff138405e3b9a8fc]::archive::reader_private_tests::private
[INFO] [stdout]   13:     0x5c660875f3e9 - pithos_lib[ff138405e3b9a8fc]::archive::reader_private_tests::fixture_with_options
[INFO] [stdout]   14:     0x5c660876599b - <pithos_lib[ff138405e3b9a8fc]::archive::reader_private_tests::archive_open_reads_no_block_bytes::{closure#0} as core[a373ad73a504971]::ops::function::FnOnce<()>>::call_once
[INFO] [stdout]   15:     0x5c660884dcdb - test[aada8e7e76ba119b]::__rust_begin_short_backtrace::<core[a373ad73a504971]::result::Result<(), alloc[2e1b2a31b91974c5]::string::String>, fn() -> core[a373ad73a504971]::result::Result<(), alloc[2e1b2a31b91974c5]::string::String>>
[INFO] [stdout]   16:     0x5c660885aeb5 - test[aada8e7e76ba119b]::run_test::{closure#0}
[INFO] [stdout]   17:     0x5c66088547a4 - std[617be2ca0a6fd877]::sys::backtrace::__rust_begin_short_backtrace::<test[aada8e7e76ba119b]::run_test::{closure#1}, ()>
[INFO] [stdout]   18:     0x5c660885df42 - <std[617be2ca0a6fd877]::thread::lifecycle::spawn_unchecked<test[aada8e7e76ba119b]::run_test::{closure#1}, ()>::{closure#1} as core[a373ad73a504971]::ops::function::FnOnce<()>>::call_once::{shim:vtable#0}
[INFO] [stdout]   19:     0x5c6608a3ffaf - <std[617be2ca0a6fd877]::sys::thread::unix::Thread>::new::thread_start
[INFO] [stdout]   20:     0x7f2b76d37dfa - <unknown>
[INFO] [stdout]   21:     0x7f2b76dcb3d4 - clone
[INFO] [stdout]   22:                0x0 - <unknown>
[INFO] [stdout] 
[INFO] [stdout] ---- archive::reader_private_tests::an_append_changes_the_metadata_digest stdout ----
[INFO] [stdout] 
[INFO] [stdout] thread 'archive::reader_private_tests::an_append_changes_the_metadata_digest' (3301) panicked at src/archive/reader_private_tests.rs:30:71:
[INFO] [stdout] called `Result::unwrap()` on an `Err` value: Os { code: 2, kind: NotFound, message: "No such file or directory" }
[INFO] [stdout] stack backtrace:
[INFO] [stdout]    0:     0x5c6608a40ce1 - <<std[617be2ca0a6fd877]::sys::backtrace::BacktraceLock>::print::DisplayBacktrace as core[a373ad73a504971]::fmt::Display>::fmt
[INFO] [stdout]    1:     0x5c6608a57a9a - core[a373ad73a504971]::fmt::write
[INFO] [stdout]    2:     0x5c6608a456cc - <alloc[2e1b2a31b91974c5]::vec::Vec<u8> as core[a373ad73a504971]::io::write::Write>::write_fmt
[INFO] [stdout]    3:     0x5c6608a1a596 - std[617be2ca0a6fd877]::panicking::default_hook::{closure#0}
[INFO] [stdout]    4:     0x5c6608a37f69 - std[617be2ca0a6fd877]::panicking::default_hook
[INFO] [stdout]    5:     0x5c660885a890 - test[aada8e7e76ba119b]::test_main_inner::{closure#0}
[INFO] [stdout]    6:     0x5c6608a38122 - std[617be2ca0a6fd877]::panicking::panic_with_hook
[INFO] [stdout]    7:     0x5c6608a1a642 - std[617be2ca0a6fd877]::panicking::panic_handler::{closure#0}
[INFO] [stdout]    8:     0x5c6608a12fd9 - std[617be2ca0a6fd877]::sys::backtrace::__rust_end_short_backtrace::<std[617be2ca0a6fd877]::panicking::panic_handler::{closure#0}, !>
[INFO] [stdout]    9:     0x5c6608a1b12d - __rustc[ea4f61d10b84890b]::rust_begin_unwind
[INFO] [stdout]   10:     0x5c6608a5827c - core[a373ad73a504971]::panicking::panic_fmt
[INFO] [stdout]   11:     0x5c6608a58052 - core[a373ad73a504971]::result::unwrap_failed
[INFO] [stdout]   12:     0x5c66087627b0 - pithos_lib[ff138405e3b9a8fc]::archive::reader_private_tests::private
[INFO] [stdout]   13:     0x5c660875f3e9 - pithos_lib[ff138405e3b9a8fc]::archive::reader_private_tests::fixture_with_options
[INFO] [stdout]   14:     0x5c6608766925 - <pithos_lib[ff138405e3b9a8fc]::archive::reader_private_tests::an_append_changes_the_metadata_digest::{closure#0} as core[a373ad73a504971]::ops::function::FnOnce<()>>::call_once
[INFO] [stdout]   15:     0x5c660884dcdb - test[aada8e7e76ba119b]::__rust_begin_short_backtrace::<core[a373ad73a504971]::result::Result<(), alloc[2e1b2a31b91974c5]::string::String>, fn() -> core[a373ad73a504971]::result::Result<(), alloc[2e1b2a31b91974c5]::string::String>>
[INFO] [stdout]   16:     0x5c660885aeb5 - test[aada8e7e76ba119b]::run_test::{closure#0}
[INFO] [stdout]   17:     0x5c66088547a4 - std[617be2ca0a6fd877]::sys::backtrace::__rust_begin_short_backtrace::<test[aada8e7e76ba119b]::run_test::{closure#1}, ()>
[INFO] [stdout]   18:     0x5c660885df42 - <std[617be2ca0a6fd877]::thread::lifecycle::spawn_unchecked<test[aada8e7e76ba119b]::run_test::{closure#1}, ()>::{closure#1} as core[a373ad73a504971]::ops::function::FnOnce<()>>::call_once::{shim:vtable#0}
[INFO] [stdout]   19:     0x5c6608a3ffaf - <std[617be2ca0a6fd877]::sys::thread::unix::Thread>::new::thread_start
[INFO] [stdout]   20:     0x7f2b76d37dfa - <unknown>
[INFO] [stdout]   21:     0x7f2b76dcb3d4 - clone
[INFO] [stdout]   22:                0x0 - <unknown>
[INFO] [stdout] 
[INFO] [stdout] ---- archive::reader_private_tests::archive_open_copy_range_unavailable_and_limits_are_boundary_checked stdout ----
[INFO] [stdout] 
[INFO] [stdout] thread 'archive::reader_private_tests::archive_open_copy_range_unavailable_and_limits_are_boundary_checked' (3307) panicked at src/archive/reader_private_tests.rs:30:71:
[INFO] [stdout] called `Result::unwrap()` on an `Err` value: Os { code: 2, kind: NotFound, message: "No such file or directory" }
[INFO] [stdout] stack backtrace:
[INFO] [stdout]    0:     0x5c6608a40ce1 - <<std[617be2ca0a6fd877]::sys::backtrace::BacktraceLock>::print::DisplayBacktrace as core[a373ad73a504971]::fmt::Display>::fmt
[INFO] [stdout]    1:     0x5c6608a57a9a - core[a373ad73a504971]::fmt::write
[INFO] [stdout]    2:     0x5c6608a456cc - <alloc[2e1b2a31b91974c5]::vec::Vec<u8> as core[a373ad73a504971]::io::write::Write>::write_fmt
[INFO] [stdout]    3:     0x5c6608a1a596 - std[617be2ca0a6fd877]::panicking::default_hook::{closure#0}
[INFO] [stdout]    4:     0x5c6608a37f69 - std[617be2ca0a6fd877]::panicking::default_hook
[INFO] [stdout]    5:     0x5c660885a890 - test[aada8e7e76ba119b]::test_main_inner::{closure#0}
[INFO] [stdout]    6:     0x5c6608a38122 - std[617be2ca0a6fd877]::panicking::panic_with_hook
[INFO] [stdout]    7:     0x5c6608a1a642 - std[617be2ca0a6fd877]::panicking::panic_handler::{closure#0}
[INFO] [stdout]    8:     0x5c6608a12fd9 - std[617be2ca0a6fd877]::sys::backtrace::__rust_end_short_backtrace::<std[617be2ca0a6fd877]::panicking::panic_handler::{closure#0}, !>
[INFO] [stdout]    9:     0x5c6608a1b12d - __rustc[ea4f61d10b84890b]::rust_begin_unwind
[INFO] [stdout]   10:     0x5c6608a5827c - core[a373ad73a504971]::panicking::panic_fmt
[INFO] [stdout]   11:     0x5c6608a58052 - core[a373ad73a504971]::result::unwrap_failed
[INFO] [stdout]   12:     0x5c66087627b0 - pithos_lib[ff138405e3b9a8fc]::archive::reader_private_tests::private
[INFO] [stdout]   13:     0x5c660875f3e9 - pithos_lib[ff138405e3b9a8fc]::archive::reader_private_tests::fixture_with_options
[INFO] [stdout]   14:     0x5c660877f179 - <pithos_lib[ff138405e3b9a8fc]::archive::reader_private_tests::archive_open_copy_range_unavailable_and_limits_are_boundary_checked::{closure#0} as core[a373ad73a504971]::ops::function::FnOnce<()>>::call_once
[INFO] [stdout]   15:     0x5c660884dcdb - test[aada8e7e76ba119b]::__rust_begin_short_backtrace::<core[a373ad73a504971]::result::Result<(), alloc[2e1b2a31b91974c5]::string::String>, fn() -> core[a373ad73a504971]::result::Result<(), alloc[2e1b2a31b91974c5]::string::String>>
[INFO] [stdout]   16:     0x5c660885aeb5 - test[aada8e7e76ba119b]::run_test::{closure#0}
[INFO] [stdout]   17:     0x5c66088547a4 - std[617be2ca0a6fd877]::sys::backtrace::__rust_begin_short_backtrace::<test[aada8e7e76ba119b]::run_test::{closure#1}, ()>
[INFO] [stdout]   18:     0x5c660885df42 - <std[617be2ca0a6fd877]::thread::lifecycle::spawn_unchecked<test[aada8e7e76ba119b]::run_test::{closure#1}, ()>::{closure#1} as core[a373ad73a504971]::ops::function::FnOnce<()>>::call_once::{shim:vtable#0}
[INFO] [stdout]   19:     0x5c6608a3ffaf - <std[617be2ca0a6fd877]::sys::thread::unix::Thread>::new::thread_start
[INFO] [stdout]   20:     0x7f2b76d37dfa - <unknown>
[INFO] [stdout]   21:     0x7f2b76dcb3d4 - clone
[INFO] [stdout]   22:                0x0 - <unknown>
[INFO] [stdout] 
[INFO] [stdout] ---- archive::reader_private_tests::archive_ranges_are_half_open_and_invalid_ranges_do_not_acquire_payload stdout ----
[INFO] [stdout] 
[INFO] [stdout] thread 'archive::reader_private_tests::archive_ranges_are_half_open_and_invalid_ranges_do_not_acquire_payload' (3310) panicked at src/archive/reader_private_tests.rs:30:71:
[INFO] [stdout] called `Result::unwrap()` on an `Err` value: Os { code: 2, kind: NotFound, message: "No such file or directory" }
[INFO] [stdout] stack backtrace:
[INFO] [stdout]    0:     0x5c6608a40ce1 - <<std[617be2ca0a6fd877]::sys::backtrace::BacktraceLock>::print::DisplayBacktrace as core[a373ad73a504971]::fmt::Display>::fmt
[INFO] [stdout]    1:     0x5c6608a57a9a - core[a373ad73a504971]::fmt::write
[INFO] [stdout]    2:     0x5c6608a456cc - <alloc[2e1b2a31b91974c5]::vec::Vec<u8> as core[a373ad73a504971]::io::write::Write>::write_fmt
[INFO] [stdout]    3:     0x5c6608a1a596 - std[617be2ca0a6fd877]::panicking::default_hook::{closure#0}
[INFO] [stdout]    4:     0x5c6608a37f69 - std[617be2ca0a6fd877]::panicking::default_hook
[INFO] [stdout]    5:     0x5c660885a890 - test[aada8e7e76ba119b]::test_main_inner::{closure#0}
[INFO] [stdout]    6:     0x5c6608a38122 - std[617be2ca0a6fd877]::panicking::panic_with_hook
[INFO] [stdout]    7:     0x5c6608a1a642 - std[617be2ca0a6fd877]::panicking::panic_handler::{closure#0}
[INFO] [stdout]    8:     0x5c6608a12fd9 - std[617be2ca0a6fd877]::sys::backtrace::__rust_end_short_backtrace::<std[617be2ca0a6fd877]::panicking::panic_handler::{closure#0}, !>
[INFO] [stdout]    9:     0x5c6608a1b12d - __rustc[ea4f61d10b84890b]::rust_begin_unwind
[INFO] [stdout]   10:     0x5c6608a5827c - core[a373ad73a504971]::panicking::panic_fmt
[INFO] [stdout]   11:     0x5c6608a58052 - core[a373ad73a504971]::result::unwrap_failed
[INFO] [stdout]   12:     0x5c66087627b0 - pithos_lib[ff138405e3b9a8fc]::archive::reader_private_tests::private
[INFO] [stdout]   13:     0x5c660875f3e9 - pithos_lib[ff138405e3b9a8fc]::archive::reader_private_tests::fixture_with_options
[INFO] [stdout]   14:     0x5c6608781c69 - <pithos_lib[ff138405e3b9a8fc]::archive::reader_private_tests::archive_ranges_are_half_open_and_invalid_ranges_do_not_acquire_payload::{closure#0} as core[a373ad73a504971]::ops::function::FnOnce<()>>::call_once
[INFO] [stdout]   15:     0x5c660884dcdb - test[aada8e7e76ba119b]::__rust_begin_short_backtrace::<core[a373ad73a504971]::result::Result<(), alloc[2e1b2a31b91974c5]::string::String>, fn() -> core[a373ad73a504971]::result::Result<(), alloc[2e1b2a31b91974c5]::string::String>>
[INFO] [stdout]   16:     0x5c660885aeb5 - test[aada8e7e76ba119b]::run_test::{closure#0}
[INFO] [stdout]   17:     0x5c66088547a4 - std[617be2ca0a6fd877]::sys::backtrace::__rust_begin_short_backtrace::<test[aada8e7e76ba119b]::run_test::{closure#1}, ()>
[INFO] [stdout]   18:     0x5c660885df42 - <std[617be2ca0a6fd877]::thread::lifecycle::spawn_unchecked<test[aada8e7e76ba119b]::run_test::{closure#1}, ()>::{closure#1} as core[a373ad73a504971]::ops::function::FnOnce<()>>::call_once::{shim:vtable#0}
[INFO] [stdout]   19:     0x5c6608a3ffaf - <std[617be2ca0a6fd877]::sys::thread::unix::Thread>::new::thread_start
[INFO] [stdout]   20:     0x7f2b76d37dfa - <unknown>
[INFO] [stdout]   21:     0x7f2b76dcb3d4 - clone
[INFO] [stdout]   22:                0x0 - <unknown>
[INFO] [stdout] 
[INFO] [stdout] ---- archive::reader_private_tests::a_tampered_piece_fails_before_any_content_is_indexed stdout ----
[INFO] [stdout] 
[INFO] [stdout] thread 'archive::reader_private_tests::a_tampered_piece_fails_before_any_content_is_indexed' (3299) panicked at src/archive/reader_private_tests.rs:30:71:
[INFO] [stdout] called `Result::unwrap()` on an `Err` value: Os { code: 2, kind: NotFound, message: "No such file or directory" }
[INFO] [stdout] stack backtrace:
[INFO] [stdout]    0:     0x5c6608a40ce1 - <<std[617be2ca0a6fd877]::sys::backtrace::BacktraceLock>::print::DisplayBacktrace as core[a373ad73a504971]::fmt::Display>::fmt
[INFO] [stdout]    1:     0x5c6608a57a9a - core[a373ad73a504971]::fmt::write
[INFO] [stdout]    2:     0x5c6608a456cc - <alloc[2e1b2a31b91974c5]::vec::Vec<u8> as core[a373ad73a504971]::io::write::Write>::write_fmt
[INFO] [stdout]    3:     0x5c6608a1a596 - std[617be2ca0a6fd877]::panicking::default_hook::{closure#0}
[INFO] [stdout]    4:     0x5c6608a37f69 - std[617be2ca0a6fd877]::panicking::default_hook
[INFO] [stdout]    5:     0x5c660885a890 - test[aada8e7e76ba119b]::test_main_inner::{closure#0}
[INFO] [stdout]    6:     0x5c6608a38122 - std[617be2ca0a6fd877]::panicking::panic_with_hook
[INFO] [stdout]    7:     0x5c6608a1a642 - std[617be2ca0a6fd877]::panicking::panic_handler::{closure#0}
[INFO] [stdout]    8:     0x5c6608a12fd9 - std[617be2ca0a6fd877]::sys::backtrace::__rust_end_short_backtrace::<std[617be2ca0a6fd877]::panicking::panic_handler::{closure#0}, !>
[INFO] [stdout]    9:     0x5c6608a1b12d - __rustc[ea4f61d10b84890b]::rust_begin_unwind
[INFO] [stdout]   10:     0x5c6608a5827c - core[a373ad73a504971]::panicking::panic_fmt
[INFO] [stdout]   11:     0x5c6608a58052 - core[a373ad73a504971]::result::unwrap_failed
[INFO] [stdout]   12:     0x5c66087627b0 - pithos_lib[ff138405e3b9a8fc]::archive::reader_private_tests::private
[INFO] [stdout]   13:     0x5c660875f3e9 - pithos_lib[ff138405e3b9a8fc]::archive::reader_private_tests::fixture_with_options
[INFO] [stdout]   14:     0x5c660875cb01 - pithos_lib[ff138405e3b9a8fc]::archive::reader_private_tests::pieces_fixture
[INFO] [stdout]   15:     0x5c660876a6c1 - <pithos_lib[ff138405e3b9a8fc]::archive::reader_private_tests::a_tampered_piece_fails_before_any_content_is_indexed::{closure#0} as core[a373ad73a504971]::ops::function::FnOnce<()>>::call_once
[INFO] [stdout]   16:     0x5c660884dcdb - test[aada8e7e76ba119b]::__rust_begin_short_backtrace::<core[a373ad73a504971]::result::Result<(), alloc[2e1b2a31b91974c5]::string::String>, fn() -> core[a373ad73a504971]::result::Result<(), alloc[2e1b2a31b91974c5]::string::String>>
[INFO] [stdout]   17:     0x5c660885aeb5 - test[aada8e7e76ba119b]::run_test::{closure#0}
[INFO] [stdout]   18:     0x5c66088547a4 - std[617be2ca0a6fd877]::sys::backtrace::__rust_begin_short_backtrace::<test[aada8e7e76ba119b]::run_test::{closure#1}, ()>
[INFO] [stdout]   19:     0x5c660885df42 - <std[617be2ca0a6fd877]::thread::lifecycle::spawn_unchecked<test[aada8e7e76ba119b]::run_test::{closure#1}, ()>::{closure#1} as core[a373ad73a504971]::ops::function::FnOnce<()>>::call_once::{shim:vtable#0}
[INFO] [stdout]   20:     0x5c6608a3ffaf - <std[617be2ca0a6fd877]::sys::thread::unix::Thread>::new::thread_start
[INFO] [stdout]   21:     0x7f2b76d37dfa - <unknown>
[INFO] [stdout]   22:     0x7f2b76dcb3d4 - clone
[INFO] [stdout]   23:                0x0 - <unknown>
[INFO] [stdout] 
[INFO] [stdout] ---- archive::reader_private_tests::a_missing_piece_key_leaves_the_content_unavailable stdout ----
[INFO] [stdout] 
[INFO] [stdout] thread 'archive::reader_private_tests::a_missing_piece_key_leaves_the_content_unavailable' (3298) panicked at src/archive/reader_private_tests.rs:30:71:
[INFO] [stdout] called `Result::unwrap()` on an `Err` value: Os { code: 2, kind: NotFound, message: "No such file or directory" }
[INFO] [stdout] stack backtrace:
[INFO] [stdout]    0:     0x5c6608a40ce1 - <<std[617be2ca0a6fd877]::sys::backtrace::BacktraceLock>::print::DisplayBacktrace as core[a373ad73a504971]::fmt::Display>::fmt
[INFO] [stdout]    1:     0x5c6608a57a9a - core[a373ad73a504971]::fmt::write
[INFO] [stdout]    2:     0x5c6608a456cc - <alloc[2e1b2a31b91974c5]::vec::Vec<u8> as core[a373ad73a504971]::io::write::Write>::write_fmt
[INFO] [stdout]    3:     0x5c6608a1a596 - std[617be2ca0a6fd877]::panicking::default_hook::{closure#0}
[INFO] [stdout]    4:     0x5c6608a37f69 - std[617be2ca0a6fd877]::panicking::default_hook
[INFO] [stdout]    5:     0x5c660885a890 - test[aada8e7e76ba119b]::test_main_inner::{closure#0}
[INFO] [stdout]    6:     0x5c6608a38122 - std[617be2ca0a6fd877]::panicking::panic_with_hook
[INFO] [stdout]    7:     0x5c6608a1a642 - std[617be2ca0a6fd877]::panicking::panic_handler::{closure#0}
[INFO] [stdout]    8:     0x5c6608a12fd9 - std[617be2ca0a6fd877]::sys::backtrace::__rust_end_short_backtrace::<std[617be2ca0a6fd877]::panicking::panic_handler::{closure#0}, !>
[INFO] [stdout]    9:     0x5c6608a1b12d - __rustc[ea4f61d10b84890b]::rust_begin_unwind
[INFO] [stdout]   10:     0x5c6608a5827c - core[a373ad73a504971]::panicking::panic_fmt
[INFO] [stdout]   11:     0x5c6608a58052 - core[a373ad73a504971]::result::unwrap_failed
[INFO] [stdout]   12:     0x5c66087627b0 - pithos_lib[ff138405e3b9a8fc]::archive::reader_private_tests::private
[INFO] [stdout]   13:     0x5c660875f3e9 - pithos_lib[ff138405e3b9a8fc]::archive::reader_private_tests::fixture_with_options
[INFO] [stdout]   14:     0x5c660875cb01 - pithos_lib[ff138405e3b9a8fc]::archive::reader_private_tests::pieces_fixture
[INFO] [stdout]   15:     0x5c66087676c1 - <pithos_lib[ff138405e3b9a8fc]::archive::reader_private_tests::a_missing_piece_key_leaves_the_content_unavailable::{closure#0} as core[a373ad73a504971]::ops::function::FnOnce<()>>::call_once
[INFO] [stdout]   16:     0x5c660884dcdb - test[aada8e7e76ba119b]::__rust_begin_short_backtrace::<core[a373ad73a504971]::result::Result<(), alloc[2e1b2a31b91974c5]::string::String>, fn() -> core[a373ad73a504971]::result::Result<(), alloc[2e1b2a31b91974c5]::string::String>>
[INFO] [stdout]   17:     0x5c660885aeb5 - test[aada8e7e76ba119b]::run_test::{closure#0}
[INFO] [stdout]   18:     0x5c66088547a4 - std[617be2ca0a6fd877]::sys::backtrace::__rust_begin_short_backtrace::<test[aada8e7e76ba119b]::run_test::{closure#1}, ()>
[INFO] [stdout]   19:     0x5c660885df42 - <std[617be2ca0a6fd877]::thread::lifecycle::spawn_unchecked<test[aada8e7e76ba119b]::run_test::{closure#1}, ()>::{closure#1} as core[a373ad73a504971]::ops::function::FnOnce<()>>::call_once::{shim:vtable#0}
[INFO] [stdout]   20:     0x5c6608a3ffaf - <std[617be2ca0a6fd877]::sys::thread::unix::Thread>::new::thread_start
[INFO] [stdout]   21:     0x7f2b76d37dfa - <unknown>
[INFO] [stdout]   22:     0x7f2b76dcb3d4 - clone
[INFO] [stdout]   23:                0x0 - <unknown>
[INFO] [stdout] 
[INFO] [stdout] ---- archive::reader_private_tests::aes_256_gcm_blocks_verify_payload_and_cipher_before_output stdout ----
[INFO] [stdout] 
[INFO] [stdout] thread 'archive::reader_private_tests::aes_256_gcm_blocks_verify_payload_and_cipher_before_output' (3300) panicked at src/archive/reader_private_tests.rs:30:71:
[INFO] [stdout] called `Result::unwrap()` on an `Err` value: Os { code: 2, kind: NotFound, message: "No such file or directory" }
[INFO] [stdout] stack backtrace:
[INFO] [stdout]    0:     0x5c6608a40ce1 - <<std[617be2ca0a6fd877]::sys::backtrace::BacktraceLock>::print::DisplayBacktrace as core[a373ad73a504971]::fmt::Display>::fmt
[INFO] [stdout]    1:     0x5c6608a57a9a - core[a373ad73a504971]::fmt::write
[INFO] [stdout]    2:     0x5c6608a456cc - <alloc[2e1b2a31b91974c5]::vec::Vec<u8> as core[a373ad73a504971]::io::write::Write>::write_fmt
[INFO] [stdout]    3:     0x5c6608a1a596 - std[617be2ca0a6fd877]::panicking::default_hook::{closure#0}
[INFO] [stdout]    4:     0x5c6608a37f69 - std[617be2ca0a6fd877]::panicking::default_hook
[INFO] [stdout]    5:     0x5c660885a890 - test[aada8e7e76ba119b]::test_main_inner::{closure#0}
[INFO] [stdout]    6:     0x5c6608a38122 - std[617be2ca0a6fd877]::panicking::panic_with_hook
[INFO] [stdout]    7:     0x5c6608a1a642 - std[617be2ca0a6fd877]::panicking::panic_handler::{closure#0}
[INFO] [stdout]    8:     0x5c6608a12fd9 - std[617be2ca0a6fd877]::sys::backtrace::__rust_end_short_backtrace::<std[617be2ca0a6fd877]::panicking::panic_handler::{closure#0}, !>
[INFO] [stdout]    9:     0x5c6608a1b12d - __rustc[ea4f61d10b84890b]::rust_begin_unwind
[INFO] [stdout]   10:     0x5c6608a5827c - core[a373ad73a504971]::panicking::panic_fmt
[INFO] [stdout]   11:     0x5c6608a58052 - core[a373ad73a504971]::result::unwrap_failed
[INFO] [stdout]   12:     0x5c66087627b0 - pithos_lib[ff138405e3b9a8fc]::archive::reader_private_tests::private
[INFO] [stdout]   13:     0x5c660876063b - pithos_lib[ff138405e3b9a8fc]::archive::reader_private_tests::fixture_with_processing
[INFO] [stdout]   14:     0x5c6608770fa2 - <pithos_lib[ff138405e3b9a8fc]::archive::reader_private_tests::aes_256_gcm_blocks_verify_payload_and_cipher_before_output::{closure#0} as core[a373ad73a504971]::ops::function::FnOnce<()>>::call_once
[INFO] [stdout]   15:     0x5c660884dcdb - test[aada8e7e76ba119b]::__rust_begin_short_backtrace::<core[a373ad73a504971]::result::Result<(), alloc[2e1b2a31b91974c5]::string::String>, fn() -> core[a373ad73a504971]::result::Result<(), alloc[2e1b2a31b91974c5]::string::String>>
[INFO] [stdout]   16:     0x5c660885aeb5 - test[aada8e7e76ba119b]::run_test::{closure#0}
[INFO] [stdout]   17:     0x5c66088547a4 - std[617be2ca0a6fd877]::sys::backtrace::__rust_begin_short_backtrace::<test[aada8e7e76ba119b]::run_test::{closure#1}, ()>
[INFO] [stdout]   18:     0x5c660885df42 - <std[617be2ca0a6fd877]::thread::lifecycle::spawn_unchecked<test[aada8e7e76ba119b]::run_test::{closure#1}, ()>::{closure#1} as core[a373ad73a504971]::ops::function::FnOnce<()>>::call_once::{shim:vtable#0}
[INFO] [stdout]   19:     0x5c6608a3ffaf - <std[617be2ca0a6fd877]::sys::thread::unix::Thread>::new::thread_start
[INFO] [stdout]   20:     0x7f2b76d37dfa - <unknown>
[INFO] [stdout]   21:     0x7f2b76dcb3d4 - clone
[INFO] [stdout]   22:                0x0 - <unknown>
[INFO] [stdout] 
[INFO] [stdout] ---- archive::reader_private_tests::archive_opens_terminal_entries_preserving_entry_order_and_unavailable_entries stdout ----
[INFO] [stdout] 
[INFO] [stdout] thread 'archive::reader_private_tests::archive_opens_terminal_entries_preserving_entry_order_and_unavailable_entries' (3309) panicked at src/archive/reader_private_tests.rs:30:71:
[INFO] [stdout] called `Result::unwrap()` on an `Err` value: Os { code: 2, kind: NotFound, message: "No such file or directory" }
[INFO] [stdout] stack backtrace:
[INFO] [stdout]    0:     0x5c6608a40ce1 - <<std[617be2ca0a6fd877]::sys::backtrace::BacktraceLock>::print::DisplayBacktrace as core[a373ad73a504971]::fmt::Display>::fmt
[INFO] [stdout]    1:     0x5c6608a57a9a - core[a373ad73a504971]::fmt::write
[INFO] [stdout]    2:     0x5c6608a456cc - <alloc[2e1b2a31b91974c5]::vec::Vec<u8> as core[a373ad73a504971]::io::write::Write>::write_fmt
[INFO] [stdout]    3:     0x5c6608a1a596 - std[617be2ca0a6fd877]::panicking::default_hook::{closure#0}
[INFO] [stdout]    4:     0x5c6608a37f69 - std[617be2ca0a6fd877]::panicking::default_hook
[INFO] [stdout]    5:     0x5c660885a890 - test[aada8e7e76ba119b]::test_main_inner::{closure#0}
[INFO] [stdout]    6:     0x5c6608a38122 - std[617be2ca0a6fd877]::panicking::panic_with_hook
[INFO] [stdout]    7:     0x5c6608a1a642 - std[617be2ca0a6fd877]::panicking::panic_handler::{closure#0}
[INFO] [stdout]    8:     0x5c6608a12fd9 - std[617be2ca0a6fd877]::sys::backtrace::__rust_end_short_backtrace::<std[617be2ca0a6fd877]::panicking::panic_handler::{closure#0}, !>
[INFO] [stdout]    9:     0x5c6608a1b12d - __rustc[ea4f61d10b84890b]::rust_begin_unwind
[INFO] [stdout]   10:     0x5c6608a5827c - core[a373ad73a504971]::panicking::panic_fmt
[INFO] [stdout]   11:     0x5c6608a58052 - core[a373ad73a504971]::result::unwrap_failed
[INFO] [stdout]   12:     0x5c66087627b0 - pithos_lib[ff138405e3b9a8fc]::archive::reader_private_tests::private
[INFO] [stdout]   13:     0x5c660875cf62 - pithos_lib[ff138405e3b9a8fc]::archive::reader_private_tests::fixture_entries
[INFO] [stdout]   14:     0x5c6608785e18 - <pithos_lib[ff138405e3b9a8fc]::archive::reader_private_tests::archive_opens_terminal_entries_preserving_entry_order_and_unavailable_entries::{closure#0} as core[a373ad73a504971]::ops::function::FnOnce<()>>::call_once
[INFO] [stdout]   15:     0x5c660884dcdb - test[aada8e7e76ba119b]::__rust_begin_short_backtrace::<core[a373ad73a504971]::result::Result<(), alloc[2e1b2a31b91974c5]::string::String>, fn() -> core[a373ad73a504971]::result::Result<(), alloc[2e1b2a31b91974c5]::string::String>>
[INFO] [stdout]   16:     0x5c660885aeb5 - test[aada8e7e76ba119b]::run_test::{closure#0}
[INFO] [stdout]   17:     0x5c66088547a4 - std[617be2ca0a6fd877]::sys::backtrace::__rust_begin_short_backtrace::<test[aada8e7e76ba119b]::run_test::{closure#1}, ()>
[INFO] [stdout]   18:     0x5c660885df42 - <std[617be2ca0a6fd877]::thread::lifecycle::spawn_unchecked<test[aada8e7e76ba119b]::run_test::{closure#1}, ()>::{closure#1} as core[a373ad73a504971]::ops::function::FnOnce<()>>::call_once::{shim:vtable#0}
[INFO] [stdout]   19:     0x5c6608a3ffaf - <std[617be2ca0a6fd877]::sys::thread::unix::Thread>::new::thread_start
[INFO] [stdout]   20:     0x7f2b76d37dfa - <unknown>
[INFO] [stdout]   21:     0x7f2b76dcb3d4 - clone
[INFO] [stdout]   22:                0x0 - <unknown>
[INFO] [stdout] 
[INFO] [stdout] ---- archive::reader_private_tests::appended_standard_relationship_repeats_must_match stdout ----
[INFO] [stdout] 
[INFO] [stdout] thread 'archive::reader_private_tests::appended_standard_relationship_repeats_must_match' (3303) panicked at src/archive/reader_private_tests.rs:30:71:
[INFO] [stdout] called `Result::unwrap()` on an `Err` value: Os { code: 2, kind: NotFound, message: "No such file or directory" }
[INFO] [stdout] stack backtrace:
[INFO] [stdout]    0:     0x5c6608a40ce1 - <<std[617be2ca0a6fd877]::sys::backtrace::BacktraceLock>::print::DisplayBacktrace as core[a373ad73a504971]::fmt::Display>::fmt
[INFO] [stdout]    1:     0x5c6608a57a9a - core[a373ad73a504971]::fmt::write
[INFO] [stdout]    2:     0x5c6608a456cc - <alloc[2e1b2a31b91974c5]::vec::Vec<u8> as core[a373ad73a504971]::io::write::Write>::write_fmt
[INFO] [stdout]    3:     0x5c6608a1a596 - std[617be2ca0a6fd877]::panicking::default_hook::{closure#0}
[INFO] [stdout]    4:     0x5c6608a37f69 - std[617be2ca0a6fd877]::panicking::default_hook
[INFO] [stdout]    5:     0x5c660885a890 - test[aada8e7e76ba119b]::test_main_inner::{closure#0}
[INFO] [stdout]    6:     0x5c6608a38122 - std[617be2ca0a6fd877]::panicking::panic_with_hook
[INFO] [stdout]    7:     0x5c6608a1a642 - std[617be2ca0a6fd877]::panicking::panic_handler::{closure#0}
[INFO] [stdout]    8:     0x5c6608a12fd9 - std[617be2ca0a6fd877]::sys::backtrace::__rust_end_short_backtrace::<std[617be2ca0a6fd877]::panicking::panic_handler::{closure#0}, !>
[INFO] [stdout]    9:     0x5c6608a1b12d - __rustc[ea4f61d10b84890b]::rust_begin_unwind
[INFO] [stdout]   10:     0x5c6608a5827c - core[a373ad73a504971]::panicking::panic_fmt
[INFO] [stdout]   11:     0x5c6608a58052 - core[a373ad73a504971]::result::unwrap_failed
[INFO] [stdout]   12:     0x5c66087627b0 - pithos_lib[ff138405e3b9a8fc]::archive::reader_private_tests::private
[INFO] [stdout]   13:     0x5c660875f3e9 - pithos_lib[ff138405e3b9a8fc]::archive::reader_private_tests::fixture_with_options
[INFO] [stdout]   14:     0x5c6608767196 - <pithos_lib[ff138405e3b9a8fc]::archive::reader_private_tests::appended_standard_relationship_repeats_must_match::{closure#0} as core[a373ad73a504971]::ops::function::FnOnce<()>>::call_once
[INFO] [stdout]   15:     0x5c660884dcdb - test[aada8e7e76ba119b]::__rust_begin_short_backtrace::<core[a373ad73a504971]::result::Result<(), alloc[2e1b2a31b91974c5]::string::String>, fn() -> core[a373ad73a504971]::result::Result<(), alloc[2e1b2a31b91974c5]::string::String>>
[INFO] [stdout]   16:     0x5c660885aeb5 - test[aada8e7e76ba119b]::run_test::{closure#0}
[INFO] [stdout]   17:     0x5c66088547a4 - std[617be2ca0a6fd877]::sys::backtrace::__rust_begin_short_backtrace::<test[aada8e7e76ba119b]::run_test::{closure#1}, ()>
[INFO] [stdout]   18:     0x5c660885df42 - <std[617be2ca0a6fd877]::thread::lifecycle::spawn_unchecked<test[aada8e7e76ba119b]::run_test::{closure#1}, ()>::{closure#1} as core[a373ad73a504971]::ops::function::FnOnce<()>>::call_once::{shim:vtable#0}
[INFO] [stdout]   19:     0x5c6608a3ffaf - <std[617be2ca0a6fd877]::sys::thread::unix::Thread>::new::thread_start
[INFO] [stdout]   20:     0x7f2b76d37dfa - <unknown>
[INFO] [stdout]   21:     0x7f2b76dcb3d4 - clone
[INFO] [stdout]   22:                0x0 - <unknown>
[INFO] [stdout] 
[INFO] [stdout] ---- archive::reader_private_tests::archive_block_limits_reject_before_local_or_external_acquisition stdout ----
[INFO] [stdout] 
[INFO] [stdout] thread 'archive::reader_private_tests::archive_block_limits_reject_before_local_or_external_acquisition' (3304) panicked at src/archive/reader_private_tests.rs:30:71:
[INFO] [stdout] called `Result::unwrap()` on an `Err` value: Os { code: 2, kind: NotFound, message: "No such file or directory" }
[INFO] [stdout] stack backtrace:
[INFO] [stdout]    0:     0x5c6608a40ce1 - <<std[617be2ca0a6fd877]::sys::backtrace::BacktraceLock>::print::DisplayBacktrace as core[a373ad73a504971]::fmt::Display>::fmt
[INFO] [stdout]    1:     0x5c6608a57a9a - core[a373ad73a504971]::fmt::write
[INFO] [stdout]    2:     0x5c6608a456cc - <alloc[2e1b2a31b91974c5]::vec::Vec<u8> as core[a373ad73a504971]::io::write::Write>::write_fmt
[INFO] [stdout]    3:     0x5c6608a1a596 - std[617be2ca0a6fd877]::panicking::default_hook::{closure#0}
[INFO] [stdout]    4:     0x5c6608a37f69 - std[617be2ca0a6fd877]::panicking::default_hook
[INFO] [stdout]    5:     0x5c660885a890 - test[aada8e7e76ba119b]::test_main_inner::{closure#0}
[INFO] [stdout]    6:     0x5c6608a38122 - std[617be2ca0a6fd877]::panicking::panic_with_hook
[INFO] [stdout]    7:     0x5c6608a1a642 - std[617be2ca0a6fd877]::panicking::panic_handler::{closure#0}
[INFO] [stdout]    8:     0x5c6608a12fd9 - std[617be2ca0a6fd877]::sys::backtrace::__rust_end_short_backtrace::<std[617be2ca0a6fd877]::panicking::panic_handler::{closure#0}, !>
[INFO] [stdout]    9:     0x5c6608a1b12d - __rustc[ea4f61d10b84890b]::rust_begin_unwind
[INFO] [stdout]   10:     0x5c6608a5827c - core[a373ad73a504971]::panicking::panic_fmt
[INFO] [stdout]   11:     0x5c6608a58052 - core[a373ad73a504971]::result::unwrap_failed
[INFO] [stdout]   12:     0x5c66087627b0 - pithos_lib[ff138405e3b9a8fc]::archive::reader_private_tests::private
[INFO] [stdout]   13:     0x5c660875f3e9 - pithos_lib[ff138405e3b9a8fc]::archive::reader_private_tests::fixture_with_options
[INFO] [stdout]   14:     0x5c6608779c8e - <pithos_lib[ff138405e3b9a8fc]::archive::reader_private_tests::archive_block_limits_reject_before_local_or_external_acquisition::{closure#0} as core[a373ad73a504971]::ops::function::FnOnce<()>>::call_once
[INFO] [stdout]   15:     0x5c660884dcdb - test[aada8e7e76ba119b]::__rust_begin_short_backtrace::<core[a373ad73a504971]::result::Result<(), alloc[2e1b2a31b91974c5]::string::String>, fn() -> core[a373ad73a504971]::result::Result<(), alloc[2e1b2a31b91974c5]::string::String>>
[INFO] [stdout]   16:     0x5c660885aeb5 - test[aada8e7e76ba119b]::run_test::{closure#0}
[INFO] [stdout]   17:     0x5c66088547a4 - std[617be2ca0a6fd877]::sys::backtrace::__rust_begin_short_backtrace::<test[aada8e7e76ba119b]::run_test::{closure#1}, ()>
[INFO] [stdout]   18:     0x5c660885df42 - <std[617be2ca0a6fd877]::thread::lifecycle::spawn_unchecked<test[aada8e7e76ba119b]::run_test::{closure#1}, ()>::{closure#1} as core[a373ad73a504971]::ops::function::FnOnce<()>>::call_once::{shim:vtable#0}
[INFO] [stdout]   19:     0x5c6608a3ffaf - <std[617be2ca0a6fd877]::sys::thread::unix::Thread>::new::thread_start
[INFO] [stdout]   20:     0x7f2b76d37dfa - <unknown>
[INFO] [stdout]   21:     0x7f2b76dcb3d4 - clone
[INFO] [stdout]   22:                0x0 - <unknown>
[INFO] [stdout] 
[INFO] [stdout] ---- archive::reader_private_tests::archive_rejects_bad_compressed_payload_before_sink_output stdout ----
[INFO] [stdout] 
[INFO] [stdout] thread 'archive::reader_private_tests::archive_rejects_bad_compressed_payload_before_sink_output' (3312) panicked at src/archive/reader_private_tests.rs:30:71:
[INFO] [stdout] called `Result::unwrap()` on an `Err` value: Os { code: 2, kind: NotFound, message: "No such file or directory" }
[INFO] [stdout] stack backtrace:
[INFO] [stdout]    0:     0x5c6608a40ce1 - <<std[617be2ca0a6fd877]::sys::backtrace::BacktraceLock>::print::DisplayBacktrace as core[a373ad73a504971]::fmt::Display>::fmt
[INFO] [stdout]    1:     0x5c6608a57a9a - core[a373ad73a504971]::fmt::write
[INFO] [stdout]    2:     0x5c6608a456cc - <alloc[2e1b2a31b91974c5]::vec::Vec<u8> as core[a373ad73a504971]::io::write::Write>::write_fmt
[INFO] [stdout]    3:     0x5c6608a1a596 - std[617be2ca0a6fd877]::panicking::default_hook::{closure#0}
[INFO] [stdout]    4:     0x5c6608a37f69 - std[617be2ca0a6fd877]::panicking::default_hook
[INFO] [stdout]    5:     0x5c660885a890 - test[aada8e7e76ba119b]::test_main_inner::{closure#0}
[INFO] [stdout]    6:     0x5c6608a38122 - std[617be2ca0a6fd877]::panicking::panic_with_hook
[INFO] [stdout]    7:     0x5c6608a1a642 - std[617be2ca0a6fd877]::panicking::panic_handler::{closure#0}
[INFO] [stdout]    8:     0x5c6608a12fd9 - std[617be2ca0a6fd877]::sys::backtrace::__rust_end_short_backtrace::<std[617be2ca0a6fd877]::panicking::panic_handler::{closure#0}, !>
[INFO] [stdout]    9:     0x5c6608a1b12d - __rustc[ea4f61d10b84890b]::rust_begin_unwind
[INFO] [stdout]   10:     0x5c6608a5827c - core[a373ad73a504971]::panicking::panic_fmt
[INFO] [stdout]   11:     0x5c6608a58052 - core[a373ad73a504971]::result::unwrap_failed
[INFO] [stdout]   12:     0x5c66087627b0 - pithos_lib[ff138405e3b9a8fc]::archive::reader_private_tests::private
[INFO] [stdout]   13:     0x5c660875f3e9 - pithos_lib[ff138405e3b9a8fc]::archive::reader_private_tests::fixture_with_options
[INFO] [stdout]   14:     0x5c6608770359 - <pithos_lib[ff138405e3b9a8fc]::archive::reader_private_tests::archive_rejects_bad_compressed_payload_before_sink_output::{closure#0} as core[a373ad73a504971]::ops::function::FnOnce<()>>::call_once
[INFO] [stdout]   15:     0x5c660884dcdb - test[aada8e7e76ba119b]::__rust_begin_short_backtrace::<core[a373ad73a504971]::result::Result<(), alloc[2e1b2a31b91974c5]::string::String>, fn() -> core[a373ad73a504971]::result::Result<(), alloc[2e1b2a31b91974c5]::string::String>>
[INFO] [stdout]   16:     0x5c660885aeb5 - test[aada8e7e76ba119b]::run_test::{closure#0}
[INFO] [stdout]   17:     0x5c66088547a4 - std[617be2ca0a6fd877]::sys::backtrace::__rust_begin_short_backtrace::<test[aada8e7e76ba119b]::run_test::{closure#1}, ()>
[INFO] [stdout]   18:     0x5c660885df42 - <std[617be2ca0a6fd877]::thread::lifecycle::spawn_unchecked<test[aada8e7e76ba119b]::run_test::{closure#1}, ()>::{closure#1} as core[a373ad73a504971]::ops::function::FnOnce<()>>::call_once::{shim:vtable#0}
[INFO] [stdout]   19:     0x5c6608a3ffaf - <std[617be2ca0a6fd877]::sys::thread::unix::Thread>::new::thread_start
[INFO] [stdout]   20:     0x7f2b76d37dfa - <unknown>
[INFO] [stdout]   21:     0x7f2b76dcb3d4 - clone
[INFO] [stdout]   22:                0x0 - <unknown>
[INFO] [stdout] 
[INFO] [stdout] ---- archive::reader_private_tests::an_expected_digest_mismatch_fails_before_any_metadata_is_decrypted stdout ----
[INFO] [stdout] 
[INFO] [stdout] thread 'archive::reader_private_tests::an_expected_digest_mismatch_fails_before_any_metadata_is_decrypted' (3302) panicked at src/archive/reader_private_tests.rs:30:71:
[INFO] [stdout] called `Result::unwrap()` on an `Err` value: Os { code: 2, kind: NotFound, message: "No such file or directory" }
[INFO] [stdout] stack backtrace:
[INFO] [stdout]    0:     0x5c6608a40ce1 - <<std[617be2ca0a6fd877]::sys::backtrace::BacktraceLock>::print::DisplayBacktrace as core[a373ad73a504971]::fmt::Display>::fmt
[INFO] [stdout]    1:     0x5c6608a57a9a - core[a373ad73a504971]::fmt::write
[INFO] [stdout]    2:     0x5c6608a456cc - <alloc[2e1b2a31b91974c5]::vec::Vec<u8> as core[a373ad73a504971]::io::write::Write>::write_fmt
[INFO] [stdout]    3:     0x5c6608a1a596 - std[617be2ca0a6fd877]::panicking::default_hook::{closure#0}
[INFO] [stdout]    4:     0x5c6608a37f69 - std[617be2ca0a6fd877]::panicking::default_hook
[INFO] [stdout]    5:     0x5c660885a890 - test[aada8e7e76ba119b]::test_main_inner::{closure#0}
[INFO] [stdout]    6:     0x5c6608a38122 - std[617be2ca0a6fd877]::panicking::panic_with_hook
[INFO] [stdout]    7:     0x5c6608a1a642 - std[617be2ca0a6fd877]::panicking::panic_handler::{closure#0}
[INFO] [stdout]    8:     0x5c6608a12fd9 - std[617be2ca0a6fd877]::sys::backtrace::__rust_end_short_backtrace::<std[617be2ca0a6fd877]::panicking::panic_handler::{closure#0}, !>
[INFO] [stdout]    9:     0x5c6608a1b12d - __rustc[ea4f61d10b84890b]::rust_begin_unwind
[INFO] [stdout]   10:     0x5c6608a5827c - core[a373ad73a504971]::panicking::panic_fmt
[INFO] [stdout]   11:     0x5c6608a58052 - core[a373ad73a504971]::result::unwrap_failed
[INFO] [stdout]   12:     0x5c66087627b0 - pithos_lib[ff138405e3b9a8fc]::archive::reader_private_tests::private
[INFO] [stdout]   13:     0x5c660875f3e9 - pithos_lib[ff138405e3b9a8fc]::archive::reader_private_tests::fixture_with_options
[INFO] [stdout]   14:     0x5c660877b59e - <pithos_lib[ff138405e3b9a8fc]::archive::reader_private_tests::an_expected_digest_mismatch_fails_before_any_metadata_is_decrypted::{closure#0} as core[a373ad73a504971]::ops::function::FnOnce<()>>::call_once
[INFO] [stdout]   15:     0x5c660884dcdb - test[aada8e7e76ba119b]::__rust_begin_short_backtrace::<core[a373ad73a504971]::result::Result<(), alloc[2e1b2a31b91974c5]::string::String>, fn() -> core[a373ad73a504971]::result::Result<(), alloc[2e1b2a31b91974c5]::string::String>>
[INFO] [stdout]   16:     0x5c660885aeb5 - test[aada8e7e76ba119b]::run_test::{closure#0}
[INFO] [stdout]   17:     0x5c66088547a4 - std[617be2ca0a6fd877]::sys::backtrace::__rust_begin_short_backtrace::<test[aada8e7e76ba119b]::run_test::{closure#1}, ()>
[INFO] [stdout]   18:     0x5c660885df42 - <std[617be2ca0a6fd877]::thread::lifecycle::spawn_unchecked<test[aada8e7e76ba119b]::run_test::{closure#1}, ()>::{closure#1} as core[a373ad73a504971]::ops::function::FnOnce<()>>::call_once::{shim:vtable#0}
[INFO] [stdout]   19:     0x5c6608a3ffaf - <std[617be2ca0a6fd877]::sys::thread::unix::Thread>::new::thread_start
[INFO] [stdout]   20:     0x7f2b76d37dfa - <unknown>
[INFO] [stdout]   21:     0x7f2b76dcb3d4 - clone
[INFO] [stdout]   22:                0x0 - <unknown>
[INFO] [stdout] 
[INFO] [stdout] ---- archive::reader_private_tests::archive_rejects_bad_nonce_tag_and_ciphertext_before_sink_output stdout ----
[INFO] [stdout] 
[INFO] [stdout] thread 'archive::reader_private_tests::archive_rejects_bad_nonce_tag_and_ciphertext_before_sink_output' (3313) panicked at src/archive/reader_private_tests.rs:30:71:
[INFO] [stdout] called `Result::unwrap()` on an `Err` value: Os { code: 2, kind: NotFound, message: "No such file or directory" }
[INFO] [stdout] stack backtrace:
[INFO] [stdout]    0:     0x5c6608a40ce1 - <<std[617be2ca0a6fd877]::sys::backtrace::BacktraceLock>::print::DisplayBacktrace as core[a373ad73a504971]::fmt::Display>::fmt
[INFO] [stdout]    1:     0x5c6608a57a9a - core[a373ad73a504971]::fmt::write
[INFO] [stdout]    2:     0x5c6608a456cc - <alloc[2e1b2a31b91974c5]::vec::Vec<u8> as core[a373ad73a504971]::io::write::Write>::write_fmt
[INFO] [stdout]    3:     0x5c6608a1a596 - std[617be2ca0a6fd877]::panicking::default_hook::{closure#0}
[INFO] [stdout]    4:     0x5c6608a37f69 - std[617be2ca0a6fd877]::panicking::default_hook
[INFO] [stdout]    5:     0x5c660885a890 - test[aada8e7e76ba119b]::test_main_inner::{closure#0}
[INFO] [stdout]    6:     0x5c6608a38122 - std[617be2ca0a6fd877]::panicking::panic_with_hook
[INFO] [stdout]    7:     0x5c6608a1a642 - std[617be2ca0a6fd877]::panicking::panic_handler::{closure#0}
[INFO] [stdout]    8:     0x5c6608a12fd9 - std[617be2ca0a6fd877]::sys::backtrace::__rust_end_short_backtrace::<std[617be2ca0a6fd877]::panicking::panic_handler::{closure#0}, !>
[INFO] [stdout]    9:     0x5c6608a1b12d - __rustc[ea4f61d10b84890b]::rust_begin_unwind
[INFO] [stdout]   10:     0x5c6608a5827c - core[a373ad73a504971]::panicking::panic_fmt
[INFO] [stdout]   11:     0x5c6608a58052 - core[a373ad73a504971]::result::unwrap_failed
[INFO] [stdout]   12:     0x5c66087627b0 - pithos_lib[ff138405e3b9a8fc]::archive::reader_private_tests::private
[INFO] [stdout]   13:     0x5c660875f3e9 - pithos_lib[ff138405e3b9a8fc]::archive::reader_private_tests::fixture_with_options
[INFO] [stdout]   14:     0x5c6608779a57 - <pithos_lib[ff138405e3b9a8fc]::archive::reader_private_tests::archive_rejects_bad_nonce_tag_and_ciphertext_before_sink_output::{closure#0} as core[a373ad73a504971]::ops::function::FnOnce<()>>::call_once
[INFO] [stdout]   15:     0x5c660884dcdb - test[aada8e7e76ba119b]::__rust_begin_short_backtrace::<core[a373ad73a504971]::result::Result<(), alloc[2e1b2a31b91974c5]::string::String>, fn() -> core[a373ad73a504971]::result::Result<(), alloc[2e1b2a31b91974c5]::string::String>>
[INFO] [stdout]   16:     0x5c660885aeb5 - test[aada8e7e76ba119b]::run_test::{closure#0}
[INFO] [stdout]   17:     0x5c66088547a4 - std[617be2ca0a6fd877]::sys::backtrace::__rust_begin_short_backtrace::<test[aada8e7e76ba119b]::run_test::{closure#1}, ()>
[INFO] [stdout]   18:     0x5c660885df42 - <std[617be2ca0a6fd877]::thread::lifecycle::spawn_unchecked<test[aada8e7e76ba119b]::run_test::{closure#1}, ()>::{closure#1} as core[a373ad73a504971]::ops::function::FnOnce<()>>::call_once::{shim:vtable#0}
[INFO] [stdout]   19:     0x5c6608a3ffaf - <std[617be2ca0a6fd877]::sys::thread::unix::Thread>::new::thread_start
[INFO] [stdout]   20:     0x7f2b76d37dfa - <unknown>
[INFO] [stdout]   21:     0x7f2b76dcb3d4 - clone
[INFO] [stdout]   22:                0x0 - <unknown>
[INFO] [stdout] 
[INFO] [stdout] ---- archive::reader_private_tests::archive_rejects_conflicting_recovered_file_keys_at_open stdout ----
[INFO] [stdout] 
[INFO] [stdout] thread 'archive::reader_private_tests::archive_rejects_conflicting_recovered_file_keys_at_open' (3314) panicked at src/archive/reader_private_tests.rs:30:71:
[INFO] [stdout] called `Result::unwrap()` on an `Err` value: Os { code: 2, kind: NotFound, message: "No such file or directory" }
[INFO] [stdout] stack backtrace:
[INFO] [stdout]    0:     0x5c6608a40ce1 - <<std[617be2ca0a6fd877]::sys::backtrace::BacktraceLock>::print::DisplayBacktrace as core[a373ad73a504971]::fmt::Display>::fmt
[INFO] [stdout]    1:     0x5c6608a57a9a - core[a373ad73a504971]::fmt::write
[INFO] [stdout]    2:     0x5c6608a456cc - <alloc[2e1b2a31b91974c5]::vec::Vec<u8> as core[a373ad73a504971]::io::write::Write>::write_fmt
[INFO] [stdout]    3:     0x5c6608a1a596 - std[617be2ca0a6fd877]::panicking::default_hook::{closure#0}
[INFO] [stdout]    4:     0x5c6608a37f69 - std[617be2ca0a6fd877]::panicking::default_hook
[INFO] [stdout]    5:     0x5c660885a890 - test[aada8e7e76ba119b]::test_main_inner::{closure#0}
[INFO] [stdout]    6:     0x5c6608a38122 - std[617be2ca0a6fd877]::panicking::panic_with_hook
[INFO] [stdout]    7:     0x5c6608a1a642 - std[617be2ca0a6fd877]::panicking::panic_handler::{closure#0}
[INFO] [stdout]    8:     0x5c6608a12fd9 - std[617be2ca0a6fd877]::sys::backtrace::__rust_end_short_backtrace::<std[617be2ca0a6fd877]::panicking::panic_handler::{closure#0}, !>
[INFO] [stdout]    9:     0x5c6608a1b12d - __rustc[ea4f61d10b84890b]::rust_begin_unwind
[INFO] [stdout]   10:     0x5c6608a5827c - core[a373ad73a504971]::panicking::panic_fmt
[INFO] [stdout]   11:     0x5c6608a58052 - core[a373ad73a504971]::result::unwrap_failed
[INFO] [stdout]   12:     0x5c66087627b0 - pithos_lib[ff138405e3b9a8fc]::archive::reader_private_tests::private
[INFO] [stdout]   13:     0x5c660875f3e9 - pithos_lib[ff138405e3b9a8fc]::archive::reader_private_tests::fixture_with_options
[INFO] [stdout]   14:     0x5c660876c80e - <pithos_lib[ff138405e3b9a8fc]::archive::reader_private_tests::archive_rejects_conflicting_recovered_file_keys_at_open::{closure#0} as core[a373ad73a504971]::ops::function::FnOnce<()>>::call_once
[INFO] [stdout]   15:     0x5c660884dcdb - test[aada8e7e76ba119b]::__rust_begin_short_backtrace::<core[a373ad73a504971]::result::Result<(), alloc[2e1b2a31b91974c5]::string::String>, fn() -> core[a373ad73a504971]::result::Result<(), alloc[2e1b2a31b91974c5]::string::String>>
[INFO] [stdout]   16:     0x5c660885aeb5 - test[aada8e7e76ba119b]::run_test::{closure#0}
[INFO] [stdout]   17:     0x5c66088547a4 - std[617be2ca0a6fd877]::sys::backtrace::__rust_begin_short_backtrace::<test[aada8e7e76ba119b]::run_test::{closure#1}, ()>
[INFO] [stdout]   18:     0x5c660885df42 - <std[617be2ca0a6fd877]::thread::lifecycle::spawn_unchecked<test[aada8e7e76ba119b]::run_test::{closure#1}, ()>::{closure#1} as core[a373ad73a504971]::ops::function::FnOnce<()>>::call_once::{shim:vtable#0}
[INFO] [stdout]   19:     0x5c6608a3ffaf - <std[617be2ca0a6fd877]::sys::thread::unix::Thread>::new::thread_start
[INFO] [stdout]   20:     0x7f2b76d37dfa - <unknown>
[INFO] [stdout]   21:     0x7f2b76dcb3d4 - clone
[INFO] [stdout]   22:                0x0 - <unknown>
[INFO] [stdout] 
[INFO] [stdout] ---- archive::reader_private_tests::archive_rejects_descriptor_size_mismatches_before_sink_output stdout ----
[INFO] [stdout] 
[INFO] [stdout] thread 'archive::reader_private_tests::archive_rejects_descriptor_size_mismatches_before_sink_output' (3315) panicked at src/archive/reader_private_tests.rs:30:71:
[INFO] [stdout] called `Result::unwrap()` on an `Err` value: Os { code: 2, kind: NotFound, message: "No such file or directory" }
[INFO] [stdout] stack backtrace:
[INFO] [stdout]    0:     0x5c6608a40ce1 - <<std[617be2ca0a6fd877]::sys::backtrace::BacktraceLock>::print::DisplayBacktrace as core[a373ad73a504971]::fmt::Display>::fmt
[INFO] [stdout]    1:     0x5c6608a57a9a - core[a373ad73a504971]::fmt::write
[INFO] [stdout]    2:     0x5c6608a456cc - <alloc[2e1b2a31b91974c5]::vec::Vec<u8> as core[a373ad73a504971]::io::write::Write>::write_fmt
[INFO] [stdout]    3:     0x5c6608a1a596 - std[617be2ca0a6fd877]::panicking::default_hook::{closure#0}
[INFO] [stdout]    4:     0x5c6608a37f69 - std[617be2ca0a6fd877]::panicking::default_hook
[INFO] [stdout]    5:     0x5c660885a890 - test[aada8e7e76ba119b]::test_main_inner::{closure#0}
[INFO] [stdout]    6:     0x5c6608a38122 - std[617be2ca0a6fd877]::panicking::panic_with_hook
[INFO] [stdout]    7:     0x5c6608a1a642 - std[617be2ca0a6fd877]::panicking::panic_handler::{closure#0}
[INFO] [stdout]    8:     0x5c6608a12fd9 - std[617be2ca0a6fd877]::sys::backtrace::__rust_end_short_backtrace::<std[617be2ca0a6fd877]::panicking::panic_handler::{closure#0}, !>
[INFO] [stdout]    9:     0x5c6608a1b12d - __rustc[ea4f61d10b84890b]::rust_begin_unwind
[INFO] [stdout]   10:     0x5c6608a5827c - core[a373ad73a504971]::panicking::panic_fmt
[INFO] [stdout]   11:     0x5c6608a58052 - core[a373ad73a504971]::result::unwrap_failed
[INFO] [stdout]   12:     0x5c66087627b0 - pithos_lib[ff138405e3b9a8fc]::archive::reader_private_tests::private
[INFO] [stdout]   13:     0x5c660875f3e9 - pithos_lib[ff138405e3b9a8fc]::archive::reader_private_tests::fixture_with_options
[INFO] [stdout]   14:     0x5c6608776f49 - <pithos_lib[ff138405e3b9a8fc]::archive::reader_private_tests::archive_rejects_descriptor_size_mismatches_before_sink_output::{closure#0} as core[a373ad73a504971]::ops::function::FnOnce<()>>::call_once
[INFO] [stdout]   15:     0x5c660884dcdb - test[aada8e7e76ba119b]::__rust_begin_short_backtrace::<core[a373ad73a504971]::result::Result<(), alloc[2e1b2a31b91974c5]::string::String>, fn() -> core[a373ad73a504971]::result::Result<(), alloc[2e1b2a31b91974c5]::string::String>>
[INFO] [stdout]   16:     0x5c660885aeb5 - test[aada8e7e76ba119b]::run_test::{closure#0}
[INFO] [stdout]   17:     0x5c66088547a4 - std[617be2ca0a6fd877]::sys::backtrace::__rust_begin_short_backtrace::<test[aada8e7e76ba119b]::run_test::{closure#1}, ()>
[INFO] [stdout]   18:     0x5c660885df42 - <std[617be2ca0a6fd877]::thread::lifecycle::spawn_unchecked<test[aada8e7e76ba119b]::run_test::{closure#1}, ()>::{closure#1} as core[a373ad73a504971]::ops::function::FnOnce<()>>::call_once::{shim:vtable#0}
[INFO] [stdout]   19:     0x5c6608a3ffaf - <std[617be2ca0a6fd877]::sys::thread::unix::Thread>::new::thread_start
[INFO] [stdout]   20:     0x7f2b76d37dfa - <unknown>
[INFO] [stdout]   21:     0x7f2b76dcb3d4 - clone
[INFO] [stdout]   22:                0x0 - <unknown>
[INFO] [stdout] 
[INFO] [stdout] ---- archive::reader_private_tests::archive_rejects_invalid_base_standard_relationship_tables stdout ----
[INFO] [stdout] 
[INFO] [stdout] thread 'archive::reader_private_tests::archive_rejects_invalid_base_standard_relationship_tables' (3316) panicked at src/archive/reader_private_tests.rs:30:71:
[INFO] [stdout] called `Result::unwrap()` on an `Err` value: Os { code: 2, kind: NotFound, message: "No such file or directory" }
[INFO] [stdout] stack backtrace:
[INFO] [stdout]    0:     0x5c6608a40ce1 - <<std[617be2ca0a6fd877]::sys::backtrace::BacktraceLock>::print::DisplayBacktrace as core[a373ad73a504971]::fmt::Display>::fmt
[INFO] [stdout]    1:     0x5c6608a57a9a - core[a373ad73a504971]::fmt::write
[INFO] [stdout]    2:     0x5c6608a456cc - <alloc[2e1b2a31b91974c5]::vec::Vec<u8> as core[a373ad73a504971]::io::write::Write>::write_fmt
[INFO] [stdout]    3:     0x5c6608a1a596 - std[617be2ca0a6fd877]::panicking::default_hook::{closure#0}
[INFO] [stdout]    4:     0x5c6608a37f69 - std[617be2ca0a6fd877]::panicking::default_hook
[INFO] [stdout]    5:     0x5c660885a890 - test[aada8e7e76ba119b]::test_main_inner::{closure#0}
[INFO] [stdout]    6:     0x5c6608a38122 - std[617be2ca0a6fd877]::panicking::panic_with_hook
[INFO] [stdout]    7:     0x5c6608a1a642 - std[617be2ca0a6fd877]::panicking::panic_handler::{closure#0}
[INFO] [stdout]    8:     0x5c6608a12fd9 - std[617be2ca0a6fd877]::sys::backtrace::__rust_end_short_backtrace::<std[617be2ca0a6fd877]::panicking::panic_handler::{closure#0}, !>
[INFO] [stdout]    9:     0x5c6608a1b12d - __rustc[ea4f61d10b84890b]::rust_begin_unwind
[INFO] [stdout]   10:     0x5c6608a5827c - core[a373ad73a504971]::panicking::panic_fmt
[INFO] [stdout]   11:     0x5c6608a58052 - core[a373ad73a504971]::result::unwrap_failed
[INFO] [stdout]   12:     0x5c66087627b0 - pithos_lib[ff138405e3b9a8fc]::archive::reader_private_tests::private
[INFO] [stdout]   13:     0x5c660875f3e9 - pithos_lib[ff138405e3b9a8fc]::archive::reader_private_tests::fixture_with_options
[INFO] [stdout]   14:     0x5c6608770808 - <pithos_lib[ff138405e3b9a8fc]::archive::reader_private_tests::archive_rejects_invalid_base_standard_relationship_tables::{closure#0} as core[a373ad73a504971]::ops::function::FnOnce<()>>::call_once
[INFO] [stdout]   15:     0x5c660884dcdb - test[aada8e7e76ba119b]::__rust_begin_short_backtrace::<core[a373ad73a504971]::result::Result<(), alloc[2e1b2a31b91974c5]::string::String>, fn() -> core[a373ad73a504971]::result::Result<(), alloc[2e1b2a31b91974c5]::string::String>>
[INFO] [stdout]   16:     0x5c660885aeb5 - test[aada8e7e76ba119b]::run_test::{closure#0}
[INFO] [stdout]   17:     0x5c66088547a4 - std[617be2ca0a6fd877]::sys::backtrace::__rust_begin_short_backtrace::<test[aada8e7e76ba119b]::run_test::{closure#1}, ()>
[INFO] [stdout]   18:     0x5c660885df42 - <std[617be2ca0a6fd877]::thread::lifecycle::spawn_unchecked<test[aada8e7e76ba119b]::run_test::{closure#1}, ()>::{closure#1} as core[a373ad73a504971]::ops::function::FnOnce<()>>::call_once::{shim:vtable#0}
[INFO] [stdout]   19:     0x5c6608a3ffaf - <std[617be2ca0a6fd877]::sys::thread::unix::Thread>::new::thread_start
[INFO] [stdout]   20:     0x7f2b76d37dfa - <unknown>
[INFO] [stdout]   21:     0x7f2b76dcb3d4 - clone
[INFO] [stdout]   22:                0x0 - <unknown>
[INFO] [stdout] 
[INFO] [stdout] ---- archive::reader_private_tests::archive_rejects_no_content_sizes_and_undefined_permission_bits stdout ----
[INFO] [stdout] 
[INFO] [stdout] thread 'archive::reader_private_tests::archive_rejects_no_content_sizes_and_undefined_permission_bits' (3317) panicked at src/archive/reader_private_tests.rs:30:71:
[INFO] [stdout] called `Result::unwrap()` on an `Err` value: Os { code: 2, kind: NotFound, message: "No such file or directory" }
[INFO] [stdout] stack backtrace:
[INFO] [stdout]    0:     0x5c6608a40ce1 - <<std[617be2ca0a6fd877]::sys::backtrace::BacktraceLock>::print::DisplayBacktrace as core[a373ad73a504971]::fmt::Display>::fmt
[INFO] [stdout]    1:     0x5c6608a57a9a - core[a373ad73a504971]::fmt::write
[INFO] [stdout]    2:     0x5c6608a456cc - <alloc[2e1b2a31b91974c5]::vec::Vec<u8> as core[a373ad73a504971]::io::write::Write>::write_fmt
[INFO] [stdout]    3:     0x5c6608a1a596 - std[617be2ca0a6fd877]::panicking::default_hook::{closure#0}
[INFO] [stdout]    4:     0x5c6608a37f69 - std[617be2ca0a6fd877]::panicking::default_hook
[INFO] [stdout]    5:     0x5c660885a890 - test[aada8e7e76ba119b]::test_main_inner::{closure#0}
[INFO] [stdout]    6:     0x5c6608a38122 - std[617be2ca0a6fd877]::panicking::panic_with_hook
[INFO] [stdout]    7:     0x5c6608a1a642 - std[617be2ca0a6fd877]::panicking::panic_handler::{closure#0}
[INFO] [stdout]    8:     0x5c6608a12fd9 - std[617be2ca0a6fd877]::sys::backtrace::__rust_end_short_backtrace::<std[617be2ca0a6fd877]::panicking::panic_handler::{closure#0}, !>
[INFO] [stdout]    9:     0x5c6608a1b12d - __rustc[ea4f61d10b84890b]::rust_begin_unwind
[INFO] [stdout]   10:     0x5c6608a5827c - core[a373ad73a504971]::panicking::panic_fmt
[INFO] [stdout]   11:     0x5c6608a58052 - core[a373ad73a504971]::result::unwrap_failed
[INFO] [stdout]   12:     0x5c66087627b0 - pithos_lib[ff138405e3b9a8fc]::archive::reader_private_tests::private
[INFO] [stdout]   13:     0x5c660875f3e9 - pithos_lib[ff138405e3b9a8fc]::archive::reader_private_tests::fixture_with_options
[INFO] [stdout]   14:     0x5c660877792d - <pithos_lib[ff138405e3b9a8fc]::archive::reader_private_tests::archive_rejects_no_content_sizes_and_undefined_permission_bits::{closure#0} as core[a373ad73a504971]::ops::function::FnOnce<()>>::call_once
[INFO] [stdout]   15:     0x5c660884dcdb - test[aada8e7e76ba119b]::__rust_begin_short_backtrace::<core[a373ad73a504971]::result::Result<(), alloc[2e1b2a31b91974c5]::string::String>, fn() -> core[a373ad73a504971]::result::Result<(), alloc[2e1b2a31b91974c5]::string::String>>
[INFO] [stdout]   16:     0x5c660885aeb5 - test[aada8e7e76ba119b]::run_test::{closure#0}
[INFO] [stdout]   17:     0x5c66088547a4 - std[617be2ca0a6fd877]::sys::backtrace::__rust_begin_short_backtrace::<test[aada8e7e76ba119b]::run_test::{closure#1}, ()>
[INFO] [stdout]   18:     0x5c660885df42 - <std[617be2ca0a6fd877]::thread::lifecycle::spawn_unchecked<test[aada8e7e76ba119b]::run_test::{closure#1}, ()>::{closure#1} as core[a373ad73a504971]::ops::function::FnOnce<()>>::call_once::{shim:vtable#0}
[INFO] [stdout]   19:     0x5c6608a3ffaf - <std[617be2ca0a6fd877]::sys::thread::unix::Thread>::new::thread_start
[INFO] [stdout]   20:     0x7f2b76d37dfa - <unknown>
[INFO] [stdout]   21:     0x7f2b76dcb3d4 - clone
[INFO] [stdout]   22:                0x0 - <unknown>
[INFO] [stdout] 
[INFO] [stdout] ---- archive::reader_private_tests::archive_rejects_plaintext_hash_mismatches_before_sink_output stdout ----
[INFO] [stdout] 
[INFO] [stdout] thread 'archive::reader_private_tests::archive_rejects_plaintext_hash_mismatches_before_sink_output' (3318) panicked at src/archive/reader_private_tests.rs:30:71:
[INFO] [stdout] called `Result::unwrap()` on an `Err` value: Os { code: 2, kind: NotFound, message: "No such file or directory" }
[INFO] [stdout] stack backtrace:
[INFO] [stdout]    0:     0x5c6608a40ce1 - <<std[617be2ca0a6fd877]::sys::backtrace::BacktraceLock>::print::DisplayBacktrace as core[a373ad73a504971]::fmt::Display>::fmt
[INFO] [stdout]    1:     0x5c6608a57a9a - core[a373ad73a504971]::fmt::write
[INFO] [stdout]    2:     0x5c6608a456cc - <alloc[2e1b2a31b91974c5]::vec::Vec<u8> as core[a373ad73a504971]::io::write::Write>::write_fmt
[INFO] [stdout]    3:     0x5c6608a1a596 - std[617be2ca0a6fd877]::panicking::default_hook::{closure#0}
[INFO] [stdout]    4:     0x5c6608a37f69 - std[617be2ca0a6fd877]::panicking::default_hook
[INFO] [stdout]    5:     0x5c660885a890 - test[aada8e7e76ba119b]::test_main_inner::{closure#0}
[INFO] [stdout]    6:     0x5c6608a38122 - std[617be2ca0a6fd877]::panicking::panic_with_hook
[INFO] [stdout]    7:     0x5c6608a1a642 - std[617be2ca0a6fd877]::panicking::panic_handler::{closure#0}
[INFO] [stdout]    8:     0x5c6608a12fd9 - std[617be2ca0a6fd877]::sys::backtrace::__rust_end_short_backtrace::<std[617be2ca0a6fd877]::panicking::panic_handler::{closure#0}, !>
[INFO] [stdout]    9:     0x5c6608a1b12d - __rustc[ea4f61d10b84890b]::rust_begin_unwind
[INFO] [stdout]   10:     0x5c6608a5827c - core[a373ad73a504971]::panicking::panic_fmt
[INFO] [stdout]   11:     0x5c6608a58052 - core[a373ad73a504971]::result::unwrap_failed
[INFO] [stdout]   12:     0x5c66087627b0 - pithos_lib[ff138405e3b9a8fc]::archive::reader_private_tests::private
[INFO] [stdout]   13:     0x5c660875f3e9 - pithos_lib[ff138405e3b9a8fc]::archive::reader_private_tests::fixture_with_options
[INFO] [stdout]   14:     0x5c6608775a4d - <pithos_lib[ff138405e3b9a8fc]::archive::reader_private_tests::archive_rejects_plaintext_hash_mismatches_before_sink_output::{closure#0} as core[a373ad73a504971]::ops::function::FnOnce<()>>::call_once
[INFO] [stdout]   15:     0x5c660884dcdb - test[aada8e7e76ba119b]::__rust_begin_short_backtrace::<core[a373ad73a504971]::result::Result<(), alloc[2e1b2a31b91974c5]::string::String>, fn() -> core[a373ad73a504971]::result::Result<(), alloc[2e1b2a31b91974c5]::string::String>>
[INFO] [stdout]   16:     0x5c660885aeb5 - test[aada8e7e76ba119b]::run_test::{closure#0}
[INFO] [stdout]   17:     0x5c66088547a4 - std[617be2ca0a6fd877]::sys::backtrace::__rust_begin_short_backtrace::<test[aada8e7e76ba119b]::run_test::{closure#1}, ()>
[INFO] [stdout]   18:     0x5c660885df42 - <std[617be2ca0a6fd877]::thread::lifecycle::spawn_unchecked<test[aada8e7e76ba119b]::run_test::{closure#1}, ()>::{closure#1} as core[a373ad73a504971]::ops::function::FnOnce<()>>::call_once::{shim:vtable#0}
[INFO] [stdout]   19:     0x5c6608a3ffaf - <std[617be2ca0a6fd877]::sys::thread::unix::Thread>::new::thread_start
[INFO] [stdout]   20:     0x7f2b76d37dfa - <unknown>
[INFO] [stdout]   21:     0x7f2b76dcb3d4 - clone
[INFO] [stdout]   22:                0x0 - <unknown>
[INFO] [stdout] 
[INFO] [stdout] ---- archive::reader_private_tests::archive_rejects_stored_size_failures_before_sink_output stdout ----
[INFO] [stdout] 
[INFO] [stdout] thread 'archive::reader_private_tests::archive_rejects_stored_size_failures_before_sink_output' (3319) panicked at src/archive/reader_private_tests.rs:30:71:
[INFO] [stdout] called `Result::unwrap()` on an `Err` value: Os { code: 2, kind: NotFound, message: "No such file or directory" }
[INFO] [stdout] stack backtrace:
[INFO] [stdout]    0:     0x5c6608a40ce1 - <<std[617be2ca0a6fd877]::sys::backtrace::BacktraceLock>::print::DisplayBacktrace as core[a373ad73a504971]::fmt::Display>::fmt
[INFO] [stdout]    1:     0x5c6608a57a9a - core[a373ad73a504971]::fmt::write
[INFO] [stdout]    2:     0x5c6608a456cc - <alloc[2e1b2a31b91974c5]::vec::Vec<u8> as core[a373ad73a504971]::io::write::Write>::write_fmt
[INFO] [stdout]    3:     0x5c6608a1a596 - std[617be2ca0a6fd877]::panicking::default_hook::{closure#0}
[INFO] [stdout]    4:     0x5c6608a37f69 - std[617be2ca0a6fd877]::panicking::default_hook
[INFO] [stdout]    5:     0x5c660885a890 - test[aada8e7e76ba119b]::test_main_inner::{closure#0}
[INFO] [stdout]    6:     0x5c6608a38122 - std[617be2ca0a6fd877]::panicking::panic_with_hook
[INFO] [stdout]    7:     0x5c6608a1a642 - std[617be2ca0a6fd877]::panicking::panic_handler::{closure#0}
[INFO] [stdout]    8:     0x5c6608a12fd9 - std[617be2ca0a6fd877]::sys::backtrace::__rust_end_short_backtrace::<std[617be2ca0a6fd877]::panicking::panic_handler::{closure#0}, !>
[INFO] [stdout]    9:     0x5c6608a1b12d - __rustc[ea4f61d10b84890b]::rust_begin_unwind
[INFO] [stdout]   10:     0x5c6608a5827c - core[a373ad73a504971]::panicking::panic_fmt
[INFO] [stdout]   11:     0x5c6608a58052 - core[a373ad73a504971]::result::unwrap_failed
[INFO] [stdout]   12:     0x5c66087627b0 - pithos_lib[ff138405e3b9a8fc]::archive::reader_private_tests::private
[INFO] [stdout]   13:     0x5c660875f3e9 - pithos_lib[ff138405e3b9a8fc]::archive::reader_private_tests::fixture_with_options
[INFO] [stdout]   14:     0x5c660876d7d9 - <pithos_lib[ff138405e3b9a8fc]::archive::reader_private_tests::archive_rejects_stored_size_failures_before_sink_output::{closure#0} as core[a373ad73a504971]::ops::function::FnOnce<()>>::call_once
[INFO] [stdout]   15:     0x5c660884dcdb - test[aada8e7e76ba119b]::__rust_begin_short_backtrace::<core[a373ad73a504971]::result::Result<(), alloc[2e1b2a31b91974c5]::string::String>, fn() -> core[a373ad73a504971]::result::Result<(), alloc[2e1b2a31b91974c5]::string::String>>
[INFO] [stdout]   16:     0x5c660885aeb5 - test[aada8e7e76ba119b]::run_test::{closure#0}
[INFO] [stdout]   17:     0x5c66088547a4 - std[617be2ca0a6fd877]::sys::backtrace::__rust_begin_short_backtrace::<test[aada8e7e76ba119b]::run_test::{closure#1}, ()>
[INFO] [stdout]   18:     0x5c660885df42 - <std[617be2ca0a6fd877]::thread::lifecycle::spawn_unchecked<test[aada8e7e76ba119b]::run_test::{closure#1}, ()>::{closure#1} as core[a373ad73a504971]::ops::function::FnOnce<()>>::call_once::{shim:vtable#0}
[INFO] [stdout]   19:     0x5c6608a3ffaf - <std[617be2ca0a6fd877]::sys::thread::unix::Thread>::new::thread_start
[INFO] [stdout]   20:     0x7f2b76d37dfa - <unknown>
[INFO] [stdout]   21:     0x7f2b76dcb3d4 - clone
[INFO] [stdout]   22:                0x0 - <unknown>
[INFO] [stdout] 
[INFO] [stdout] ---- archive::reader_private_tests::archive_validates_custom_relationship_ids_and_names stdout ----
[INFO] [stdout] 
[INFO] [stdout] thread 'archive::reader_private_tests::archive_validates_custom_relationship_ids_and_names' (3320) panicked at src/archive/reader_private_tests.rs:30:71:
[INFO] [stdout] called `Result::unwrap()` on an `Err` value: Os { code: 2, kind: NotFound, message: "No such file or directory" }
[INFO] [stdout] stack backtrace:
[INFO] [stdout]    0:     0x5c6608a40ce1 - <<std[617be2ca0a6fd877]::sys::backtrace::BacktraceLock>::print::DisplayBacktrace as core[a373ad73a504971]::fmt::Display>::fmt
[INFO] [stdout]    1:     0x5c6608a57a9a - core[a373ad73a504971]::fmt::write
[INFO] [stdout]    2:     0x5c6608a456cc - <alloc[2e1b2a31b91974c5]::vec::Vec<u8> as core[a373ad73a504971]::io::write::Write>::write_fmt
[INFO] [stdout]    3:     0x5c6608a1a596 - std[617be2ca0a6fd877]::panicking::default_hook::{closure#0}
[INFO] [stdout]    4:     0x5c6608a37f69 - std[617be2ca0a6fd877]::panicking::default_hook
[INFO] [stdout]    5:     0x5c660885a890 - test[aada8e7e76ba119b]::test_main_inner::{closure#0}
[INFO] [stdout]    6:     0x5c6608a38122 - std[617be2ca0a6fd877]::panicking::panic_with_hook
[INFO] [stdout]    7:     0x5c6608a1a642 - std[617be2ca0a6fd877]::panicking::panic_handler::{closure#0}
[INFO] [stdout]    8:     0x5c6608a12fd9 - std[617be2ca0a6fd877]::sys::backtrace::__rust_end_short_backtrace::<std[617be2ca0a6fd877]::panicking::panic_handler::{closure#0}, !>
[INFO] [stdout]    9:     0x5c6608a1b12d - __rustc[ea4f61d10b84890b]::rust_begin_unwind
[INFO] [stdout]   10:     0x5c6608a5827c - core[a373ad73a504971]::panicking::panic_fmt
[INFO] [stdout]   11:     0x5c6608a58052 - core[a373ad73a504971]::result::unwrap_failed
[INFO] [stdout]   12:     0x5c66087627b0 - pithos_lib[ff138405e3b9a8fc]::archive::reader_private_tests::private
[INFO] [stdout]   13:     0x5c660875f3e9 - pithos_lib[ff138405e3b9a8fc]::archive::reader_private_tests::fixture_with_options
[INFO] [stdout]   14:     0x5c6608767cc1 - <pithos_lib[ff138405e3b9a8fc]::archive::reader_private_tests::archive_validates_custom_relationship_ids_and_names::{closure#0} as core[a373ad73a504971]::ops::function::FnOnce<()>>::call_once
[INFO] [stdout]   15:     0x5c660884dcdb - test[aada8e7e76ba119b]::__rust_begin_short_backtrace::<core[a373ad73a504971]::result::Result<(), alloc[2e1b2a31b91974c5]::string::String>, fn() -> core[a373ad73a504971]::result::Result<(), alloc[2e1b2a31b91974c5]::string::String>>
[INFO] [stdout]   16:     0x5c660885aeb5 - test[aada8e7e76ba119b]::run_test::{closure#0}
[INFO] [stdout]   17:     0x5c66088547a4 - std[617be2ca0a6fd877]::sys::backtrace::__rust_begin_short_backtrace::<test[aada8e7e76ba119b]::run_test::{closure#1}, ()>
[INFO] [stdout]   18:     0x5c660885df42 - <std[617be2ca0a6fd877]::thread::lifecycle::spawn_unchecked<test[aada8e7e76ba119b]::run_test::{closure#1}, ()>::{closure#1} as core[a373ad73a504971]::ops::function::FnOnce<()>>::call_once::{shim:vtable#0}
[INFO] [stdout]   19:     0x5c6608a3ffaf - <std[617be2ca0a6fd877]::sys::thread::unix::Thread>::new::thread_start
[INFO] [stdout]   20:     0x7f2b76d37dfa - <unknown>
[INFO] [stdout]   21:     0x7f2b76dcb3d4 - clone
[INFO] [stdout]   22:                0x0 - <unknown>
[INFO] [stdout] 
[INFO] [stdout] ---- archive::reader_private_tests::archive_validates_every_encoded_sender_and_recipient_key_without_access_keys stdout ----
[INFO] [stdout] 
[INFO] [stdout] thread 'archive::reader_private_tests::archive_validates_every_encoded_sender_and_recipient_key_without_access_keys' (3321) panicked at src/archive/reader_private_tests.rs:30:71:
[INFO] [stdout] called `Result::unwrap()` on an `Err` value: Os { code: 2, kind: NotFound, message: "No such file or directory" }
[INFO] [stdout] stack backtrace:
[INFO] [stdout]    0:     0x5c6608a40ce1 - <<std[617be2ca0a6fd877]::sys::backtrace::BacktraceLock>::print::DisplayBacktrace as core[a373ad73a504971]::fmt::Display>::fmt
[INFO] [stdout]    1:     0x5c6608a57a9a - core[a373ad73a504971]::fmt::write
[INFO] [stdout]    2:     0x5c6608a456cc - <alloc[2e1b2a31b91974c5]::vec::Vec<u8> as core[a373ad73a504971]::io::write::Write>::write_fmt
[INFO] [stdout]    3:     0x5c6608a1a596 - std[617be2ca0a6fd877]::panicking::default_hook::{closure#0}
[INFO] [stdout]    4:     0x5c6608a37f69 - std[617be2ca0a6fd877]::panicking::default_hook
[INFO] [stdout]    5:     0x5c660885a890 - test[aada8e7e76ba119b]::test_main_inner::{closure#0}
[INFO] [stdout]    6:     0x5c6608a38122 - std[617be2ca0a6fd877]::panicking::panic_with_hook
[INFO] [stdout]    7:     0x5c6608a1a642 - std[617be2ca0a6fd877]::panicking::panic_handler::{closure#0}
[INFO] [stdout]    8:     0x5c6608a12fd9 - std[617be2ca0a6fd877]::sys::backtrace::__rust_end_short_backtrace::<std[617be2ca0a6fd877]::panicking::panic_handler::{closure#0}, !>
[INFO] [stdout]    9:     0x5c6608a1b12d - __rustc[ea4f61d10b84890b]::rust_begin_unwind
[INFO] [stdout]   10:     0x5c6608a5827c - core[a373ad73a504971]::panicking::panic_fmt
[INFO] [stdout]   11:     0x5c6608a58052 - core[a373ad73a504971]::result::unwrap_failed
[INFO] [stdout]   12:     0x5c66087627b0 - pithos_lib[ff138405e3b9a8fc]::archive::reader_private_tests::private
[INFO] [stdout]   13:     0x5c660875c588 - pithos_lib[ff138405e3b9a8fc]::archive::reader_private_tests::empty_fixture
[INFO] [stdout]   14:     0x5c6608784e2f - <pithos_lib[ff138405e3b9a8fc]::archive::reader_private_tests::archive_validates_every_encoded_sender_and_recipient_key_without_access_keys::{closure#0} as core[a373ad73a504971]::ops::function::FnOnce<()>>::call_once
[INFO] [stdout]   15:     0x5c660884dcdb - test[aada8e7e76ba119b]::__rust_begin_short_backtrace::<core[a373ad73a504971]::result::Result<(), alloc[2e1b2a31b91974c5]::string::String>, fn() -> core[a373ad73a504971]::result::Result<(), alloc[2e1b2a31b91974c5]::string::String>>
[INFO] [stdout]   16:     0x5c660885aeb5 - test[aada8e7e76ba119b]::run_test::{closure#0}
[INFO] [stdout]   17:     0x5c66088547a4 - std[617be2ca0a6fd877]::sys::backtrace::__rust_begin_short_backtrace::<test[aada8e7e76ba119b]::run_test::{closure#1}, ()>
[INFO] [stdout]   18:     0x5c660885df42 - <std[617be2ca0a6fd877]::thread::lifecycle::spawn_unchecked<test[aada8e7e76ba119b]::run_test::{closure#1}, ()>::{closure#1} as core[a373ad73a504971]::ops::function::FnOnce<()>>::call_once::{shim:vtable#0}
[INFO] [stdout]   19:     0x5c6608a3ffaf - <std[617be2ca0a6fd877]::sys::thread::unix::Thread>::new::thread_start
[INFO] [stdout]   20:     0x7f2b76d37dfa - <unknown>
[INFO] [stdout]   21:     0x7f2b76dcb3d4 - clone
[INFO] [stdout]   22:                0x0 - <unknown>
[INFO] [stdout] 
[INFO] [stdout] ---- archive::reader_private_tests::block_list_pieces_concatenate_in_stored_order stdout ----
[INFO] [stdout] 
[INFO] [stdout] thread 'archive::reader_private_tests::block_list_pieces_concatenate_in_stored_order' (3322) panicked at src/archive/reader_private_tests.rs:30:71:
[INFO] [stdout] called `Result::unwrap()` on an `Err` value: Os { code: 2, kind: NotFound, message: "No such file or directory" }
[INFO] [stdout] stack backtrace:
[INFO] [stdout]    0:     0x5c6608a40ce1 - <<std[617be2ca0a6fd877]::sys::backtrace::BacktraceLock>::print::DisplayBacktrace as core[a373ad73a504971]::fmt::Display>::fmt
[INFO] [stdout]    1:     0x5c6608a57a9a - core[a373ad73a504971]::fmt::write
[INFO] [stdout]    2:     0x5c6608a456cc - <alloc[2e1b2a31b91974c5]::vec::Vec<u8> as core[a373ad73a504971]::io::write::Write>::write_fmt
[INFO] [stdout]    3:     0x5c6608a1a596 - std[617be2ca0a6fd877]::panicking::default_hook::{closure#0}
[INFO] [stdout]    4:     0x5c6608a37f69 - std[617be2ca0a6fd877]::panicking::default_hook
[INFO] [stdout]    5:     0x5c660885a890 - test[aada8e7e76ba119b]::test_main_inner::{closure#0}
[INFO] [stdout]    6:     0x5c6608a38122 - std[617be2ca0a6fd877]::panicking::panic_with_hook
[INFO] [stdout]    7:     0x5c6608a1a642 - std[617be2ca0a6fd877]::panicking::panic_handler::{closure#0}
[INFO] [stdout]    8:     0x5c6608a12fd9 - std[617be2ca0a6fd877]::sys::backtrace::__rust_end_short_backtrace::<std[617be2ca0a6fd877]::panicking::panic_handler::{closure#0}, !>
[INFO] [stdout]    9:     0x5c6608a1b12d - __rustc[ea4f61d10b84890b]::rust_begin_unwind
[INFO] [stdout]   10:     0x5c6608a5827c - core[a373ad73a504971]::panicking::panic_fmt
[INFO] [stdout]   11:     0x5c6608a58052 - core[a373ad73a504971]::result::unwrap_failed
[INFO] [stdout]   12:     0x5c66087627b0 - pithos_lib[ff138405e3b9a8fc]::archive::reader_private_tests::private
[INFO] [stdout]   13:     0x5c660875f3e9 - pithos_lib[ff138405e3b9a8fc]::archive::reader_private_tests::fixture_with_options
[INFO] [stdout]   14:     0x5c660875cb01 - pithos_lib[ff138405e3b9a8fc]::archive::reader_private_tests::pieces_fixture
[INFO] [stdout]   15:     0x5c6608766d7e - <pithos_lib[ff138405e3b9a8fc]::archive::reader_private_tests::block_list_pieces_concatenate_in_stored_order::{closure#0} as core[a373ad73a504971]::ops::function::FnOnce<()>>::call_once
[INFO] [stdout]   16:     0x5c660884dcdb - test[aada8e7e76ba119b]::__rust_begin_short_backtrace::<core[a373ad73a504971]::result::Result<(), alloc[2e1b2a31b91974c5]::string::String>, fn() -> core[a373ad73a504971]::result::Result<(), alloc[2e1b2a31b91974c5]::string::String>>
[INFO] [stdout]   17:     0x5c660885aeb5 - test[aada8e7e76ba119b]::run_test::{closure#0}
[INFO] [stdout]   18:     0x5c66088547a4 - std[617be2ca0a6fd877]::sys::backtrace::__rust_begin_short_backtrace::<test[aada8e7e76ba119b]::run_test::{closure#1}, ()>
[INFO] [stdout]   19:     0x5c660885df42 - <std[617be2ca0a6fd877]::thread::lifecycle::spawn_unchecked<test[aada8e7e76ba119b]::run_test::{closure#1}, ()>::{closure#1} as core[a373ad73a504971]::ops::function::FnOnce<()>>::call_once::{shim:vtable#0}
[INFO] [stdout]   20:     0x5c6608a3ffaf - <std[617be2ca0a6fd877]::sys::thread::unix::Thread>::new::thread_start
[INFO] [stdout]   21:     0x7f2b76d37dfa - <unknown>
[INFO] [stdout]   22:     0x7f2b76dcb3d4 - clone
[INFO] [stdout]   23:                0x0 - <unknown>
[INFO] [stdout] 
[INFO] [stdout] ---- archive::reader_private_tests::ciphers_mix_per_descriptor_and_reused_blocks_keep_their_cipher stdout ----
[INFO] [stdout] 
[INFO] [stdout] thread 'archive::reader_private_tests::ciphers_mix_per_descriptor_and_reused_blocks_keep_their_cipher' (3323) panicked at src/archive/reader_private_tests.rs:30:71:
[INFO] [stdout] called `Result::unwrap()` on an `Err` value: Os { code: 2, kind: NotFound, message: "No such file or directory" }
[INFO] [stdout] stack backtrace:
[INFO] [stdout]    0:     0x5c6608a40ce1 - <<std[617be2ca0a6fd877]::sys::backtrace::BacktraceLock>::print::DisplayBacktrace as core[a373ad73a504971]::fmt::Display>::fmt
[INFO] [stdout]    1:     0x5c6608a57a9a - core[a373ad73a504971]::fmt::write
[INFO] [stdout]    2:     0x5c6608a456cc - <alloc[2e1b2a31b91974c5]::vec::Vec<u8> as core[a373ad73a504971]::io::write::Write>::write_fmt
[INFO] [stdout]    3:     0x5c6608a1a596 - std[617be2ca0a6fd877]::panicking::default_hook::{closure#0}
[INFO] [stdout]    4:     0x5c6608a37f69 - std[617be2ca0a6fd877]::panicking::default_hook
[INFO] [stdout]    5:     0x5c660885a890 - test[aada8e7e76ba119b]::test_main_inner::{closure#0}
[INFO] [stdout]    6:     0x5c6608a38122 - std[617be2ca0a6fd877]::panicking::panic_with_hook
[INFO] [stdout]    7:     0x5c6608a1a642 - std[617be2ca0a6fd877]::panicking::panic_handler::{closure#0}
[INFO] [stdout]    8:     0x5c6608a12fd9 - std[617be2ca0a6fd877]::sys::backtrace::__rust_end_short_backtrace::<std[617be2ca0a6fd877]::panicking::panic_handler::{closure#0}, !>
[INFO] [stdout]    9:     0x5c6608a1b12d - __rustc[ea4f61d10b84890b]::rust_begin_unwind
[INFO] [stdout]   10:     0x5c6608a5827c - core[a373ad73a504971]::panicking::panic_fmt
[INFO] [stdout]   11:     0x5c6608a58052 - core[a373ad73a504971]::result::unwrap_failed
[INFO] [stdout]   12:     0x5c66087627b0 - pithos_lib[ff138405e3b9a8fc]::archive::reader_private_tests::private
[INFO] [stdout]   13:     0x5c6608778166 - <pithos_lib[ff138405e3b9a8fc]::archive::reader_private_tests::ciphers_mix_per_descriptor_and_reused_blocks_keep_their_cipher::{closure#0} as core[a373ad73a504971]::ops::function::FnOnce<()>>::call_once
[INFO] [stdout]   14:     0x5c660884dcdb - test[aada8e7e76ba119b]::__rust_begin_short_backtrace::<core[a373ad73a504971]::result::Result<(), alloc[2e1b2a31b91974c5]::string::String>, fn() -> core[a373ad73a504971]::result::Result<(), alloc[2e1b2a31b91974c5]::string::String>>
[INFO] [stdout]   15:     0x5c660885aeb5 - test[aada8e7e76ba119b]::run_test::{closure#0}
[INFO] [stdout]   16:     0x5c66088547a4 - std[617be2ca0a6fd877]::sys::backtrace::__rust_begin_short_backtrace::<test[aada8e7e76ba119b]::run_test::{closure#1}, ()>
[INFO] [stdout]   17:     0x5c660885df42 - <std[617be2ca0a6fd877]::thread::lifecycle::spawn_unchecked<test[aada8e7e76ba119b]::run_test::{closure#1}, ()>::{closure#1} as core[a373ad73a504971]::ops::function::FnOnce<()>>::call_once::{shim:vtable#0}
[INFO] [stdout]   18:     0x5c6608a3ffaf - <std[617be2ca0a6fd877]::sys::thread::unix::Thread>::new::thread_start
[INFO] [stdout]   19:     0x7f2b76d37dfa - <unknown>
[INFO] [stdout]   20:     0x7f2b76dcb3d4 - clone
[INFO] [stdout]   21:                0x0 - <unknown>
[INFO] [stdout] 
[INFO] [stdout] ---- archive::reader_private_tests::direct_block_list_keys_are_used_without_file_or_recipient_keys stdout ----
[INFO] [stdout] 
[INFO] [stdout] thread 'archive::reader_private_tests::direct_block_list_keys_are_used_without_file_or_recipient_keys' (3328) panicked at src/archive/reader_private_tests.rs:30:71:
[INFO] [stdout] called `Result::unwrap()` on an `Err` value: Os { code: 2, kind: NotFound, message: "No such file or directory" }
[INFO] [stdout] stack backtrace:
[INFO] [stdout]    0:     0x5c6608a40ce1 - <<std[617be2ca0a6fd877]::sys::backtrace::BacktraceLock>::print::DisplayBacktrace as core[a373ad73a504971]::fmt::Display>::fmt
[INFO] [stdout]    1:     0x5c6608a57a9a - core[a373ad73a504971]::fmt::write
[INFO] [stdout]    2:     0x5c6608a456cc - <alloc[2e1b2a31b91974c5]::vec::Vec<u8> as core[a373ad73a504971]::io::write::Write>::write_fmt
[INFO] [stdout]    3:     0x5c6608a1a596 - std[617be2ca0a6fd877]::panicking::default_hook::{closure#0}
[INFO] [stdout]    4:     0x5c6608a37f69 - std[617be2ca0a6fd877]::panicking::default_hook
[INFO] [stdout]    5:     0x5c660885a890 - test[aada8e7e76ba119b]::test_main_inner::{closure#0}
[INFO] [stdout]    6:     0x5c6608a38122 - std[617be2ca0a6fd877]::panicking::panic_with_hook
[INFO] [stdout]    7:     0x5c6608a1a642 - std[617be2ca0a6fd877]::panicking::panic_handler::{closure#0}
[INFO] [stdout]    8:     0x5c6608a12fd9 - std[617be2ca0a6fd877]::sys::backtrace::__rust_end_short_backtrace::<std[617be2ca0a6fd877]::panicking::panic_handler::{closure#0}, !>
[INFO] [stdout]    9:     0x5c6608a1b12d - __rustc[ea4f61d10b84890b]::rust_begin_unwind
[INFO] [stdout]   10:     0x5c6608a5827c - core[a373ad73a504971]::panicking::panic_fmt
[INFO] [stdout]   11:     0x5c6608a58052 - core[a373ad73a504971]::result::unwrap_failed
[INFO] [stdout]   12:     0x5c66087627b0 - pithos_lib[ff138405e3b9a8fc]::archive::reader_private_tests::private
[INFO] [stdout]   13:     0x5c660875f3e9 - pithos_lib[ff138405e3b9a8fc]::archive::reader_private_tests::fixture_with_options
[INFO] [stdout]   14:     0x5c66087790d9 - <pithos_lib[ff138405e3b9a8fc]::archive::reader_private_tests::direct_block_list_keys_are_used_without_file_or_recipient_keys::{closure#0} as core[a373ad73a504971]::ops::function::FnOnce<()>>::call_once
[INFO] [stdout]   15:     0x5c660884dcdb - test[aada8e7e76ba119b]::__rust_begin_short_backtrace::<core[a373ad73a504971]::result::Result<(), alloc[2e1b2a31b91974c5]::string::String>, fn() -> core[a373ad73a504971]::result::Result<(), alloc[2e1b2a31b91974c5]::string::String>>
[INFO] [stdout]   16:     0x5c660885aeb5 - test[aada8e7e76ba119b]::run_test::{closure#0}
[INFO] [stdout]   17:     0x5c66088547a4 - std[617be2ca0a6fd877]::sys::backtrace::__rust_begin_short_backtrace::<test[aada8e7e76ba119b]::run_test::{closure#1}, ()>
[INFO] [stdout]   18:     0x5c660885df42 - <std[617be2ca0a6fd877]::thread::lifecycle::spawn_unchecked<test[aada8e7e76ba119b]::run_test::{closure#1}, ()>::{closure#1} as core[a373ad73a504971]::ops::function::FnOnce<()>>::call_once::{shim:vtable#0}
[INFO] [stdout]   19:     0x5c6608a3ffaf - <std[617be2ca0a6fd877]::sys::thread::unix::Thread>::new::thread_start
[INFO] [stdout]   20:     0x7f2b76d37dfa - <unknown>
[INFO] [stdout]   21:     0x7f2b76dcb3d4 - clone
[INFO] [stdout]   22:                0x0 - <unknown>
[INFO] [stdout] 
[INFO] [stdout] ---- archive::reader_private_tests::direct_block_lists_share_one_decode_budget_within_and_across_directories stdout ----
[INFO] [stdout] 
[INFO] [stdout] thread 'archive::reader_private_tests::direct_block_lists_share_one_decode_budget_within_and_across_directories' (3329) panicked at src/archive/reader_private_tests.rs:30:71:
[INFO] [stdout] called `Result::unwrap()` on an `Err` value: Os { code: 2, kind: NotFound, message: "No such file or directory" }
[INFO] [stdout] stack backtrace:
[INFO] [stdout]    0:     0x5c6608a40ce1 - <<std[617be2ca0a6fd877]::sys::backtrace::BacktraceLock>::print::DisplayBacktrace as core[a373ad73a504971]::fmt::Display>::fmt
[INFO] [stdout]    1:     0x5c6608a57a9a - core[a373ad73a504971]::fmt::write
[INFO] [stdout]    2:     0x5c6608a456cc - <alloc[2e1b2a31b91974c5]::vec::Vec<u8> as core[a373ad73a504971]::io::write::Write>::write_fmt
[INFO] [stdout]    3:     0x5c6608a1a596 - std[617be2ca0a6fd877]::panicking::default_hook::{closure#0}
[INFO] [stdout]    4:     0x5c6608a37f69 - std[617be2ca0a6fd877]::panicking::default_hook
[INFO] [stdout]    5:     0x5c660885a890 - test[aada8e7e76ba119b]::test_main_inner::{closure#0}
[INFO] [stdout]    6:     0x5c6608a38122 - std[617be2ca0a6fd877]::panicking::panic_with_hook
[INFO] [stdout]    7:     0x5c6608a1a642 - std[617be2ca0a6fd877]::panicking::panic_handler::{closure#0}
[INFO] [stdout]    8:     0x5c6608a12fd9 - std[617be2ca0a6fd877]::sys::backtrace::__rust_end_short_backtrace::<std[617be2ca0a6fd877]::panicking::panic_handler::{closure#0}, !>
[INFO] [stdout]    9:     0x5c6608a1b12d - __rustc[ea4f61d10b84890b]::rust_begin_unwind
[INFO] [stdout]   10:     0x5c6608a5827c - core[a373ad73a504971]::panicking::panic_fmt
[INFO] [stdout]   11:     0x5c6608a58052 - core[a373ad73a504971]::result::unwrap_failed
[INFO] [stdout]   12:     0x5c66087627b0 - pithos_lib[ff138405e3b9a8fc]::archive::reader_private_tests::private
[INFO] [stdout]   13:     0x5c660875cf62 - pithos_lib[ff138405e3b9a8fc]::archive::reader_private_tests::fixture_entries
[INFO] [stdout]   14:     0x5c6608782f3b - <pithos_lib[ff138405e3b9a8fc]::archive::reader_private_tests::direct_block_lists_share_one_decode_budget_within_and_across_directories::{closure#0} as core[a373ad73a504971]::ops::function::FnOnce<()>>::call_once
[INFO] [stdout]   15:     0x5c660884dcdb - test[aada8e7e76ba119b]::__rust_begin_short_backtrace::<core[a373ad73a504971]::result::Result<(), alloc[2e1b2a31b91974c5]::string::String>, fn() -> core[a373ad73a504971]::result::Result<(), alloc[2e1b2a31b91974c5]::string::String>>
[INFO] [stdout]   16:     0x5c660885aeb5 - test[aada8e7e76ba119b]::run_test::{closure#0}
[INFO] [stdout]   17:     0x5c66088547a4 - std[617be2ca0a6fd877]::sys::backtrace::__rust_begin_short_backtrace::<test[aada8e7e76ba119b]::run_test::{closure#1}, ()>
[INFO] [stdout]   18:     0x5c660885df42 - <std[617be2ca0a6fd877]::thread::lifecycle::spawn_unchecked<test[aada8e7e76ba119b]::run_test::{closure#1}, ()>::{closure#1} as core[a373ad73a504971]::ops::function::FnOnce<()>>::call_once::{shim:vtable#0}
[INFO] [stdout]   19:     0x5c6608a3ffaf - <std[617be2ca0a6fd877]::sys::thread::unix::Thread>::new::thread_start
[INFO] [stdout]   20:     0x7f2b76d37dfa - <unknown>
[INFO] [stdout]   21:     0x7f2b76dcb3d4 - clone
[INFO] [stdout]   22:                0x0 - <unknown>
[INFO] [stdout] 
[INFO] [stdout] ---- archive::reader_private_tests::encrypted_local_descriptor_stored_size_has_a_28_byte_minimum stdout ----
[INFO] [stdout] 
[INFO] [stdout] thread 'archive::reader_private_tests::encrypted_local_descriptor_stored_size_has_a_28_byte_minimum' (3330) panicked at src/archive/reader_private_tests.rs:30:71:
[INFO] [stdout] called `Result::unwrap()` on an `Err` value: Os { code: 2, kind: NotFound, message: "No such file or directory" }
[INFO] [stdout] stack backtrace:
[INFO] [stdout]    0:     0x5c6608a40ce1 - <<std[617be2ca0a6fd877]::sys::backtrace::BacktraceLock>::print::DisplayBacktrace as core[a373ad73a504971]::fmt::Display>::fmt
[INFO] [stdout]    1:     0x5c6608a57a9a - core[a373ad73a504971]::fmt::write
[INFO] [stdout]    2:     0x5c6608a456cc - <alloc[2e1b2a31b91974c5]::vec::Vec<u8> as core[a373ad73a504971]::io::write::Write>::write_fmt
[INFO] [stdout]    3:     0x5c6608a1a596 - std[617be2ca0a6fd877]::panicking::default_hook::{closure#0}
[INFO] [stdout]    4:     0x5c6608a37f69 - std[617be2ca0a6fd877]::panicking::default_hook
[INFO] [stdout]    5:     0x5c660885a890 - test[aada8e7e76ba119b]::test_main_inner::{closure#0}
[INFO] [stdout]    6:     0x5c6608a38122 - std[617be2ca0a6fd877]::panicking::panic_with_hook
[INFO] [stdout]    7:     0x5c6608a1a642 - std[617be2ca0a6fd877]::panicking::panic_handler::{closure#0}
[INFO] [stdout]    8:     0x5c6608a12fd9 - std[617be2ca0a6fd877]::sys::backtrace::__rust_end_short_backtrace::<std[617be2ca0a6fd877]::panicking::panic_handler::{closure#0}, !>
[INFO] [stdout]    9:     0x5c6608a1b12d - __rustc[ea4f61d10b84890b]::rust_begin_unwind
[INFO] [stdout]   10:     0x5c6608a5827c - core[a373ad73a504971]::panicking::panic_fmt
[INFO] [stdout]   11:     0x5c6608a58052 - core[a373ad73a504971]::result::unwrap_failed
[INFO] [stdout]   12:     0x5c66087627b0 - pithos_lib[ff138405e3b9a8fc]::archive::reader_private_tests::private
[INFO] [stdout]   13:     0x5c660875f3e9 - pithos_lib[ff138405e3b9a8fc]::archive::reader_private_tests::fixture_with_options
[INFO] [stdout]   14:     0x5c6608775d3d - <pithos_lib[ff138405e3b9a8fc]::archive::reader_private_tests::encrypted_local_descriptor_stored_size_has_a_28_byte_minimum::{closure#0} as core[a373ad73a504971]::ops::function::FnOnce<()>>::call_once
[INFO] [stdout]   15:     0x5c660884dcdb - test[aada8e7e76ba119b]::__rust_begin_short_backtrace::<core[a373ad73a504971]::result::Result<(), alloc[2e1b2a31b91974c5]::string::String>, fn() -> core[a373ad73a504971]::result::Result<(), alloc[2e1b2a31b91974c5]::string::String>>
[INFO] [stdout]   16:     0x5c660885aeb5 - test[aada8e7e76ba119b]::run_test::{closure#0}
[INFO] [stdout]   17:     0x5c66088547a4 - std[617be2ca0a6fd877]::sys::backtrace::__rust_begin_short_backtrace::<test[aada8e7e76ba119b]::run_test::{closure#1}, ()>
[INFO] [stdout]   18:     0x5c660885df42 - <std[617be2ca0a6fd877]::thread::lifecycle::spawn_unchecked<test[aada8e7e76ba119b]::run_test::{closure#1}, ()>::{closure#1} as core[a373ad73a504971]::ops::function::FnOnce<()>>::call_once::{shim:vtable#0}
[INFO] [stdout]   19:     0x5c6608a3ffaf - <std[617be2ca0a6fd877]::sys::thread::unix::Thread>::new::thread_start
[INFO] [stdout]   20:     0x7f2b76d37dfa - <unknown>
[INFO] [stdout]   21:     0x7f2b76dcb3d4 - clone
[INFO] [stdout]   22:                0x0 - <unknown>
[INFO] [stdout] 
[INFO] [stdout] ---- archive::reader_private_tests::encrypted_recipient_grant_conflicts_are_key_independent_and_compare_all_bytes stdout ----
[INFO] [stdout] 
[INFO] [stdout] thread 'archive::reader_private_tests::encrypted_recipient_grant_conflicts_are_key_independent_and_compare_all_bytes' (3331) panicked at src/archive/reader_private_tests.rs:30:71:
[INFO] [stdout] called `Result::unwrap()` on an `Err` value: Os { code: 2, kind: NotFound, message: "No such file or directory" }
[INFO] [stdout] stack backtrace:
[INFO] [stdout]    0:     0x5c6608a40ce1 - <<std[617be2ca0a6fd877]::sys::backtrace::BacktraceLock>::print::DisplayBacktrace as core[a373ad73a504971]::fmt::Display>::fmt
[INFO] [stdout]    1:     0x5c6608a57a9a - core[a373ad73a504971]::fmt::write
[INFO] [stdout]    2:     0x5c6608a456cc - <alloc[2e1b2a31b91974c5]::vec::Vec<u8> as core[a373ad73a504971]::io::write::Write>::write_fmt
[INFO] [stdout]    3:     0x5c6608a1a596 - std[617be2ca0a6fd877]::panicking::default_hook::{closure#0}
[INFO] [stdout]    4:     0x5c6608a37f69 - std[617be2ca0a6fd877]::panicking::default_hook
[INFO] [stdout]    5:     0x5c660885a890 - test[aada8e7e76ba119b]::test_main_inner::{closure#0}
[INFO] [stdout]    6:     0x5c6608a38122 - std[617be2ca0a6fd877]::panicking::panic_with_hook
[INFO] [stdout]    7:     0x5c6608a1a642 - std[617be2ca0a6fd877]::panicking::panic_handler::{closure#0}
[INFO] [stdout]    8:     0x5c6608a12fd9 - std[617be2ca0a6fd877]::sys::backtrace::__rust_end_short_backtrace::<std[617be2ca0a6fd877]::panicking::panic_handler::{closure#0}, !>
[INFO] [stdout]    9:     0x5c6608a1b12d - __rustc[ea4f61d10b84890b]::rust_begin_unwind
[INFO] [stdout]   10:     0x5c6608a5827c - core[a373ad73a504971]::panicking::panic_fmt
[INFO] [stdout]   11:     0x5c6608a58052 - core[a373ad73a504971]::result::unwrap_failed
[INFO] [stdout]   12:     0x5c66087627b0 - pithos_lib[ff138405e3b9a8fc]::archive::reader_private_tests::private
[INFO] [stdout]   13:     0x5c660875c588 - pithos_lib[ff138405e3b9a8fc]::archive::reader_private_tests::empty_fixture
[INFO] [stdout]   14:     0x5c66087864f5 - <pithos_lib[ff138405e3b9a8fc]::archive::reader_private_tests::encrypted_recipient_grant_conflicts_are_key_independent_and_compare_all_bytes::{closure#0} as core[a373ad73a504971]::ops::function::FnOnce<()>>::call_once
[INFO] [stdout]   15:     0x5c660884dcdb - test[aada8e7e76ba119b]::__rust_begin_short_backtrace::<core[a373ad73a504971]::result::Result<(), alloc[2e1b2a31b91974c5]::string::String>, fn() -> core[a373ad73a504971]::result::Result<(), alloc[2e1b2a31b91974c5]::string::String>>
[INFO] [stdout]   16:     0x5c660885aeb5 - test[aada8e7e76ba119b]::run_test::{closure#0}
[INFO] [stdout]   17:     0x5c66088547a4 - std[617be2ca0a6fd877]::sys::backtrace::__rust_begin_short_backtrace::<test[aada8e7e76ba119b]::run_test::{closure#1}, ()>
[INFO] [stdout]   18:     0x5c660885df42 - <std[617be2ca0a6fd877]::thread::lifecycle::spawn_unchecked<test[aada8e7e76ba119b]::run_test::{closure#1}, ()>::{closure#1} as core[a373ad73a504971]::ops::function::FnOnce<()>>::call_once::{shim:vtable#0}
[INFO] [stdout]   19:     0x5c6608a3ffaf - <std[617be2ca0a6fd877]::sys::thread::unix::Thread>::new::thread_start
[INFO] [stdout]   20:     0x7f2b76d37dfa - <unknown>
[INFO] [stdout]   21:     0x7f2b76dcb3d4 - clone
[INFO] [stdout]   22:                0x0 - <unknown>
[INFO] [stdout] 
[INFO] [stdout] ---- archive::reader_private_tests::missing_or_changed_local_block_markers_fail_when_the_block_is_read stdout ----
[INFO] [stdout] 
[INFO] [stdout] thread 'archive::reader_private_tests::missing_or_changed_local_block_markers_fail_when_the_block_is_read' (3334) panicked at src/archive/reader_private_tests.rs:30:71:
[INFO] [stdout] called `Result::unwrap()` on an `Err` value: Os { code: 2, kind: NotFound, message: "No such file or directory" }
[INFO] [stdout] stack backtrace:
[INFO] [stdout]    0:     0x5c6608a40ce1 - <<std[617be2ca0a6fd877]::sys::backtrace::BacktraceLock>::print::DisplayBacktrace as core[a373ad73a504971]::fmt::Display>::fmt
[INFO] [stdout]    1:     0x5c6608a57a9a - core[a373ad73a504971]::fmt::write
[INFO] [stdout]    2:     0x5c6608a456cc - <alloc[2e1b2a31b91974c5]::vec::Vec<u8> as core[a373ad73a504971]::io::write::Write>::write_fmt
[INFO] [stdout]    3:     0x5c6608a1a596 - std[617be2ca0a6fd877]::panicking::default_hook::{closure#0}
[INFO] [stdout]    4:     0x5c6608a37f69 - std[617be2ca0a6fd877]::panicking::default_hook
[INFO] [stdout]    5:     0x5c660885a890 - test[aada8e7e76ba119b]::test_main_inner::{closure#0}
[INFO] [stdout]    6:     0x5c6608a38122 - std[617be2ca0a6fd877]::panicking::panic_with_hook
[INFO] [stdout]    7:     0x5c6608a1a642 - std[617be2ca0a6fd877]::panicking::panic_handler::{closure#0}
[INFO] [stdout]    8:     0x5c6608a12fd9 - std[617be2ca0a6fd877]::sys::backtrace::__rust_end_short_backtrace::<std[617be2ca0a6fd877]::panicking::panic_handler::{closure#0}, !>
[INFO] [stdout]    9:     0x5c6608a1b12d - __rustc[ea4f61d10b84890b]::rust_begin_unwind
[INFO] [stdout]   10:     0x5c6608a5827c - core[a373ad73a504971]::panicking::panic_fmt
[INFO] [stdout]   11:     0x5c6608a58052 - core[a373ad73a504971]::result::unwrap_failed
[INFO] [stdout]   12:     0x5c66087627b0 - pithos_lib[ff138405e3b9a8fc]::archive::reader_private_tests::private
[INFO] [stdout]   13:     0x5c660875f3e9 - pithos_lib[ff138405e3b9a8fc]::archive::reader_private_tests::fixture_with_options
[INFO] [stdout]   14:     0x5c660877c010 - <pithos_lib[ff138405e3b9a8fc]::archive::reader_private_tests::missing_or_changed_local_block_markers_fail_when_the_block_is_read::{closure#0} as core[a373ad73a504971]::ops::function::FnOnce<()>>::call_once
[INFO] [stdout]   15:     0x5c660884dcdb - test[aada8e7e76ba119b]::__rust_begin_short_backtrace::<core[a373ad73a504971]::result::Result<(), alloc[2e1b2a31b91974c5]::string::String>, fn() -> core[a373ad73a504971]::result::Result<(), alloc[2e1b2a31b91974c5]::string::String>>
[INFO] [stdout]   16:     0x5c660885aeb5 - test[aada8e7e76ba119b]::run_test::{closure#0}
[INFO] [stdout]   17:     0x5c66088547a4 - std[617be2ca0a6fd877]::sys::backtrace::__rust_begin_short_backtrace::<test[aada8e7e76ba119b]::run_test::{closure#1}, ()>
[INFO] [stdout]   18:     0x5c660885df42 - <std[617be2ca0a6fd877]::thread::lifecycle::spawn_unchecked<test[aada8e7e76ba119b]::run_test::{closure#1}, ()>::{closure#1} as core[a373ad73a504971]::ops::function::FnOnce<()>>::call_once::{shim:vtable#0}
[INFO] [stdout]   19:     0x5c6608a3ffaf - <std[617be2ca0a6fd877]::sys::thread::unix::Thread>::new::thread_start
[INFO] [stdout]   20:     0x7f2b76d37dfa - <unknown>
[INFO] [stdout]   21:     0x7f2b76dcb3d4 - clone
[INFO] [stdout]   22:                0x0 - <unknown>
[INFO] [stdout] 
[INFO] [stdout] ---- archive::reader_private_tests::decrypted_recipient_grants_compare_decoded_order_and_accept_non_minimal_uleb128 stdout ----
[INFO] [stdout] 
[INFO] [stdout] thread 'archive::reader_private_tests::decrypted_recipient_grants_compare_decoded_order_and_accept_non_minimal_uleb128' (3326) panicked at src/archive/reader_private_tests.rs:30:71:
[INFO] [stdout] called `Result::unwrap()` on an `Err` value: Os { code: 2, kind: NotFound, message: "No such file or directory" }
[INFO] [stdout] stack backtrace:
[INFO] [stdout]    0:     0x5c6608a40ce1 - <<std[617be2ca0a6fd877]::sys::backtrace::BacktraceLock>::print::DisplayBacktrace as core[a373ad73a504971]::fmt::Display>::fmt
[INFO] [stdout]    1:     0x5c6608a57a9a - core[a373ad73a504971]::fmt::write
[INFO] [stdout]    2:     0x5c6608a456cc - <alloc[2e1b2a31b91974c5]::vec::Vec<u8> as core[a373ad73a504971]::io::write::Write>::write_fmt
[INFO] [stdout]    3:     0x5c6608a1a596 - std[617be2ca0a6fd877]::panicking::default_hook::{closure#0}
[INFO] [stdout]    4:     0x5c6608a37f69 - std[617be2ca0a6fd877]::panicking::default_hook
[INFO] [stdout]    5:     0x5c660885a890 - test[aada8e7e76ba119b]::test_main_inner::{closure#0}
[INFO] [stdout]    6:     0x5c6608a38122 - std[617be2ca0a6fd877]::panicking::panic_with_hook
[INFO] [stdout]    7:     0x5c6608a1a642 - std[617be2ca0a6fd877]::panicking::panic_handler::{closure#0}
[INFO] [stdout]    8:     0x5c6608a12fd9 - std[617be2ca0a6fd877]::sys::backtrace::__rust_end_short_backtrace::<std[617be2ca0a6fd877]::panicking::panic_handler::{closure#0}, !>
[INFO] [stdout]    9:     0x5c6608a1b12d - __rustc[ea4f61d10b84890b]::rust_begin_unwind
[INFO] [stdout]   10:     0x5c6608a5827c - core[a373ad73a504971]::panicking::panic_fmt
[INFO] [stdout]   11:     0x5c6608a58052 - core[a373ad73a504971]::result::unwrap_failed
[INFO] [stdout]   12:     0x5c66087627b0 - pithos_lib[ff138405e3b9a8fc]::archive::reader_private_tests::private
[INFO] [stdout]   13:     0x5c660875c588 - pithos_lib[ff138405e3b9a8fc]::archive::reader_private_tests::empty_fixture
[INFO] [stdout]   14:     0x5c6608788984 - <pithos_lib[ff138405e3b9a8fc]::archive::reader_private_tests::decrypted_recipient_grants_compare_decoded_order_and_accept_non_minimal_uleb128::{closure#0} as core[a373ad73a504971]::ops::function::FnOnce<()>>::call_once
[INFO] [stdout]   15:     0x5c660884dcdb - test[aada8e7e76ba119b]::__rust_begin_short_backtrace::<core[a373ad73a504971]::result::Result<(), alloc[2e1b2a31b91974c5]::string::String>, fn() -> core[a373ad73a504971]::result::Result<(), alloc[2e1b2a31b91974c5]::string::String>>
[INFO] [stdout]   16:     0x5c660885aeb5 - test[aada8e7e76ba119b]::run_test::{closure#0}
[INFO] [stdout]   17:     0x5c66088547a4 - std[617be2ca0a6fd877]::sys::backtrace::__rust_begin_short_backtrace::<test[aada8e7e76ba119b]::run_test::{closure#1}, ()>
[INFO] [stdout]   18:     0x5c660885df42 - <std[617be2ca0a6fd877]::thread::lifecycle::spawn_unchecked<test[aada8e7e76ba119b]::run_test::{closure#1}, ()>::{closure#1} as core[a373ad73a504971]::ops::function::FnOnce<()>>::call_once::{shim:vtable#0}
[INFO] [stdout]   19:     0x5c6608a3ffaf - <std[617be2ca0a6fd877]::sys::thread::unix::Thread>::new::thread_start
[INFO] [stdout]   20:     0x7f2b76d37dfa - <unknown>
[INFO] [stdout]   21:     0x7f2b76dcb3d4 - clone
[INFO] [stdout]   22:                0x0 - <unknown>
[INFO] [stdout] 
[INFO] [stdout] ---- archive::reader_private_tests::direct_and_decrypted_encrypted_block_lists_share_one_open_budget stdout ----
[INFO] [stdout] 
[INFO] [stdout] thread 'archive::reader_private_tests::direct_and_decrypted_encrypted_block_lists_share_one_open_budget' (3327) panicked at src/archive/reader_private_tests.rs:30:71:
[INFO] [stdout] called `Result::unwrap()` on an `Err` value: Os { code: 2, kind: NotFound, message: "No such file or directory" }
[INFO] [stdout] stack backtrace:
[INFO] [stdout]    0:     0x5c6608a40ce1 - <<std[617be2ca0a6fd877]::sys::backtrace::BacktraceLock>::print::DisplayBacktrace as core[a373ad73a504971]::fmt::Display>::fmt
[INFO] [stdout]    1:     0x5c6608a57a9a - core[a373ad73a504971]::fmt::write
[INFO] [stdout]    2:     0x5c6608a456cc - <alloc[2e1b2a31b91974c5]::vec::Vec<u8> as core[a373ad73a504971]::io::write::Write>::write_fmt
[INFO] [stdout]    3:     0x5c6608a1a596 - std[617be2ca0a6fd877]::panicking::default_hook::{closure#0}
[INFO] [stdout]    4:     0x5c6608a37f69 - std[617be2ca0a6fd877]::panicking::default_hook
[INFO] [stdout]    5:     0x5c660885a890 - test[aada8e7e76ba119b]::test_main_inner::{closure#0}
[INFO] [stdout]    6:     0x5c6608a38122 - std[617be2ca0a6fd877]::panicking::panic_with_hook
[INFO] [stdout]    7:     0x5c6608a1a642 - std[617be2ca0a6fd877]::panicking::panic_handler::{closure#0}
[INFO] [stdout]    8:     0x5c6608a12fd9 - std[617be2ca0a6fd877]::sys::backtrace::__rust_end_short_backtrace::<std[617be2ca0a6fd877]::panicking::panic_handler::{closure#0}, !>
[INFO] [stdout]    9:     0x5c6608a1b12d - __rustc[ea4f61d10b84890b]::rust_begin_unwind
[INFO] [stdout]   10:     0x5c6608a5827c - core[a373ad73a504971]::panicking::panic_fmt
[INFO] [stdout]   11:     0x5c6608a58052 - core[a373ad73a504971]::result::unwrap_failed
[INFO] [stdout]   12:     0x5c66087627b0 - pithos_lib[ff138405e3b9a8fc]::archive::reader_private_tests::private
[INFO] [stdout]   13:     0x5c660875cf62 - pithos_lib[ff138405e3b9a8fc]::archive::reader_private_tests::fixture_entries
[INFO] [stdout]   14:     0x5c660877b205 - <pithos_lib[ff138405e3b9a8fc]::archive::reader_private_tests::direct_and_decrypted_encrypted_block_lists_share_one_open_budget::{closure#0} as core[a373ad73a504971]::ops::function::FnOnce<()>>::call_once
[INFO] [stdout]   15:     0x5c660884dcdb - test[aada8e7e76ba119b]::__rust_begin_short_backtrace::<core[a373ad73a504971]::result::Result<(), alloc[2e1b2a31b91974c5]::string::String>, fn() -> core[a373ad73a504971]::result::Result<(), alloc[2e1b2a31b91974c5]::string::String>>
[INFO] [stdout]   16:     0x5c660885aeb5 - test[aada8e7e76ba119b]::run_test::{closure#0}
[INFO] [stdout]   17:     0x5c66088547a4 - std[617be2ca0a6fd877]::sys::backtrace::__rust_begin_short_backtrace::<test[aada8e7e76ba119b]::run_test::{closure#1}, ()>
[INFO] [stdout]   18:     0x5c660885df42 - <std[617be2ca0a6fd877]::thread::lifecycle::spawn_unchecked<test[aada8e7e76ba119b]::run_test::{closure#1}, ()>::{closure#1} as core[a373ad73a504971]::ops::function::FnOnce<()>>::call_once::{shim:vtable#0}
[INFO] [stdout]   19:     0x5c6608a3ffaf - <std[617be2ca0a6fd877]::sys::thread::unix::Thread>::new::thread_start
[INFO] [stdout]   20:     0x7f2b76d37dfa - <unknown>
[INFO] [stdout]   21:     0x7f2b76dcb3d4 - clone
[INFO] [stdout]   22:                0x0 - <unknown>
[INFO] [stdout] 
[INFO] [stdout] ---- archive::reader_private_tests::piece_rules_reject_version_1_0_archives_and_shared_key_ids stdout ----
[INFO] [stdout] 
[INFO] [stdout] thread 'archive::reader_private_tests::piece_rules_reject_version_1_0_archives_and_shared_key_ids' (3335) panicked at src/archive/reader_private_tests.rs:30:71:
[INFO] [stdout] called `Result::unwrap()` on an `Err` value: Os { code: 2, kind: NotFound, message: "No such file or directory" }
[INFO] [stdout] stack backtrace:
[INFO] [stdout]    0:     0x5c6608a40ce1 - <<std[617be2ca0a6fd877]::sys::backtrace::BacktraceLock>::print::DisplayBacktrace as core[a373ad73a504971]::fmt::Display>::fmt
[INFO] [stdout]    1:     0x5c6608a57a9a - core[a373ad73a504971]::fmt::write
[INFO] [stdout]    2:     0x5c6608a456cc - <alloc[2e1b2a31b91974c5]::vec::Vec<u8> as core[a373ad73a504971]::io::write::Write>::write_fmt
[INFO] [stdout]    3:     0x5c6608a1a596 - std[617be2ca0a6fd877]::panicking::default_hook::{closure#0}
[INFO] [stdout]    4:     0x5c6608a37f69 - std[617be2ca0a6fd877]::panicking::default_hook
[INFO] [stdout]    5:     0x5c660885a890 - test[aada8e7e76ba119b]::test_main_inner::{closure#0}
[INFO] [stdout]    6:     0x5c6608a38122 - std[617be2ca0a6fd877]::panicking::panic_with_hook
[INFO] [stdout]    7:     0x5c6608a1a642 - std[617be2ca0a6fd877]::panicking::panic_handler::{closure#0}
[INFO] [stdout]    8:     0x5c6608a12fd9 - std[617be2ca0a6fd877]::sys::backtrace::__rust_end_short_backtrace::<std[617be2ca0a6fd877]::panicking::panic_handler::{closure#0}, !>
[INFO] [stdout]    9:     0x5c6608a1b12d - __rustc[ea4f61d10b84890b]::rust_begin_unwind
[INFO] [stdout]   10:     0x5c6608a5827c - core[a373ad73a504971]::panicking::panic_fmt
[INFO] [stdout]   11:     0x5c6608a58052 - core[a373ad73a504971]::result::unwrap_failed
[INFO] [stdout]   12:     0x5c66087627b0 - pithos_lib[ff138405e3b9a8fc]::archive::reader_private_tests::private
[INFO] [stdout]   13:     0x5c660875f3e9 - pithos_lib[ff138405e3b9a8fc]::archive::reader_private_tests::fixture_with_options
[INFO] [stdout]   14:     0x5c660875cb01 - pithos_lib[ff138405e3b9a8fc]::archive::reader_private_tests::pieces_fixture
[INFO] [stdout]   15:     0x5c6608772421 - <pithos_lib[ff138405e3b9a8fc]::archive::reader_private_tests::piece_rules_reject_version_1_0_archives_and_shared_key_ids::{closure#0} as core[a373ad73a504971]::ops::function::FnOnce<()>>::call_once
[INFO] [stdout]   16:     0x5c660884dcdb - test[aada8e7e76ba119b]::__rust_begin_short_backtrace::<core[a373ad73a504971]::result::Result<(), alloc[2e1b2a31b91974c5]::string::String>, fn() -> core[a373ad73a504971]::result::Result<(), alloc[2e1b2a31b91974c5]::string::String>>
[INFO] [stdout]   17:     0x5c660885aeb5 - test[aada8e7e76ba119b]::run_test::{closure#0}
[INFO] [stdout]   18:     0x5c66088547a4 - std[617be2ca0a6fd877]::sys::backtrace::__rust_begin_short_backtrace::<test[aada8e7e76ba119b]::run_test::{closure#1}, ()>
[INFO] [stdout]   19:     0x5c660885df42 - <std[617be2ca0a6fd877]::thread::lifecycle::spawn_unchecked<test[aada8e7e76ba119b]::run_test::{closure#1}, ()>::{closure#1} as core[a373ad73a504971]::ops::function::FnOnce<()>>::call_once::{shim:vtable#0}
[INFO] [stdout]   20:     0x5c6608a3ffaf - <std[617be2ca0a6fd877]::sys::thread::unix::Thread>::new::thread_start
[INFO] [stdout]   21:     0x7f2b76d37dfa - <unknown>
[INFO] [stdout]   22:     0x7f2b76dcb3d4 - clone
[INFO] [stdout]   23:                0x0 - <unknown>
[INFO] [stdout] 
[INFO] [stdout] ---- archive::reader_private_tests::crypt4gh_blocks_read_a_repeated_adjacent_block_once stdout ----
[INFO] [stdout] 
[INFO] [stdout] thread 'archive::reader_private_tests::crypt4gh_blocks_read_a_repeated_adjacent_block_once' (3324) panicked at src/archive/reader_private_tests.rs:30:71:
[INFO] [stdout] called `Result::unwrap()` on an `Err` value: Os { code: 2, kind: NotFound, message: "No such file or directory" }
[INFO] [stdout] stack backtrace:
[INFO] [stdout]    0:     0x5c6608a40ce1 - <<std[617be2ca0a6fd877]::sys::backtrace::BacktraceLock>::print::DisplayBacktrace as core[a373ad73a504971]::fmt::Display>::fmt
[INFO] [stdout]    1:     0x5c6608a57a9a - core[a373ad73a504971]::fmt::write
[INFO] [stdout]    2:     0x5c6608a456cc - <alloc[2e1b2a31b91974c5]::vec::Vec<u8> as core[a373ad73a504971]::io::write::Write>::write_fmt
[INFO] [stdout]    3:     0x5c6608a1a596 - std[617be2ca0a6fd877]::panicking::default_hook::{closure#0}
[INFO] [stdout]    4:     0x5c6608a37f69 - std[617be2ca0a6fd877]::panicking::default_hook
[INFO] [stdout]    5:     0x5c660885a890 - test[aada8e7e76ba119b]::test_main_inner::{closure#0}
[INFO] [stdout]    6:     0x5c6608a38122 - std[617be2ca0a6fd877]::panicking::panic_with_hook
[INFO] [stdout]    7:     0x5c6608a1a642 - std[617be2ca0a6fd877]::panicking::panic_handler::{closure#0}
[INFO] [stdout]    8:     0x5c6608a12fd9 - std[617be2ca0a6fd877]::sys::backtrace::__rust_end_short_backtrace::<std[617be2ca0a6fd877]::panicking::panic_handler::{closure#0}, !>
[INFO] [stdout]    9:     0x5c6608a1b12d - __rustc[ea4f61d10b84890b]::rust_begin_unwind
[INFO] [stdout]   10:     0x5c6608a5827c - core[a373ad73a504971]::panicking::panic_fmt
[INFO] [stdout]   11:     0x5c6608a58052 - core[a373ad73a504971]::result::unwrap_failed
[INFO] [stdout]   12:     0x5c66087627b0 - pithos_lib[ff138405e3b9a8fc]::archive::reader_private_tests::private
[INFO] [stdout]   13:     0x5c6608768ee6 - <pithos_lib[ff138405e3b9a8fc]::archive::reader_private_tests::crypt4gh_blocks_read_a_repeated_adjacent_block_once::{closure#0} as core[a373ad73a504971]::ops::function::FnOnce<()>>::call_once
[INFO] [stdout]   14:     0x5c660884dcdb - test[aada8e7e76ba119b]::__rust_begin_short_backtrace::<core[a373ad73a504971]::result::Result<(), alloc[2e1b2a31b91974c5]::string::String>, fn() -> core[a373ad73a504971]::result::Result<(), alloc[2e1b2a31b91974c5]::string::String>>
[INFO] [stdout]   15:     0x5c660885aeb5 - test[aada8e7e76ba119b]::run_test::{closure#0}
[INFO] [stdout]   16:     0x5c66088547a4 - std[617be2ca0a6fd877]::sys::backtrace::__rust_begin_short_backtrace::<test[aada8e7e76ba119b]::run_test::{closure#1}, ()>
[INFO] [stdout]   17:     0x5c660885df42 - <std[617be2ca0a6fd877]::thread::lifecycle::spawn_unchecked<test[aada8e7e76ba119b]::run_test::{closure#1}, ()>::{closure#1} as core[a373ad73a504971]::ops::function::FnOnce<()>>::call_once::{shim:vtable#0}
[INFO] [stdout]   18:     0x5c6608a3ffaf - <std[617be2ca0a6fd877]::sys::thread::unix::Thread>::new::thread_start
[INFO] [stdout]   19:     0x7f2b76d37dfa - <unknown>
[INFO] [stdout]   20:     0x7f2b76dcb3d4 - clone
[INFO] [stdout]   21:                0x0 - <unknown>
[INFO] [stdout] 
[INFO] [stdout] ---- archive::reader_private_tests::structurally_equal_encrypted_recipient_grants_repeat_with_or_without_access_keys stdout ----
[INFO] [stdout] 
[INFO] [stdout] thread 'archive::reader_private_tests::structurally_equal_encrypted_recipient_grants_repeat_with_or_without_access_keys' (3339) panicked at src/archive/reader_private_tests.rs:30:71:
[INFO] [stdout] called `Result::unwrap()` on an `Err` value: Os { code: 2, kind: NotFound, message: "No such file or directory" }
[INFO] [stdout] stack backtrace:
[INFO] [stdout]    0:     0x5c6608a40ce1 - <<std[617be2ca0a6fd877]::sys::backtrace::BacktraceLock>::print::DisplayBacktrace as core[a373ad73a504971]::fmt::Display>::fmt
[INFO] [stdout]    1:     0x5c6608a57a9a - core[a373ad73a504971]::fmt::write
[INFO] [stdout]    2:     0x5c6608a456cc - <alloc[2e1b2a31b91974c5]::vec::Vec<u8> as core[a373ad73a504971]::io::write::Write>::write_fmt
[INFO] [stdout]    3:     0x5c6608a1a596 - std[617be2ca0a6fd877]::panicking::default_hook::{closure#0}
[INFO] [stdout]    4:     0x5c6608a37f69 - std[617be2ca0a6fd877]::panicking::default_hook
[INFO] [stdout]    5:     0x5c660885a890 - test[aada8e7e76ba119b]::test_main_inner::{closure#0}
[INFO] [stdout]    6:     0x5c6608a38122 - std[617be2ca0a6fd877]::panicking::panic_with_hook
[INFO] [stdout]    7:     0x5c6608a1a642 - std[617be2ca0a6fd877]::panicking::panic_handler::{closure#0}
[INFO] [stdout]    8:     0x5c6608a12fd9 - std[617be2ca0a6fd877]::sys::backtrace::__rust_end_short_backtrace::<std[617be2ca0a6fd877]::panicking::panic_handler::{closure#0}, !>
[INFO] [stdout]    9:     0x5c6608a1b12d - __rustc[ea4f61d10b84890b]::rust_begin_unwind
[INFO] [stdout]   10:     0x5c6608a5827c - core[a373ad73a504971]::panicking::panic_fmt
[INFO] [stdout]   11:     0x5c6608a58052 - core[a373ad73a504971]::result::unwrap_failed
[INFO] [stdout]   12:     0x5c66087627b0 - pithos_lib[ff138405e3b9a8fc]::archive::reader_private_tests::private
[INFO] [stdout]   13:     0x5c660875c588 - pithos_lib[ff138405e3b9a8fc]::archive::reader_private_tests::empty_fixture
[INFO] [stdout]   14:     0x5c660878a8a6 - <pithos_lib[ff138405e3b9a8fc]::archive::reader_private_tests::structurally_equal_encrypted_recipient_grants_repeat_with_or_without_access_keys::{closure#0} as core[a373ad73a504971]::ops::function::FnOnce<()>>::call_once
[INFO] [stdout]   15:     0x5c660884dcdb - test[aada8e7e76ba119b]::__rust_begin_short_backtrace::<core[a373ad73a504971]::result::Result<(), alloc[2e1b2a31b91974c5]::string::String>, fn() -> core[a373ad73a504971]::result::Result<(), alloc[2e1b2a31b91974c5]::string::String>>
[INFO] [stdout]   16:     0x5c660885aeb5 - test[aada8e7e76ba119b]::run_test::{closure#0}
[INFO] [stdout]   17:     0x5c66088547a4 - std[617be2ca0a6fd877]::sys::backtrace::__rust_begin_short_backtrace::<test[aada8e7e76ba119b]::run_test::{closure#1}, ()>
[INFO] [stdout]   18:     0x5c660885df42 - <std[617be2ca0a6fd877]::thread::lifecycle::spawn_unchecked<test[aada8e7e76ba119b]::run_test::{closure#1}, ()>::{closure#1} as core[a373ad73a504971]::ops::function::FnOnce<()>>::call_once::{shim:vtable#0}
[INFO] [stdout]   19:     0x5c6608a3ffaf - <std[617be2ca0a6fd877]::sys::thread::unix::Thread>::new::thread_start
[INFO] [stdout]   20:     0x7f2b76d37dfa - <unknown>
[INFO] [stdout]   21:     0x7f2b76dcb3d4 - clone
[INFO] [stdout]   22:                0x0 - <unknown>
[INFO] [stdout] 
[INFO] [stdout] ---- archive::reader_private_tests::unique_key_blocks_round_trip_and_store_every_repeat stdout ----
[INFO] [stdout] 
[INFO] [stdout] thread 'archive::reader_private_tests::unique_key_blocks_round_trip_and_store_every_repeat' (3340) panicked at src/archive/reader_private_tests.rs:30:71:
[INFO] [stdout] called `Result::unwrap()` on an `Err` value: Os { code: 2, kind: NotFound, message: "No such file or directory" }
[INFO] [stdout] stack backtrace:
[INFO] [stdout]    0:     0x5c6608a40ce1 - <<std[617be2ca0a6fd877]::sys::backtrace::BacktraceLock>::print::DisplayBacktrace as core[a373ad73a504971]::fmt::Display>::fmt
[INFO] [stdout]    1:     0x5c6608a57a9a - core[a373ad73a504971]::fmt::write
[INFO] [stdout]    2:     0x5c6608a456cc - <alloc[2e1b2a31b91974c5]::vec::Vec<u8> as core[a373ad73a504971]::io::write::Write>::write_fmt
[INFO] [stdout]    3:     0x5c6608a1a596 - std[617be2ca0a6fd877]::panicking::default_hook::{closure#0}
[INFO] [stdout]    4:     0x5c6608a37f69 - std[617be2ca0a6fd877]::panicking::default_hook
[INFO] [stdout]    5:     0x5c660885a890 - test[aada8e7e76ba119b]::test_main_inner::{closure#0}
[INFO] [stdout]    6:     0x5c6608a38122 - std[617be2ca0a6fd877]::panicking::panic_with_hook
[INFO] [stdout]    7:     0x5c6608a1a642 - std[617be2ca0a6fd877]::panicking::panic_handler::{closure#0}
[INFO] [stdout]    8:     0x5c6608a12fd9 - std[617be2ca0a6fd877]::sys::backtrace::__rust_end_short_backtrace::<std[617be2ca0a6fd877]::panicking::panic_handler::{closure#0}, !>
[INFO] [stdout]    9:     0x5c6608a1b12d - __rustc[ea4f61d10b84890b]::rust_begin_unwind
[INFO] [stdout]   10:     0x5c6608a5827c - core[a373ad73a504971]::panicking::panic_fmt
[INFO] [stdout]   11:     0x5c6608a58052 - core[a373ad73a504971]::result::unwrap_failed
[INFO] [stdout]   12:     0x5c66087627b0 - pithos_lib[ff138405e3b9a8fc]::archive::reader_private_tests::private
[INFO] [stdout]   13:     0x5c660876063b - pithos_lib[ff138405e3b9a8fc]::archive::reader_private_tests::fixture_with_processing
[INFO] [stdout]   14:     0x5c6608769eb9 - <pithos_lib[ff138405e3b9a8fc]::archive::reader_private_tests::unique_key_blocks_round_trip_and_store_every_repeat::{closure#0} as core[a373ad73a504971]::ops::function::FnOnce<()>>::call_once
[INFO] [stdout]   15:     0x5c660884dcdb - test[aada8e7e76ba119b]::__rust_begin_short_backtrace::<core[a373ad73a504971]::result::Result<(), alloc[2e1b2a31b91974c5]::string::String>, fn() -> core[a373ad73a504971]::result::Result<(), alloc[2e1b2a31b91974c5]::string::String>>
[INFO] [stdout]   16:     0x5c660885aeb5 - test[aada8e7e76ba119b]::run_test::{closure#0}
[INFO] [stdout]   17:     0x5c66088547a4 - std[617be2ca0a6fd877]::sys::backtrace::__rust_begin_short_backtrace::<test[aada8e7e76ba119b]::run_test::{closure#1}, ()>
[INFO] [stdout]   18:     0x5c660885df42 - <std[617be2ca0a6fd877]::thread::lifecycle::spawn_unchecked<test[aada8e7e76ba119b]::run_test::{closure#1}, ()>::{closure#1} as core[a373ad73a504971]::ops::function::FnOnce<()>>::call_once::{shim:vtable#0}
[INFO] [stdout]   19:     0x5c6608a3ffaf - <std[617be2ca0a6fd877]::sys::thread::unix::Thread>::new::thread_start
[INFO] [stdout]   20:     0x7f2b76d37dfa - <unknown>
[INFO] [stdout]   21:     0x7f2b76dcb3d4 - clone
[INFO] [stdout]   22:                0x0 - <unknown>
[INFO] [stdout] 
[INFO] [stdout] ---- archive::reader_private_tests::unique_key_blocks_verify_payload_and_identity_before_output stdout ----
[INFO] [stdout] 
[INFO] [stdout] thread 'archive::reader_private_tests::unique_key_blocks_verify_payload_and_identity_before_output' (3341) panicked at src/archive/reader_private_tests.rs:30:71:
[INFO] [stdout] called `Result::unwrap()` on an `Err` value: Os { code: 2, kind: NotFound, message: "No such file or directory" }
[INFO] [stdout] stack backtrace:
[INFO] [stdout]    0:     0x5c6608a40ce1 - <<std[617be2ca0a6fd877]::sys::backtrace::BacktraceLock>::print::DisplayBacktrace as core[a373ad73a504971]::fmt::Display>::fmt
[INFO] [stdout]    1:     0x5c6608a57a9a - core[a373ad73a504971]::fmt::write
[INFO] [stdout]    2:     0x5c6608a456cc - <alloc[2e1b2a31b91974c5]::vec::Vec<u8> as core[a373ad73a504971]::io::write::Write>::write_fmt
[INFO] [stdout]    3:     0x5c6608a1a596 - std[617be2ca0a6fd877]::panicking::default_hook::{closure#0}
[INFO] [stdout]    4:     0x5c6608a37f69 - std[617be2ca0a6fd877]::panicking::default_hook
[INFO] [stdout]    5:     0x5c660885a890 - test[aada8e7e76ba119b]::test_main_inner::{closure#0}
[INFO] [stdout]    6:     0x5c6608a38122 - std[617be2ca0a6fd877]::panicking::panic_with_hook
[INFO] [stdout]    7:     0x5c6608a1a642 - std[617be2ca0a6fd877]::panicking::panic_handler::{closure#0}
[INFO] [stdout]    8:     0x5c6608a12fd9 - std[617be2ca0a6fd877]::sys::backtrace::__rust_end_short_backtrace::<std[617be2ca0a6fd877]::panicking::panic_handler::{closure#0}, !>
[INFO] [stdout]    9:     0x5c6608a1b12d - __rustc[ea4f61d10b84890b]::rust_begin_unwind
[INFO] [stdout]   10:     0x5c6608a5827c - core[a373ad73a504971]::panicking::panic_fmt
[INFO] [stdout]   11:     0x5c6608a58052 - core[a373ad73a504971]::result::unwrap_failed
[INFO] [stdout]   12:     0x5c66087627b0 - pithos_lib[ff138405e3b9a8fc]::archive::reader_private_tests::private
[INFO] [stdout]   13:     0x5c660876063b - pithos_lib[ff138405e3b9a8fc]::archive::reader_private_tests::fixture_with_processing
[INFO] [stdout]   14:     0x5c6608774f62 - <pithos_lib[ff138405e3b9a8fc]::archive::reader_private_tests::unique_key_blocks_verify_payload_and_identity_before_output::{closure#0} as core[a373ad73a504971]::ops::function::FnOnce<()>>::call_once
[INFO] [stdout]   15:     0x5c660884dcdb - test[aada8e7e76ba119b]::__rust_begin_short_backtrace::<core[a373ad73a504971]::result::Result<(), alloc[2e1b2a31b91974c5]::string::String>, fn() -> core[a373ad73a504971]::result::Result<(), alloc[2e1b2a31b91974c5]::string::String>>
[INFO] [stdout]   16:     0x5c660885aeb5 - test[aada8e7e76ba119b]::run_test::{closure#0}
[INFO] [stdout]   17:     0x5c66088547a4 - std[617be2ca0a6fd877]::sys::backtrace::__rust_begin_short_backtrace::<test[aada8e7e76ba119b]::run_test::{closure#1}, ()>
[INFO] [stdout]   18:     0x5c660885df42 - <std[617be2ca0a6fd877]::thread::lifecycle::spawn_unchecked<test[aada8e7e76ba119b]::run_test::{closure#1}, ()>::{closure#1} as core[a373ad73a504971]::ops::function::FnOnce<()>>::call_once::{shim:vtable#0}
[INFO] [stdout]   19:     0x5c6608a3ffaf - <std[617be2ca0a6fd877]::sys::thread::unix::Thread>::new::thread_start
[INFO] [stdout]   20:     0x7f2b76d37dfa - <unknown>
[INFO] [stdout]   21:     0x7f2b76dcb3d4 - clone
[INFO] [stdout]   22:                0x0 - <unknown>
[INFO] [stdout] 
[INFO] [stdout] ---- archive::reader_private_tests::unsupported_external_content_preflights_the_whole_file_and_adapters stdout ----
[INFO] [stdout] 
[INFO] [stdout] thread 'archive::reader_private_tests::unsupported_external_content_preflights_the_whole_file_and_adapters' (3342) panicked at src/archive/reader_private_tests.rs:30:71:
[INFO] [stdout] called `Result::unwrap()` on an `Err` value: Os { code: 2, kind: NotFound, message: "No such file or directory" }
[INFO] [stdout] stack backtrace:
[INFO] [stdout]    0:     0x5c6608a40ce1 - <<std[617be2ca0a6fd877]::sys::backtrace::BacktraceLock>::print::DisplayBacktrace as core[a373ad73a504971]::fmt::Display>::fmt
[INFO] [stdout]    1:     0x5c6608a57a9a - core[a373ad73a504971]::fmt::write
[INFO] [stdout]    2:     0x5c6608a456cc - <alloc[2e1b2a31b91974c5]::vec::Vec<u8> as core[a373ad73a504971]::io::write::Write>::write_fmt
[INFO] [stdout]    3:     0x5c6608a1a596 - std[617be2ca0a6fd877]::panicking::default_hook::{closure#0}
[INFO] [stdout]    4:     0x5c6608a37f69 - std[617be2ca0a6fd877]::panicking::default_hook
[INFO] [stdout]    5:     0x5c660885a890 - test[aada8e7e76ba119b]::test_main_inner::{closure#0}
[INFO] [stdout]    6:     0x5c6608a38122 - std[617be2ca0a6fd877]::panicking::panic_with_hook
[INFO] [stdout]    7:     0x5c6608a1a642 - std[617be2ca0a6fd877]::panicking::panic_handler::{closure#0}
[INFO] [stdout]    8:     0x5c6608a12fd9 - std[617be2ca0a6fd877]::sys::backtrace::__rust_end_short_backtrace::<std[617be2ca0a6fd877]::panicking::panic_handler::{closure#0}, !>
[INFO] [stdout]    9:     0x5c6608a1b12d - __rustc[ea4f61d10b84890b]::rust_begin_unwind
[INFO] [stdout]   10:     0x5c6608a5827c - core[a373ad73a504971]::panicking::panic_fmt
[INFO] [stdout]   11:     0x5c6608a58052 - core[a373ad73a504971]::result::unwrap_failed
[INFO] [stdout]   12:     0x5c66087627b0 - pithos_lib[ff138405e3b9a8fc]::archive::reader_private_tests::private
[INFO] [stdout]   13:     0x5c660875f3e9 - pithos_lib[ff138405e3b9a8fc]::archive::reader_private_tests::fixture_with_options
[INFO] [stdout]   14:     0x5c6608780348 - <pithos_lib[ff138405e3b9a8fc]::archive::reader_private_tests::unsupported_external_content_preflights_the_whole_file_and_adapters::{closure#0} as core[a373ad73a504971]::ops::function::FnOnce<()>>::call_once
[INFO] [stdout]   15:     0x5c660884dcdb - test[aada8e7e76ba119b]::__rust_begin_short_backtrace::<core[a373ad73a504971]::result::Result<(), alloc[2e1b2a31b91974c5]::string::String>, fn() -> core[a373ad73a504971]::result::Result<(), alloc[2e1b2a31b91974c5]::string::String>>
[INFO] [stdout]   16:     0x5c660885aeb5 - test[aada8e7e76ba119b]::run_test::{closure#0}
[INFO] [stdout]   17:     0x5c66088547a4 - std[617be2ca0a6fd877]::sys::backtrace::__rust_begin_short_backtrace::<test[aada8e7e76ba119b]::run_test::{closure#1}, ()>
[INFO] [stdout]   18:     0x5c660885df42 - <std[617be2ca0a6fd877]::thread::lifecycle::spawn_unchecked<test[aada8e7e76ba119b]::run_test::{closure#1}, ()>::{closure#1} as core[a373ad73a504971]::ops::function::FnOnce<()>>::call_once::{shim:vtable#0}
[INFO] [stdout]   19:     0x5c6608a3ffaf - <std[617be2ca0a6fd877]::sys::thread::unix::Thread>::new::thread_start
[INFO] [stdout]   20:     0x7f2b76d37dfa - <unknown>
[INFO] [stdout]   21:     0x7f2b76dcb3d4 - clone
[INFO] [stdout]   22:                0x0 - <unknown>
[INFO] [stdout] 
[INFO] [stdout] ---- archive::reader_private_tests::recipient_grant_variants_must_match_across_directories stdout ----
[INFO] [stdout] 
[INFO] [stdout] thread 'archive::reader_private_tests::recipient_grant_variants_must_match_across_directories' (3338) panicked at src/archive/reader_private_tests.rs:30:71:
[INFO] [stdout] called `Result::unwrap()` on an `Err` value: Os { code: 2, kind: NotFound, message: "No such file or directory" }
[INFO] [stdout] stack backtrace:
[INFO] [stdout]    0:     0x5c6608a40ce1 - <<std[617be2ca0a6fd877]::sys::backtrace::BacktraceLock>::print::DisplayBacktrace as core[a373ad73a504971]::fmt::Display>::fmt
[INFO] [stdout]    1:     0x5c6608a57a9a - core[a373ad73a504971]::fmt::write
[INFO] [stdout]    2:     0x5c6608a456cc - <alloc[2e1b2a31b91974c5]::vec::Vec<u8> as core[a373ad73a504971]::io::write::Write>::write_fmt
[INFO] [stdout]    3:     0x5c6608a1a596 - std[617be2ca0a6fd877]::panicking::default_hook::{closure#0}
[INFO] [stdout]    4:     0x5c6608a37f69 - std[617be2ca0a6fd877]::panicking::default_hook
[INFO] [stdout]    5:     0x5c660885a890 - test[aada8e7e76ba119b]::test_main_inner::{closure#0}
[INFO] [stdout]    6:     0x5c6608a38122 - std[617be2ca0a6fd877]::panicking::panic_with_hook
[INFO] [stdout]    7:     0x5c6608a1a642 - std[617be2ca0a6fd877]::panicking::panic_handler::{closure#0}
[INFO] [stdout]    8:     0x5c6608a12fd9 - std[617be2ca0a6fd877]::sys::backtrace::__rust_end_short_backtrace::<std[617be2ca0a6fd877]::panicking::panic_handler::{closure#0}, !>
[INFO] [stdout]    9:     0x5c6608a1b12d - __rustc[ea4f61d10b84890b]::rust_begin_unwind
[INFO] [stdout]   10:     0x5c6608a5827c - core[a373ad73a504971]::panicking::panic_fmt
[INFO] [stdout]   11:     0x5c6608a58052 - core[a373ad73a504971]::result::unwrap_failed
[INFO] [stdout]   12:     0x5c66087627b0 - pithos_lib[ff138405e3b9a8fc]::archive::reader_private_tests::private
[INFO] [stdout]   13:     0x5c660875c588 - pithos_lib[ff138405e3b9a8fc]::archive::reader_private_tests::empty_fixture
[INFO] [stdout]   14:     0x5c660876b7d1 - <pithos_lib[ff138405e3b9a8fc]::archive::reader_private_tests::recipient_grant_variants_must_match_across_directories::{closure#0} as core[a373ad73a504971]::ops::function::FnOnce<()>>::call_once
[INFO] [stdout]   15:     0x5c660884dcdb - test[aada8e7e76ba119b]::__rust_begin_short_backtrace::<core[a373ad73a504971]::result::Result<(), alloc[2e1b2a31b91974c5]::string::String>, fn() -> core[a373ad73a504971]::result::Result<(), alloc[2e1b2a31b91974c5]::string::String>>
[INFO] [stdout]   16:     0x5c660885aeb5 - test[aada8e7e76ba119b]::run_test::{closure#0}
[INFO] [stdout]   17:     0x5c66088547a4 - std[617be2ca0a6fd877]::sys::backtrace::__rust_begin_short_backtrace::<test[aada8e7e76ba119b]::run_test::{closure#1}, ()>
[INFO] [stdout]   18:     0x5c660885df42 - <std[617be2ca0a6fd877]::thread::lifecycle::spawn_unchecked<test[aada8e7e76ba119b]::run_test::{closure#1}, ()>::{closure#1} as core[a373ad73a504971]::ops::function::FnOnce<()>>::call_once::{shim:vtable#0}
[INFO] [stdout]   19:     0x5c6608a3ffaf - <std[617be2ca0a6fd877]::sys::thread::unix::Thread>::new::thread_start
[INFO] [stdout]   20:     0x7f2b76d37dfa - <unknown>
[INFO] [stdout]   21:     0x7f2b76dcb3d4 - clone
[INFO] [stdout]   22:                0x0 - <unknown>
[INFO] [stdout] 
[INFO] [stdout] ---- archive::reader_private_tests::version_1_1_processing_round_trips_compressed_blocks stdout ----
[INFO] [stdout] 
[INFO] [stdout] thread 'archive::reader_private_tests::version_1_1_processing_round_trips_compressed_blocks' (3346) panicked at src/archive/reader_private_tests.rs:30:71:
[INFO] [stdout] called `Result::unwrap()` on an `Err` value: Os { code: 2, kind: NotFound, message: "No such file or directory" }
[INFO] [stdout] stack backtrace:
[INFO] [stdout]    0:     0x5c6608a40ce1 - <<std[617be2ca0a6fd877]::sys::backtrace::BacktraceLock>::print::DisplayBacktrace as core[a373ad73a504971]::fmt::Display>::fmt
[INFO] [stdout]    1:     0x5c6608a57a9a - core[a373ad73a504971]::fmt::write
[INFO] [stdout]    2:     0x5c6608a456cc - <alloc[2e1b2a31b91974c5]::vec::Vec<u8> as core[a373ad73a504971]::io::write::Write>::write_fmt
[INFO] [stdout]    3:     0x5c6608a1a596 - std[617be2ca0a6fd877]::panicking::default_hook::{closure#0}
[INFO] [stdout]    4:     0x5c6608a37f69 - std[617be2ca0a6fd877]::panicking::default_hook
[INFO] [stdout]    5:     0x5c660885a890 - test[aada8e7e76ba119b]::test_main_inner::{closure#0}
[INFO] [stdout]    6:     0x5c6608a38122 - std[617be2ca0a6fd877]::panicking::panic_with_hook
[INFO] [stdout]    7:     0x5c6608a1a642 - std[617be2ca0a6fd877]::panicking::panic_handler::{closure#0}
[INFO] [stdout]    8:     0x5c6608a12fd9 - std[617be2ca0a6fd877]::sys::backtrace::__rust_end_short_backtrace::<std[617be2ca0a6fd877]::panicking::panic_handler::{closure#0}, !>
[INFO] [stdout]    9:     0x5c6608a1b12d - __rustc[ea4f61d10b84890b]::rust_begin_unwind
[INFO] [stdout]   10:     0x5c6608a5827c - core[a373ad73a504971]::panicking::panic_fmt
[INFO] [stdout]   11:     0x5c6608a58052 - core[a373ad73a504971]::result::unwrap_failed
[INFO] [stdout]   12:     0x5c66087627b0 - pithos_lib[ff138405e3b9a8fc]::archive::reader_private_tests::private
[INFO] [stdout]   13:     0x5c660876063b - pithos_lib[ff138405e3b9a8fc]::archive::reader_private_tests::fixture_with_processing
[INFO] [stdout]   14:     0x5c660876b0ea - <pithos_lib[ff138405e3b9a8fc]::archive::reader_private_tests::version_1_1_processing_round_trips_compressed_blocks::{closure#0} as core[a373ad73a504971]::ops::function::FnOnce<()>>::call_once
[INFO] [stdout]   15:     0x5c660884dcdb - test[aada8e7e76ba119b]::__rust_begin_short_backtrace::<core[a373ad73a504971]::result::Result<(), alloc[2e1b2a31b91974c5]::string::String>, fn() -> core[a373ad73a504971]::result::Result<(), alloc[2e1b2a31b91974c5]::string::String>>
[INFO] [stdout]   16:     0x5c660885aeb5 - test[aada8e7e76ba119b]::run_test::{closure#0}
[INFO] [stdout]   17:     0x5c66088547a4 - std[617be2ca0a6fd877]::sys::backtrace::__rust_begin_short_backtrace::<test[aada8e7e76ba119b]::run_test::{closure#1}, ()>
[INFO] [stdout]   18:     0x5c660885df42 - <std[617be2ca0a6fd877]::thread::lifecycle::spawn_unchecked<test[aada8e7e76ba119b]::run_test::{closure#1}, ()>::{closure#1} as core[a373ad73a504971]::ops::function::FnOnce<()>>::call_once::{shim:vtable#0}
[INFO] [stdout]   19:     0x5c6608a3ffaf - <std[617be2ca0a6fd877]::sys::thread::unix::Thread>::new::thread_start
[INFO] [stdout]   20:     0x7f2b76d37dfa - <unknown>
[INFO] [stdout]   21:     0x7f2b76dcb3d4 - clone
[INFO] [stdout]   22:                0x0 - <unknown>
[INFO] [stdout] 
[INFO] [stdout] ---- archive::snapshot::tests::snapshot_checks_existing_paths_ids_and_content_kinds stdout ----
[INFO] [stdout] 
[INFO] [stdout] thread 'archive::snapshot::tests::snapshot_checks_existing_paths_ids_and_content_kinds' (3350) panicked at src/archive/snapshot.rs:283:89:
[INFO] [stdout] called `Result::unwrap()` on an `Err` value: Os { code: 2, kind: NotFound, message: "No such file or directory" }
[INFO] [stdout] stack backtrace:
[INFO] [stdout]    0:     0x5c6608a40ce1 - <<std[617be2ca0a6fd877]::sys::backtrace::BacktraceLock>::print::DisplayBacktrace as core[a373ad73a504971]::fmt::Display>::fmt
[INFO] [stdout]    1:     0x5c6608a57a9a - core[a373ad73a504971]::fmt::write
[INFO] [stdout]    2:     0x5c6608a456cc - <alloc[2e1b2a31b91974c5]::vec::Vec<u8> as core[a373ad73a504971]::io::write::Write>::write_fmt
[INFO] [stdout]    3:     0x5c6608a1a596 - std[617be2ca0a6fd877]::panicking::default_hook::{closure#0}
[INFO] [stdout]    4:     0x5c6608a37f69 - std[617be2ca0a6fd877]::panicking::default_hook
[INFO] [stdout]    5:     0x5c660885a890 - test[aada8e7e76ba119b]::test_main_inner::{closure#0}
[INFO] [stdout]    6:     0x5c6608a38122 - std[617be2ca0a6fd877]::panicking::panic_with_hook
[INFO] [stdout]    7:     0x5c6608a1a642 - std[617be2ca0a6fd877]::panicking::panic_handler::{closure#0}
[INFO] [stdout]    8:     0x5c6608a12fd9 - std[617be2ca0a6fd877]::sys::backtrace::__rust_end_short_backtrace::<std[617be2ca0a6fd877]::panicking::panic_handler::{closure#0}, !>
[INFO] [stdout]    9:     0x5c6608a1b12d - __rustc[ea4f61d10b84890b]::rust_begin_unwind
[INFO] [stdout]   10:     0x5c6608a5827c - core[a373ad73a504971]::panicking::panic_fmt
[INFO] [stdout]   11:     0x5c6608a58052 - core[a373ad73a504971]::result::unwrap_failed
[INFO] [stdout]   12:     0x5c66086f6640 - pithos_lib[ff138405e3b9a8fc]::archive::snapshot::tests::private
[INFO] [stdout]   13:     0x5c66086f58c4 - pithos_lib[ff138405e3b9a8fc]::archive::snapshot::tests::archive_with_entries
[INFO] [stdout]   14:     0x5c660870edb9 - <pithos_lib[ff138405e3b9a8fc]::archive::snapshot::tests::snapshot_checks_existing_paths_ids_and_content_kinds::{closure#0} as core[a373ad73a504971]::ops::function::FnOnce<()>>::call_once
[INFO] [stdout]   15:     0x5c660884dcdb - test[aada8e7e76ba119b]::__rust_begin_short_backtrace::<core[a373ad73a504971]::result::Result<(), alloc[2e1b2a31b91974c5]::string::String>, fn() -> core[a373ad73a504971]::result::Result<(), alloc[2e1b2a31b91974c5]::string::String>>
[INFO] [stdout]   16:     0x5c660885aeb5 - test[aada8e7e76ba119b]::run_test::{closure#0}
[INFO] [stdout]   17:     0x5c66088547a4 - std[617be2ca0a6fd877]::sys::backtrace::__rust_begin_short_backtrace::<test[aada8e7e76ba119b]::run_test::{closure#1}, ()>
[INFO] [stdout]   18:     0x5c660885df42 - <std[617be2ca0a6fd877]::thread::lifecycle::spawn_unchecked<test[aada8e7e76ba119b]::run_test::{closure#1}, ()>::{closure#1} as core[a373ad73a504971]::ops::function::FnOnce<()>>::call_once::{shim:vtable#0}
[INFO] [stdout]   19:     0x5c6608a3ffaf - <std[617be2ca0a6fd877]::sys::thread::unix::Thread>::new::thread_start
[INFO] [stdout]   20:     0x7f2b76d37dfa - <unknown>
[INFO] [stdout]   21:     0x7f2b76dcb3d4 - clone
[INFO] [stdout]   22:                0x0 - <unknown>
[INFO] [stdout] 
[INFO] [stdout] ---- archive::snapshot::tests::snapshot_keeps_the_earliest_effective_descriptor stdout ----
[INFO] [stdout] 
[INFO] [stdout] thread 'archive::snapshot::tests::snapshot_keeps_the_earliest_effective_descriptor' (3352) panicked at src/archive/snapshot.rs:283:89:
[INFO] [stdout] called `Result::unwrap()` on an `Err` value: Os { code: 2, kind: NotFound, message: "No such file or directory" }
[INFO] [stdout] stack backtrace:
[INFO] [stdout]    0:     0x5c6608a40ce1 - <<std[617be2ca0a6fd877]::sys::backtrace::BacktraceLock>::print::DisplayBacktrace as core[a373ad73a504971]::fmt::Display>::fmt
[INFO] [stdout]    1:     0x5c6608a57a9a - core[a373ad73a504971]::fmt::write
[INFO] [stdout]    2:     0x5c6608a456cc - <alloc[2e1b2a31b91974c5]::vec::Vec<u8> as core[a373ad73a504971]::io::write::Write>::write_fmt
[INFO] [stdout]    3:     0x5c6608a1a596 - std[617be2ca0a6fd877]::panicking::default_hook::{closure#0}
[INFO] [stdout]    4:     0x5c6608a37f69 - std[617be2ca0a6fd877]::panicking::default_hook
[INFO] [stdout]    5:     0x5c660885a890 - test[aada8e7e76ba119b]::test_main_inner::{closure#0}
[INFO] [stdout]    6:     0x5c6608a38122 - std[617be2ca0a6fd877]::panicking::panic_with_hook
[INFO] [stdout]    7:     0x5c6608a1a642 - std[617be2ca0a6fd877]::panicking::panic_handler::{closure#0}
[INFO] [stdout]    8:     0x5c6608a12fd9 - std[617be2ca0a6fd877]::sys::backtrace::__rust_end_short_backtrace::<std[617be2ca0a6fd877]::panicking::panic_handler::{closure#0}, !>
[INFO] [stdout]    9:     0x5c6608a1b12d - __rustc[ea4f61d10b84890b]::rust_begin_unwind
[INFO] [stdout]   10:     0x5c6608a5827c - core[a373ad73a504971]::panicking::panic_fmt
[INFO] [stdout]   11:     0x5c6608a58052 - core[a373ad73a504971]::result::unwrap_failed
[INFO] [stdout]   12:     0x5c66086f6640 - pithos_lib[ff138405e3b9a8fc]::archive::snapshot::tests::private
[INFO] [stdout]   13:     0x5c660870d76c - <pithos_lib[ff138405e3b9a8fc]::archive::snapshot::tests::snapshot_keeps_the_earliest_effective_descriptor::{closure#0} as core[a373ad73a504971]::ops::function::FnOnce<()>>::call_once
[INFO] [stdout]   14:     0x5c660884dcdb - test[aada8e7e76ba119b]::__rust_begin_short_backtrace::<core[a373ad73a504971]::result::Result<(), alloc[2e1b2a31b91974c5]::string::String>, fn() -> core[a373ad73a504971]::result::Result<(), alloc[2e1b2a31b91974c5]::string::String>>
[INFO] [stdout]   15:     0x5c660885aeb5 - test[aada8e7e76ba119b]::run_test::{closure#0}
[INFO] [stdout]   16:     0x5c66088547a4 - std[617be2ca0a6fd877]::sys::backtrace::__rust_begin_short_backtrace::<test[aada8e7e76ba119b]::run_test::{closure#1}, ()>
[INFO] [stdout]   17:     0x5c660885df42 - <std[617be2ca0a6fd877]::thread::lifecycle::spawn_unchecked<test[aada8e7e76ba119b]::run_test::{closure#1}, ()>::{closure#1} as core[a373ad73a504971]::ops::function::FnOnce<()>>::call_once::{shim:vtable#0}
[INFO] [stdout]   18:     0x5c6608a3ffaf - <std[617be2ca0a6fd877]::sys::thread::unix::Thread>::new::thread_start
[INFO] [stdout]   19:     0x7f2b76d37dfa - <unknown>
[INFO] [stdout]   20:     0x7f2b76dcb3d4 - clone
[INFO] [stdout]   21:                0x0 - <unknown>
[INFO] [stdout] 
[INFO] [stdout] ---- archive::snapshot::tests::snapshot_creation_consumes_archive_and_moves_recovered_access stdout ----
[INFO] [stdout] 
[INFO] [stdout] thread 'archive::snapshot::tests::snapshot_creation_consumes_archive_and_moves_recovered_access' (3351) panicked at src/archive/snapshot.rs:283:89:
[INFO] [stdout] called `Result::unwrap()` on an `Err` value: Os { code: 2, kind: NotFound, message: "No such file or directory" }
[INFO] [stdout] stack backtrace:
[INFO] [stdout]    0:     0x5c6608a40ce1 - <<std[617be2ca0a6fd877]::sys::backtrace::BacktraceLock>::print::DisplayBacktrace as core[a373ad73a504971]::fmt::Display>::fmt
[INFO] [stdout]    1:     0x5c6608a57a9a - core[a373ad73a504971]::fmt::write
[INFO] [stdout]    2:     0x5c6608a456cc - <alloc[2e1b2a31b91974c5]::vec::Vec<u8> as core[a373ad73a504971]::io::write::Write>::write_fmt
[INFO] [stdout]    3:     0x5c6608a1a596 - std[617be2ca0a6fd877]::panicking::default_hook::{closure#0}
[INFO] [stdout]    4:     0x5c6608a37f69 - std[617be2ca0a6fd877]::panicking::default_hook
[INFO] [stdout]    5:     0x5c660885a890 - test[aada8e7e76ba119b]::test_main_inner::{closure#0}
[INFO] [stdout]    6:     0x5c6608a38122 - std[617be2ca0a6fd877]::panicking::panic_with_hook
[INFO] [stdout]    7:     0x5c6608a1a642 - std[617be2ca0a6fd877]::panicking::panic_handler::{closure#0}
[INFO] [stdout]    8:     0x5c6608a12fd9 - std[617be2ca0a6fd877]::sys::backtrace::__rust_end_short_backtrace::<std[617be2ca0a6fd877]::panicking::panic_handler::{closure#0}, !>
[INFO] [stdout]    9:     0x5c6608a1b12d - __rustc[ea4f61d10b84890b]::rust_begin_unwind
[INFO] [stdout]   10:     0x5c6608a5827c - core[a373ad73a504971]::panicking::panic_fmt
[INFO] [stdout]   11:     0x5c6608a58052 - core[a373ad73a504971]::result::unwrap_failed
[INFO] [stdout]   12:     0x5c66086f6640 - pithos_lib[ff138405e3b9a8fc]::archive::snapshot::tests::private
[INFO] [stdout]   13:     0x5c66086f58c4 - pithos_lib[ff138405e3b9a8fc]::archive::snapshot::tests::archive_with_entries
[INFO] [stdout]   14:     0x5c660870ff3f - <pithos_lib[ff138405e3b9a8fc]::archive::snapshot::tests::snapshot_creation_consumes_archive_and_moves_recovered_access::{closure#0} as core[a373ad73a504971]::ops::function::FnOnce<()>>::call_once
[INFO] [stdout]   15:     0x5c660884dcdb - test[aada8e7e76ba119b]::__rust_begin_short_backtrace::<core[a373ad73a504971]::result::Result<(), alloc[2e1b2a31b91974c5]::string::String>, fn() -> core[a373ad73a504971]::result::Result<(), alloc[2e1b2a31b91974c5]::string::String>>
[INFO] [stdout]   16:     0x5c660885aeb5 - test[aada8e7e76ba119b]::run_test::{closure#0}
[INFO] [stdout]   17:     0x5c66088547a4 - std[617be2ca0a6fd877]::sys::backtrace::__rust_begin_short_backtrace::<test[aada8e7e76ba119b]::run_test::{closure#1}, ()>
[INFO] [stdout]   18:     0x5c660885df42 - <std[617be2ca0a6fd877]::thread::lifecycle::spawn_unchecked<test[aada8e7e76ba119b]::run_test::{closure#1}, ()>::{closure#1} as core[a373ad73a504971]::ops::function::FnOnce<()>>::call_once::{shim:vtable#0}
[INFO] [stdout]   19:     0x5c6608a3ffaf - <std[617be2ca0a6fd877]::sys::thread::unix::Thread>::new::thread_start
[INFO] [stdout]   20:     0x7f2b76d37dfa - <unknown>
[INFO] [stdout]   21:     0x7f2b76dcb3d4 - clone
[INFO] [stdout]   22:                0x0 - <unknown>
[INFO] [stdout] 
[INFO] [stdout] ---- archive::snapshot::tests::prospective_append_rejects_an_ancestor_sender_recipient_pair_before_publication stdout ----
[INFO] [stdout] 
[INFO] [stdout] thread 'archive::snapshot::tests::prospective_append_rejects_an_ancestor_sender_recipient_pair_before_publication' (3348) panicked at src/archive/snapshot.rs:283:89:
[INFO] [stdout] called `Result::unwrap()` on an `Err` value: Os { code: 2, kind: NotFound, message: "No such file or directory" }
[INFO] [stdout] stack backtrace:
[INFO] [stdout]    0:     0x5c6608a40ce1 - <<std[617be2ca0a6fd877]::sys::backtrace::BacktraceLock>::print::DisplayBacktrace as core[a373ad73a504971]::fmt::Display>::fmt
[INFO] [stdout]    1:     0x5c6608a57a9a - core[a373ad73a504971]::fmt::write
[INFO] [stdout]    2:     0x5c6608a456cc - <alloc[2e1b2a31b91974c5]::vec::Vec<u8> as core[a373ad73a504971]::io::write::Write>::write_fmt
[INFO] [stdout]    3:     0x5c6608a1a596 - std[617be2ca0a6fd877]::panicking::default_hook::{closure#0}
[INFO] [stdout]    4:     0x5c6608a37f69 - std[617be2ca0a6fd877]::panicking::default_hook
[INFO] [stdout]    5:     0x5c660885a890 - test[aada8e7e76ba119b]::test_main_inner::{closure#0}
[INFO] [stdout]    6:     0x5c6608a38122 - std[617be2ca0a6fd877]::panicking::panic_with_hook
[INFO] [stdout]    7:     0x5c6608a1a642 - std[617be2ca0a6fd877]::panicking::panic_handler::{closure#0}
[INFO] [stdout]    8:     0x5c6608a12fd9 - std[617be2ca0a6fd877]::sys::backtrace::__rust_end_short_backtrace::<std[617be2ca0a6fd877]::panicking::panic_handler::{closure#0}, !>
[INFO] [stdout]    9:     0x5c6608a1b12d - __rustc[ea4f61d10b84890b]::rust_begin_unwind
[INFO] [stdout]   10:     0x5c6608a5827c - core[a373ad73a504971]::panicking::panic_fmt
[INFO] [stdout]   11:     0x5c6608a58052 - core[a373ad73a504971]::result::unwrap_failed
[INFO] [stdout]   12:     0x5c66086f6640 - pithos_lib[ff138405e3b9a8fc]::archive::snapshot::tests::private
[INFO] [stdout]   13:     0x5c66086f58c4 - pithos_lib[ff138405e3b9a8fc]::archive::snapshot::tests::archive_with_entries
[INFO] [stdout]   14:     0x5c6608710589 - <pithos_lib[ff138405e3b9a8fc]::archive::snapshot::tests::prospective_append_rejects_an_ancestor_sender_recipient_pair_before_publication::{closure#0} as core[a373ad73a504971]::ops::function::FnOnce<()>>::call_once
[INFO] [stdout]   15:     0x5c660884dcdb - test[aada8e7e76ba119b]::__rust_begin_short_backtrace::<core[a373ad73a504971]::result::Result<(), alloc[2e1b2a31b91974c5]::string::String>, fn() -> core[a373ad73a504971]::result::Result<(), alloc[2e1b2a31b91974c5]::string::String>>
[INFO] [stdout]   16:     0x5c660885aeb5 - test[aada8e7e76ba119b]::run_test::{closure#0}
[INFO] [stdout]   17:     0x5c66088547a4 - std[617be2ca0a6fd877]::sys::backtrace::__rust_begin_short_backtrace::<test[aada8e7e76ba119b]::run_test::{closure#1}, ()>
[INFO] [stdout]   18:     0x5c660885df42 - <std[617be2ca0a6fd877]::thread::lifecycle::spawn_unchecked<test[aada8e7e76ba119b]::run_test::{closure#1}, ()>::{closure#1} as core[a373ad73a504971]::ops::function::FnOnce<()>>::call_once::{shim:vtable#0}
[INFO] [stdout]   19:     0x5c6608a3ffaf - <std[617be2ca0a6fd877]::sys::thread::unix::Thread>::new::thread_start
[INFO] [stdout]   20:     0x7f2b76d37dfa - <unknown>
[INFO] [stdout]   21:     0x7f2b76dcb3d4 - clone
[INFO] [stdout]   22:                0x0 - <unknown>
[INFO] [stdout] 
[INFO] [stdout] ---- archive::reader_private_tests::external_availability_requires_both_resolver_and_policy stdout ----
[INFO] [stdout] 
[INFO] [stdout] thread 'archive::reader_private_tests::external_availability_requires_both_resolver_and_policy' (3332) panicked at src/archive/reader_private_tests.rs:30:71:
[INFO] [stdout] called `Result::unwrap()` on an `Err` value: Os { code: 2, kind: NotFound, message: "No such file or directory" }
[INFO] [stdout] stack backtrace:
[INFO] [stdout]    0:     0x5c6608a40ce1 - <<std[617be2ca0a6fd877]::sys::backtrace::BacktraceLock>::print::DisplayBacktrace as core[a373ad73a504971]::fmt::Display>::fmt
[INFO] [stdout]    1:     0x5c6608a57a9a - core[a373ad73a504971]::fmt::write
[INFO] [stdout]    2:     0x5c6608a456cc - <alloc[2e1b2a31b91974c5]::vec::Vec<u8> as core[a373ad73a504971]::io::write::Write>::write_fmt
[INFO] [stdout]    3:     0x5c6608a1a596 - std[617be2ca0a6fd877]::panicking::default_hook::{closure#0}
[INFO] [stdout]    4:     0x5c6608a37f69 - std[617be2ca0a6fd877]::panicking::default_hook
[INFO] [stdout]    5:     0x5c660885a890 - test[aada8e7e76ba119b]::test_main_inner::{closure#0}
[INFO] [stdout]    6:     0x5c6608a38122 - std[617be2ca0a6fd877]::panicking::panic_with_hook
[INFO] [stdout]    7:     0x5c6608a1a642 - std[617be2ca0a6fd877]::panicking::panic_handler::{closure#0}
[INFO] [stdout]    8:     0x5c6608a12fd9 - std[617be2ca0a6fd877]::sys::backtrace::__rust_end_short_backtrace::<std[617be2ca0a6fd877]::panicking::panic_handler::{closure#0}, !>
[INFO] [stdout]    9:     0x5c6608a1b12d - __rustc[ea4f61d10b84890b]::rust_begin_unwind
[INFO] [stdout]   10:     0x5c6608a5827c - core[a373ad73a504971]::panicking::panic_fmt
[INFO] [stdout]   11:     0x5c6608a58052 - core[a373ad73a504971]::result::unwrap_failed
[INFO] [stdout]   12:     0x5c66087627b0 - pithos_lib[ff138405e3b9a8fc]::archive::reader_private_tests::private
[INFO] [stdout]   13:     0x5c660875f3e9 - pithos_lib[ff138405e3b9a8fc]::archive::reader_private_tests::fixture_with_options
[INFO] [stdout]   14:     0x5c660876df38 - <pithos_lib[ff138405e3b9a8fc]::archive::reader_private_tests::external_availability_requires_both_resolver_and_policy::{closure#0} as core[a373ad73a504971]::ops::function::FnOnce<()>>::call_once
[INFO] [stdout]   15:     0x5c660884dcdb - test[aada8e7e76ba119b]::__rust_begin_short_backtrace::<core[a373ad73a504971]::result::Result<(), alloc[2e1b2a31b91974c5]::string::String>, fn() -> core[a373ad73a504971]::result::Result<(), alloc[2e1b2a31b91974c5]::string::String>>
[INFO] [stdout]   16:     0x5c660885aeb5 - test[aada8e7e76ba119b]::run_test::{closure#0}
[INFO] [stdout]   17:     0x5c66088547a4 - std[617be2ca0a6fd877]::sys::backtrace::__rust_begin_short_backtrace::<test[aada8e7e76ba119b]::run_test::{closure#1}, ()>
[INFO] [stdout]   18:     0x5c660885df42 - <std[617be2ca0a6fd877]::thread::lifecycle::spawn_unchecked<test[aada8e7e76ba119b]::run_test::{closure#1}, ()>::{closure#1} as core[a373ad73a504971]::ops::function::FnOnce<()>>::call_once::{shim:vtable#0}
[INFO] [stdout]   19:     0x5c6608a3ffaf - <std[617be2ca0a6fd877]::sys::thread::unix::Thread>::new::thread_start
[INFO] [stdout]   20:     0x7f2b76d37dfa - <unknown>
[INFO] [stdout]   21:     0x7f2b76dcb3d4 - clone
[INFO] [stdout]   22:                0x0 - <unknown>
[INFO] [stdout] 
[INFO] [stdout] ---- archive::snapshot::tests::snapshot_borrows_recovered_keys_for_sender_and_recipient_access stdout ----
[INFO] [stdout] 
[INFO] [stdout] thread 'archive::snapshot::tests::snapshot_borrows_recovered_keys_for_sender_and_recipient_access' (3349) panicked at src/archive/snapshot.rs:283:89:
[INFO] [stdout] called `Result::unwrap()` on an `Err` value: Os { code: 2, kind: NotFound, message: "No such file or directory" }
[INFO] [stdout] stack backtrace:
[INFO] [stdout]    0:     0x5c6608a40ce1 - <<std[617be2ca0a6fd877]::sys::backtrace::BacktraceLock>::print::DisplayBacktrace as core[a373ad73a504971]::fmt::Display>::fmt
[INFO] [stdout]    1:     0x5c6608a57a9a - core[a373ad73a504971]::fmt::write
[INFO] [stdout]    2:     0x5c6608a456cc - <alloc[2e1b2a31b91974c5]::vec::Vec<u8> as core[a373ad73a504971]::io::write::Write>::write_fmt
[INFO] [stdout]    3:     0x5c6608a1a596 - std[617be2ca0a6fd877]::panicking::default_hook::{closure#0}
[INFO] [stdout]    4:     0x5c6608a37f69 - std[617be2ca0a6fd877]::panicking::default_hook
[INFO] [stdout]    5:     0x5c660885a890 - test[aada8e7e76ba119b]::test_main_inner::{closure#0}
[INFO] [stdout]    6:     0x5c6608a38122 - std[617be2ca0a6fd877]::panicking::panic_with_hook
[INFO] [stdout]    7:     0x5c6608a1a642 - std[617be2ca0a6fd877]::panicking::panic_handler::{closure#0}
[INFO] [stdout]    8:     0x5c6608a12fd9 - std[617be2ca0a6fd877]::sys::backtrace::__rust_end_short_backtrace::<std[617be2ca0a6fd877]::panicking::panic_handler::{closure#0}, !>
[INFO] [stdout]    9:     0x5c6608a1b12d - __rustc[ea4f61d10b84890b]::rust_begin_unwind
[INFO] [stdout]   10:     0x5c6608a5827c - core[a373ad73a504971]::panicking::panic_fmt
[INFO] [stdout]   11:     0x5c6608a58052 - core[a373ad73a504971]::result::unwrap_failed
[INFO] [stdout]   12:     0x5c66086f6640 - pithos_lib[ff138405e3b9a8fc]::archive::snapshot::tests::private
[INFO] [stdout]   13:     0x5c66086f58c4 - pithos_lib[ff138405e3b9a8fc]::archive::snapshot::tests::archive_with_entries
[INFO] [stdout]   14:     0x5c66087100b1 - <pithos_lib[ff138405e3b9a8fc]::archive::snapshot::tests::snapshot_borrows_recovered_keys_for_sender_and_recipient_access::{closure#0} as core[a373ad73a504971]::ops::function::FnOnce<()>>::call_once
[INFO] [stdout]   15:     0x5c660884dcdb - test[aada8e7e76ba119b]::__rust_begin_short_backtrace::<core[a373ad73a504971]::result::Result<(), alloc[2e1b2a31b91974c5]::string::String>, fn() -> core[a373ad73a504971]::result::Result<(), alloc[2e1b2a31b91974c5]::string::String>>
[INFO] [stdout]   16:     0x5c660885aeb5 - test[aada8e7e76ba119b]::run_test::{closure#0}
[INFO] [stdout]   17:     0x5c66088547a4 - std[617be2ca0a6fd877]::sys::backtrace::__rust_begin_short_backtrace::<test[aada8e7e76ba119b]::run_test::{closure#1}, ()>
[INFO] [stdout]   18:     0x5c660885df42 - <std[617be2ca0a6fd877]::thread::lifecycle::spawn_unchecked<test[aada8e7e76ba119b]::run_test::{closure#1}, ()>::{closure#1} as core[a373ad73a504971]::ops::function::FnOnce<()>>::call_once::{shim:vtable#0}
[INFO] [stdout]   19:     0x5c6608a3ffaf - <std[617be2ca0a6fd877]::sys::thread::unix::Thread>::new::thread_start
[INFO] [stdout]   20:     0x7f2b76d37dfa - <unknown>
[INFO] [stdout]   21:     0x7f2b76dcb3d4 - clone
[INFO] [stdout]   22:                0x0 - <unknown>
[INFO] [stdout] 
[INFO] [stdout] ---- archive::snapshot::tests::snapshot_records_archive_length_terminal_span_and_maximum_id stdout ----
[INFO] [stdout] 
[INFO] [stdout] thread 'archive::snapshot::tests::snapshot_records_archive_length_terminal_span_and_maximum_id' (3353) panicked at src/archive/snapshot.rs:283:89:
[INFO] [stdout] called `Result::unwrap()` on an `Err` value: Os { code: 2, kind: NotFound, message: "No such file or directory" }
[INFO] [stdout] stack backtrace:
[INFO] [stdout]    0:     0x5c6608a40ce1 - <<std[617be2ca0a6fd877]::sys::backtrace::BacktraceLock>::print::DisplayBacktrace as core[a373ad73a504971]::fmt::Display>::fmt
[INFO] [stdout]    1:     0x5c6608a57a9a - core[a373ad73a504971]::fmt::write
[INFO] [stdout]    2:     0x5c6608a456cc - <alloc[2e1b2a31b91974c5]::vec::Vec<u8> as core[a373ad73a504971]::io::write::Write>::write_fmt
[INFO] [stdout]    3:     0x5c6608a1a596 - std[617be2ca0a6fd877]::panicking::default_hook::{closure#0}
[INFO] [stdout]    4:     0x5c6608a37f69 - std[617be2ca0a6fd877]::panicking::default_hook
[INFO] [stdout]    5:     0x5c660885a890 - test[aada8e7e76ba119b]::test_main_inner::{closure#0}
[INFO] [stdout]    6:     0x5c6608a38122 - std[617be2ca0a6fd877]::panicking::panic_with_hook
[INFO] [stdout]    7:     0x5c6608a1a642 - std[617be2ca0a6fd877]::panicking::panic_handler::{closure#0}
[INFO] [stdout]    8:     0x5c6608a12fd9 - std[617be2ca0a6fd877]::sys::backtrace::__rust_end_short_backtrace::<std[617be2ca0a6fd877]::panicking::panic_handler::{closure#0}, !>
[INFO] [stdout]    9:     0x5c6608a1b12d - __rustc[ea4f61d10b84890b]::rust_begin_unwind
[INFO] [stdout]   10:     0x5c6608a5827c - core[a373ad73a504971]::panicking::panic_fmt
[INFO] [stdout]   11:     0x5c6608a58052 - core[a373ad73a504971]::result::unwrap_failed
[INFO] [stdout]   12:     0x5c66086f6640 - pithos_lib[ff138405e3b9a8fc]::archive::snapshot::tests::private
[INFO] [stdout]   13:     0x5c66086f58c4 - pithos_lib[ff138405e3b9a8fc]::archive::snapshot::tests::archive_with_entries
[INFO] [stdout]   14:     0x5c660870fbb1 - <pithos_lib[ff138405e3b9a8fc]::archive::snapshot::tests::snapshot_records_archive_length_terminal_span_and_maximum_id::{closure#0} as core[a373ad73a504971]::ops::function::FnOnce<()>>::call_once
[INFO] [stdout]   15:     0x5c660884dcdb - test[aada8e7e76ba119b]::__rust_begin_short_backtrace::<core[a373ad73a504971]::result::Result<(), alloc[2e1b2a31b91974c5]::string::String>, fn() -> core[a373ad73a504971]::result::Result<(), alloc[2e1b2a31b91974c5]::string::String>>
[INFO] [stdout]   16:     0x5c660885aeb5 - test[aada8e7e76ba119b]::run_test::{closure#0}
[INFO] [stdout]   17:     0x5c66088547a4 - std[617be2ca0a6fd877]::sys::backtrace::__rust_begin_short_backtrace::<test[aada8e7e76ba119b]::run_test::{closure#1}, ()>
[INFO] [stdout]   18:     0x5c660885df42 - <std[617be2ca0a6fd877]::thread::lifecycle::spawn_unchecked<test[aada8e7e76ba119b]::run_test::{closure#1}, ()>::{closure#1} as core[a373ad73a504971]::ops::function::FnOnce<()>>::call_once::{shim:vtable#0}
[INFO] [stdout]   19:     0x5c6608a3ffaf - <std[617be2ca0a6fd877]::sys::thread::unix::Thread>::new::thread_start
[INFO] [stdout]   20:     0x7f2b76d37dfa - <unknown>
[INFO] [stdout]   21:     0x7f2b76dcb3d4 - clone
[INFO] [stdout]   22:                0x0 - <unknown>
[INFO] [stdout] 
[INFO] [stdout] ---- archive::reader_private_tests::version_1_1_flags_are_rejected_in_version_1_0_archives stdout ----
[INFO] [stdout] 
[INFO] [stdout] thread 'archive::reader_private_tests::version_1_1_flags_are_rejected_in_version_1_0_archives' (3344) panicked at src/archive/reader_private_tests.rs:30:71:
[INFO] [stdout] called `Result::unwrap()` on an `Err` value: Os { code: 2, kind: NotFound, message: "No such file or directory" }
[INFO] [stdout] stack backtrace:
[INFO] [stdout]    0:     0x5c6608a40ce1 - <<std[617be2ca0a6fd877]::sys::backtrace::BacktraceLock>::print::DisplayBacktrace as core[a373ad73a504971]::fmt::Display>::fmt
[INFO] [stdout]    1:     0x5c6608a57a9a - core[a373ad73a504971]::fmt::write
[INFO] [stdout]    2:     0x5c6608a456cc - <alloc[2e1b2a31b91974c5]::vec::Vec<u8> as core[a373ad73a504971]::io::write::Write>::write_fmt
[INFO] [stdout]    3:     0x5c6608a1a596 - std[617be2ca0a6fd877]::panicking::default_hook::{closure#0}
[INFO] [stdout]    4:     0x5c6608a37f69 - std[617be2ca0a6fd877]::panicking::default_hook
[INFO] [stdout]    5:     0x5c660885a890 - test[aada8e7e76ba119b]::test_main_inner::{closure#0}
[INFO] [stdout]    6:     0x5c6608a38122 - std[617be2ca0a6fd877]::panicking::panic_with_hook
[INFO] [stdout]    7:     0x5c6608a1a642 - std[617be2ca0a6fd877]::panicking::panic_handler::{closure#0}
[INFO] [stdout]    8:     0x5c6608a12fd9 - std[617be2ca0a6fd877]::sys::backtrace::__rust_end_short_backtrace::<std[617be2ca0a6fd877]::panicking::panic_handler::{closure#0}, !>
[INFO] [stdout]    9:     0x5c6608a1b12d - __rustc[ea4f61d10b84890b]::rust_begin_unwind
[INFO] [stdout]   10:     0x5c6608a5827c - core[a373ad73a504971]::panicking::panic_fmt
[INFO] [stdout]   11:     0x5c6608a58052 - core[a373ad73a504971]::result::unwrap_failed
[INFO] [stdout]   12:     0x5c66087627b0 - pithos_lib[ff138405e3b9a8fc]::archive::reader_private_tests::private
[INFO] [stdout]   13:     0x5c660876063b - pithos_lib[ff138405e3b9a8fc]::archive::reader_private_tests::fixture_with_processing
[INFO] [stdout]   14:     0x5c660876c41a - <pithos_lib[ff138405e3b9a8fc]::archive::reader_private_tests::version_1_1_flags_are_rejected_in_version_1_0_archives::{closure#0} as core[a373ad73a504971]::ops::function::FnOnce<()>>::call_once
[INFO] [stdout]   15:     0x5c660884dcdb - test[aada8e7e76ba119b]::__rust_begin_short_backtrace::<core[a373ad73a504971]::result::Result<(), alloc[2e1b2a31b91974c5]::string::String>, fn() -> core[a373ad73a504971]::result::Result<(), alloc[2e1b2a31b91974c5]::string::String>>
[INFO] [stdout]   16:     0x5c660885aeb5 - test[aada8e7e76ba119b]::run_test::{closure#0}
[INFO] [stdout]   17:     0x5c66088547a4 - std[617be2ca0a6fd877]::sys::backtrace::__rust_begin_short_backtrace::<test[aada8e7e76ba119b]::run_test::{closure#1}, ()>
[INFO] [stdout]   18:     0x5c660885df42 - <std[617be2ca0a6fd877]::thread::lifecycle::spawn_unchecked<test[aada8e7e76ba119b]::run_test::{closure#1}, ()>::{closure#1} as core[a373ad73a504971]::ops::function::FnOnce<()>>::call_once::{shim:vtable#0}
[INFO] [stdout]   19:     0x5c6608a3ffaf - <std[617be2ca0a6fd877]::sys::thread::unix::Thread>::new::thread_start
[INFO] [stdout]   20:     0x7f2b76d37dfa - <unknown>
[INFO] [stdout]   21:     0x7f2b76dcb3d4 - clone
[INFO] [stdout]   22:                0x0 - <unknown>
[INFO] [stdout] 
[INFO] [stdout] ---- archive::reader_private_tests::archive_ranges_verify_and_slice_every_intersecting_multiblock_payload stdout ----
[INFO] [stdout] 
[INFO] [stdout] thread 'archive::reader_private_tests::archive_ranges_verify_and_slice_every_intersecting_multiblock_payload' (3311) panicked at src/archive/reader_private_tests.rs:30:71:
[INFO] [stdout] called `Result::unwrap()` on an `Err` value: Os { code: 2, kind: NotFound, message: "No such file or directory" }
[INFO] [stdout] stack backtrace:
[INFO] [stdout]    0:     0x5c6608a40ce1 - <<std[617be2ca0a6fd877]::sys::backtrace::BacktraceLock>::print::DisplayBacktrace as core[a373ad73a504971]::fmt::Display>::fmt
[INFO] [stdout]    1:     0x5c6608a57a9a - core[a373ad73a504971]::fmt::write
[INFO] [stdout]    2:     0x5c6608a456cc - <alloc[2e1b2a31b91974c5]::vec::Vec<u8> as core[a373ad73a504971]::io::write::Write>::write_fmt
[INFO] [stdout]    3:     0x5c6608a1a596 - std[617be2ca0a6fd877]::panicking::default_hook::{closure#0}
[INFO] [stdout]    4:     0x5c6608a37f69 - std[617be2ca0a6fd877]::panicking::default_hook
[INFO] [stdout]    5:     0x5c660885a890 - test[aada8e7e76ba119b]::test_main_inner::{closure#0}
[INFO] [stdout]    6:     0x5c6608a38122 - std[617be2ca0a6fd877]::panicking::panic_with_hook
[INFO] [stdout]    7:     0x5c6608a1a642 - std[617be2ca0a6fd877]::panicking::panic_handler::{closure#0}
[INFO] [stdout]    8:     0x5c6608a12fd9 - std[617be2ca0a6fd877]::sys::backtrace::__rust_end_short_backtrace::<std[617be2ca0a6fd877]::panicking::panic_handler::{closure#0}, !>
[INFO] [stdout]    9:     0x5c6608a1b12d - __rustc[ea4f61d10b84890b]::rust_begin_unwind
[INFO] [stdout]   10:     0x5c6608a5827c - core[a373ad73a504971]::panicking::panic_fmt
[INFO] [stdout]   11:     0x5c6608a58052 - core[a373ad73a504971]::result::unwrap_failed
[INFO] [stdout]   12:     0x5c66087627b0 - pithos_lib[ff138405e3b9a8fc]::archive::reader_private_tests::private
[INFO] [stdout]   13:     0x5c660875f3e9 - pithos_lib[ff138405e3b9a8fc]::archive::reader_private_tests::fixture_with_options
[INFO] [stdout]   14:     0x5c660878137d - <pithos_lib[ff138405e3b9a8fc]::archive::reader_private_tests::archive_ranges_verify_and_slice_every_intersecting_multiblock_payload::{closure#0} as core[a373ad73a504971]::ops::function::FnOnce<()>>::call_once
[INFO] [stdout]   15:     0x5c660884dcdb - test[aada8e7e76ba119b]::__rust_begin_short_backtrace::<core[a373ad73a504971]::result::Result<(), alloc[2e1b2a31b91974c5]::string::String>, fn() -> core[a373ad73a504971]::result::Result<(), alloc[2e1b2a31b91974c5]::string::String>>
[INFO] [stdout]   16:     0x5c660885aeb5 - test[aada8e7e76ba119b]::run_test::{closure#0}
[INFO] [stdout]   17:     0x5c66088547a4 - std[617be2ca0a6fd877]::sys::backtrace::__rust_begin_short_backtrace::<test[aada8e7e76ba119b]::run_test::{closure#1}, ()>
[INFO] [stdout]   18:     0x5c660885df42 - <std[617be2ca0a6fd877]::thread::lifecycle::spawn_unchecked<test[aada8e7e76ba119b]::run_test::{closure#1}, ()>::{closure#1} as core[a373ad73a504971]::ops::function::FnOnce<()>>::call_once::{shim:vtable#0}
[INFO] [stdout]   19:     0x5c6608a3ffaf - <std[617be2ca0a6fd877]::sys::thread::unix::Thread>::new::thread_start
[INFO] [stdout]   20:     0x7f2b76d37dfa - <unknown>
[INFO] [stdout]   21:     0x7f2b76dcb3d4 - clone
[INFO] [stdout]   22:                0x0 - <unknown>
[INFO] [stdout] 
[INFO] [stdout] ---- archive::reader_private_tests::version_1_1_appends_reuse_ciphers_and_give_unique_blocks_fresh_identities stdout ----
[INFO] [stdout] 
[INFO] [stdout] thread 'archive::reader_private_tests::version_1_1_appends_reuse_ciphers_and_give_unique_blocks_fresh_identities' (3343) panicked at src/archive/reader_private_tests.rs:30:71:
[INFO] [stdout] called `Result::unwrap()` on an `Err` value: Os { code: 2, kind: NotFound, message: "No such file or directory" }
[INFO] [stdout] stack backtrace:
[INFO] [stdout]    0:     0x5c6608a40ce1 - <<std[617be2ca0a6fd877]::sys::backtrace::BacktraceLock>::print::DisplayBacktrace as core[a373ad73a504971]::fmt::Display>::fmt
[INFO] [stdout]    1:     0x5c6608a57a9a - core[a373ad73a504971]::fmt::write
[INFO] [stdout]    2:     0x5c6608a456cc - <alloc[2e1b2a31b91974c5]::vec::Vec<u8> as core[a373ad73a504971]::io::write::Write>::write_fmt
[INFO] [stdout]    3:     0x5c6608a1a596 - std[617be2ca0a6fd877]::panicking::default_hook::{closure#0}
[INFO] [stdout]    4:     0x5c6608a37f69 - std[617be2ca0a6fd877]::panicking::default_hook
[INFO] [stdout]    5:     0x5c660885a890 - test[aada8e7e76ba119b]::test_main_inner::{closure#0}
[INFO] [stdout]    6:     0x5c6608a38122 - std[617be2ca0a6fd877]::panicking::panic_with_hook
[INFO] [stdout]    7:     0x5c6608a1a642 - std[617be2ca0a6fd877]::panicking::panic_handler::{closure#0}
[INFO] [stdout]    8:     0x5c6608a12fd9 - std[617be2ca0a6fd877]::sys::backtrace::__rust_end_short_backtrace::<std[617be2ca0a6fd877]::panicking::panic_handler::{closure#0}, !>
[INFO] [stdout]    9:     0x5c6608a1b12d - __rustc[ea4f61d10b84890b]::rust_begin_unwind
[INFO] [stdout]   10:     0x5c6608a5827c - core[a373ad73a504971]::panicking::panic_fmt
[INFO] [stdout]   11:     0x5c6608a58052 - core[a373ad73a504971]::result::unwrap_failed
[INFO] [stdout]   12:     0x5c66087627b0 - pithos_lib[ff138405e3b9a8fc]::archive::reader_private_tests::private
[INFO] [stdout]   13:     0x5c660876063b - pithos_lib[ff138405e3b9a8fc]::archive::reader_private_tests::fixture_with_processing
[INFO] [stdout]   14:     0x5c6608783c9a - <pithos_lib[ff138405e3b9a8fc]::archive::reader_private_tests::version_1_1_appends_reuse_ciphers_and_give_unique_blocks_fresh_identities::{closure#0} as core[a373ad73a504971]::ops::function::FnOnce<()>>::call_once
[INFO] [stdout]   15:     0x5c660884dcdb - test[aada8e7e76ba119b]::__rust_begin_short_backtrace::<core[a373ad73a504971]::result::Result<(), alloc[2e1b2a31b91974c5]::string::String>, fn() -> core[a373ad73a504971]::result::Result<(), alloc[2e1b2a31b91974c5]::string::String>>
[INFO] [stdout]   16:     0x5c660885aeb5 - test[aada8e7e76ba119b]::run_test::{closure#0}
[INFO] [stdout]   17:     0x5c66088547a4 - std[617be2ca0a6fd877]::sys::backtrace::__rust_begin_short_backtrace::<test[aada8e7e76ba119b]::run_test::{closure#1}, ()>
[INFO] [stdout]   18:     0x5c660885df42 - <std[617be2ca0a6fd877]::thread::lifecycle::spawn_unchecked<test[aada8e7e76ba119b]::run_test::{closure#1}, ()>::{closure#1} as core[a373ad73a504971]::ops::function::FnOnce<()>>::call_once::{shim:vtable#0}
[INFO] [stdout]   19:     0x5c6608a3ffaf - <std[617be2ca0a6fd877]::sys::thread::unix::Thread>::new::thread_start
[INFO] [stdout]   20:     0x7f2b76d37dfa - <unknown>
[INFO] [stdout]   21:     0x7f2b76dcb3d4 - clone
[INFO] [stdout]   22:                0x0 - <unknown>
[INFO] [stdout] 
[INFO] [stdout] ---- archive::snapshot::tests::snapshot_rejects_missing_wrong_and_unavailable_file_keys stdout ----
[INFO] [stdout] 
[INFO] [stdout] thread 'archive::snapshot::tests::snapshot_rejects_missing_wrong_and_unavailable_file_keys' (3354) panicked at src/archive/snapshot.rs:283:89:
[INFO] [stdout] called `Result::unwrap()` on an `Err` value: Os { code: 2, kind: NotFound, message: "No such file or directory" }
[INFO] [stdout] stack backtrace:
[INFO] [stdout]    0:     0x5c6608a40ce1 - <<std[617be2ca0a6fd877]::sys::backtrace::BacktraceLock>::print::DisplayBacktrace as core[a373ad73a504971]::fmt::Display>::fmt
[INFO] [stdout]    1:     0x5c6608a57a9a - core[a373ad73a504971]::fmt::write
[INFO] [stdout]    2:     0x5c6608a456cc - <alloc[2e1b2a31b91974c5]::vec::Vec<u8> as core[a373ad73a504971]::io::write::Write>::write_fmt
[INFO] [stdout]    3:     0x5c6608a1a596 - std[617be2ca0a6fd877]::panicking::default_hook::{closure#0}
[INFO] [stdout]    4:     0x5c6608a37f69 - std[617be2ca0a6fd877]::panicking::default_hook
[INFO] [stdout]    5:     0x5c660885a890 - test[aada8e7e76ba119b]::test_main_inner::{closure#0}
[INFO] [stdout]    6:     0x5c6608a38122 - std[617be2ca0a6fd877]::panicking::panic_with_hook
[INFO] [stdout]    7:     0x5c6608a1a642 - std[617be2ca0a6fd877]::panicking::panic_handler::{closure#0}
[INFO] [stdout]    8:     0x5c6608a12fd9 - std[617be2ca0a6fd877]::sys::backtrace::__rust_end_short_backtrace::<std[617be2ca0a6fd877]::panicking::panic_handler::{closure#0}, !>
[INFO] [stdout]    9:     0x5c6608a1b12d - __rustc[ea4f61d10b84890b]::rust_begin_unwind
[INFO] [stdout]   10:     0x5c6608a5827c - core[a373ad73a504971]::panicking::panic_fmt
[INFO] [stdout]   11:     0x5c6608a58052 - core[a373ad73a504971]::result::unwrap_failed
[INFO] [stdout]   12:     0x5c66086f6640 - pithos_lib[ff138405e3b9a8fc]::archive::snapshot::tests::private
[INFO] [stdout]   13:     0x5c66086f58c4 - pithos_lib[ff138405e3b9a8fc]::archive::snapshot::tests::archive_with_entries
[INFO] [stdout]   14:     0x5c660870f77e - <pithos_lib[ff138405e3b9a8fc]::archive::snapshot::tests::snapshot_rejects_missing_wrong_and_unavailable_file_keys::{closure#0} as core[a373ad73a504971]::ops::function::FnOnce<()>>::call_once
[INFO] [stdout]   15:     0x5c660884dcdb - test[aada8e7e76ba119b]::__rust_begin_short_backtrace::<core[a373ad73a504971]::result::Result<(), alloc[2e1b2a31b91974c5]::string::String>, fn() -> core[a373ad73a504971]::result::Result<(), alloc[2e1b2a31b91974c5]::string::String>>
[INFO] [stdout]   16:     0x5c660885aeb5 - test[aada8e7e76ba119b]::run_test::{closure#0}
[INFO] [stdout]   17:     0x5c66088547a4 - std[617be2ca0a6fd877]::sys::backtrace::__rust_begin_short_backtrace::<test[aada8e7e76ba119b]::run_test::{closure#1}, ()>
[INFO] [stdout]   18:     0x5c660885df42 - <std[617be2ca0a6fd877]::thread::lifecycle::spawn_unchecked<test[aada8e7e76ba119b]::run_test::{closure#1}, ()>::{closure#1} as core[a373ad73a504971]::ops::function::FnOnce<()>>::call_once::{shim:vtable#0}
[INFO] [stdout]   19:     0x5c6608a3ffaf - <std[617be2ca0a6fd877]::sys::thread::unix::Thread>::new::thread_start
[INFO] [stdout]   20:     0x7f2b76d37dfa - <unknown>
[INFO] [stdout]   21:     0x7f2b76dcb3d4 - clone
[INFO] [stdout]   22:                0x0 - <unknown>
[INFO] [stdout] 
[INFO] [stdout] ---- archive::reader_private_tests::version_1_1_flags_require_encryption stdout ----
[INFO] [stdout] 
[INFO] [stdout] thread 'archive::reader_private_tests::version_1_1_flags_require_encryption' (3345) panicked at src/archive/reader_private_tests.rs:30:71:
[INFO] [stdout] called `Result::unwrap()` on an `Err` value: Os { code: 2, kind: NotFound, message: "No such file or directory" }
[INFO] [stdout] stack backtrace:
[INFO] [stdout]    0:     0x5c6608a40ce1 - <<std[617be2ca0a6fd877]::sys::backtrace::BacktraceLock>::print::DisplayBacktrace as core[a373ad73a504971]::fmt::Display>::fmt
[INFO] [stdout]    1:     0x5c6608a57a9a - core[a373ad73a504971]::fmt::write
[INFO] [stdout]    2:     0x5c6608a456cc - <alloc[2e1b2a31b91974c5]::vec::Vec<u8> as core[a373ad73a504971]::io::write::Write>::write_fmt
[INFO] [stdout]    3:     0x5c6608a1a596 - std[617be2ca0a6fd877]::panicking::default_hook::{closure#0}
[INFO] [stdout]    4:     0x5c6608a37f69 - std[617be2ca0a6fd877]::panicking::default_hook
[INFO] [stdout]    5:     0x5c660885a890 - test[aada8e7e76ba119b]::test_main_inner::{closure#0}
[INFO] [stdout]    6:     0x5c6608a38122 - std[617be2ca0a6fd877]::panicking::panic_with_hook
[INFO] [stdout]    7:     0x5c6608a1a642 - std[617be2ca0a6fd877]::panicking::panic_handler::{closure#0}
[INFO] [stdout]    8:     0x5c6608a12fd9 - std[617be2ca0a6fd877]::sys::backtrace::__rust_end_short_backtrace::<std[617be2ca0a6fd877]::panicking::panic_handler::{closure#0}, !>
[INFO] [stdout]    9:     0x5c6608a1b12d - __rustc[ea4f61d10b84890b]::rust_begin_unwind
[INFO] [stdout]   10:     0x5c6608a5827c - core[a373ad73a504971]::panicking::panic_fmt
[INFO] [stdout]   11:     0x5c6608a58052 - core[a373ad73a504971]::result::unwrap_failed
[INFO] [stdout]   12:     0x5c66087627b0 - pithos_lib[ff138405e3b9a8fc]::archive::reader_private_tests::private
[INFO] [stdout]   13:     0x5c660876063b - pithos_lib[ff138405e3b9a8fc]::archive::reader_private_tests::fixture_with_processing
[INFO] [stdout]   14:     0x5c6608766104 - <pithos_lib[ff138405e3b9a8fc]::archive::reader_private_tests::version_1_1_flags_require_encryption::{closure#0} as core[a373ad73a504971]::ops::function::FnOnce<()>>::call_once
[INFO] [stdout]   15:     0x5c660884dcdb - test[aada8e7e76ba119b]::__rust_begin_short_backtrace::<core[a373ad73a504971]::result::Result<(), alloc[2e1b2a31b91974c5]::string::String>, fn() -> core[a373ad73a504971]::result::Result<(), alloc[2e1b2a31b91974c5]::string::String>>
[INFO] [stdout]   16:     0x5c660885aeb5 - test[aada8e7e76ba119b]::run_test::{closure#0}
[INFO] [stdout]   17:     0x5c66088547a4 - std[617be2ca0a6fd877]::sys::backtrace::__rust_begin_short_backtrace::<test[aada8e7e76ba119b]::run_test::{closure#1}, ()>
[INFO] [stdout]   18:     0x5c660885df42 - <std[617be2ca0a6fd877]::thread::lifecycle::spawn_unchecked<test[aada8e7e76ba119b]::run_test::{closure#1}, ()>::{closure#1} as core[a373ad73a504971]::ops::function::FnOnce<()>>::call_once::{shim:vtable#0}
[INFO] [stdout]   19:     0x5c6608a3ffaf - <std[617be2ca0a6fd877]::sys::thread::unix::Thread>::new::thread_start
[INFO] [stdout]   20:     0x7f2b76d37dfa - <unknown>
[INFO] [stdout]   21:     0x7f2b76dcb3d4 - clone
[INFO] [stdout]   22:                0x0 - <unknown>
[INFO] [stdout] 
[INFO] [stdout] ---- archive::reader_private_tests::writers_emit_only_the_required_standard_relationship_table stdout ----
[INFO] [stdout] 
[INFO] [stdout] thread 'archive::reader_private_tests::writers_emit_only_the_required_standard_relationship_table' (3347) panicked at src/archive/reader_private_tests.rs:30:71:
[INFO] [stdout] called `Result::unwrap()` on an `Err` value: Os { code: 2, kind: NotFound, message: "No such file or directory" }
[INFO] [stdout] stack backtrace:
[INFO] [stdout]    0:     0x5c6608a40ce1 - <<std[617be2ca0a6fd877]::sys::backtrace::BacktraceLock>::print::DisplayBacktrace as core[a373ad73a504971]::fmt::Display>::fmt
[INFO] [stdout]    1:     0x5c6608a57a9a - core[a373ad73a504971]::fmt::write
[INFO] [stdout]    2:     0x5c6608a456cc - <alloc[2e1b2a31b91974c5]::vec::Vec<u8> as core[a373ad73a504971]::io::write::Write>::write_fmt
[INFO] [stdout]    3:     0x5c6608a1a596 - std[617be2ca0a6fd877]::panicking::default_hook::{closure#0}
[INFO] [stdout]    4:     0x5c6608a37f69 - std[617be2ca0a6fd877]::panicking::default_hook
[INFO] [stdout]    5:     0x5c660885a890 - test[aada8e7e76ba119b]::test_main_inner::{closure#0}
[INFO] [stdout]    6:     0x5c6608a38122 - std[617be2ca0a6fd877]::panicking::panic_with_hook
[INFO] [stdout]    7:     0x5c6608a1a642 - std[617be2ca0a6fd877]::panicking::panic_handler::{closure#0}
[INFO] [stdout]    8:     0x5c6608a12fd9 - std[617be2ca0a6fd877]::sys::backtrace::__rust_end_short_backtrace::<std[617be2ca0a6fd877]::panicking::panic_handler::{closure#0}, !>
[INFO] [stdout]    9:     0x5c6608a1b12d - __rustc[ea4f61d10b84890b]::rust_begin_unwind
[INFO] [stdout]   10:     0x5c6608a5827c - core[a373ad73a504971]::panicking::panic_fmt
[INFO] [stdout]   11:     0x5c6608a58052 - core[a373ad73a504971]::result::unwrap_failed
[INFO] [stdout]   12:     0x5c66087627b0 - pithos_lib[ff138405e3b9a8fc]::archive::reader_private_tests::private
[INFO] [stdout]   13:     0x5c660875f3e9 - pithos_lib[ff138405e3b9a8fc]::archive::reader_private_tests::fixture_with_options
[INFO] [stdout]   14:     0x5c6608772919 - <pithos_lib[ff138405e3b9a8fc]::archive::reader_private_tests::writers_emit_only_the_required_standard_relationship_table::{closure#0} as core[a373ad73a504971]::ops::function::FnOnce<()>>::call_once
[INFO] [stdout]   15:     0x5c660884dcdb - test[aada8e7e76ba119b]::__rust_begin_short_backtrace::<core[a373ad73a504971]::result::Result<(), alloc[2e1b2a31b91974c5]::string::String>, fn() -> core[a373ad73a504971]::result::Result<(), alloc[2e1b2a31b91974c5]::string::String>>
[INFO] [stdout]   16:     0x5c660885aeb5 - test[aada8e7e76ba119b]::run_test::{closure#0}
[INFO] [stdout]   17:     0x5c66088547a4 - std[617be2ca0a6fd877]::sys::backtrace::__rust_begin_short_backtrace::<test[aada8e7e76ba119b]::run_test::{closure#1}, ()>
[INFO] [stdout]   18:     0x5c660885df42 - <std[617be2ca0a6fd877]::thread::lifecycle::spawn_unchecked<test[aada8e7e76ba119b]::run_test::{closure#1}, ()>::{closure#1} as core[a373ad73a504971]::ops::function::FnOnce<()>>::call_once::{shim:vtable#0}
[INFO] [stdout]   19:     0x5c6608a3ffaf - <std[617be2ca0a6fd877]::sys::thread::unix::Thread>::new::thread_start
[INFO] [stdout]   20:     0x7f2b76d37dfa - <unknown>
[INFO] [stdout]   21:     0x7f2b76dcb3d4 - clone
[INFO] [stdout]   22:                0x0 - <unknown>
[INFO] [stdout] 
[INFO] [stdout] ---- archive::reader_private_tests::decrypted_encrypted_block_list_accepts_a_non_minimal_count stdout ----
[INFO] [stdout] 
[INFO] [stdout] thread 'archive::reader_private_tests::decrypted_encrypted_block_list_accepts_a_non_minimal_count' (3325) panicked at src/archive/reader_private_tests.rs:30:71:
[INFO] [stdout] called `Result::unwrap()` on an `Err` value: Os { code: 2, kind: NotFound, message: "No such file or directory" }
[INFO] [stdout] stack backtrace:
[INFO] [stdout]    0:     0x5c6608a40ce1 - <<std[617be2ca0a6fd877]::sys::backtrace::BacktraceLock>::print::DisplayBacktrace as core[a373ad73a504971]::fmt::Display>::fmt
[INFO] [stdout]    1:     0x5c6608a57a9a - core[a373ad73a504971]::fmt::write
[INFO] [stdout]    2:     0x5c6608a456cc - <alloc[2e1b2a31b91974c5]::vec::Vec<u8> as core[a373ad73a504971]::io::write::Write>::write_fmt
[INFO] [stdout]    3:     0x5c6608a1a596 - std[617be2ca0a6fd877]::panicking::default_hook::{closure#0}
[INFO] [stdout]    4:     0x5c6608a37f69 - std[617be2ca0a6fd877]::panicking::default_hook
[INFO] [stdout]    5:     0x5c660885a890 - test[aada8e7e76ba119b]::test_main_inner::{closure#0}
[INFO] [stdout]    6:     0x5c6608a38122 - std[617be2ca0a6fd877]::panicking::panic_with_hook
[INFO] [stdout]    7:     0x5c6608a1a642 - std[617be2ca0a6fd877]::panicking::panic_handler::{closure#0}
[INFO] [stdout]    8:     0x5c6608a12fd9 - std[617be2ca0a6fd877]::sys::backtrace::__rust_end_short_backtrace::<std[617be2ca0a6fd877]::panicking::panic_handler::{closure#0}, !>
[INFO] [stdout]    9:     0x5c6608a1b12d - __rustc[ea4f61d10b84890b]::rust_begin_unwind
[INFO] [stdout]   10:     0x5c6608a5827c - core[a373ad73a504971]::panicking::panic_fmt
[INFO] [stdout]   11:     0x5c6608a58052 - core[a373ad73a504971]::result::unwrap_failed
[INFO] [stdout]   12:     0x5c66087627b0 - pithos_lib[ff138405e3b9a8fc]::archive::reader_private_tests::private
[INFO] [stdout]   13:     0x5c660875f3e9 - pithos_lib[ff138405e3b9a8fc]::archive::reader_private_tests::fixture_with_options
[INFO] [stdout]   14:     0x5c6608771a99 - <pithos_lib[ff138405e3b9a8fc]::archive::reader_private_tests::decrypted_encrypted_block_list_accepts_a_non_minimal_count::{closure#0} as core[a373ad73a504971]::ops::function::FnOnce<()>>::call_once
[INFO] [stdout]   15:     0x5c660884dcdb - test[aada8e7e76ba119b]::__rust_begin_short_backtrace::<core[a373ad73a504971]::result::Result<(), alloc[2e1b2a31b91974c5]::string::String>, fn() -> core[a373ad73a504971]::result::Result<(), alloc[2e1b2a31b91974c5]::string::String>>
[INFO] [stdout]   16:     0x5c660885aeb5 - test[aada8e7e76ba119b]::run_test::{closure#0}
[INFO] [stdout]   17:     0x5c66088547a4 - std[617be2ca0a6fd877]::sys::backtrace::__rust_begin_short_backtrace::<test[aada8e7e76ba119b]::run_test::{closure#1}, ()>
[INFO] [stdout]   18:     0x5c660885df42 - <std[617be2ca0a6fd877]::thread::lifecycle::spawn_unchecked<test[aada8e7e76ba119b]::run_test::{closure#1}, ()>::{closure#1} as core[a373ad73a504971]::ops::function::FnOnce<()>>::call_once::{shim:vtable#0}
[INFO] [stdout]   19:     0x5c6608a3ffaf - <std[617be2ca0a6fd877]::sys::thread::unix::Thread>::new::thread_start
[INFO] [stdout]   20:     0x7f2b76d37dfa - <unknown>
[INFO] [stdout]   21:     0x7f2b76dcb3d4 - clone
[INFO] [stdout]   22:                0x0 - <unknown>
[INFO] [stdout] 
[INFO] [stdout] ---- archive::reader_private_tests::external_policy_denial_precedes_initial_and_redirect_access stdout ----
[INFO] [stdout] 
[INFO] [stdout] thread 'archive::reader_private_tests::external_policy_denial_precedes_initial_and_redirect_access' (3333) panicked at src/archive/reader_private_tests.rs:30:71:
[INFO] [stdout] called `Result::unwrap()` on an `Err` value: Os { code: 2, kind: NotFound, message: "No such file or directory" }
[INFO] [stdout] stack backtrace:
[INFO] [stdout]    0:     0x5c6608a40ce1 - <<std[617be2ca0a6fd877]::sys::backtrace::BacktraceLock>::print::DisplayBacktrace as core[a373ad73a504971]::fmt::Display>::fmt
[INFO] [stdout]    1:     0x5c6608a57a9a - core[a373ad73a504971]::fmt::write
[INFO] [stdout]    2:     0x5c6608a456cc - <alloc[2e1b2a31b91974c5]::vec::Vec<u8> as core[a373ad73a504971]::io::write::Write>::write_fmt
[INFO] [stdout]    3:     0x5c6608a1a596 - std[617be2ca0a6fd877]::panicking::default_hook::{closure#0}
[INFO] [stdout]    4:     0x5c6608a37f69 - std[617be2ca0a6fd877]::panicking::default_hook
[INFO] [stdout]    5:     0x5c660885a890 - test[aada8e7e76ba119b]::test_main_inner::{closure#0}
[INFO] [stdout]    6:     0x5c6608a38122 - std[617be2ca0a6fd877]::panicking::panic_with_hook
[INFO] [stdout]    7:     0x5c6608a1a642 - std[617be2ca0a6fd877]::panicking::panic_handler::{closure#0}
[INFO] [stdout]    8:     0x5c6608a12fd9 - std[617be2ca0a6fd877]::sys::backtrace::__rust_end_short_backtrace::<std[617be2ca0a6fd877]::panicking::panic_handler::{closure#0}, !>
[INFO] [stdout]    9:     0x5c6608a1b12d - __rustc[ea4f61d10b84890b]::rust_begin_unwind
[INFO] [stdout]   10:     0x5c6608a5827c - core[a373ad73a504971]::panicking::panic_fmt
[INFO] [stdout]   11:     0x5c6608a58052 - core[a373ad73a504971]::result::unwrap_failed
[INFO] [stdout]   12:     0x5c66087627b0 - pithos_lib[ff138405e3b9a8fc]::archive::reader_private_tests::private
[INFO] [stdout]   13:     0x5c660875f3e9 - pithos_lib[ff138405e3b9a8fc]::archive::reader_private_tests::fixture_with_options
[INFO] [stdout]   14:     0x5c660877310e - <pithos_lib[ff138405e3b9a8fc]::archive::reader_private_tests::external_policy_denial_precedes_initial_and_redirect_access::{closure#0} as core[a373ad73a504971]::ops::function::FnOnce<()>>::call_once
[INFO] [stdout]   15:     0x5c660884dcdb - test[aada8e7e76ba119b]::__rust_begin_short_backtrace::<core[a373ad73a504971]::result::Result<(), alloc[2e1b2a31b91974c5]::string::String>, fn() -> core[a373ad73a504971]::result::Result<(), alloc[2e1b2a31b91974c5]::string::String>>
[INFO] [stdout]   16:     0x5c660885aeb5 - test[aada8e7e76ba119b]::run_test::{closure#0}
[INFO] [stdout]   17:     0x5c66088547a4 - std[617be2ca0a6fd877]::sys::backtrace::__rust_begin_short_backtrace::<test[aada8e7e76ba119b]::run_test::{closure#1}, ()>
[INFO] [stdout]   18:     0x5c660885df42 - <std[617be2ca0a6fd877]::thread::lifecycle::spawn_unchecked<test[aada8e7e76ba119b]::run_test::{closure#1}, ()>::{closure#1} as core[a373ad73a504971]::ops::function::FnOnce<()>>::call_once::{shim:vtable#0}
[INFO] [stdout]   19:     0x5c6608a3ffaf - <std[617be2ca0a6fd877]::sys::thread::unix::Thread>::new::thread_start
[INFO] [stdout]   20:     0x7f2b76d37dfa - <unknown>
[INFO] [stdout]   21:     0x7f2b76dcb3d4 - clone
[INFO] [stdout]   22:                0x0 - <unknown>
[INFO] [stdout] 
[INFO] [stdout] ---- fs::extraction::tests::staged_file_mode_failure_prevents_publication stdout ----
[INFO] [stdout] 
[INFO] [stdout] thread 'fs::extraction::tests::staged_file_mode_failure_prevents_publication' (3438) panicked at src/fs/extraction.rs:535:9:
[INFO] [stdout] assertion failed: matches!(pending.commit("data", Mode::RUSR),
[INFO] [stdout]     Err(FsError::Operation { operation: "set staged file permissions", .. }))
[INFO] [stdout] stack backtrace:
[INFO] [stdout]    0:     0x5c6608a40ce1 - <<std[617be2ca0a6fd877]::sys::backtrace::BacktraceLock>::print::DisplayBacktrace as core[a373ad73a504971]::fmt::Display>::fmt
[INFO] [stdout]    1:     0x5c6608a57a9a - core[a373ad73a504971]::fmt::write
[INFO] [stdout]    2:     0x5c6608a456cc - <alloc[2e1b2a31b91974c5]::vec::Vec<u8> as core[a373ad73a504971]::io::write::Write>::write_fmt
[INFO] [stdout]    3:     0x5c6608a1a596 - std[617be2ca0a6fd877]::panicking::default_hook::{closure#0}
[INFO] [stdout]    4:     0x5c6608a37f69 - std[617be2ca0a6fd877]::panicking::default_hook
[INFO] [stdout]    5:     0x5c660885a890 - test[aada8e7e76ba119b]::test_main_inner::{closure#0}
[INFO] [stdout]    6:     0x5c6608a38122 - std[617be2ca0a6fd877]::panicking::panic_with_hook
[INFO] [stdout]    7:     0x5c6608a1a674 - std[617be2ca0a6fd877]::panicking::panic_handler::{closure#0}
[INFO] [stdout]    8:     0x5c6608a12fd9 - std[617be2ca0a6fd877]::sys::backtrace::__rust_end_short_backtrace::<std[617be2ca0a6fd877]::panicking::panic_handler::{closure#0}, !>
[INFO] [stdout]    9:     0x5c6608a1b12d - __rustc[ea4f61d10b84890b]::rust_begin_unwind
[INFO] [stdout]   10:     0x5c6608a5827c - core[a373ad73a504971]::panicking::panic_fmt
[INFO] [stdout]   11:     0x5c6608a58242 - core[a373ad73a504971]::panicking::panic
[INFO] [stdout]   12:     0x5c66086fd3cb - <pithos_lib[ff138405e3b9a8fc]::fs::extraction::tests::staged_file_mode_failure_prevents_publication::{closure#0} as core[a373ad73a504971]::ops::function::FnOnce<()>>::call_once
[INFO] [stdout]   13:     0x5c660884dcdb - test[aada8e7e76ba119b]::__rust_begin_short_backtrace::<core[a373ad73a504971]::result::Result<(), alloc[2e1b2a31b91974c5]::string::String>, fn() -> core[a373ad73a504971]::result::Result<(), alloc[2e1b2a31b91974c5]::string::String>>
[INFO] [stdout]   14:     0x5c660885aeb5 - test[aada8e7e76ba119b]::run_test::{closure#0}
[INFO] [stdout]   15:     0x5c66088547a4 - std[617be2ca0a6fd877]::sys::backtrace::__rust_begin_short_backtrace::<test[aada8e7e76ba119b]::run_test::{closure#1}, ()>
[INFO] [stdout]   16:     0x5c660885df42 - <std[617be2ca0a6fd877]::thread::lifecycle::spawn_unchecked<test[aada8e7e76ba119b]::run_test::{closure#1}, ()>::{closure#1} as core[a373ad73a504971]::ops::function::FnOnce<()>>::call_once::{shim:vtable#0}
[INFO] [stdout]   17:     0x5c6608a3ffaf - <std[617be2ca0a6fd877]::sys::thread::unix::Thread>::new::thread_start
[INFO] [stdout]   18:     0x7f2b76d37dfa - <unknown>
[INFO] [stdout]   19:     0x7f2b76dcb3d4 - clone
[INFO] [stdout]   20:                0x0 - <unknown>
[INFO] [stdout] 
[INFO] [stdout] 
[INFO] [stdout] failures:
[INFO] [stdout]     archive::reader_private_tests::a_missing_piece_key_leaves_the_content_unavailable
[INFO] [stdout]     archive::reader_private_tests::a_tampered_piece_fails_before_any_content_is_indexed
[INFO] [stdout]     archive::reader_private_tests::aes_256_gcm_blocks_verify_payload_and_cipher_before_output
[INFO] [stdout]     archive::reader_private_tests::an_append_changes_the_metadata_digest
[INFO] [stdout]     archive::reader_private_tests::an_expected_digest_mismatch_fails_before_any_metadata_is_decrypted
[INFO] [stdout]     archive::reader_private_tests::appended_standard_relationship_repeats_must_match
[INFO] [stdout]     archive::reader_private_tests::archive_block_limits_reject_before_local_or_external_acquisition
[INFO] [stdout]     archive::reader_private_tests::archive_distinguishes_missing_and_wrong_keys_from_matching_metadata_corruption
[INFO] [stdout]     archive::reader_private_tests::archive_external_blocks_validate_exact_framing_and_share_read_paths
[INFO] [stdout]     archive::reader_private_tests::archive_open_copy_range_unavailable_and_limits_are_boundary_checked
[INFO] [stdout]     archive::reader_private_tests::archive_open_reads_no_block_bytes
[INFO] [stdout]     archive::reader_private_tests::archive_opens_terminal_entries_preserving_entry_order_and_unavailable_entries
[INFO] [stdout]     archive::reader_private_tests::archive_ranges_are_half_open_and_invalid_ranges_do_not_acquire_payload
[INFO] [stdout]     archive::reader_private_tests::archive_ranges_verify_and_slice_every_intersecting_multiblock_payload
[INFO] [stdout]     archive::reader_private_tests::archive_rejects_bad_compressed_payload_before_sink_output
[INFO] [stdout]     archive::reader_private_tests::archive_rejects_bad_nonce_tag_and_ciphertext_before_sink_output
[INFO] [stdout]     archive::reader_private_tests::archive_rejects_conflicting_recovered_file_keys_at_open
[INFO] [stdout]     archive::reader_private_tests::archive_rejects_descriptor_size_mismatches_before_sink_output
[INFO] [stdout]     archive::reader_private_tests::archive_rejects_invalid_base_standard_relationship_tables
[INFO] [stdout]     archive::reader_private_tests::archive_rejects_no_content_sizes_and_undefined_permission_bits
[INFO] [stdout]     archive::reader_private_tests::archive_rejects_plaintext_hash_mismatches_before_sink_output
[INFO] [stdout]     archive::reader_private_tests::archive_rejects_stored_size_failures_before_sink_output
[INFO] [stdout]     archive::reader_private_tests::archive_validates_custom_relationship_ids_and_names
[INFO] [stdout]     archive::reader_private_tests::archive_validates_every_encoded_sender_and_recipient_key_without_access_keys
[INFO] [stdout]     archive::reader_private_tests::block_list_pieces_concatenate_in_stored_order
[INFO] [stdout]     archive::reader_private_tests::ciphers_mix_per_descriptor_and_reused_blocks_keep_their_cipher
[INFO] [stdout]     archive::reader_private_tests::crypt4gh_blocks_read_a_repeated_adjacent_block_once
[INFO] [stdout]     archive::reader_private_tests::decrypted_encrypted_block_list_accepts_a_non_minimal_count
[INFO] [stdout]     archive::reader_private_tests::decrypted_recipient_grants_compare_decoded_order_and_accept_non_minimal_uleb128
[INFO] [stdout]     archive::reader_private_tests::direct_and_decrypted_encrypted_block_lists_share_one_open_budget
[INFO] [stdout]     archive::reader_private_tests::direct_block_list_keys_are_used_without_file_or_recipient_keys
[INFO] [stdout]     archive::reader_private_tests::direct_block_lists_share_one_decode_budget_within_and_across_directories
[INFO] [stdout]     archive::reader_private_tests::encrypted_local_descriptor_stored_size_has_a_28_byte_minimum
[INFO] [stdout]     archive::reader_private_tests::encrypted_recipient_grant_conflicts_are_key_independent_and_compare_all_bytes
[INFO] [stdout]     archive::reader_private_tests::external_availability_requires_both_resolver_and_policy
[INFO] [stdout]     archive::reader_private_tests::external_policy_denial_precedes_initial_and_redirect_access
[INFO] [stdout]     archive::reader_private_tests::missing_or_changed_local_block_markers_fail_when_the_block_is_read
[INFO] [stdout]     archive::reader_private_tests::piece_rules_reject_version_1_0_archives_and_shared_key_ids
[INFO] [stdout]     archive::reader_private_tests::recipient_grant_variants_must_match_across_directories
[INFO] [stdout]     archive::reader_private_tests::structurally_equal_encrypted_recipient_grants_repeat_with_or_without_access_keys
[INFO] [stdout]     archive::reader_private_tests::unique_key_blocks_round_trip_and_store_every_repeat
[INFO] [stdout]     archive::reader_private_tests::unique_key_blocks_verify_payload_and_identity_before_output
[INFO] [stdout]     archive::reader_private_tests::unsupported_external_content_preflights_the_whole_file_and_adapters
[INFO] [stdout]     archive::reader_private_tests::version_1_1_appends_reuse_ciphers_and_give_unique_blocks_fresh_identities
[INFO] [stdout]     archive::reader_private_tests::version_1_1_flags_are_rejected_in_version_1_0_archives
[INFO] [stdout]     archive::reader_private_tests::version_1_1_flags_require_encryption
[INFO] [stdout]     archive::reader_private_tests::version_1_1_processing_round_trips_compressed_blocks
[INFO] [stdout]     archive::reader_private_tests::writers_emit_only_the_required_standard_relationship_table
[INFO] [stdout]     archive::snapshot::tests::prospective_append_rejects_an_ancestor_sender_recipient_pair_before_publication
[INFO] [stdout]     archive::snapshot::tests::snapshot_borrows_recovered_keys_for_sender_and_recipient_access
[INFO] [stdout]     archive::snapshot::tests::snapshot_checks_existing_paths_ids_and_content_kinds
[INFO] [stdout]     archive::snapshot::tests::snapshot_creation_consumes_archive_and_moves_recovered_access
[INFO] [stdout]     archive::snapshot::tests::snapshot_keeps_the_earliest_effective_descriptor
[INFO] [stdout]     archive::snapshot::tests::snapshot_records_archive_length_terminal_span_and_maximum_id
[INFO] [stdout]     archive::snapshot::tests::snapshot_rejects_missing_wrong_and_unavailable_file_keys
[INFO] [stdout]     fs::extraction::tests::staged_file_mode_failure_prevents_publication
[INFO] [stdout] 
[INFO] [stdout] test result: FAILED. 115 passed; 56 failed; 0 ignored; 0 measured; 0 filtered out; finished in 0.23s
[INFO] [stdout] 
[INFO] [stderr] error: test failed, to rerun pass `--lib`
[INFO] running `Command { std: "docker" "inspect" "7b4184453da5aca086245dbb8a2bf05dad8e8dc730014f873a0165e0f2906a97", kill_on_drop: false }`
[INFO] running `Command { std: "docker" "rm" "-f" "7b4184453da5aca086245dbb8a2bf05dad8e8dc730014f873a0165e0f2906a97", kill_on_drop: false }`
[INFO] [stdout] 7b4184453da5aca086245dbb8a2bf05dad8e8dc730014f873a0165e0f2906a97
