[INFO] fetching crate pitch-detector 0.3.1...
[INFO] testing pitch-detector-0.3.1 against 1.99.0-beta.8+cargoflags=--release for beta-release-1.100-2
[INFO] extracting crate pitch-detector 0.3.1 into /workspace/builds/worker-2-tc1/source
[INFO] removed /workspace/builds/worker-2-tc1/source/.cargo/config
[INFO] started tweaking crates.io crate pitch-detector 0.3.1
[INFO] removed 0 missing examples
[INFO] finished tweaking crates.io crate pitch-detector 0.3.1
[INFO] tweaked toml for crates.io crate pitch-detector 0.3.1 written to /workspace/builds/worker-2-tc1/source/Cargo.toml
[INFO] validating manifest of crates.io crate pitch-detector 0.3.1 on toolchain 1.99.0-beta.8
[INFO] running `Command { std: CARGO_HOME="/workspace/cargo-home" RUSTUP_HOME="/workspace/rustup-home" "/workspace/cargo-home/bin/cargo" "+1.99.0-beta.8" "metadata" "--manifest-path" "Cargo.toml" "--no-deps", kill_on_drop: false }`
[INFO] crate crates.io crate pitch-detector 0.3.1 already has a lockfile, it will not be regenerated
[INFO] running `Command { std: CARGO_HOME="/workspace/cargo-home" RUSTUP_HOME="/workspace/rustup-home" "/workspace/cargo-home/bin/cargo" "+1.99.0-beta.8" "fetch" "--manifest-path" "Cargo.toml", kill_on_drop: false }`
[INFO] [stderr]     Updating crates.io index
[INFO] [stderr]  Downloading crates ...
[INFO] [stderr]   Downloaded unicode-ident v1.0.0
[INFO] [stderr]   Downloaded proc-macro2 v1.0.39
[INFO] [stderr]   Downloaded thiserror-impl v1.0.31
[INFO] [stderr]   Downloaded num-complex v0.4.1
[INFO] [stderr]   Downloaded core-text v19.2.0
[INFO] [stderr]   Downloaded transpose v0.2.1
[INFO] [stderr]   Downloaded peak_finder v1.0.1
[INFO] [stderr]   Downloaded fitting v0.3.0
[INFO] [stderr]   Downloaded plotters-backend v0.3.2
[INFO] [stderr]   Downloaded num-iter v0.1.43
[INFO] [stderr]   Downloaded plotters-svg v0.3.1
[INFO] [stderr]   Downloaded plotters-bitmap v0.3.1
[INFO] [stderr]   Downloaded primal-check v0.3.1
[INFO] [stderr]   Downloaded pathfinder_simd v0.5.1
[INFO] [stderr]   Downloaded cmake v0.1.48
[INFO] [stderr]   Downloaded semver-parser v0.10.2
[INFO] [stderr]   Downloaded freetype v0.7.0
[INFO] [stderr]   Downloaded dwrote v0.11.0
[INFO] [stderr]   Downloaded thiserror v1.0.31
[INFO] [stderr]   Downloaded crossbeam-deque v0.8.1
[INFO] [stderr]   Downloaded cast v0.2.7
[INFO] [stderr]   Downloaded apodize v1.0.0
[INFO] [stderr]   Downloaded strength_reduce v0.2.3
[INFO] [stderr]   Downloaded weezl v0.1.6
[INFO] [stderr]   Downloaded bytemuck v1.9.1
[INFO] [stderr]   Downloaded gif v0.11.3
[INFO] [stderr]   Downloaded ucd-trie v0.1.3
[INFO] [stderr]   Downloaded getrandom v0.2.6
[INFO] [stderr]   Downloaded matrixmultiply v0.2.4
[INFO] [stderr]   Downloaded serde_cbor v0.11.2
[INFO] [stderr]   Downloaded crossbeam-epoch v0.9.8
[INFO] [stderr]   Downloaded criterion-plot v0.4.4
[INFO] [stderr]   Downloaded semver v1.0.9
[INFO] [stderr]   Downloaded half v1.8.2
[INFO] [stderr]   Downloaded bumpalo v3.10.0
[INFO] [stderr]   Downloaded pest v2.1.3
[INFO] [stderr]   Downloaded font-kit v0.10.1
[INFO] [stderr]   Downloaded rayon-core v1.9.3
[INFO] [stderr]   Downloaded crossbeam-channel v0.5.4
[INFO] [stderr]   Downloaded criterion v0.3.5
[INFO] [stderr]   Downloaded ttf-parser v0.12.3
[INFO] [stderr]   Downloaded serde_json v1.0.81
[INFO] [stderr]   Downloaded rayon v1.5.3
[INFO] [stderr]   Downloaded syn v1.0.96
[INFO] [stderr]   Downloaded chrono v0.4.19
[INFO] [stderr]   Downloaded rustfft v6.0.1
[INFO] [stderr]   Downloaded ndarray v0.13.1
[INFO] [stderr]   Downloaded jpeg-decoder v0.1.22
[INFO] [stderr]   Downloaded regex v1.5.6
[INFO] [stderr]   Downloaded regex-syntax v0.6.26
[INFO] [stderr]   Downloaded bstr v0.2.17
[INFO] [stderr]   Downloaded csv v1.1.6
[INFO] [stderr]   Downloaded plotters v0.3.1
[INFO] running `Command { std: "docker" "create" "-v" "/var/lib/crater-agent-workspace/builds/worker-2-tc1/source:/opt/rustwide/workdir:ro,Z" "-v" "/var/lib/crater-agent-workspace/builds/worker-2-tc1/target:/opt/rustwide/target:rw,Z" "-v" "/var/lib/crater-agent-workspace/cargo-home:/opt/rustwide/cargo-home:ro,Z" "-v" "/var/lib/crater-agent-workspace/rustup-home:/opt/rustwide/rustup-home:ro,Z" "-m" "1610612736" "--network" "none" "ghcr.io/rust-lang/crates-build-env/linux@sha256:77db811e55d90add9212f6832c23229e3de5f1c1f9905e8cb07319ea15df73ac" "sleep" "infinity", kill_on_drop: false }`
[INFO] [stdout] c1e41ff686f766248ab3a568f867e6043561619aae207012d20af961f23ba4b7
[INFO] running `Command { std: "docker" "start" "c1e41ff686f766248ab3a568f867e6043561619aae207012d20af961f23ba4b7", kill_on_drop: false }`
[INFO] running `Command { std: "docker" "inspect" "c1e41ff686f766248ab3a568f867e6043561619aae207012d20af961f23ba4b7", kill_on_drop: false }`
[INFO] running `Command { std: "docker" "exec" "-e" "SOURCE_DIR=/opt/rustwide/workdir" "-e" "CARGO_HOME=/opt/rustwide/cargo-home" "-e" "RUSTUP_HOME=/opt/rustwide/rustup-home" "-e" "CARGO_TARGET_DIR=/opt/rustwide/target" "-w" "/opt/rustwide/workdir" "--user" "0:0" "c1e41ff686f766248ab3a568f867e6043561619aae207012d20af961f23ba4b7" "/opt/rustwide/cargo-home/bin/cargo" "+1.99.0-beta.8" "metadata" "--no-deps" "--format-version=1", kill_on_drop: false }`
[INFO] running `Command { std: "docker" "inspect" "c1e41ff686f766248ab3a568f867e6043561619aae207012d20af961f23ba4b7", kill_on_drop: false }`
[INFO] running `Command { std: "docker" "exec" "-e" "SOURCE_DIR=/opt/rustwide/workdir" "-e" "CARGO_HOME=/opt/rustwide/cargo-home" "-e" "RUSTUP_HOME=/opt/rustwide/rustup-home" "-e" "CARGO_TARGET_DIR=/opt/rustwide/target" "-e" "CARGO_INCREMENTAL=0" "-e" "RUST_BACKTRACE=full" "-e" "RUSTFLAGS=--cap-lints=warn" "-e" "RUSTDOCFLAGS=--cap-lints=warn" "-w" "/opt/rustwide/workdir" "--user" "0:0" "c1e41ff686f766248ab3a568f867e6043561619aae207012d20af961f23ba4b7" "/opt/rustwide/cargo-home/bin/cargo" "+1.99.0-beta.8" "build" "--frozen" "--message-format=json" "--release", kill_on_drop: false }`
[INFO] [stderr]    Compiling num-traits v0.2.15
[INFO] [stderr]    Compiling num-integer v0.1.45
[INFO] [stderr]    Compiling proc-macro2 v1.0.39
[INFO] [stderr]    Compiling unicode-ident v1.0.0
[INFO] [stderr]    Compiling syn v1.0.96
[INFO] [stderr]    Compiling num-complex v0.2.4
[INFO] [stderr]    Compiling ndarray v0.13.1
[INFO] [stderr]    Compiling strength_reduce v0.2.3
[INFO] [stderr]    Compiling anyhow v1.0.57
[INFO] [stderr]    Compiling matrixmultiply v0.2.4
[INFO] [stderr]    Compiling either v1.6.1
[INFO] [stderr]    Compiling apodize v1.0.0
[INFO] [stderr]    Compiling itertools v0.10.3
[INFO] [stderr]    Compiling quote v1.0.18
[INFO] [stderr]    Compiling approx v0.3.2
[INFO] [stderr]    Compiling num-complex v0.4.1
[INFO] [stderr]    Compiling primal-check v0.3.1
[INFO] [stderr]    Compiling transpose v0.2.1
[INFO] [stderr]    Compiling rustfft v6.0.1
[INFO] [stderr]    Compiling thiserror-impl v1.0.31
[INFO] [stderr]    Compiling thiserror v1.0.31
[INFO] [stderr]    Compiling fitting v0.3.0
[INFO] [stderr]    Compiling pitch-detector v0.3.1 (/opt/rustwide/workdir)
[INFO] [stdout] warning: function `zero_crossing_count` is never used
[INFO] [stdout]  --> src/pitch/core.rs:6:4
[INFO] [stdout]   |
[INFO] [stdout] 6 | fn zero_crossing_count<I>(signal: I) -> usize
[INFO] [stdout]   |    ^^^^^^^^^^^^^^^^^^^
[INFO] [stdout]   |
[INFO] [stdout]   = note: `#[warn(dead_code)]` (part of `#[warn(unused)]`) on by default
[INFO] [stdout] 
[INFO] [stdout] 
[INFO] [stdout] warning: function `zero_crossing_rate` is never used
[INFO] [stdout]   --> src/pitch/core.rs:19:8
[INFO] [stdout]    |
[INFO] [stdout] 19 | pub fn zero_crossing_rate<I>(signal: I, sample_rate: f64) -> f64
[INFO] [stdout]    |        ^^^^^^^^^^^^^^^^^^
[INFO] [stdout] 
[INFO] [stdout] 
[INFO] [stdout] warning: hiding a lifetime that's elided elsewhere is confusing
[INFO] [stdout]    --> src/core/fft_space.rs:107:24
[INFO] [stdout]     |
[INFO] [stdout] 107 |     pub fn freq_domain(&self, square_rooted: bool) -> utils::FreqDomainIter {
[INFO] [stdout]     |                        ^^^^^                          ^^^^^^^^^^^^^^^^^^^^^ the same lifetime is hidden here
[INFO] [stdout]     |                        |
[INFO] [stdout]     |                        the lifetime is elided here
[INFO] [stdout]     |
[INFO] [stdout]     = help: the same lifetime is referred to in inconsistent ways, making the signature confusing
[INFO] [stdout]     = note: `#[warn(mismatched_lifetime_syntaxes)]` on by default
[INFO] [stdout] help: use `'_` for type paths
[INFO] [stdout]     |
[INFO] [stdout] 107 |     pub fn freq_domain(&self, square_rooted: bool) -> utils::FreqDomainIter<'_> {
[INFO] [stdout]     |                                                                            ++++
[INFO] [stdout] 
[INFO] [stdout] 
[INFO] [stderr]     Finished `release` profile [optimized] target(s) in 21.97s
[INFO] running `Command { std: "docker" "inspect" "c1e41ff686f766248ab3a568f867e6043561619aae207012d20af961f23ba4b7", kill_on_drop: false }`
[INFO] running `Command { std: "docker" "exec" "-e" "SOURCE_DIR=/opt/rustwide/workdir" "-e" "CARGO_HOME=/opt/rustwide/cargo-home" "-e" "RUSTUP_HOME=/opt/rustwide/rustup-home" "-e" "CARGO_TARGET_DIR=/opt/rustwide/target" "-e" "CARGO_INCREMENTAL=0" "-e" "RUST_BACKTRACE=full" "-e" "RUSTFLAGS=--cap-lints=warn" "-e" "RUSTDOCFLAGS=--cap-lints=warn" "-w" "/opt/rustwide/workdir" "--user" "0:0" "c1e41ff686f766248ab3a568f867e6043561619aae207012d20af961f23ba4b7" "/opt/rustwide/cargo-home/bin/cargo" "+1.99.0-beta.8" "test" "--frozen" "--no-run" "--message-format=json" "--release", kill_on_drop: false }`
[INFO] [stderr]    Compiling libc v0.2.126
[INFO] [stderr]    Compiling num-integer v0.1.45
[INFO] [stderr]    Compiling pkg-config v0.3.25
[INFO] [stderr]    Compiling cc v1.0.73
[INFO] [stderr]    Compiling ucd-trie v0.1.3
[INFO] [stderr]    Compiling serde_derive v1.0.137
[INFO] [stderr]    Compiling semver v1.0.9
[INFO] [stderr]    Compiling serde v1.0.137
[INFO] [stderr]    Compiling memoffset v0.6.5
[INFO] [stderr]    Compiling adler32 v1.2.0
[INFO] [stderr]    Compiling crossbeam-epoch v0.9.8
[INFO] [stderr]    Compiling num-iter v0.1.43
[INFO] [stderr]    Compiling num-rational v0.3.2
[INFO] [stderr]    Compiling memchr v2.5.0
[INFO] [stderr]    Compiling rayon-core v1.9.3
[INFO] [stderr]    Compiling color_quant v1.1.0
[INFO] [stderr]    Compiling serde_json v1.0.81
[INFO] [stderr]    Compiling pest v2.1.3
[INFO] [stderr]    Compiling miniz_oxide v0.3.7
[INFO] [stderr]    Compiling deflate v0.8.6
[INFO] [stderr]    Compiling ryu v1.0.10
[INFO] [stderr]    Compiling bytemuck v1.9.1
[INFO] [stderr]    Compiling plotters-backend v0.3.2
[INFO] [stderr]    Compiling jpeg-decoder v0.1.22
[INFO] [stderr]    Compiling weezl v0.1.6
[INFO] [stderr]    Compiling walkdir v2.3.2
[INFO] [stderr]    Compiling servo-fontconfig-sys v5.1.0
[INFO] [stderr]    Compiling cmake v0.1.48
[INFO] [stderr]    Compiling rustc_version v0.4.0
[INFO] [stderr]    Compiling crossbeam-deque v0.8.1
[INFO] [stderr]    Compiling crossbeam-channel v0.5.4
[INFO] [stderr]    Compiling rayon v1.5.3
[INFO] [stderr]    Compiling cast v0.2.7
[INFO] [stderr]    Compiling gif v0.11.3
[INFO] [stderr]    Compiling regex-automata v0.1.10
[INFO] [stderr]    Compiling dirs-sys-next v0.1.2
[INFO] [stderr]    Compiling num_cpus v1.13.1
[INFO] [stderr]    Compiling time v0.1.44
[INFO] [stderr]    Compiling freetype-sys v0.13.1
[INFO] [stderr]    Compiling semver-parser v0.10.2
[INFO] [stderr]    Compiling expat-sys v2.1.6
[INFO] [stderr]    Compiling png v0.16.8
[INFO] [stderr]    Compiling dirs-next v2.0.0
[INFO] [stderr]    Compiling float-ord v0.2.0
[INFO] [stderr]    Compiling unicode-width v0.1.9
[INFO] [stderr]    Compiling itoa v1.0.2
[INFO] [stderr]    Compiling textwrap v0.11.0
[INFO] [stderr]    Compiling transpose v0.2.1
[INFO] [stderr]    Compiling chrono v0.4.19
[INFO] [stderr]    Compiling freetype v0.7.0
[INFO] [stderr]    Compiling servo-fontconfig v0.5.1
[INFO] [stderr]    Compiling csv-core v0.1.10
[INFO] [stderr]    Compiling semver v0.11.0
[INFO] [stderr]    Compiling ndarray v0.13.1
[INFO] [stderr]    Compiling plotters-svg v0.3.1
[INFO] [stderr]    Compiling primal-check v0.3.1
[INFO] [stderr]    Compiling itoa v0.4.8
[INFO] [stderr]    Compiling regex-syntax v0.6.26
[INFO] [stderr]    Compiling ttf-parser v0.12.3
[INFO] [stderr]    Compiling half v1.8.2
[INFO] [stderr]    Compiling image v0.23.14
[INFO] [stderr]    Compiling rustfft v6.0.1
[INFO] [stderr]    Compiling criterion-plot v0.4.4
[INFO] [stderr]    Compiling rustc_version v0.3.3
[INFO] [stderr]    Compiling clap v2.34.0
[INFO] [stderr]    Compiling atty v0.2.14
[INFO] [stderr]    Compiling oorandom v11.1.3
[INFO] [stderr]    Compiling pathfinder_simd v0.5.1
[INFO] [stderr]    Compiling float-cmp v0.9.0
[INFO] [stderr]    Compiling pathfinder_geometry v0.5.1
[INFO] [stderr]    Compiling font-kit v0.10.1
[INFO] [stderr]    Compiling regex v1.5.6
[INFO] [stderr]    Compiling plotters-bitmap v0.3.1
[INFO] [stderr]    Compiling plotters v0.3.1
[INFO] [stderr]    Compiling fitting v0.3.0
[INFO] [stderr]    Compiling pitch-detector v0.3.1 (/opt/rustwide/workdir)
[INFO] [stdout] warning: function `zero_crossing_count` is never used
[INFO] [stdout]  --> src/pitch/core.rs:6:4
[INFO] [stdout]   |
[INFO] [stdout] 6 | fn zero_crossing_count<I>(signal: I) -> usize
[INFO] [stdout]   |    ^^^^^^^^^^^^^^^^^^^
[INFO] [stdout]   |
[INFO] [stdout]   = note: `#[warn(dead_code)]` (part of `#[warn(unused)]`) on by default
[INFO] [stdout] 
[INFO] [stdout] 
[INFO] [stdout] warning: function `zero_crossing_rate` is never used
[INFO] [stdout]   --> src/pitch/core.rs:19:8
[INFO] [stdout]    |
[INFO] [stdout] 19 | pub fn zero_crossing_rate<I>(signal: I, sample_rate: f64) -> f64
[INFO] [stdout]    |        ^^^^^^^^^^^^^^^^^^
[INFO] [stdout] 
[INFO] [stdout] 
[INFO] [stdout] warning: hiding a lifetime that's elided elsewhere is confusing
[INFO] [stdout]    --> src/core/fft_space.rs:107:24
[INFO] [stdout]     |
[INFO] [stdout] 107 |     pub fn freq_domain(&self, square_rooted: bool) -> utils::FreqDomainIter {
[INFO] [stdout]     |                        ^^^^^                          ^^^^^^^^^^^^^^^^^^^^^ the same lifetime is hidden here
[INFO] [stdout]     |                        |
[INFO] [stdout]     |                        the lifetime is elided here
[INFO] [stdout]     |
[INFO] [stdout]     = help: the same lifetime is referred to in inconsistent ways, making the signature confusing
[INFO] [stdout]     = note: `#[warn(mismatched_lifetime_syntaxes)]` on by default
[INFO] [stdout] help: use `'_` for type paths
[INFO] [stdout]     |
[INFO] [stdout] 107 |     pub fn freq_domain(&self, square_rooted: bool) -> utils::FreqDomainIter<'_> {
[INFO] [stdout]     |                                                                            ++++
[INFO] [stdout] 
[INFO] [stdout] 
[INFO] [stderr]    Compiling bstr v0.2.17
[INFO] [stderr]    Compiling serde_cbor v0.11.2
[INFO] [stderr]    Compiling csv v1.1.6
[INFO] [stderr]    Compiling tinytemplate v1.2.1
[INFO] [stderr]    Compiling criterion v0.3.5
[INFO] [stdout] warning: function `test_noise` is never used
[INFO] [stdout]    --> src/pitch/hanned_fft.rs:125:8
[INFO] [stdout]     |
[INFO] [stdout] 125 |     fn test_noise() -> anyhow::Result<()> {
[INFO] [stdout]     |        ^^^^^^^^^^
[INFO] [stdout]     |
[INFO] [stdout]     = note: `#[warn(dead_code)]` (part of `#[warn(unused)]`) on by default
[INFO] [stdout] 
[INFO] [stdout] 
[INFO] [stdout] warning: hiding a lifetime that's elided elsewhere is confusing
[INFO] [stdout]    --> src/core/fft_space.rs:107:24
[INFO] [stdout]     |
[INFO] [stdout] 107 |     pub fn freq_domain(&self, square_rooted: bool) -> utils::FreqDomainIter {
[INFO] [stdout]     |                        ^^^^^                          ^^^^^^^^^^^^^^^^^^^^^ the same lifetime is hidden here
[INFO] [stdout]     |                        |
[INFO] [stdout]     |                        the lifetime is elided here
[INFO] [stdout]     |
[INFO] [stdout]     = help: the same lifetime is referred to in inconsistent ways, making the signature confusing
[INFO] [stdout]     = note: `#[warn(mismatched_lifetime_syntaxes)]` on by default
[INFO] [stdout] help: use `'_` for type paths
[INFO] [stdout]     |
[INFO] [stdout] 107 |     pub fn freq_domain(&self, square_rooted: bool) -> utils::FreqDomainIter<'_> {
[INFO] [stdout]     |                                                                            ++++
[INFO] [stdout] 
[INFO] [stdout] 
[INFO] [stderr]     Finished `release` profile [optimized] target(s) in 1m 21s
[INFO] [stderr] warning: the following packages contain code that will be rejected by a future version of Rust: criterion v0.3.5
[INFO] [stderr] note: to see what the problems were, use the option `--future-incompat-report`, or run `cargo report future-incompatibilities --id 2`
[INFO] running `Command { std: "docker" "inspect" "c1e41ff686f766248ab3a568f867e6043561619aae207012d20af961f23ba4b7", kill_on_drop: false }`
[INFO] running `Command { std: "docker" "exec" "-e" "SOURCE_DIR=/opt/rustwide/workdir" "-e" "CARGO_HOME=/opt/rustwide/cargo-home" "-e" "RUSTUP_HOME=/opt/rustwide/rustup-home" "-e" "CARGO_TARGET_DIR=/opt/rustwide/target" "-e" "CARGO_INCREMENTAL=0" "-e" "RUST_BACKTRACE=full" "-e" "RUSTFLAGS=--cap-lints=warn" "-e" "RUSTDOCFLAGS=--cap-lints=warn" "-w" "/opt/rustwide/workdir" "--user" "0:0" "c1e41ff686f766248ab3a568f867e6043561619aae207012d20af961f23ba4b7" "/opt/rustwide/cargo-home/bin/cargo" "+1.99.0-beta.8" "test" "--frozen" "--release", kill_on_drop: false }`
[INFO] [stderr] warning: function `zero_crossing_count` is never used
[INFO] [stderr]  --> src/pitch/core.rs:6:4
[INFO] [stderr]   |
[INFO] [stderr] 6 | fn zero_crossing_count<I>(signal: I) -> usize
[INFO] [stderr]   |    ^^^^^^^^^^^^^^^^^^^
[INFO] [stderr]   |
[INFO] [stderr]   = note: `#[warn(dead_code)]` (part of `#[warn(unused)]`) on by default
[INFO] [stderr] 
[INFO] [stderr] warning: function `zero_crossing_rate` is never used
[INFO] [stderr]   --> src/pitch/core.rs:19:8
[INFO] [stderr]    |
[INFO] [stderr] 19 | pub fn zero_crossing_rate<I>(signal: I, sample_rate: f64) -> f64
[INFO] [stderr]    |        ^^^^^^^^^^^^^^^^^^
[INFO] [stderr] 
[INFO] [stderr] warning: hiding a lifetime that's elided elsewhere is confusing
[INFO] [stderr]    --> src/core/fft_space.rs:107:24
[INFO] [stderr]     |
[INFO] [stderr] 107 |     pub fn freq_domain(&self, square_rooted: bool) -> utils::FreqDomainIter {
[INFO] [stderr]     |                        ^^^^^                          ^^^^^^^^^^^^^^^^^^^^^ the same lifetime is hidden here
[INFO] [stderr]     |                        |
[INFO] [stderr]     |                        the lifetime is elided here
[INFO] [stderr]     |
[INFO] [stderr]     = help: the same lifetime is referred to in inconsistent ways, making the signature confusing
[INFO] [stderr]     = note: `#[warn(mismatched_lifetime_syntaxes)]` on by default
[INFO] [stderr] help: use `'_` for type paths
[INFO] [stderr]     |
[INFO] [stderr] 107 |     pub fn freq_domain(&self, square_rooted: bool) -> utils::FreqDomainIter<'_> {
[INFO] [stderr]     |                                                                            ++++
[INFO] [stderr] 
[INFO] [stderr] warning: `pitch-detector` (lib) generated 3 warnings (run `cargo fix --lib -p pitch-detector` to apply 1 suggestion)
[INFO] [stderr] warning: function `test_noise` is never used
[INFO] [stderr]    --> src/pitch/hanned_fft.rs:125:8
[INFO] [stderr]     |
[INFO] [stderr] 125 |     fn test_noise() -> anyhow::Result<()> {
[INFO] [stderr]     |        ^^^^^^^^^^
[INFO] [stderr]     |
[INFO] [stderr]     = note: `#[warn(dead_code)]` (part of `#[warn(unused)]`) on by default
[INFO] [stderr] 
[INFO] [stderr] warning: `pitch-detector` (lib test) generated 2 warnings (1 duplicate)
[INFO] [stderr]     Finished `release` profile [optimized] target(s) in 0.15s
[INFO] [stderr] warning: the following packages contain code that will be rejected by a future version of Rust: criterion v0.3.5
[INFO] [stderr] note: to see what the problems were, use the option `--future-incompat-report`, or run `cargo report future-incompatibilities --id 2`
[INFO] [stderr]      Running unittests src/lib.rs (/opt/rustwide/target/release/deps/pitch_detector-294334cf5529bf1f)
[INFO] [stdout] 
[INFO] [stdout] running 7 tests
[INFO] [stdout] test note::note_detection_result::tests::pitch_from_f64_works ... ok
[INFO] [stdout] test pitch::cepstrum::tests::test_power ... FAILED
[INFO] [stdout] test pitch::hanned_fft::tests::test_from_sample_files ... FAILED
[INFO] [stdout] test pitch::core::tests::zero_crossing_rates ... FAILED
[INFO] [stdout] test pitch::core::tests::zero_crossings ... FAILED
[INFO] [stdout] test pitch::core::tests::zero_rate_crossing_sine ... ok
[INFO] [stdout] test pitch::hanned_fft::tests::test_from_sine_wave ... ok
[INFO] [stdout] 
[INFO] [stdout] failures:
[INFO] [stdout] 
[INFO] [stdout] ---- pitch::cepstrum::tests::test_power stdout ----
[INFO] [stdout] Error: No such file or directory (os error 2)
[INFO] [stdout] 
[INFO] [stdout] ---- pitch::hanned_fft::tests::test_from_sample_files stdout ----
[INFO] [stdout] Error: No such file or directory (os error 2)
[INFO] [stdout] 
[INFO] [stdout] ---- pitch::core::tests::zero_crossing_rates stdout ----
[INFO] [stdout] Error: No such file or directory (os error 2)
[INFO] [stdout] 
[INFO] [stdout] ---- pitch::core::tests::zero_crossings stdout ----
[INFO] [stdout] Error: No such file or directory (os error 2)
[INFO] [stdout] 
[INFO] [stdout] 
[INFO] [stdout] failures:
[INFO] [stdout]     pitch::cepstrum::tests::test_power
[INFO] [stdout]     pitch::core::tests::zero_crossing_rates
[INFO] [stdout]     pitch::core::tests::zero_crossings
[INFO] [stdout]     pitch::hanned_fft::tests::test_from_sample_files
[INFO] [stdout] 
[INFO] [stdout] test result: FAILED. 3 passed; 4 failed; 0 ignored; 0 measured; 0 filtered out; finished in 0.01s
[INFO] [stdout] 
[INFO] [stderr] error: test failed, to rerun pass `--lib`
[INFO] running `Command { std: "docker" "inspect" "c1e41ff686f766248ab3a568f867e6043561619aae207012d20af961f23ba4b7", kill_on_drop: false }`
[INFO] running `Command { std: "docker" "rm" "-f" "c1e41ff686f766248ab3a568f867e6043561619aae207012d20af961f23ba4b7", kill_on_drop: false }`
[INFO] [stdout] c1e41ff686f766248ab3a568f867e6043561619aae207012d20af961f23ba4b7
