[INFO] fetching crate pistonite-cu 0.9.8...
[INFO] testing pistonite-cu-0.9.8 against 1.99.0-beta.8+cargoflags=--release for beta-release-1.100-2
[INFO] extracting crate pistonite-cu 0.9.8 into /workspace/builds/worker-0-tc1/source
[INFO] started tweaking crates.io crate pistonite-cu 0.9.8
[INFO] removed 0 missing examples
[INFO] removed 0 missing tests
[INFO] finished tweaking crates.io crate pistonite-cu 0.9.8
[INFO] tweaked toml for crates.io crate pistonite-cu 0.9.8 written to /workspace/builds/worker-0-tc1/source/Cargo.toml
[INFO] validating manifest of crates.io crate pistonite-cu 0.9.8 on toolchain 1.99.0-beta.8
[INFO] running `Command { std: CARGO_HOME="/workspace/cargo-home" RUSTUP_HOME="/workspace/rustup-home" "/workspace/cargo-home/bin/cargo" "+1.99.0-beta.8" "metadata" "--manifest-path" "Cargo.toml" "--no-deps", kill_on_drop: false }`
[INFO] crate crates.io crate pistonite-cu 0.9.8 already has a lockfile, it will not be regenerated
[INFO] running `Command { std: CARGO_HOME="/workspace/cargo-home" RUSTUP_HOME="/workspace/rustup-home" "/workspace/cargo-home/bin/cargo" "+1.99.0-beta.8" "fetch" "--manifest-path" "Cargo.toml", kill_on_drop: false }`
[INFO] [stderr]     Updating crates.io index
[INFO] [stderr]  Downloading crates ...
[INFO] [stderr]   Downloaded which v8.0.6
[INFO] [stderr]   Downloaded pistonite-cu-proc-macros v0.2.11
[INFO] [stderr]   Downloaded spin v0.12.3
[INFO] [stderr]   Downloaded pistonite-pm v0.3.1
[INFO] running `Command { std: "docker" "create" "-v" "/var/lib/crater-agent-workspace/builds/worker-0-tc1/source:/opt/rustwide/workdir:ro,Z" "-v" "/var/lib/crater-agent-workspace/builds/worker-0-tc1/target:/opt/rustwide/target:rw,Z" "-v" "/var/lib/crater-agent-workspace/cargo-home:/opt/rustwide/cargo-home:ro,Z" "-v" "/var/lib/crater-agent-workspace/rustup-home:/opt/rustwide/rustup-home:ro,Z" "-m" "1610612736" "--network" "none" "ghcr.io/rust-lang/crates-build-env/linux@sha256:77db811e55d90add9212f6832c23229e3de5f1c1f9905e8cb07319ea15df73ac" "sleep" "infinity", kill_on_drop: false }`
[INFO] [stdout] 473ac5b141f9dd116195ce385ef8b5129b2926b7d2ee3eab36fbe8f22d7fd1c6
[INFO] running `Command { std: "docker" "start" "473ac5b141f9dd116195ce385ef8b5129b2926b7d2ee3eab36fbe8f22d7fd1c6", kill_on_drop: false }`
[INFO] running `Command { std: "docker" "inspect" "473ac5b141f9dd116195ce385ef8b5129b2926b7d2ee3eab36fbe8f22d7fd1c6", kill_on_drop: false }`
[INFO] running `Command { std: "docker" "exec" "-e" "SOURCE_DIR=/opt/rustwide/workdir" "-e" "CARGO_HOME=/opt/rustwide/cargo-home" "-e" "RUSTUP_HOME=/opt/rustwide/rustup-home" "-e" "CARGO_TARGET_DIR=/opt/rustwide/target" "-w" "/opt/rustwide/workdir" "--user" "0:0" "473ac5b141f9dd116195ce385ef8b5129b2926b7d2ee3eab36fbe8f22d7fd1c6" "/opt/rustwide/cargo-home/bin/cargo" "+1.99.0-beta.8" "metadata" "--no-deps" "--format-version=1", kill_on_drop: false }`
[INFO] running `Command { std: "docker" "inspect" "473ac5b141f9dd116195ce385ef8b5129b2926b7d2ee3eab36fbe8f22d7fd1c6", kill_on_drop: false }`
[INFO] running `Command { std: "docker" "exec" "-e" "SOURCE_DIR=/opt/rustwide/workdir" "-e" "CARGO_HOME=/opt/rustwide/cargo-home" "-e" "RUSTUP_HOME=/opt/rustwide/rustup-home" "-e" "CARGO_TARGET_DIR=/opt/rustwide/target" "-e" "CARGO_INCREMENTAL=0" "-e" "RUST_BACKTRACE=full" "-e" "RUSTFLAGS=--cap-lints=warn" "-e" "RUSTDOCFLAGS=--cap-lints=warn" "-w" "/opt/rustwide/workdir" "--user" "0:0" "473ac5b141f9dd116195ce385ef8b5129b2926b7d2ee3eab36fbe8f22d7fd1c6" "/opt/rustwide/cargo-home/bin/cargo" "+1.99.0-beta.8" "build" "--frozen" "--message-format=json" "--release", kill_on_drop: false }`
[INFO] [stderr]    Compiling proc-macro2 v1.0.107
[INFO] [stderr]    Compiling quote v1.0.47
[INFO] [stderr]    Compiling log v0.4.34
[INFO] [stderr]    Compiling syn v3.0.6
[INFO] [stderr]    Compiling pistonite-pm v0.3.1
[INFO] [stderr]    Compiling pistonite-cu-proc-macros v0.2.11
[INFO] [stderr]    Compiling pistonite-cu v0.9.8 (/opt/rustwide/workdir)
[INFO] [stderr]     Finished `release` profile [optimized] target(s) in 7.09s
[INFO] running `Command { std: "docker" "inspect" "473ac5b141f9dd116195ce385ef8b5129b2926b7d2ee3eab36fbe8f22d7fd1c6", kill_on_drop: false }`
[INFO] running `Command { std: "docker" "exec" "-e" "SOURCE_DIR=/opt/rustwide/workdir" "-e" "CARGO_HOME=/opt/rustwide/cargo-home" "-e" "RUSTUP_HOME=/opt/rustwide/rustup-home" "-e" "CARGO_TARGET_DIR=/opt/rustwide/target" "-e" "CARGO_INCREMENTAL=0" "-e" "RUST_BACKTRACE=full" "-e" "RUSTFLAGS=--cap-lints=warn" "-e" "RUSTDOCFLAGS=--cap-lints=warn" "-w" "/opt/rustwide/workdir" "--user" "0:0" "473ac5b141f9dd116195ce385ef8b5129b2926b7d2ee3eab36fbe8f22d7fd1c6" "/opt/rustwide/cargo-home/bin/cargo" "+1.99.0-beta.8" "test" "--frozen" "--no-run" "--message-format=json" "--release", kill_on_drop: false }`
[INFO] [stderr]    Compiling pistonite-pm v0.3.1
[INFO] [stderr]    Compiling tokio v1.53.1
[INFO] [stderr]    Compiling pistonite-cu-proc-macros v0.2.11
[INFO] [stderr]    Compiling pistonite-cu v0.9.8 (/opt/rustwide/workdir)
[INFO] [stderr]     Finished `release` profile [optimized] target(s) in 8.10s
[INFO] running `Command { std: "docker" "inspect" "473ac5b141f9dd116195ce385ef8b5129b2926b7d2ee3eab36fbe8f22d7fd1c6", kill_on_drop: false }`
[INFO] running `Command { std: "docker" "exec" "-e" "SOURCE_DIR=/opt/rustwide/workdir" "-e" "CARGO_HOME=/opt/rustwide/cargo-home" "-e" "RUSTUP_HOME=/opt/rustwide/rustup-home" "-e" "CARGO_TARGET_DIR=/opt/rustwide/target" "-e" "CARGO_INCREMENTAL=0" "-e" "RUST_BACKTRACE=full" "-e" "RUSTFLAGS=--cap-lints=warn" "-e" "RUSTDOCFLAGS=--cap-lints=warn" "-w" "/opt/rustwide/workdir" "--user" "0:0" "473ac5b141f9dd116195ce385ef8b5129b2926b7d2ee3eab36fbe8f22d7fd1c6" "/opt/rustwide/cargo-home/bin/cargo" "+1.99.0-beta.8" "test" "--frozen" "--release", kill_on_drop: false }`
[INFO] [stderr]     Finished `release` profile [optimized] target(s) in 0.07s
[INFO] [stderr]      Running unittests src/lib.rs (/opt/rustwide/target/release/deps/pistonite_cu-8dc7344d3d0749ac)
[INFO] [stdout] 
[INFO] [stdout] running 10 tests
[INFO] [stdout] test str::osstring::test::test_not_utf8 ... ok
[INFO] [stdout] test str::osstring::test::test_utf8 ... ok
[INFO] [stdout] test str::path_macro::tests::long_path_from_borrowed ... ok
[INFO] [stdout] test str::path_macro::tests::long_path_from_expr_borrowed ... ok
[INFO] [stdout] test str::path_macro::tests::long_path_from_literal ... ok
[INFO] [stdout] test str::path_macro::tests::long_path_from_owned ... ok
[INFO] [stdout] test str::path_macro::tests::long_path_no_consecutive_same_type_even ... ok
[INFO] [stdout] test str::path_macro::tests::long_path_no_consecutive_same_type_odd ... ok
[INFO] [stdout] test str::path_macro::tests::no_temporary ... ok
[INFO] [stdout] test str::path_macro::tests::long_path_from_expr_owned ... ok
[INFO] [stderr]      Running tests/context.rs (/opt/rustwide/target/release/deps/context-33a7fa79fe30d83d)
[INFO] [stdout] 
[INFO] [stdout] test result: ok. 10 passed; 0 failed; 0 ignored; 0 measured; 0 filtered out; finished in 0.00s
[INFO] [stdout] 
[INFO] [stdout] 
[INFO] [stdout] running 7 tests
[INFO] [stdout] test test_example1 ... FAILED
[INFO] [stdout] test test_example2 ... FAILED
[INFO] [stdout] test test_example5 ... FAILED
[INFO] [stdout] test test_example4_ok ... ok
[INFO] [stdout] test test_example3_ok ... ok
[INFO] [stdout] test test_example3_err ... FAILED
[INFO] [stdout] test test_example4_err ... FAILED
[INFO] [stdout] 
[INFO] [stdout] failures:
[INFO] [stdout] 
[INFO] [stdout] ---- test_example1 stdout ----
[INFO] [stdout] 
[INFO] [stdout] thread 'test_example1' (376) panicked at tests/context.rs:6:5:
[INFO] [stdout] assertion `left == right` failed
[INFO] [stdout]   left: "failed with arg 42\n\nCaused by:\n    example1\n\nStack backtrace:\n   0: <anyhow::Error>::msg::<&str>\n   1: context::example1\n   2: context::test_example1\n   3: <context::test_example1::{closure#0} as core::ops::function::FnOnce<()>>::call_once\n   4: test::__rust_begin_short_backtrace::<core::result::Result<(), alloc::string::String>, fn() -> core::result::Result<(), alloc::string::String>>\n   5: test::run_test::{closure#0}\n   6: std::sys::backtrace::__rust_begin_short_backtrace::<test::run_test::{closure#1}, ()>\n   7: <std::thread::lifecycle::spawn_unchecked<test::run_test::{closure#1}, ()>::{closure#1} as core::ops::function::FnOnce<()>>::call_once::{shim:vtable#0}\n   8: <std::sys::thread::unix::Thread>::new::thread_start\n   9: <unknown>\n  10: clone"
[INFO] [stdout]  right: "failed with arg 42\n\nCaused by:\n    example1"
[INFO] [stdout] stack backtrace:
[INFO] [stdout]    0:     0x6265907937f1 - <<std[70759c8f55707aa4]::sys::backtrace::BacktraceLock>::print::DisplayBacktrace as core[df12db4294e9bfd3]::fmt::Display>::fmt
[INFO] [stdout]    1:     0x6265907a7fea - core[df12db4294e9bfd3]::fmt::write
[INFO] [stdout]    2:     0x62659079818c - <alloc[2182bb758b4b3781]::vec::Vec<u8> as core[df12db4294e9bfd3]::io::write::Write>::write_fmt
[INFO] [stdout]    3:     0x62659076f596 - std[70759c8f55707aa4]::panicking::default_hook::{closure#0}
[INFO] [stdout]    4:     0x62659078bef9 - std[70759c8f55707aa4]::panicking::default_hook
[INFO] [stdout]    5:     0x626590725ec0 - test[9d35eded1c95d3be]::test_main_inner::<test[9d35eded1c95d3be]::test_main_static::{closure#0}>::{closure#0}
[INFO] [stdout]    6:     0x62659078c0b2 - std[70759c8f55707aa4]::panicking::panic_with_hook
[INFO] [stdout]    7:     0x62659076f642 - std[70759c8f55707aa4]::panicking::panic_handler::{closure#0}
[INFO] [stdout]    8:     0x626590767e39 - std[70759c8f55707aa4]::sys::backtrace::__rust_end_short_backtrace::<std[70759c8f55707aa4]::panicking::panic_handler::{closure#0}, !>
[INFO] [stdout]    9:     0x62659077034d - __rustc[8fa7c3cbc660c2b3]::rust_begin_unwind
[INFO] [stdout]   10:     0x6265907a874c - core[df12db4294e9bfd3]::panicking::panic_fmt
[INFO] [stdout]   11:     0x6265907a8663 - core[df12db4294e9bfd3]::panicking::assert_failed_inner
[INFO] [stdout]   12:     0x626590700d99 - core[df12db4294e9bfd3]::panicking::assert_failed::<alloc[2182bb758b4b3781]::string::String, &str>
[INFO] [stdout]   13:     0x6265906ff8e9 - context[fbb4e030e782ab51]::test_example1
[INFO] [stdout]   14:     0x6265906ffcd9 - <context[fbb4e030e782ab51]::test_example1::{closure#0} as core[df12db4294e9bfd3]::ops::function::FnOnce<()>>::call_once
[INFO] [stdout]   15:     0x6265907191ab - test[9d35eded1c95d3be]::__rust_begin_short_backtrace::<core[df12db4294e9bfd3]::result::Result<(), alloc[2182bb758b4b3781]::string::String>, fn() -> core[df12db4294e9bfd3]::result::Result<(), alloc[2182bb758b4b3781]::string::String>>
[INFO] [stdout]   16:     0x626590726815 - test[9d35eded1c95d3be]::run_test::{closure#0}
[INFO] [stdout]   17:     0x6265907200d4 - std[70759c8f55707aa4]::sys::backtrace::__rust_begin_short_backtrace::<test[9d35eded1c95d3be]::run_test::{closure#1}, ()>
[INFO] [stdout]   18:     0x626590729972 - <std[70759c8f55707aa4]::thread::lifecycle::spawn_unchecked<test[9d35eded1c95d3be]::run_test::{closure#1}, ()>::{closure#1} as core[df12db4294e9bfd3]::ops::function::FnOnce<()>>::call_once::{shim:vtable#0}
[INFO] [stdout]   19:     0x6265907930c9 - <std[70759c8f55707aa4]::sys::thread::unix::Thread>::new::thread_start
[INFO] [stdout]   20:     0x742265746dfa - <unknown>
[INFO] [stdout]   21:     0x7422657da3d4 - clone
[INFO] [stdout]   22:                0x0 - <unknown>
[INFO] [stdout] 
[INFO] [stdout] ---- test_example2 stdout ----
[INFO] [stdout] 
[INFO] [stdout] thread 'test_example2' (377) panicked at tests/context.rs:23:5:
[INFO] [stdout] assertion `left == right` failed
[INFO] [stdout]   left: "failed with arg hello\n\nCaused by:\n    example2: hello\n\nStack backtrace:\n   0: <anyhow::Error>::msg::<alloc::string::String>\n   1: anyhow::__private::format_err\n   2: context::example2\n   3: context::test_example2\n   4: <context::test_example2::{closure#0} as core::ops::function::FnOnce<()>>::call_once\n   5: test::__rust_begin_short_backtrace::<core::result::Result<(), alloc::string::String>, fn() -> core::result::Result<(), alloc::string::String>>\n   6: test::run_test::{closure#0}\n   7: std::sys::backtrace::__rust_begin_short_backtrace::<test::run_test::{closure#1}, ()>\n   8: <std::thread::lifecycle::spawn_unchecked<test::run_test::{closure#1}, ()>::{closure#1} as core::ops::function::FnOnce<()>>::call_once::{shim:vtable#0}\n   9: <std::sys::thread::unix::Thread>::new::thread_start\n  10: <unknown>\n  11: clone"
[INFO] [stdout]  right: "failed with arg hello\n\nCaused by:\n    example2: hello"
[INFO] [stdout] stack backtrace:
[INFO] [stdout]    0:     0x6265907937f1 - <<std[70759c8f55707aa4]::sys::backtrace::BacktraceLock>::print::DisplayBacktrace as core[df12db4294e9bfd3]::fmt::Display>::fmt
[INFO] [stdout]    1:     0x6265907a7fea - core[df12db4294e9bfd3]::fmt::write
[INFO] [stdout]    2:     0x62659079818c - <alloc[2182bb758b4b3781]::vec::Vec<u8> as core[df12db4294e9bfd3]::io::write::Write>::write_fmt
[INFO] [stdout]    3:     0x62659076f596 - std[70759c8f55707aa4]::panicking::default_hook::{closure#0}
[INFO] [stdout]    4:     0x62659078bef9 - std[70759c8f55707aa4]::panicking::default_hook
[INFO] [stdout]    5:     0x626590725ec0 - test[9d35eded1c95d3be]::test_main_inner::<test[9d35eded1c95d3be]::test_main_static::{closure#0}>::{closure#0}
[INFO] [stdout]    6:     0x62659078c0b2 - std[70759c8f55707aa4]::panicking::panic_with_hook
[INFO] [stdout]    7:     0x62659076f642 - std[70759c8f55707aa4]::panicking::panic_handler::{closure#0}
[INFO] [stdout]    8:     0x626590767e39 - std[70759c8f55707aa4]::sys::backtrace::__rust_end_short_backtrace::<std[70759c8f55707aa4]::panicking::panic_handler::{closure#0}, !>
[INFO] [stdout]    9:     0x62659077034d - __rustc[8fa7c3cbc660c2b3]::rust_begin_unwind
[INFO] [stdout]   10:     0x6265907a874c - core[df12db4294e9bfd3]::panicking::panic_fmt
[INFO] [stdout]   11:     0x6265907a8663 - core[df12db4294e9bfd3]::panicking::assert_failed_inner
[INFO] [stdout]   12:     0x626590700d99 - core[df12db4294e9bfd3]::panicking::assert_failed::<alloc[2182bb758b4b3781]::string::String, &str>
[INFO] [stdout]   13:     0x6265906ffa2e - context[fbb4e030e782ab51]::test_example2
[INFO] [stdout]   14:     0x6265906ffcf9 - <context[fbb4e030e782ab51]::test_example2::{closure#0} as core[df12db4294e9bfd3]::ops::function::FnOnce<()>>::call_once
[INFO] [stdout]   15:     0x6265907191ab - test[9d35eded1c95d3be]::__rust_begin_short_backtrace::<core[df12db4294e9bfd3]::result::Result<(), alloc[2182bb758b4b3781]::string::String>, fn() -> core[df12db4294e9bfd3]::result::Result<(), alloc[2182bb758b4b3781]::string::String>>
[INFO] [stdout]   16:     0x626590726815 - test[9d35eded1c95d3be]::run_test::{closure#0}
[INFO] [stdout]   17:     0x6265907200d4 - std[70759c8f55707aa4]::sys::backtrace::__rust_begin_short_backtrace::<test[9d35eded1c95d3be]::run_test::{closure#1}, ()>
[INFO] [stdout]   18:     0x626590729972 - <std[70759c8f55707aa4]::thread::lifecycle::spawn_unchecked<test[9d35eded1c95d3be]::run_test::{closure#1}, ()>::{closure#1} as core[df12db4294e9bfd3]::ops::function::FnOnce<()>>::call_once::{shim:vtable#0}
[INFO] [stdout]   19:     0x6265907930c9 - <std[70759c8f55707aa4]::sys::thread::unix::Thread>::new::thread_start
[INFO] [stdout]   20:     0x742265746dfa - <unknown>
[INFO] [stdout]   21:     0x7422657da3d4 - clone
[INFO] [stdout]   22:                0x0 - <unknown>
[INFO] [stdout] 
[INFO] [stdout] ---- test_example5 stdout ----
[INFO] [stdout] 
[INFO] [stdout] thread 'test_example5' (382) panicked at tests/context.rs:92:5:
[INFO] [stdout] assertion `left == right` failed
[INFO] [stdout]   left: "Foo failed with arg 7\n\nCaused by:\n    example5\n\nStack backtrace:\n   0: <anyhow::Error>::msg::<&str>\n   1: <context::Foo>::example5\n   2: context::test_example5\n   3: <context::test_example5::{closure#0} as core::ops::function::FnOnce<()>>::call_once\n   4: test::__rust_begin_short_backtrace::<core::result::Result<(), alloc::string::String>, fn() -> core::result::Result<(), alloc::string::String>>\n   5: test::run_test::{closure#0}\n   6: std::sys::backtrace::__rust_begin_short_backtrace::<test::run_test::{closure#1}, ()>\n   7: <std::thread::lifecycle::spawn_unchecked<test::run_test::{closure#1}, ()>::{closure#1} as core::ops::function::FnOnce<()>>::call_once::{shim:vtable#0}\n   8: <std::sys::thread::unix::Thread>::new::thread_start\n   9: <unknown>\n  10: clone"
[INFO] [stdout]  right: "Foo failed with arg 7\n\nCaused by:\n    example5"
[INFO] [stdout] stack backtrace:
[INFO] [stdout]    0:     0x6265907937f1 - <<std[70759c8f55707aa4]::sys::backtrace::BacktraceLock>::print::DisplayBacktrace as core[df12db4294e9bfd3]::fmt::Display>::fmt
[INFO] [stdout]    1:     0x6265907a7fea - core[df12db4294e9bfd3]::fmt::write
[INFO] [stdout]    2:     0x62659079818c - <alloc[2182bb758b4b3781]::vec::Vec<u8> as core[df12db4294e9bfd3]::io::write::Write>::write_fmt
[INFO] [stdout]    3:     0x62659076f596 - std[70759c8f55707aa4]::panicking::default_hook::{closure#0}
[INFO] [stdout]    4:     0x62659078bef9 - std[70759c8f55707aa4]::panicking::default_hook
[INFO] [stdout]    5:     0x626590725ec0 - test[9d35eded1c95d3be]::test_main_inner::<test[9d35eded1c95d3be]::test_main_static::{closure#0}>::{closure#0}
[INFO] [stdout]    6:     0x62659078c0b2 - std[70759c8f55707aa4]::panicking::panic_with_hook
[INFO] [stdout]    7:     0x62659076f642 - std[70759c8f55707aa4]::panicking::panic_handler::{closure#0}
[INFO] [stdout]    8:     0x626590767e39 - std[70759c8f55707aa4]::sys::backtrace::__rust_end_short_backtrace::<std[70759c8f55707aa4]::panicking::panic_handler::{closure#0}, !>
[INFO] [stdout]    9:     0x62659077034d - __rustc[8fa7c3cbc660c2b3]::rust_begin_unwind
[INFO] [stdout]   10:     0x6265907a874c - core[df12db4294e9bfd3]::panicking::panic_fmt
[INFO] [stdout]   11:     0x6265907a8663 - core[df12db4294e9bfd3]::panicking::assert_failed_inner
[INFO] [stdout]   12:     0x626590700d99 - core[df12db4294e9bfd3]::panicking::assert_failed::<alloc[2182bb758b4b3781]::string::String, &str>
[INFO] [stdout]   13:     0x6265906ffb49 - context[fbb4e030e782ab51]::test_example5
[INFO] [stdout]   14:     0x6265906ffd19 - <context[fbb4e030e782ab51]::test_example5::{closure#0} as core[df12db4294e9bfd3]::ops::function::FnOnce<()>>::call_once
[INFO] [stdout]   15:     0x6265907191ab - test[9d35eded1c95d3be]::__rust_begin_short_backtrace::<core[df12db4294e9bfd3]::result::Result<(), alloc[2182bb758b4b3781]::string::String>, fn() -> core[df12db4294e9bfd3]::result::Result<(), alloc[2182bb758b4b3781]::string::String>>
[INFO] [stdout]   16:     0x626590726815 - test[9d35eded1c95d3be]::run_test::{closure#0}
[INFO] [stdout]   17:     0x6265907200d4 - std[70759c8f55707aa4]::sys::backtrace::__rust_begin_short_backtrace::<test[9d35eded1c95d3be]::run_test::{closure#1}, ()>
[INFO] [stdout]   18:     0x626590729972 - <std[70759c8f55707aa4]::thread::lifecycle::spawn_unchecked<test[9d35eded1c95d3be]::run_test::{closure#1}, ()>::{closure#1} as core[df12db4294e9bfd3]::ops::function::FnOnce<()>>::call_once::{shim:vtable#0}
[INFO] [stdout]   19:     0x6265907930c9 - <std[70759c8f55707aa4]::sys::thread::unix::Thread>::new::thread_start
[INFO] [stdout]   20:     0x742265746dfa - <unknown>
[INFO] [stdout]   21:     0x7422657da3d4 - clone
[INFO] [stdout]   22:                0x0 - <unknown>
[INFO] [stdout] 
[INFO] [stdout] ---- test_example3_err stdout ----
[INFO] [stdout] 
[INFO] [stdout] thread 'test_example3_err' (378) panicked at tests/context.rs:42:5:
[INFO] [stdout] assertion `left == right` failed
[INFO] [stdout]   left: "async failed with arg 4\n\nCaused by:\n    condition failed: `value > 4`\n\nStack backtrace:\n   0: <anyhow::Error>::msg::<alloc::string::String>\n   1: context::example3::{closure#0}\n   2: context::test_example3_err::{closure#0}\n   3: <tokio::runtime::context::scoped::Scoped<tokio::runtime::scheduler::Context>>::set::<<tokio::runtime::scheduler::current_thread::CoreGuard>::enter<<tokio::runtime::scheduler::current_thread::CoreGuard>::block_on<core::pin::Pin<&mut core::pin::Pin<&mut dyn core::future::future::Future<Output = ()>>>>::{closure#0}, core::option::Option<()>>::{closure#0}, (alloc::boxed::Box<tokio::runtime::scheduler::current_thread::Core>, core::option::Option<()>)>\n   4: <tokio::runtime::scheduler::current_thread::CoreGuard>::block_on::<core::pin::Pin<&mut core::pin::Pin<&mut dyn core::future::future::Future<Output = ()>>>>\n   5: tokio::runtime::context::runtime::enter_runtime::<<tokio::runtime::scheduler::current_thread::CurrentThread>::block_on<core::pin::Pin<&mut dyn core::future::future::Future<Output = ()>>>::{closure#0}, ()>\n   6: <tokio::runtime::runtime::Runtime>::block_on::<core::pin::Pin<&mut dyn core::future::future::Future<Output = ()>>>\n   7: <context::test_example3_err::{closure#0} as core::ops::function::FnOnce<()>>::call_once\n   8: test::__rust_begin_short_backtrace::<core::result::Result<(), alloc::string::String>, fn() -> core::result::Result<(), alloc::string::String>>\n   9: test::run_test::{closure#0}\n  10: std::sys::backtrace::__rust_begin_short_backtrace::<test::run_test::{closure#1}, ()>\n  11: <std::thread::lifecycle::spawn_unchecked<test::run_test::{closure#1}, ()>::{closure#1} as core::ops::function::FnOnce<()>>::call_once::{shim:vtable#0}\n  12: <std::sys::thread::unix::Thread>::new::thread_start\n  13: <unknown>\n  14: clone"
[INFO] [stdout]  right: "async failed with arg 4\n\nCaused by:\n    condition failed: `value > 4`"
[INFO] [stdout] stack backtrace:
[INFO] [stdout]    0:     0x6265907937f1 - <<std[70759c8f55707aa4]::sys::backtrace::BacktraceLock>::print::DisplayBacktrace as core[df12db4294e9bfd3]::fmt::Display>::fmt
[INFO] [stdout]    1:     0x6265907a7fea - core[df12db4294e9bfd3]::fmt::write
[INFO] [stdout]    2:     0x62659079818c - <alloc[2182bb758b4b3781]::vec::Vec<u8> as core[df12db4294e9bfd3]::io::write::Write>::write_fmt
[INFO] [stdout]    3:     0x62659076f596 - std[70759c8f55707aa4]::panicking::default_hook::{closure#0}
[INFO] [stdout]    4:     0x62659078bef9 - std[70759c8f55707aa4]::panicking::default_hook
[INFO] [stdout]    5:     0x626590725ec0 - test[9d35eded1c95d3be]::test_main_inner::<test[9d35eded1c95d3be]::test_main_static::{closure#0}>::{closure#0}
[INFO] [stdout]    6:     0x62659078c0b2 - std[70759c8f55707aa4]::panicking::panic_with_hook
[INFO] [stdout]    7:     0x62659076f642 - std[70759c8f55707aa4]::panicking::panic_handler::{closure#0}
[INFO] [stdout]    8:     0x626590767e39 - std[70759c8f55707aa4]::sys::backtrace::__rust_end_short_backtrace::<std[70759c8f55707aa4]::panicking::panic_handler::{closure#0}, !>
[INFO] [stdout]    9:     0x62659077034d - __rustc[8fa7c3cbc660c2b3]::rust_begin_unwind
[INFO] [stdout]   10:     0x6265907a874c - core[df12db4294e9bfd3]::panicking::panic_fmt
[INFO] [stdout]   11:     0x6265907a8663 - core[df12db4294e9bfd3]::panicking::assert_failed_inner
[INFO] [stdout]   12:     0x626590700d99 - core[df12db4294e9bfd3]::panicking::assert_failed::<alloc[2182bb758b4b3781]::string::String, &str>
[INFO] [stdout]   13:     0x6265906ff3a7 - context[fbb4e030e782ab51]::test_example3_err::{closure#0}
[INFO] [stdout]   14:     0x6265906fdd1a - <tokio[a1c2a1d96a73afeb]::runtime::context::scoped::Scoped<tokio[a1c2a1d96a73afeb]::runtime::scheduler::Context>>::set::<<tokio[a1c2a1d96a73afeb]::runtime::scheduler::current_thread::CoreGuard>::enter<<tokio[a1c2a1d96a73afeb]::runtime::scheduler::current_thread::CoreGuard>::block_on<core[df12db4294e9bfd3]::pin::Pin<&mut core[df12db4294e9bfd3]::pin::Pin<&mut dyn core[df12db4294e9bfd3]::future::future::Future<Output = ()>>>>::{closure#0}, core[df12db4294e9bfd3]::option::Option<()>>::{closure#0}, (alloc[2182bb758b4b3781]::boxed::Box<tokio[a1c2a1d96a73afeb]::runtime::scheduler::current_thread::Core>, core[df12db4294e9bfd3]::option::Option<()>)>
[INFO] [stdout]   15:     0x6265906fdfdd - <tokio[a1c2a1d96a73afeb]::runtime::scheduler::current_thread::CoreGuard>::block_on::<core[df12db4294e9bfd3]::pin::Pin<&mut core[df12db4294e9bfd3]::pin::Pin<&mut dyn core[df12db4294e9bfd3]::future::future::Future<Output = ()>>>>
[INFO] [stdout]   16:     0x626590702bad - tokio[a1c2a1d96a73afeb]::runtime::context::runtime::enter_runtime::<<tokio[a1c2a1d96a73afeb]::runtime::scheduler::current_thread::CurrentThread>::block_on<core[df12db4294e9bfd3]::pin::Pin<&mut dyn core[df12db4294e9bfd3]::future::future::Future<Output = ()>>>::{closure#0}, ()>
[INFO] [stdout]   17:     0x6265907006e5 - <tokio[a1c2a1d96a73afeb]::runtime::runtime::Runtime>::block_on::<core[df12db4294e9bfd3]::pin::Pin<&mut dyn core[df12db4294e9bfd3]::future::future::Future<Output = ()>>>
[INFO] [stdout]   18:     0x6265907000d8 - <context[fbb4e030e782ab51]::test_example3_err::{closure#0} as core[df12db4294e9bfd3]::ops::function::FnOnce<()>>::call_once
[INFO] [stdout]   19:     0x6265907191ab - test[9d35eded1c95d3be]::__rust_begin_short_backtrace::<core[df12db4294e9bfd3]::result::Result<(), alloc[2182bb758b4b3781]::string::String>, fn() -> core[df12db4294e9bfd3]::result::Result<(), alloc[2182bb758b4b3781]::string::String>>
[INFO] [stdout]   20:     0x626590726815 - test[9d35eded1c95d3be]::run_test::{closure#0}
[INFO] [stdout]   21:     0x6265907200d4 - std[70759c8f55707aa4]::sys::backtrace::__rust_begin_short_backtrace::<test[9d35eded1c95d3be]::run_test::{closure#1}, ()>
[INFO] [stdout]   22:     0x626590729972 - <std[70759c8f55707aa4]::thread::lifecycle::spawn_unchecked<test[9d35eded1c95d3be]::run_test::{closure#1}, ()>::{closure#1} as core[df12db4294e9bfd3]::ops::function::FnOnce<()>>::call_once::{shim:vtable#0}
[INFO] [stdout]   23:     0x6265907930c9 - <std[70759c8f55707aa4]::sys::thread::unix::Thread>::new::thread_start
[INFO] [stdout]   24:     0x742265746dfa - <unknown>
[INFO] [stdout]   25:     0x7422657da3d4 - clone
[INFO] [stdout]   26:                0x0 - <unknown>
[INFO] [stdout] 
[INFO] [stdout] ---- test_example4_err stdout ----
[INFO] [stdout] 
[INFO] [stdout] thread 'test_example4_err' (380) panicked at tests/context.rs:67:5:
[INFO] [stdout] assertion `left == right` failed
[INFO] [stdout]   left: "async failed with arg \n\nCaused by:\n    condition failed: `!value.is_empty()`\n\nStack backtrace:\n   0: <anyhow::Error>::msg::<alloc::string::String>\n   1: context::example4::{closure#0}\n   2: context::test_example4_err::{closure#0}\n   3: <tokio::runtime::context::scoped::Scoped<tokio::runtime::scheduler::Context>>::set::<<tokio::runtime::scheduler::current_thread::CoreGuard>::enter<<tokio::runtime::scheduler::current_thread::CoreGuard>::block_on<core::pin::Pin<&mut core::pin::Pin<&mut dyn core::future::future::Future<Output = ()>>>>::{closure#0}, core::option::Option<()>>::{closure#0}, (alloc::boxed::Box<tokio::runtime::scheduler::current_thread::Core>, core::option::Option<()>)>\n   4: <tokio::runtime::scheduler::current_thread::CoreGuard>::block_on::<core::pin::Pin<&mut core::pin::Pin<&mut dyn core::future::future::Future<Output = ()>>>>\n   5: tokio::runtime::context::runtime::enter_runtime::<<tokio::runtime::scheduler::current_thread::CurrentThread>::block_on<core::pin::Pin<&mut dyn core::future::future::Future<Output = ()>>>::{closure#0}, ()>\n   6: <tokio::runtime::runtime::Runtime>::block_on::<core::pin::Pin<&mut dyn core::future::future::Future<Output = ()>>>\n   7: <context::test_example4_err::{closure#0} as core::ops::function::FnOnce<()>>::call_once\n   8: test::__rust_begin_short_backtrace::<core::result::Result<(), alloc::string::String>, fn() -> core::result::Result<(), alloc::string::String>>\n   9: test::run_test::{closure#0}\n  10: std::sys::backtrace::__rust_begin_short_backtrace::<test::run_test::{closure#1}, ()>\n  11: <std::thread::lifecycle::spawn_unchecked<test::run_test::{closure#1}, ()>::{closure#1} as core::ops::function::FnOnce<()>>::call_once::{shim:vtable#0}\n  12: <std::sys::thread::unix::Thread>::new::thread_start\n  13: <unknown>\n  14: clone"
[INFO] [stdout]  right: "async failed with arg \n\nCaused by:\n    condition failed: `!value.is_empty()`"
[INFO] [stdout] stack backtrace:
[INFO] [stdout]    0:     0x6265907937f1 - <<std[70759c8f55707aa4]::sys::backtrace::BacktraceLock>::print::DisplayBacktrace as core[df12db4294e9bfd3]::fmt::Display>::fmt
[INFO] [stdout]    1:     0x6265907a7fea - core[df12db4294e9bfd3]::fmt::write
[INFO] [stdout]    2:     0x62659079818c - <alloc[2182bb758b4b3781]::vec::Vec<u8> as core[df12db4294e9bfd3]::io::write::Write>::write_fmt
[INFO] [stdout]    3:     0x62659076f596 - std[70759c8f55707aa4]::panicking::default_hook::{closure#0}
[INFO] [stdout]    4:     0x62659078bef9 - std[70759c8f55707aa4]::panicking::default_hook
[INFO] [stdout]    5:     0x626590725ec0 - test[9d35eded1c95d3be]::test_main_inner::<test[9d35eded1c95d3be]::test_main_static::{closure#0}>::{closure#0}
[INFO] [stdout]    6:     0x62659078c0b2 - std[70759c8f55707aa4]::panicking::panic_with_hook
[INFO] [stdout]    7:     0x62659076f642 - std[70759c8f55707aa4]::panicking::panic_handler::{closure#0}
[INFO] [stdout]    8:     0x626590767e39 - std[70759c8f55707aa4]::sys::backtrace::__rust_end_short_backtrace::<std[70759c8f55707aa4]::panicking::panic_handler::{closure#0}, !>
[INFO] [stdout]    9:     0x62659077034d - __rustc[8fa7c3cbc660c2b3]::rust_begin_unwind
[INFO] [stdout]   10:     0x6265907a874c - core[df12db4294e9bfd3]::panicking::panic_fmt
[INFO] [stdout]   11:     0x6265907a8663 - core[df12db4294e9bfd3]::panicking::assert_failed_inner
[INFO] [stdout]   12:     0x626590700d99 - core[df12db4294e9bfd3]::panicking::assert_failed::<alloc[2182bb758b4b3781]::string::String, &str>
[INFO] [stdout]   13:     0x6265906ff5bd - context[fbb4e030e782ab51]::test_example4_err::{closure#0}
[INFO] [stdout]   14:     0x6265906fdd1a - <tokio[a1c2a1d96a73afeb]::runtime::context::scoped::Scoped<tokio[a1c2a1d96a73afeb]::runtime::scheduler::Context>>::set::<<tokio[a1c2a1d96a73afeb]::runtime::scheduler::current_thread::CoreGuard>::enter<<tokio[a1c2a1d96a73afeb]::runtime::scheduler::current_thread::CoreGuard>::block_on<core[df12db4294e9bfd3]::pin::Pin<&mut core[df12db4294e9bfd3]::pin::Pin<&mut dyn core[df12db4294e9bfd3]::future::future::Future<Output = ()>>>>::{closure#0}, core[df12db4294e9bfd3]::option::Option<()>>::{closure#0}, (alloc[2182bb758b4b3781]::boxed::Box<tokio[a1c2a1d96a73afeb]::runtime::scheduler::current_thread::Core>, core[df12db4294e9bfd3]::option::Option<()>)>
[INFO] [stdout]   15:     0x6265906fdfdd - <tokio[a1c2a1d96a73afeb]::runtime::scheduler::current_thread::CoreGuard>::block_on::<core[df12db4294e9bfd3]::pin::Pin<&mut core[df12db4294e9bfd3]::pin::Pin<&mut dyn core[df12db4294e9bfd3]::future::future::Future<Output = ()>>>>
[INFO] [stdout]   16:     0x626590702bad - tokio[a1c2a1d96a73afeb]::runtime::context::runtime::enter_runtime::<<tokio[a1c2a1d96a73afeb]::runtime::scheduler::current_thread::CurrentThread>::block_on<core[df12db4294e9bfd3]::pin::Pin<&mut dyn core[df12db4294e9bfd3]::future::future::Future<Output = ()>>>::{closure#0}, ()>
[INFO] [stdout]   17:     0x6265907006e5 - <tokio[a1c2a1d96a73afeb]::runtime::runtime::Runtime>::block_on::<core[df12db4294e9bfd3]::pin::Pin<&mut dyn core[df12db4294e9bfd3]::future::future::Future<Output = ()>>>
[INFO] [stdout]   18:     0x626590700218 - <context[fbb4e030e782ab51]::test_example4_err::{closure#0} as core[df12db4294e9bfd3]::ops::function::FnOnce<()>>::call_once
[INFO] [stdout]   19:     0x6265907191ab - test[9d35eded1c95d3be]::__rust_begin_short_backtrace::<core[df12db4294e9bfd3]::result::Result<(), alloc[2182bb758b4b3781]::string::String>, fn() -> core[df12db4294e9bfd3]::result::Result<(), alloc[2182bb758b4b3781]::string::String>>
[INFO] [stdout]   20:     0x626590726815 - test[9d35eded1c95d3be]::run_test::{closure#0}
[INFO] [stdout]   21:     0x6265907200d4 - std[70759c8f55707aa4]::sys::backtrace::__rust_begin_short_backtrace::<test[9d35eded1c95d3be]::run_test::{closure#1}, ()>
[INFO] [stdout]   22:     0x626590729972 - <std[70759c8f55707aa4]::thread::lifecycle::spawn_unchecked<test[9d35eded1c95d3be]::run_test::{closure#1}, ()>::{closure#1} as core[df12db4294e9bfd3]::ops::function::FnOnce<()>>::call_once::{shim:vtable#0}
[INFO] [stdout]   23:     0x6265907930c9 - <std[70759c8f55707aa4]::sys::thread::unix::Thread>::new::thread_start
[INFO] [stdout]   24:     0x742265746dfa - <unknown>
[INFO] [stdout]   25:     0x7422657da3d4 - clone
[INFO] [stdout]   26:                0x0 - <unknown>
[INFO] [stdout] 
[INFO] [stdout] 
[INFO] [stdout] failures:
[INFO] [stdout]     test_example1
[INFO] [stdout]     test_example2
[INFO] [stdout]     test_example3_err
[INFO] [stdout]     test_example4_err
[INFO] [stdout]     test_example5
[INFO] [stdout] 
[INFO] [stdout] test result: FAILED. 2 passed; 5 failed; 0 ignored; 0 measured; 0 filtered out; finished in 0.00s
[INFO] [stdout] 
[INFO] [stderr] error: test failed, to rerun pass `--test context`
[INFO] running `Command { std: "docker" "inspect" "473ac5b141f9dd116195ce385ef8b5129b2926b7d2ee3eab36fbe8f22d7fd1c6", kill_on_drop: false }`
[INFO] running `Command { std: "docker" "rm" "-f" "473ac5b141f9dd116195ce385ef8b5129b2926b7d2ee3eab36fbe8f22d7fd1c6", kill_on_drop: false }`
[INFO] [stdout] 473ac5b141f9dd116195ce385ef8b5129b2926b7d2ee3eab36fbe8f22d7fd1c6
