[INFO] fetching crate piss 0.1.2...
[INFO] testing piss-0.1.2 against 1.99.0-beta.8+cargoflags=--release for beta-release-1.100-2
[INFO] extracting crate piss 0.1.2 into /workspace/builds/worker-6-tc1/source
[INFO] started tweaking crates.io crate piss 0.1.2
[INFO] finished tweaking crates.io crate piss 0.1.2
[INFO] tweaked toml for crates.io crate piss 0.1.2 written to /workspace/builds/worker-6-tc1/source/Cargo.toml
[INFO] validating manifest of crates.io crate piss 0.1.2 on toolchain 1.99.0-beta.8
[INFO] running `Command { std: CARGO_HOME="/workspace/cargo-home" RUSTUP_HOME="/workspace/rustup-home" "/workspace/cargo-home/bin/cargo" "+1.99.0-beta.8" "metadata" "--manifest-path" "Cargo.toml" "--no-deps", kill_on_drop: false }`
[INFO] crate crates.io crate piss 0.1.2 already has a lockfile, it will not be regenerated
[INFO] running `Command { std: CARGO_HOME="/workspace/cargo-home" RUSTUP_HOME="/workspace/rustup-home" "/workspace/cargo-home/bin/cargo" "+1.99.0-beta.8" "fetch" "--manifest-path" "Cargo.toml", kill_on_drop: false }`
[INFO] [stderr]     Updating crates.io index
[INFO] [stderr]  Downloading crates ...
[INFO] [stderr]   Downloaded proc-macro-error v0.4.12
[INFO] [stderr]   Downloaded version_check v0.9.1
[INFO] [stderr]   Downloaded color_quant v1.0.1
[INFO] [stderr]   Downloaded proc-macro-error-attr v0.4.12
[INFO] [stderr]   Downloaded syn-mid v0.5.0
[INFO] [stderr]   Downloaded memoffset v0.5.3
[INFO] [stderr]   Downloaded crossbeam-queue v0.2.1
[INFO] [stderr]   Downloaded structopt-derive v0.4.5
[INFO] [stderr]   Downloaded tiff v0.4.0
[INFO] [stderr]   Downloaded miniz_oxide v0.3.6
[INFO] [stderr]   Downloaded structopt v0.3.12
[INFO] [stderr]   Downloaded heck v0.3.1
[INFO] [stderr]   Downloaded rayon-core v1.7.0
[INFO] [stderr]   Downloaded unicode-segmentation v1.6.0
[INFO] [stderr]   Downloaded syn v1.0.17
[INFO] [stderr]   Downloaded rayon v1.3.0
[INFO] running `Command { std: "docker" "create" "-v" "/var/lib/crater-agent-workspace/builds/worker-6-tc1/source:/opt/rustwide/workdir:ro,Z" "-v" "/var/lib/crater-agent-workspace/builds/worker-6-tc1/target:/opt/rustwide/target:rw,Z" "-v" "/var/lib/crater-agent-workspace/cargo-home:/opt/rustwide/cargo-home:ro,Z" "-v" "/var/lib/crater-agent-workspace/rustup-home:/opt/rustwide/rustup-home:ro,Z" "-m" "1610612736" "--network" "none" "ghcr.io/rust-lang/crates-build-env/linux@sha256:77db811e55d90add9212f6832c23229e3de5f1c1f9905e8cb07319ea15df73ac" "sleep" "infinity", kill_on_drop: false }`
[INFO] [stdout] e3bc23444cfddb62f4ea260d14b0273ba65277729d613c617212ac234f4c6f0c
[INFO] running `Command { std: "docker" "start" "e3bc23444cfddb62f4ea260d14b0273ba65277729d613c617212ac234f4c6f0c", kill_on_drop: false }`
[INFO] running `Command { std: "docker" "inspect" "e3bc23444cfddb62f4ea260d14b0273ba65277729d613c617212ac234f4c6f0c", kill_on_drop: false }`
[INFO] running `Command { std: "docker" "exec" "-e" "SOURCE_DIR=/opt/rustwide/workdir" "-e" "CARGO_HOME=/opt/rustwide/cargo-home" "-e" "RUSTUP_HOME=/opt/rustwide/rustup-home" "-e" "CARGO_TARGET_DIR=/opt/rustwide/target" "-w" "/opt/rustwide/workdir" "--user" "0:0" "e3bc23444cfddb62f4ea260d14b0273ba65277729d613c617212ac234f4c6f0c" "/opt/rustwide/cargo-home/bin/cargo" "+1.99.0-beta.8" "metadata" "--no-deps" "--format-version=1", kill_on_drop: false }`
[INFO] running `Command { std: "docker" "inspect" "e3bc23444cfddb62f4ea260d14b0273ba65277729d613c617212ac234f4c6f0c", kill_on_drop: false }`
[INFO] running `Command { std: "docker" "exec" "-e" "SOURCE_DIR=/opt/rustwide/workdir" "-e" "CARGO_HOME=/opt/rustwide/cargo-home" "-e" "RUSTUP_HOME=/opt/rustwide/rustup-home" "-e" "CARGO_TARGET_DIR=/opt/rustwide/target" "-e" "CARGO_INCREMENTAL=0" "-e" "RUST_BACKTRACE=full" "-e" "RUSTFLAGS=--cap-lints=warn" "-e" "RUSTDOCFLAGS=--cap-lints=warn" "-w" "/opt/rustwide/workdir" "--user" "0:0" "e3bc23444cfddb62f4ea260d14b0273ba65277729d613c617212ac234f4c6f0c" "/opt/rustwide/cargo-home/bin/cargo" "+1.99.0-beta.8" "build" "--frozen" "--message-format=json" "--release", kill_on_drop: false }`
[INFO] [stderr]    Compiling autocfg v1.0.0
[INFO] [stderr]    Compiling libc v0.2.67
[INFO] [stderr]    Compiling proc-macro2 v1.0.9
[INFO] [stderr]    Compiling unicode-xid v0.2.0
[INFO] [stderr]    Compiling version_check v0.9.1
[INFO] [stderr]    Compiling syn v1.0.17
[INFO] [stderr]    Compiling byteorder v1.3.4
[INFO] [stderr]    Compiling adler32 v1.0.4
[INFO] [stderr]    Compiling rayon-core v1.7.0
[INFO] [stderr]    Compiling crc32fast v1.2.0
[INFO] [stderr]    Compiling unicode-segmentation v1.6.0
[INFO] [stderr]    Compiling unicode-width v0.1.7
[INFO] [stderr]    Compiling either v1.5.3
[INFO] [stderr]    Compiling memoffset v0.5.3
[INFO] [stderr]    Compiling vec_map v0.8.1
[INFO] [stderr]    Compiling color_quant v1.0.1
[INFO] [stderr]    Compiling textwrap v0.11.0
[INFO] [stderr]    Compiling miniz_oxide v0.3.6
[INFO] [stderr]    Compiling inflate v0.4.5
[INFO] [stderr]    Compiling gif v0.10.3
[INFO] [stderr]    Compiling bytemuck v1.2.0
[INFO] [stderr]    Compiling deflate v0.7.20
[INFO] [stderr]    Compiling crossbeam-utils v0.7.2
[INFO] [stderr]    Compiling crossbeam-epoch v0.8.2
[INFO] [stderr]    Compiling num-traits v0.2.11
[INFO] [stderr]    Compiling num-integer v0.1.42
[INFO] [stderr]    Compiling num-rational v0.2.3
[INFO] [stderr]    Compiling num-iter v0.1.40
[INFO] [stderr]    Compiling proc-macro-error-attr v0.4.12
[INFO] [stderr]    Compiling proc-macro-error v0.4.12
[INFO] [stderr]    Compiling heck v0.3.1
[INFO] [stderr]    Compiling num_cpus v1.12.0
[INFO] [stderr]    Compiling atty v0.2.14
[INFO] [stderr]    Compiling clap v2.33.0
[INFO] [stderr]    Compiling quote v1.0.3
[INFO] [stderr]    Compiling tiff v0.4.0
[INFO] [stderr]    Compiling crossbeam-queue v0.2.1
[INFO] [stderr]    Compiling png v0.15.3
[INFO] [stderr]    Compiling crossbeam-deque v0.7.3
[INFO] [stderr]    Compiling rayon v1.3.0
[INFO] [stderr]    Compiling syn-mid v0.5.0
[INFO] [stderr]    Compiling structopt-derive v0.4.5
[INFO] [stderr]    Compiling jpeg-decoder v0.1.18
[INFO] [stderr]    Compiling image v0.23.0
[INFO] [stderr]    Compiling structopt v0.3.12
[INFO] [stderr]    Compiling piss v0.1.2 (/opt/rustwide/workdir)
[INFO] [stderr]     Finished `release` profile [optimized] target(s) in 33.57s
[INFO] running `Command { std: "docker" "inspect" "e3bc23444cfddb62f4ea260d14b0273ba65277729d613c617212ac234f4c6f0c", kill_on_drop: false }`
[INFO] running `Command { std: "docker" "exec" "-e" "SOURCE_DIR=/opt/rustwide/workdir" "-e" "CARGO_HOME=/opt/rustwide/cargo-home" "-e" "RUSTUP_HOME=/opt/rustwide/rustup-home" "-e" "CARGO_TARGET_DIR=/opt/rustwide/target" "-e" "CARGO_INCREMENTAL=0" "-e" "RUST_BACKTRACE=full" "-e" "RUSTFLAGS=--cap-lints=warn" "-e" "RUSTDOCFLAGS=--cap-lints=warn" "-w" "/opt/rustwide/workdir" "--user" "0:0" "e3bc23444cfddb62f4ea260d14b0273ba65277729d613c617212ac234f4c6f0c" "/opt/rustwide/cargo-home/bin/cargo" "+1.99.0-beta.8" "test" "--frozen" "--no-run" "--message-format=json" "--release", kill_on_drop: false }`
[INFO] [stderr]    Compiling piss v0.1.2 (/opt/rustwide/workdir)
[INFO] [stderr]     Finished `release` profile [optimized] target(s) in 0.89s
[INFO] running `Command { std: "docker" "inspect" "e3bc23444cfddb62f4ea260d14b0273ba65277729d613c617212ac234f4c6f0c", kill_on_drop: false }`
[INFO] running `Command { std: "docker" "exec" "-e" "SOURCE_DIR=/opt/rustwide/workdir" "-e" "CARGO_HOME=/opt/rustwide/cargo-home" "-e" "RUSTUP_HOME=/opt/rustwide/rustup-home" "-e" "CARGO_TARGET_DIR=/opt/rustwide/target" "-e" "CARGO_INCREMENTAL=0" "-e" "RUST_BACKTRACE=full" "-e" "RUSTFLAGS=--cap-lints=warn" "-e" "RUSTDOCFLAGS=--cap-lints=warn" "-w" "/opt/rustwide/workdir" "--user" "0:0" "e3bc23444cfddb62f4ea260d14b0273ba65277729d613c617212ac234f4c6f0c" "/opt/rustwide/cargo-home/bin/cargo" "+1.99.0-beta.8" "test" "--frozen" "--release", kill_on_drop: false }`
[INFO] [stderr]     Finished `release` profile [optimized] target(s) in 0.06s
[INFO] [stderr]      Running unittests src/main.rs (/opt/rustwide/target/release/deps/piss-8248321df5208176)
[INFO] [stdout] 
[INFO] [stdout] running 10 tests
[INFO] [stdout] test utils::tests::test_values ... ok
[INFO] [stdout] test utils::tests::test_join_bits ... ok
[INFO] [stdout] test utils::tests::test_iterator ... ok
[INFO] [stdout] test utils::tests::test_set_byte ... ok
[INFO] [stdout] test utils::tests::test_invalid_number ... ok
[INFO] [stdout] test decoder::tests::test_new ... ok
[INFO] [stdout] test decoder::tests::test_save ... FAILED
[INFO] [stdout] test encoder::tests::test_save ... FAILED
[INFO] [stdout] test encoder::tests::test_new ... ok
[INFO] [stdout] test tests::test_integration ... FAILED
[INFO] [stdout] 
[INFO] [stdout] failures:
[INFO] [stdout] 
[INFO] [stdout] ---- decoder::tests::test_save stdout ----
[INFO] [stdout] 
[INFO] [stdout] thread 'decoder::tests::test_save' (1263) panicked at src/decoder.rs:77:58:
[INFO] [stdout] called `Result::unwrap()` on an `Err` value: SecretReadError
[INFO] [stdout] stack backtrace:
[INFO] [stdout]    0:     0x60c3f4e930c1 - <<std[70759c8f55707aa4]::sys::backtrace::BacktraceLock>::print::DisplayBacktrace as core[df12db4294e9bfd3]::fmt::Display>::fmt
[INFO] [stdout]    1:     0x60c3f4ea83fa - core[df12db4294e9bfd3]::fmt::write
[INFO] [stdout]    2:     0x60c3f4e9775c - <alloc[2182bb758b4b3781]::vec::Vec<u8> as core[df12db4294e9bfd3]::io::write::Write>::write_fmt
[INFO] [stdout]    3:     0x60c3f4e6f0c6 - std[70759c8f55707aa4]::panicking::default_hook::{closure#0}
[INFO] [stdout]    4:     0x60c3f4e8b5c9 - std[70759c8f55707aa4]::panicking::default_hook
[INFO] [stdout]    5:     0x60c3f4d7b580 - test[9d35eded1c95d3be]::test_main_inner::<test[9d35eded1c95d3be]::test_main_static::{closure#0}>::{closure#0}
[INFO] [stdout]    6:     0x60c3f4e8b8f2 - std[70759c8f55707aa4]::panicking::panic_with_hook
[INFO] [stdout]    7:     0x60c3f4e6f172 - std[70759c8f55707aa4]::panicking::panic_handler::{closure#0}
[INFO] [stdout]    8:     0x60c3f4e67e19 - std[70759c8f55707aa4]::sys::backtrace::__rust_end_short_backtrace::<std[70759c8f55707aa4]::panicking::panic_handler::{closure#0}, !>
[INFO] [stdout]    9:     0x60c3f4e6fd6d - __rustc[8fa7c3cbc660c2b3]::rust_begin_unwind
[INFO] [stdout]   10:     0x60c3f4ea8b2c - core[df12db4294e9bfd3]::panicking::panic_fmt
[INFO] [stdout]   11:     0x60c3f4ea8902 - core[df12db4294e9bfd3]::result::unwrap_failed
[INFO] [stdout]   12:     0x60c3f4d6cba7 - piss[3359583101009dbe]::decoder::tests::test_save
[INFO] [stdout]   13:     0x60c3f4d6e7b9 - <piss[3359583101009dbe]::decoder::tests::test_save::{closure#0} as core[df12db4294e9bfd3]::ops::function::FnOnce<()>>::call_once
[INFO] [stdout]   14:     0x60c3f4d6e86b - test[9d35eded1c95d3be]::__rust_begin_short_backtrace::<core[df12db4294e9bfd3]::result::Result<(), alloc[2182bb758b4b3781]::string::String>, fn() -> core[df12db4294e9bfd3]::result::Result<(), alloc[2182bb758b4b3781]::string::String>>
[INFO] [stdout]   15:     0x60c3f4d7bed5 - test[9d35eded1c95d3be]::run_test::{closure#0}
[INFO] [stdout]   16:     0x60c3f4d75794 - std[70759c8f55707aa4]::sys::backtrace::__rust_begin_short_backtrace::<test[9d35eded1c95d3be]::run_test::{closure#1}, ()>
[INFO] [stdout]   17:     0x60c3f4d7f032 - <std[70759c8f55707aa4]::thread::lifecycle::spawn_unchecked<test[9d35eded1c95d3be]::run_test::{closure#1}, ()>::{closure#1} as core[df12db4294e9bfd3]::ops::function::FnOnce<()>>::call_once::{shim:vtable#0}
[INFO] [stdout]   18:     0x60c3f4e92989 - <std[70759c8f55707aa4]::sys::thread::unix::Thread>::new::thread_start
[INFO] [stdout]   19:     0x759d1c5addfa - <unknown>
[INFO] [stdout]   20:     0x759d1c6413d4 - clone
[INFO] [stdout]   21:                0x0 - <unknown>
[INFO] [stdout] 
[INFO] [stdout] ---- encoder::tests::test_save stdout ----
[INFO] [stdout] 
[INFO] [stdout] thread 'encoder::tests::test_save' (1265) panicked at src/encoder.rs:92:58:
[INFO] [stdout] called `Result::unwrap()` on an `Err` value: ImageReadWriteError
[INFO] [stdout] stack backtrace:
[INFO] [stdout]    0:     0x60c3f4e930c1 - <<std[70759c8f55707aa4]::sys::backtrace::BacktraceLock>::print::DisplayBacktrace as core[df12db4294e9bfd3]::fmt::Display>::fmt
[INFO] [stdout]    1:     0x60c3f4ea83fa - core[df12db4294e9bfd3]::fmt::write
[INFO] [stdout]    2:     0x60c3f4e9775c - <alloc[2182bb758b4b3781]::vec::Vec<u8> as core[df12db4294e9bfd3]::io::write::Write>::write_fmt
[INFO] [stdout]    3:     0x60c3f4e6f0c6 - std[70759c8f55707aa4]::panicking::default_hook::{closure#0}
[INFO] [stdout]    4:     0x60c3f4e8b5c9 - std[70759c8f55707aa4]::panicking::default_hook
[INFO] [stdout]    5:     0x60c3f4d7b580 - test[9d35eded1c95d3be]::test_main_inner::<test[9d35eded1c95d3be]::test_main_static::{closure#0}>::{closure#0}
[INFO] [stdout]    6:     0x60c3f4e8b8f2 - std[70759c8f55707aa4]::panicking::panic_with_hook
[INFO] [stdout]    7:     0x60c3f4e6f172 - std[70759c8f55707aa4]::panicking::panic_handler::{closure#0}
[INFO] [stdout]    8:     0x60c3f4e67e19 - std[70759c8f55707aa4]::sys::backtrace::__rust_end_short_backtrace::<std[70759c8f55707aa4]::panicking::panic_handler::{closure#0}, !>
[INFO] [stdout]    9:     0x60c3f4e6fd6d - __rustc[8fa7c3cbc660c2b3]::rust_begin_unwind
[INFO] [stdout]   10:     0x60c3f4ea8b2c - core[df12db4294e9bfd3]::panicking::panic_fmt
[INFO] [stdout]   11:     0x60c3f4ea8902 - core[df12db4294e9bfd3]::result::unwrap_failed
[INFO] [stdout]   12:     0x60c3f4d6cff3 - piss[3359583101009dbe]::encoder::tests::test_save
[INFO] [stdout]   13:     0x60c3f4d6e7f9 - <piss[3359583101009dbe]::encoder::tests::test_save::{closure#0} as core[df12db4294e9bfd3]::ops::function::FnOnce<()>>::call_once
[INFO] [stdout]   14:     0x60c3f4d6e86b - test[9d35eded1c95d3be]::__rust_begin_short_backtrace::<core[df12db4294e9bfd3]::result::Result<(), alloc[2182bb758b4b3781]::string::String>, fn() -> core[df12db4294e9bfd3]::result::Result<(), alloc[2182bb758b4b3781]::string::String>>
[INFO] [stdout]   15:     0x60c3f4d7bed5 - test[9d35eded1c95d3be]::run_test::{closure#0}
[INFO] [stdout]   16:     0x60c3f4d75794 - std[70759c8f55707aa4]::sys::backtrace::__rust_begin_short_backtrace::<test[9d35eded1c95d3be]::run_test::{closure#1}, ()>
[INFO] [stdout]   17:     0x60c3f4d7f032 - <std[70759c8f55707aa4]::thread::lifecycle::spawn_unchecked<test[9d35eded1c95d3be]::run_test::{closure#1}, ()>::{closure#1} as core[df12db4294e9bfd3]::ops::function::FnOnce<()>>::call_once::{shim:vtable#0}
[INFO] [stdout]   18:     0x60c3f4e92989 - <std[70759c8f55707aa4]::sys::thread::unix::Thread>::new::thread_start
[INFO] [stdout]   19:     0x759d1c5addfa - <unknown>
[INFO] [stdout]   20:     0x759d1c6413d4 - clone
[INFO] [stdout]   21:                0x0 - <unknown>
[INFO] [stdout] 
[INFO] [stdout] ---- tests::test_integration stdout ----
[INFO] [stdout] 
[INFO] [stdout] thread 'tests::test_integration' (1266) panicked at src/main.rs:143:10:
[INFO] [stdout] called `Result::unwrap()` on an `Err` value: ImageReadWriteError
[INFO] [stdout] stack backtrace:
[INFO] [stdout]    0:     0x60c3f4e930c1 - <<std[70759c8f55707aa4]::sys::backtrace::BacktraceLock>::print::DisplayBacktrace as core[df12db4294e9bfd3]::fmt::Display>::fmt
[INFO] [stdout]    1:     0x60c3f4ea83fa - core[df12db4294e9bfd3]::fmt::write
[INFO] [stdout]    2:     0x60c3f4e9775c - <alloc[2182bb758b4b3781]::vec::Vec<u8> as core[df12db4294e9bfd3]::io::write::Write>::write_fmt
[INFO] [stdout]    3:     0x60c3f4e6f0c6 - std[70759c8f55707aa4]::panicking::default_hook::{closure#0}
[INFO] [stdout]    4:     0x60c3f4e8b5c9 - std[70759c8f55707aa4]::panicking::default_hook
[INFO] [stdout]    5:     0x60c3f4d7b580 - test[9d35eded1c95d3be]::test_main_inner::<test[9d35eded1c95d3be]::test_main_static::{closure#0}>::{closure#0}
[INFO] [stdout]    6:     0x60c3f4e8b8f2 - std[70759c8f55707aa4]::panicking::panic_with_hook
[INFO] [stdout]    7:     0x60c3f4e6f172 - std[70759c8f55707aa4]::panicking::panic_handler::{closure#0}
[INFO] [stdout]    8:     0x60c3f4e67e19 - std[70759c8f55707aa4]::sys::backtrace::__rust_end_short_backtrace::<std[70759c8f55707aa4]::panicking::panic_handler::{closure#0}, !>
[INFO] [stdout]    9:     0x60c3f4e6fd6d - __rustc[8fa7c3cbc660c2b3]::rust_begin_unwind
[INFO] [stdout]   10:     0x60c3f4ea8b2c - core[df12db4294e9bfd3]::panicking::panic_fmt
[INFO] [stdout]   11:     0x60c3f4ea8902 - core[df12db4294e9bfd3]::result::unwrap_failed
[INFO] [stdout]   12:     0x60c3f4d6bf14 - piss[3359583101009dbe]::tests::test_integration
[INFO] [stdout]   13:     0x60c3f4d6dd49 - <piss[3359583101009dbe]::tests::test_integration::{closure#0} as core[df12db4294e9bfd3]::ops::function::FnOnce<()>>::call_once
[INFO] [stdout]   14:     0x60c3f4d6e86b - test[9d35eded1c95d3be]::__rust_begin_short_backtrace::<core[df12db4294e9bfd3]::result::Result<(), alloc[2182bb758b4b3781]::string::String>, fn() -> core[df12db4294e9bfd3]::result::Result<(), alloc[2182bb758b4b3781]::string::String>>
[INFO] [stdout]   15:     0x60c3f4d7bed5 - test[9d35eded1c95d3be]::run_test::{closure#0}
[INFO] [stdout]   16:     0x60c3f4d75794 - std[70759c8f55707aa4]::sys::backtrace::__rust_begin_short_backtrace::<test[9d35eded1c95d3be]::run_test::{closure#1}, ()>
[INFO] [stdout]   17:     0x60c3f4d7f032 - <std[70759c8f55707aa4]::thread::lifecycle::spawn_unchecked<test[9d35eded1c95d3be]::run_test::{closure#1}, ()>::{closure#1} as core[df12db4294e9bfd3]::ops::function::FnOnce<()>>::call_once::{shim:vtable#0}
[INFO] [stdout]   18:     0x60c3f4e92989 - <std[70759c8f55707aa4]::sys::thread::unix::Thread>::new::thread_start
[INFO] [stdout]   19:     0x759d1c5addfa - <unknown>
[INFO] [stdout]   20:     0x759d1c6413d4 - clone
[INFO] [stdout]   21:                0x0 - <unknown>
[INFO] [stdout] 
[INFO] [stdout] 
[INFO] [stdout] failures:
[INFO] [stdout]     decoder::tests::test_save
[INFO] [stdout]     encoder::tests::test_save
[INFO] [stdout]     tests::test_integration
[INFO] [stdout] 
[INFO] [stdout] test result: FAILED. 7 passed; 3 failed; 0 ignored; 0 measured; 0 filtered out; finished in 0.05s
[INFO] [stdout] 
[INFO] [stderr] error: test failed, to rerun pass `--bin piss`
[INFO] running `Command { std: "docker" "inspect" "e3bc23444cfddb62f4ea260d14b0273ba65277729d613c617212ac234f4c6f0c", kill_on_drop: false }`
[INFO] running `Command { std: "docker" "rm" "-f" "e3bc23444cfddb62f4ea260d14b0273ba65277729d613c617212ac234f4c6f0c", kill_on_drop: false }`
[INFO] [stdout] e3bc23444cfddb62f4ea260d14b0273ba65277729d613c617212ac234f4c6f0c
