[INFO] fetching crate pipi-gen 0.1.1...
[INFO] testing pipi-gen-0.1.1 against 1.100.0-beta.1+cargoflags=--release for beta-release-1.100-2
[INFO] extracting crate pipi-gen 0.1.1 into /workspace/builds/worker-6-tc2/source
[INFO] started tweaking crates.io crate pipi-gen 0.1.1
[INFO] removed 0 missing tests
[INFO] finished tweaking crates.io crate pipi-gen 0.1.1
[INFO] tweaked toml for crates.io crate pipi-gen 0.1.1 written to /workspace/builds/worker-6-tc2/source/Cargo.toml
[INFO] validating manifest of crates.io crate pipi-gen 0.1.1 on toolchain 1.100.0-beta.1
[INFO] running `Command { std: CARGO_HOME="/workspace/cargo-home" RUSTUP_HOME="/workspace/rustup-home" "/workspace/cargo-home/bin/cargo" "+1.100.0-beta.1" "metadata" "--manifest-path" "Cargo.toml" "--no-deps", kill_on_drop: false }`
[INFO] crate crates.io crate pipi-gen 0.1.1 already has a lockfile, it will not be regenerated
[INFO] running `Command { std: CARGO_HOME="/workspace/cargo-home" RUSTUP_HOME="/workspace/rustup-home" "/workspace/cargo-home/bin/cargo" "+1.100.0-beta.1" "fetch" "--manifest-path" "Cargo.toml", kill_on_drop: false }`
[INFO] running `Command { std: "docker" "create" "-v" "/var/lib/crater-agent-workspace/builds/worker-6-tc2/source:/opt/rustwide/workdir:ro,Z" "-v" "/var/lib/crater-agent-workspace/builds/worker-6-tc2/target:/opt/rustwide/target:rw,Z" "-v" "/var/lib/crater-agent-workspace/cargo-home:/opt/rustwide/cargo-home:ro,Z" "-v" "/var/lib/crater-agent-workspace/rustup-home:/opt/rustwide/rustup-home:ro,Z" "-m" "1610612736" "--network" "none" "ghcr.io/rust-lang/crates-build-env/linux@sha256:77db811e55d90add9212f6832c23229e3de5f1c1f9905e8cb07319ea15df73ac" "sleep" "infinity", kill_on_drop: false }`
[INFO] [stdout] 0caf70da281fe1a5ecd1c4240b650bcd3ff610fe42ab6d492ac394bada31ac5a
[INFO] running `Command { std: "docker" "start" "0caf70da281fe1a5ecd1c4240b650bcd3ff610fe42ab6d492ac394bada31ac5a", kill_on_drop: false }`
[INFO] running `Command { std: "docker" "inspect" "0caf70da281fe1a5ecd1c4240b650bcd3ff610fe42ab6d492ac394bada31ac5a", kill_on_drop: false }`
[INFO] running `Command { std: "docker" "exec" "-e" "SOURCE_DIR=/opt/rustwide/workdir" "-e" "CARGO_HOME=/opt/rustwide/cargo-home" "-e" "RUSTUP_HOME=/opt/rustwide/rustup-home" "-e" "CARGO_TARGET_DIR=/opt/rustwide/target" "-w" "/opt/rustwide/workdir" "--user" "0:0" "0caf70da281fe1a5ecd1c4240b650bcd3ff610fe42ab6d492ac394bada31ac5a" "/opt/rustwide/cargo-home/bin/cargo" "+1.100.0-beta.1" "metadata" "--no-deps" "--format-version=1", kill_on_drop: false }`
[INFO] running `Command { std: "docker" "inspect" "0caf70da281fe1a5ecd1c4240b650bcd3ff610fe42ab6d492ac394bada31ac5a", kill_on_drop: false }`
[INFO] running `Command { std: "docker" "exec" "-e" "SOURCE_DIR=/opt/rustwide/workdir" "-e" "CARGO_HOME=/opt/rustwide/cargo-home" "-e" "RUSTUP_HOME=/opt/rustwide/rustup-home" "-e" "CARGO_TARGET_DIR=/opt/rustwide/target" "-e" "CARGO_INCREMENTAL=0" "-e" "RUST_BACKTRACE=full" "-e" "RUSTFLAGS=--cap-lints=warn" "-e" "RUSTDOCFLAGS=--cap-lints=warn" "-w" "/opt/rustwide/workdir" "--user" "0:0" "0caf70da281fe1a5ecd1c4240b650bcd3ff610fe42ab6d492ac394bada31ac5a" "/opt/rustwide/cargo-home/bin/cargo" "+1.100.0-beta.1" "build" "--frozen" "--message-format=json" "--release", kill_on_drop: false }`
[INFO] [stderr]    Compiling siphasher v1.0.2
[INFO] [stderr]    Compiling aho-corasick v1.1.4
[INFO] [stderr]    Compiling rand_core v0.6.4
[INFO] [stderr]    Compiling regex-syntax v0.8.10
[INFO] [stderr]    Compiling crossbeam-utils v0.8.21
[INFO] [stderr]    Compiling syn v2.0.117
[INFO] [stderr]    Compiling ucd-trie v0.1.7
[INFO] [stderr]    Compiling memchr v2.8.0
[INFO] [stderr]    Compiling rand v0.8.6
[INFO] [stderr]    Compiling phf_shared v0.11.3
[INFO] [stderr]    Compiling bstr v1.12.1
[INFO] [stderr]    Compiling phf v0.11.3
[INFO] [stderr]    Compiling signal-hook v0.3.18
[INFO] [stderr]    Compiling phf_generator v0.11.3
[INFO] [stderr]    Compiling phf_codegen v0.11.3
[INFO] [stderr]    Compiling pest v2.8.6
[INFO] [stderr]    Compiling crossbeam-epoch v0.9.18
[INFO] [stderr]    Compiling os_pipe v1.2.3
[INFO] [stderr]    Compiling fs-err v2.11.0
[INFO] [stderr]    Compiling hashbrown v0.17.0
[INFO] [stderr]    Compiling deunicode v1.6.2
[INFO] [stderr]    Compiling crossbeam-deque v0.8.6
[INFO] [stderr]    Compiling slug v0.1.6
[INFO] [stderr]    Compiling regex-automata v0.4.14
[INFO] [stderr]    Compiling indexmap v2.14.0
[INFO] [stderr]    Compiling pest_meta v2.8.6
[INFO] [stderr]    Compiling sigchld v0.2.4
[INFO] [stderr]    Compiling humansize v2.1.3
[INFO] [stderr]    Compiling unicode-segmentation v1.13.2
[INFO] [stderr]    Compiling clap_builder v4.6.0
[INFO] [stderr]    Compiling shared_child v1.1.1
[INFO] [stderr]    Compiling regex v1.12.3
[INFO] [stderr]    Compiling parse-zoneinfo v0.3.1
[INFO] [stderr]    Compiling include_dir_macros v0.7.4
[INFO] [stderr]    Compiling shared_thread v0.2.0
[INFO] [stderr]    Compiling heck v0.4.1
[INFO] [stderr]    Compiling include_dir v0.7.4
[INFO] [stderr]    Compiling chrono-tz-build v0.3.0
[INFO] [stderr]    Compiling duct v1.1.1
[INFO] [stderr]    Compiling pest_generator v2.8.6
[INFO] [stderr]    Compiling chrono-tz v0.9.0
[INFO] [stderr]    Compiling globset v0.4.18
[INFO] [stderr]    Compiling serde_derive v1.0.228
[INFO] [stderr]    Compiling ignore v0.4.25
[INFO] [stderr]    Compiling thiserror-impl v1.0.69
[INFO] [stderr]    Compiling pest_derive v2.8.6
[INFO] [stderr]    Compiling tracing-attributes v0.1.31
[INFO] [stderr]    Compiling globwalk v0.9.1
[INFO] [stderr]    Compiling thiserror v1.0.69
[INFO] [stderr]    Compiling clap_derive v4.6.1
[INFO] [stderr]    Compiling cruet v0.13.3
[INFO] [stderr]    Compiling tracing v0.1.44
[INFO] [stderr]    Compiling cruet v0.14.0
[INFO] [stderr]    Compiling colored v3.1.1
[INFO] [stderr]    Compiling serde v1.0.228
[INFO] [stderr]    Compiling clap v4.6.1
[INFO] [stderr]    Compiling chrono v0.4.44
[INFO] [stderr]    Compiling serde_yaml v0.9.34+deprecated
[INFO] [stderr]    Compiling serde_regex v1.1.0
[INFO] [stderr]    Compiling tera v1.20.1
[INFO] [stderr]    Compiling rrgen v0.5.6
[INFO] [stderr]    Compiling pipi-gen v0.1.1 (/opt/rustwide/workdir)
[INFO] [stderr]     Finished `release` profile [optimized] target(s) in 2m 16s
[INFO] running `Command { std: "docker" "inspect" "0caf70da281fe1a5ecd1c4240b650bcd3ff610fe42ab6d492ac394bada31ac5a", kill_on_drop: false }`
[INFO] running `Command { std: "docker" "exec" "-e" "SOURCE_DIR=/opt/rustwide/workdir" "-e" "CARGO_HOME=/opt/rustwide/cargo-home" "-e" "RUSTUP_HOME=/opt/rustwide/rustup-home" "-e" "CARGO_TARGET_DIR=/opt/rustwide/target" "-e" "CARGO_INCREMENTAL=0" "-e" "RUST_BACKTRACE=full" "-e" "RUSTFLAGS=--cap-lints=warn" "-e" "RUSTDOCFLAGS=--cap-lints=warn" "-w" "/opt/rustwide/workdir" "--user" "0:0" "0caf70da281fe1a5ecd1c4240b650bcd3ff610fe42ab6d492ac394bada31ac5a" "/opt/rustwide/cargo-home/bin/cargo" "+1.100.0-beta.1" "test" "--frozen" "--no-run" "--message-format=json" "--release", kill_on_drop: false }`
[INFO] [stderr]    Compiling regex-syntax v0.8.10
[INFO] [stderr]    Compiling aho-corasick v1.1.4
[INFO] [stderr]    Compiling syn v2.0.117
[INFO] [stderr]    Compiling futures-core v0.3.32
[INFO] [stderr]    Compiling futures-sink v0.3.32
[INFO] [stderr]    Compiling hashbrown v0.17.0
[INFO] [stderr]    Compiling winnow v1.0.2
[INFO] [stderr]    Compiling toml_datetime v1.1.1+spec-1.1.0
[INFO] [stderr]    Compiling proc-macro2 v1.0.106
[INFO] [stderr]    Compiling futures-channel v0.3.32
[INFO] [stderr]    Compiling globwalk v0.9.1
[INFO] [stderr]    Compiling rstest_macros v0.23.0
[INFO] [stderr]    Compiling unicode-ident v1.0.24
[INFO] [stderr]    Compiling rustix v1.1.4
[INFO] [stderr]    Compiling indexmap v2.14.0
[INFO] [stderr]    Compiling parking_lot_core v0.9.12
[INFO] [stderr]    Compiling quote v1.0.45
[INFO] [stderr]    Compiling sdd v3.0.10
[INFO] [stderr]    Compiling glob v0.3.3
[INFO] [stderr]    Compiling relative-path v1.9.3
[INFO] [stderr]    Compiling toml_parser v1.1.2+spec-1.1.0
[INFO] [stderr]    Compiling fastrand v2.4.1
[INFO] [stderr]    Compiling scc v2.4.0
[INFO] [stderr]    Compiling rand v0.10.1
[INFO] [stderr]    Compiling regex-automata v0.4.14
[INFO] [stderr]    Compiling toml_edit v0.25.11+spec-1.1.0
[INFO] [stderr]    Compiling tempfile v3.27.0
[INFO] [stderr]    Compiling parking_lot v0.12.5
[INFO] [stderr]    Compiling console v0.16.3
[INFO] [stderr]    Compiling proc-macro-crate v3.5.0
[INFO] [stderr]    Compiling similar v2.7.0
[INFO] [stderr]    Compiling uuid v1.23.1
[INFO] [stderr]    Compiling pest_generator v2.8.6
[INFO] [stderr]    Compiling regex v1.12.3
[INFO] [stderr]    Compiling serde_derive v1.0.228
[INFO] [stderr]    Compiling futures-macro v0.3.32
[INFO] [stderr]    Compiling parse-zoneinfo v0.3.1
[INFO] [stderr]    Compiling pest_derive v2.8.6
[INFO] [stderr]    Compiling thiserror-impl v1.0.69
[INFO] [stderr]    Compiling clap_derive v4.6.1
[INFO] [stderr]    Compiling chrono-tz-build v0.3.0
[INFO] [stderr]    Compiling futures-util v0.3.32
[INFO] [stderr]    Compiling tracing-attributes v0.1.31
[INFO] [stderr]    Compiling chrono-tz v0.9.0
[INFO] [stderr]    Compiling thiserror v1.0.69
[INFO] [stderr]    Compiling serial_test_derive v3.4.0
[INFO] [stderr]    Compiling tracing v0.1.44
[INFO] [stderr]    Compiling clap v4.6.1
[INFO] [stderr]    Compiling serde v1.0.228
[INFO] [stderr]    Compiling chrono v0.4.44
[INFO] [stderr]    Compiling serde_yaml v0.9.34+deprecated
[INFO] [stderr]    Compiling serde_regex v1.1.0
[INFO] [stderr]    Compiling tree-fs v0.3.1
[INFO] [stderr]    Compiling insta v1.47.2
[INFO] [stderr]    Compiling futures-executor v0.3.32
[INFO] [stderr]    Compiling futures v0.3.32
[INFO] [stderr]    Compiling rstest v0.23.0
[INFO] [stderr]    Compiling serial_test v3.4.0
[INFO] [stderr]    Compiling tera v1.20.1
[INFO] [stderr]    Compiling rrgen v0.5.6
[INFO] [stderr]    Compiling pipi-gen v0.1.1 (/opt/rustwide/workdir)
[INFO] [stdout] warning: constant `MIGRATION_SRC_LIB` is never used
[INFO] [stdout]  --> tests/templates/utils.rs:4:11
[INFO] [stdout]   |
[INFO] [stdout] 4 | pub const MIGRATION_SRC_LIB: &str = r"
[INFO] [stdout]   |           ^^^^^^^^^^^^^^^^^
[INFO] [stdout]   |
[INFO] [stdout]   = note: `#[warn(dead_code)]` (part of `#[warn(unused)]`) on by default
[INFO] [stdout] 
[INFO] [stdout] 
[INFO] [stdout] warning: function `guess_file_by_time` is never used
[INFO] [stdout]   --> tests/templates/utils.rs:47:8
[INFO] [stdout]    |
[INFO] [stdout] 47 | pub fn guess_file_by_time(path: &Path, file_format: &str, max_attempts: u32) -> Option<PathBuf> {
[INFO] [stdout]    |        ^^^^^^^^^^^^^^^^^^
[INFO] [stdout] 
[INFO] [stdout] 
[INFO] [stderr]     Finished `release` profile [optimized] target(s) in 2m 42s
[INFO] running `Command { std: "docker" "inspect" "0caf70da281fe1a5ecd1c4240b650bcd3ff610fe42ab6d492ac394bada31ac5a", kill_on_drop: false }`
[INFO] running `Command { std: "docker" "exec" "-e" "SOURCE_DIR=/opt/rustwide/workdir" "-e" "CARGO_HOME=/opt/rustwide/cargo-home" "-e" "RUSTUP_HOME=/opt/rustwide/rustup-home" "-e" "CARGO_TARGET_DIR=/opt/rustwide/target" "-e" "CARGO_INCREMENTAL=0" "-e" "RUST_BACKTRACE=full" "-e" "RUSTFLAGS=--cap-lints=warn" "-e" "RUSTDOCFLAGS=--cap-lints=warn" "-w" "/opt/rustwide/workdir" "--user" "0:0" "0caf70da281fe1a5ecd1c4240b650bcd3ff610fe42ab6d492ac394bada31ac5a" "/opt/rustwide/cargo-home/bin/cargo" "+1.100.0-beta.1" "test" "--frozen" "--release", kill_on_drop: false }`
[INFO] [stderr] warning: constant `MIGRATION_SRC_LIB` is never used
[INFO] [stderr]  --> tests/templates/utils.rs:4:11
[INFO] [stderr]   |
[INFO] [stderr] 4 | pub const MIGRATION_SRC_LIB: &str = r"
[INFO] [stderr]   |           ^^^^^^^^^^^^^^^^^
[INFO] [stderr]   |
[INFO] [stderr]   = note: `#[warn(dead_code)]` (part of `#[warn(unused)]`) on by default
[INFO] [stderr] 
[INFO] [stderr] warning: function `guess_file_by_time` is never used
[INFO] [stderr]   --> tests/templates/utils.rs:47:8
[INFO] [stderr]    |
[INFO] [stderr] 47 | pub fn guess_file_by_time(path: &Path, file_format: &str, max_attempts: u32) -> Option<PathBuf> {
[INFO] [stderr]    |        ^^^^^^^^^^^^^^^^^^
[INFO] [stderr] 
[INFO] [stderr] warning: `pipi-gen` (test "mod") generated 2 warnings
[INFO] [stderr]     Finished `release` profile [optimized] target(s) in 0.32s
[INFO] [stderr]      Running unittests src/lib.rs (/opt/rustwide/target/release/build/pipi-gen/95527f3eb9491fb8/out/pipi_gen-95527f3eb9491fb8)
[INFO] [stdout] 
[INFO] [stdout] running 17 tests
[INFO] [stdout] test template::tests::test_collect_files ... ok
[INFO] [stdout] test tests::can_collect_messages ... ok
[INFO] [stdout] test tests::can_get_all_names_from_mapping ... ok
[INFO] [stdout] test template::tests::test_exists ... ok
[INFO] [stdout] test template::tests::test_get_ignored_paths ... ok
[INFO] [stdout] test tests::can_get_col_type_field_from_mapping ... ok
[INFO] [stdout] test tests::can_get_rust_field_kind_from_mapping ... ok
[INFO] [stdout] test template::tests::test_collect ... ok
[INFO] [stdout] test tests::can_get_schema_field_from_mapping ... ok
[INFO] [stdout] test template::tests::test_is_path_ignored ... ok
[INFO] [stdout] test tests::can_get_col_type_arity_from_mapping ... ok
[INFO] [stdout] test tests::can_get_rust_field_from_mapping ... ok
[INFO] [stdout] test tests::can_get_rust_field_with_params_from_mapping ... ok
[INFO] [stdout] test tests::test_template_not_found ... ok
[INFO] [stdout] test tests::test_copy_template_valid_folder_template ... ok
[INFO] [stdout] test tera_ext::tests::can_render_view_field ... ok
[INFO] [stdout] test tera_ext::tests::can_render_form_field ... ok
[INFO] [stdout] 
[INFO] [stdout] test result: ok. 17 passed; 0 failed; 0 ignored; 0 measured; 0 filtered out; finished in 0.08s
[INFO] [stdout] 
[INFO] [stderr]      Running tests/db.rs (/opt/rustwide/target/release/build/pipi-gen/b2195d21a7905969/out/db-b2195d21a7905969)
[INFO] [stdout] 
[INFO] [stdout] running 2 tests
[INFO] [stdout] test test_migrations_flow::db_kind_1___postgres__ ... ok
[INFO] [stdout] test test_migrations_flow::db_kind_2___sqlite__ ... FAILED
[INFO] [stdout] 
[INFO] [stdout] failures:
[INFO] [stdout] 
[INFO] [stdout] ---- test_migrations_flow::db_kind_2___sqlite__ stdout ----
[INFO] [stdout] 
[INFO] [stdout] thread 'test_migrations_flow::db_kind_2___sqlite__' (2407) panicked at tests/db.rs:50:6:
[INFO] [stdout] new: Os { code: 2, kind: NotFound, message: "No such file or directory" }
[INFO] [stdout] stack backtrace:
[INFO] [stdout]    0:     0x5f309846dc41 - <<std[617be2ca0a6fd877]::sys::backtrace::BacktraceLock>::print::DisplayBacktrace as core[a373ad73a504971]::fmt::Display>::fmt
[INFO] [stdout]    1:     0x5f30984854da - core[a373ad73a504971]::fmt::write
[INFO] [stdout]    2:     0x5f30984726dc - <alloc[2e1b2a31b91974c5]::vec::Vec<u8> as core[a373ad73a504971]::io::write::Write>::write_fmt
[INFO] [stdout]    3:     0x5f3098445e86 - std[617be2ca0a6fd877]::panicking::default_hook::{closure#0}
[INFO] [stdout]    4:     0x5f3098464509 - std[617be2ca0a6fd877]::panicking::default_hook
[INFO] [stdout]    5:     0x5f3098359db0 - test[aada8e7e76ba119b]::test_main_inner::{closure#0}
[INFO] [stdout]    6:     0x5f3098464832 - std[617be2ca0a6fd877]::panicking::panic_with_hook
[INFO] [stdout]    7:     0x5f3098445f32 - std[617be2ca0a6fd877]::panicking::panic_handler::{closure#0}
[INFO] [stdout]    8:     0x5f309843e6e9 - std[617be2ca0a6fd877]::sys::backtrace::__rust_end_short_backtrace::<std[617be2ca0a6fd877]::panicking::panic_handler::{closure#0}, !>
[INFO] [stdout]    9:     0x5f3098446d1d - __rustc[ea4f61d10b84890b]::rust_begin_unwind
[INFO] [stdout]   10:     0x5f3098485cbc - core[a373ad73a504971]::panicking::panic_fmt
[INFO] [stdout]   11:     0x5f3098485a92 - core[a373ad73a504971]::result::unwrap_failed
[INFO] [stdout]   12:     0x5f3098348986 - db[a1e6995cf364b3a2]::test_migrations_flow
[INFO] [stdout]   13:     0x5f309838e657 - serial_test[b2f6d4a61989fa6]::serial_code_lock::local_serial_core
[INFO] [stdout]   14:     0x5f30983498dd - <db[a1e6995cf364b3a2]::test_migrations_flow::db_kind_2___sqlite__::{closure#0} as core[a373ad73a504971]::ops::function::FnOnce<()>>::call_once
[INFO] [stdout]   15:     0x5f309834d1fb - test[aada8e7e76ba119b]::__rust_begin_short_backtrace::<core[a373ad73a504971]::result::Result<(), alloc[2e1b2a31b91974c5]::string::String>, fn() -> core[a373ad73a504971]::result::Result<(), alloc[2e1b2a31b91974c5]::string::String>>
[INFO] [stdout]   16:     0x5f309835a3d5 - test[aada8e7e76ba119b]::run_test::{closure#0}
[INFO] [stdout]   17:     0x5f3098353cc4 - std[617be2ca0a6fd877]::sys::backtrace::__rust_begin_short_backtrace::<test[aada8e7e76ba119b]::run_test::{closure#1}, ()>
[INFO] [stdout]   18:     0x5f309835d462 - <std[617be2ca0a6fd877]::thread::lifecycle::spawn_unchecked<test[aada8e7e76ba119b]::run_test::{closure#1}, ()>::{closure#1} as core[a373ad73a504971]::ops::function::FnOnce<()>>::call_once::{shim:vtable#0}
[INFO] [stdout]   19:     0x5f309846cc0f - <std[617be2ca0a6fd877]::sys::thread::unix::Thread>::new::thread_start
[INFO] [stdout]   20:     0x72d5dba4bdfa - <unknown>
[INFO] [stdout]   21:     0x72d5dbadf3d4 - clone
[INFO] [stdout]   22:                0x0 - <unknown>
[INFO] [stdout] 
[INFO] [stdout] 
[INFO] [stdout] failures:
[INFO] [stdout]     test_migrations_flow::db_kind_2___sqlite__
[INFO] [stdout] 
[INFO] [stdout] test result: FAILED. 1 passed; 1 failed; 0 ignored; 0 measured; 0 filtered out; finished in 0.01s
[INFO] [stdout] 
[INFO] [stderr] error: test failed, to rerun pass `--test db`
[INFO] running `Command { std: "docker" "inspect" "0caf70da281fe1a5ecd1c4240b650bcd3ff610fe42ab6d492ac394bada31ac5a", kill_on_drop: false }`
[INFO] running `Command { std: "docker" "rm" "-f" "0caf70da281fe1a5ecd1c4240b650bcd3ff610fe42ab6d492ac394bada31ac5a", kill_on_drop: false }`
[INFO] [stdout] 0caf70da281fe1a5ecd1c4240b650bcd3ff610fe42ab6d492ac394bada31ac5a
