[INFO] fetching crate piper-phoneme-streaming 0.1.4...
[INFO] testing piper-phoneme-streaming-0.1.4 against 1.100.0-beta.1+cargoflags=--release for beta-release-1.100-2
[INFO] extracting crate piper-phoneme-streaming 0.1.4 into /workspace/builds/worker-0-tc2/source
[INFO] started tweaking crates.io crate piper-phoneme-streaming 0.1.4
[INFO] removed 0 missing examples
[INFO] removed 0 missing tests
[INFO] finished tweaking crates.io crate piper-phoneme-streaming 0.1.4
[INFO] tweaked toml for crates.io crate piper-phoneme-streaming 0.1.4 written to /workspace/builds/worker-0-tc2/source/Cargo.toml
[INFO] validating manifest of crates.io crate piper-phoneme-streaming 0.1.4 on toolchain 1.100.0-beta.1
[INFO] running `Command { std: CARGO_HOME="/workspace/cargo-home" RUSTUP_HOME="/workspace/rustup-home" "/workspace/cargo-home/bin/cargo" "+1.100.0-beta.1" "metadata" "--manifest-path" "Cargo.toml" "--no-deps", kill_on_drop: false }`
[INFO] crate crates.io crate piper-phoneme-streaming 0.1.4 already has a lockfile, it will not be regenerated
[INFO] running `Command { std: CARGO_HOME="/workspace/cargo-home" RUSTUP_HOME="/workspace/rustup-home" "/workspace/cargo-home/bin/cargo" "+1.100.0-beta.1" "fetch" "--manifest-path" "Cargo.toml", kill_on_drop: false }`
[INFO] running `Command { std: "docker" "create" "-v" "/var/lib/crater-agent-workspace/builds/worker-0-tc2/source:/opt/rustwide/workdir:ro,Z" "-v" "/var/lib/crater-agent-workspace/builds/worker-0-tc2/target:/opt/rustwide/target:rw,Z" "-v" "/var/lib/crater-agent-workspace/cargo-home:/opt/rustwide/cargo-home:ro,Z" "-v" "/var/lib/crater-agent-workspace/rustup-home:/opt/rustwide/rustup-home:ro,Z" "-m" "1610612736" "--network" "none" "ghcr.io/rust-lang/crates-build-env/linux@sha256:77db811e55d90add9212f6832c23229e3de5f1c1f9905e8cb07319ea15df73ac" "sleep" "infinity", kill_on_drop: false }`
[INFO] [stdout] 3ac2e158d24681d3683bac4a2f5a3d2804f8c219f986daac7fe9c8fdd4cdade7
[INFO] running `Command { std: "docker" "start" "3ac2e158d24681d3683bac4a2f5a3d2804f8c219f986daac7fe9c8fdd4cdade7", kill_on_drop: false }`
[INFO] running `Command { std: "docker" "inspect" "3ac2e158d24681d3683bac4a2f5a3d2804f8c219f986daac7fe9c8fdd4cdade7", kill_on_drop: false }`
[INFO] running `Command { std: "docker" "exec" "-e" "SOURCE_DIR=/opt/rustwide/workdir" "-e" "CARGO_HOME=/opt/rustwide/cargo-home" "-e" "RUSTUP_HOME=/opt/rustwide/rustup-home" "-e" "CARGO_TARGET_DIR=/opt/rustwide/target" "-w" "/opt/rustwide/workdir" "--user" "0:0" "3ac2e158d24681d3683bac4a2f5a3d2804f8c219f986daac7fe9c8fdd4cdade7" "/opt/rustwide/cargo-home/bin/cargo" "+1.100.0-beta.1" "metadata" "--no-deps" "--format-version=1", kill_on_drop: false }`
[INFO] running `Command { std: "docker" "inspect" "3ac2e158d24681d3683bac4a2f5a3d2804f8c219f986daac7fe9c8fdd4cdade7", kill_on_drop: false }`
[INFO] running `Command { std: "docker" "exec" "-e" "SOURCE_DIR=/opt/rustwide/workdir" "-e" "CARGO_HOME=/opt/rustwide/cargo-home" "-e" "RUSTUP_HOME=/opt/rustwide/rustup-home" "-e" "CARGO_TARGET_DIR=/opt/rustwide/target" "-e" "CARGO_INCREMENTAL=0" "-e" "RUST_BACKTRACE=full" "-e" "RUSTFLAGS=--cap-lints=warn" "-e" "RUSTDOCFLAGS=--cap-lints=warn" "-w" "/opt/rustwide/workdir" "--user" "0:0" "3ac2e158d24681d3683bac4a2f5a3d2804f8c219f986daac7fe9c8fdd4cdade7" "/opt/rustwide/cargo-home/bin/cargo" "+1.100.0-beta.1" "build" "--frozen" "--message-format=json" "--release", kill_on_drop: false }`
[INFO] [stderr]    Compiling syn v2.0.117
[INFO] [stderr]    Compiling libc v0.2.186
[INFO] [stderr]    Compiling bytes v1.11.1
[INFO] [stderr]    Compiling futures-core v0.3.32
[INFO] [stderr]    Compiling smallvec v1.15.1
[INFO] [stderr]    Compiling futures-task v0.3.32
[INFO] [stderr]    Compiling slab v0.4.12
[INFO] [stderr]    Compiling log v0.4.32
[INFO] [stderr]    Compiling tower-service v0.3.3
[INFO] [stderr]    Compiling sync_wrapper v1.0.2
[INFO] [stderr]    Compiling tower-layer v0.3.3
[INFO] [stderr]    Compiling percent-encoding v2.3.2
[INFO] [stderr]    Compiling serde_json v1.0.149
[INFO] [stderr]    Compiling memchr v2.8.0
[INFO] [stderr]    Compiling ryu v1.0.23
[INFO] [stderr]    Compiling mime v0.3.17
[INFO] [stderr]    Compiling serde_path_to_error v0.1.20
[INFO] [stderr]    Compiling matchit v0.7.3
[INFO] [stderr]    Compiling futures-channel v0.3.32
[INFO] [stderr]    Compiling tracing v0.1.44
[INFO] [stderr]    Compiling chrono v0.4.45
[INFO] [stderr]    Compiling bitflags v2.11.0
[INFO] [stderr]    Compiling futures-util v0.3.32
[INFO] [stderr]    Compiling form_urlencoded v1.2.2
[INFO] [stderr]    Compiling http v1.4.2
[INFO] [stderr]    Compiling errno v0.3.14
[INFO] [stderr]    Compiling parking_lot_core v0.9.12
[INFO] [stderr]    Compiling mio v1.2.1
[INFO] [stderr]    Compiling socket2 v0.6.4
[INFO] [stderr]    Compiling signal-hook-registry v1.4.8
[INFO] [stderr]    Compiling parking_lot v0.12.5
[INFO] [stderr]    Compiling http-body v1.0.1
[INFO] [stderr]    Compiling http-body-util v0.1.3
[INFO] [stderr]    Compiling tokio-macros v2.7.0
[INFO] [stderr]    Compiling serde_derive v1.0.228
[INFO] [stderr]    Compiling async-trait v0.1.89
[INFO] [stderr]    Compiling thiserror-impl v1.0.69
[INFO] [stderr]    Compiling axum-core v0.4.5
[INFO] [stderr]    Compiling tokio v1.52.3
[INFO] [stderr]    Compiling thiserror v1.0.69
[INFO] [stderr]    Compiling serde v1.0.228
[INFO] [stderr]    Compiling serde_urlencoded v0.7.1
[INFO] [stderr]    Compiling hyper v1.10.1
[INFO] [stderr]    Compiling tower v0.5.3
[INFO] [stderr]    Compiling hyper-util v0.1.20
[INFO] [stderr]    Compiling axum v0.7.9
[INFO] [stderr]    Compiling piper-phoneme-streaming v0.1.4 (/opt/rustwide/workdir)
[INFO] [stderr] warning: unused dependency `axum`
[INFO] [stderr]  --> Cargo.toml:1:15
[INFO] [stderr]   |
[INFO] [stderr] 1 | [dependencies.axum]
[INFO] [stderr]   |               ^^^^^
[INFO] [stderr]   |
[INFO] [stderr]   = note: `cargo::unused_dependencies` is set to `warn` by default
[INFO] [stderr] help: consider removing the dependency on `axum`
[INFO] [stderr] warning: unused dependency `chrono`
[INFO] [stderr]  --> Cargo.toml:7:15
[INFO] [stderr]   |
[INFO] [stderr] 7 | [dependencies.chrono]
[INFO] [stderr]   |               ^^^^^^^
[INFO] [stderr]   |
[INFO] [stderr] help: consider removing the dependency on `chrono`
[INFO] [stderr] warning: `piper-phoneme-streaming` (manifest) generated 2 warnings
[INFO] [stderr]     Finished `release` profile [optimized] target(s) in 39.07s
[INFO] running `Command { std: "docker" "inspect" "3ac2e158d24681d3683bac4a2f5a3d2804f8c219f986daac7fe9c8fdd4cdade7", kill_on_drop: false }`
[INFO] running `Command { std: "docker" "exec" "-e" "SOURCE_DIR=/opt/rustwide/workdir" "-e" "CARGO_HOME=/opt/rustwide/cargo-home" "-e" "RUSTUP_HOME=/opt/rustwide/rustup-home" "-e" "CARGO_TARGET_DIR=/opt/rustwide/target" "-e" "CARGO_INCREMENTAL=0" "-e" "RUST_BACKTRACE=full" "-e" "RUSTFLAGS=--cap-lints=warn" "-e" "RUSTDOCFLAGS=--cap-lints=warn" "-w" "/opt/rustwide/workdir" "--user" "0:0" "3ac2e158d24681d3683bac4a2f5a3d2804f8c219f986daac7fe9c8fdd4cdade7" "/opt/rustwide/cargo-home/bin/cargo" "+1.100.0-beta.1" "test" "--frozen" "--no-run" "--message-format=json" "--release", kill_on_drop: false }`
[INFO] [stderr]    Compiling pin-project-internal v1.1.13
[INFO] [stderr]    Compiling pin-project v1.1.13
[INFO] [stderr]    Compiling tower v0.4.13
[INFO] [stderr]    Compiling piper-phoneme-streaming v0.1.4 (/opt/rustwide/workdir)
[INFO] [stderr] warning: unused dependency `axum`
[INFO] [stderr]  --> Cargo.toml:1:15
[INFO] [stderr]   |
[INFO] [stderr] 1 | [dependencies.axum]
[INFO] [stderr]   |               ^^^^^
[INFO] [stderr]   |
[INFO] [stderr]   = note: `cargo::unused_dependencies` is set to `warn` by default
[INFO] [stderr] help: consider removing the dependency on `axum`
[INFO] [stderr] help: to still use for development builds, move to `dev-dependencies`
[INFO] [stderr] warning: unused dependency `chrono`
[INFO] [stderr]  --> Cargo.toml:7:15
[INFO] [stderr]   |
[INFO] [stderr] 7 | [dependencies.chrono]
[INFO] [stderr]   |               ^^^^^^^
[INFO] [stderr]   |
[INFO] [stderr] help: consider removing the dependency on `chrono`
[INFO] [stderr] help: to still use for development builds, move to `dev-dependencies`
[INFO] [stderr] warning: `piper-phoneme-streaming` (manifest) generated 2 warnings
[INFO] [stderr]     Finished `release` profile [optimized] target(s) in 25.43s
[INFO] running `Command { std: "docker" "inspect" "3ac2e158d24681d3683bac4a2f5a3d2804f8c219f986daac7fe9c8fdd4cdade7", kill_on_drop: false }`
[INFO] running `Command { std: "docker" "exec" "-e" "SOURCE_DIR=/opt/rustwide/workdir" "-e" "CARGO_HOME=/opt/rustwide/cargo-home" "-e" "RUSTUP_HOME=/opt/rustwide/rustup-home" "-e" "CARGO_TARGET_DIR=/opt/rustwide/target" "-e" "CARGO_INCREMENTAL=0" "-e" "RUST_BACKTRACE=full" "-e" "RUSTFLAGS=--cap-lints=warn" "-e" "RUSTDOCFLAGS=--cap-lints=warn" "-w" "/opt/rustwide/workdir" "--user" "0:0" "3ac2e158d24681d3683bac4a2f5a3d2804f8c219f986daac7fe9c8fdd4cdade7" "/opt/rustwide/cargo-home/bin/cargo" "+1.100.0-beta.1" "test" "--frozen" "--release", kill_on_drop: false }`
[INFO] [stderr] warning: unused dependency `axum`
[INFO] [stderr]  --> Cargo.toml:1:15
[INFO] [stderr]   |
[INFO] [stderr] 1 | [dependencies.axum]
[INFO] [stderr]   |               ^^^^^
[INFO] [stderr]   |
[INFO] [stderr]   = note: `cargo::unused_dependencies` is set to `warn` by default
[INFO] [stderr] help: consider removing the dependency on `axum`
[INFO] [stderr] help: to still use for development builds, move to `dev-dependencies`
[INFO] [stderr] warning: unused dependency `chrono`
[INFO] [stderr]  --> Cargo.toml:7:15
[INFO] [stderr]   |
[INFO] [stderr] 7 | [dependencies.chrono]
[INFO] [stderr]   |               ^^^^^^^
[INFO] [stderr]   |
[INFO] [stderr] help: consider removing the dependency on `chrono`
[INFO] [stderr] help: to still use for development builds, move to `dev-dependencies`
[INFO] [stderr] warning: `piper-phoneme-streaming` (manifest) generated 2 warnings
[INFO] [stderr]     Finished `release` profile [optimized] target(s) in 0.12s
[INFO] [stderr]      Running unittests src/lib.rs (/opt/rustwide/target/release/build/piper-phoneme-streaming/069ce6964a008934/out/piper_phoneme_streaming-069ce6964a008934)
[INFO] [stdout] 
[INFO] [stdout] running 151 tests
[INFO] [stdout] test compat_espeak::dictionary::lookup::tests::lookup_notaword ... ok
[INFO] [stdout] test compat_espeak::dictionary::lookup::tests::lookup_the ... ok
[INFO] [stdout] test compat_espeak::dictionary::phonemes::tests::decode_empty_gives_star ... ok
[INFO] [stdout] test compat_espeak::dictionary::lookup::tests::lookup_a ... ok
[INFO] [stdout] test compat_espeak::dictionary::lookup::tests::hash_nul_terminated ... ok
[INFO] [stdout] test compat_espeak::dictionary::lookup::tests::hash_a ... ok
[INFO] [stdout] test compat_espeak::dictionary::lookup::tests::hash_hello ... ok
[INFO] [stdout] test compat_espeak::dictionary::file::tests::fr_dict_loads ... ok
[INFO] [stdout] test compat_espeak::dictionary::lookup::tests::hash_empty ... ok
[INFO] [stdout] test compat_espeak::dictionary::file::tests::load_en_dict ... ok
[INFO] [stdout] test compat_espeak::dictionary::file::tests::hash_table_covers_all_buckets ... ok
[INFO] [stdout] test compat_espeak::dictionary::lookup::tests::lookup_is ... ok
[INFO] [stdout] test compat_espeak::dictionary::file::tests::de_dict_loads ... ok
[INFO] [stdout] test compat_espeak::dictionary::file::tests::group1_default_is_some ... ok
[INFO] [stdout] test compat_espeak::dictionary::lookup::tests::lookup_and ... ok
[INFO] [stdout] test compat_espeak::dictionary::rules::tests::hash_word_in_rules ... ok
[INFO] [stdout] test compat_espeak::dictionary::rules::tests::utf8_decode_ascii ... ok
[INFO] [stdout] test compat_espeak::dictionary::rules::tests::utf8_decode_two_byte ... ok
[INFO] [stdout] test compat_espeak::dictionary::stress::tests::world_gets_stress_on_first_vowel ... ok
[INFO] [stdout] test compat_espeak::dictionary::transpose::tests::hash_compressed_a ... ok
[INFO] [stdout] test compat_espeak::dictionary::transpose::tests::transpose_a ... ok
[INFO] [stdout] test compat_espeak::dictionary::transpose::tests::transpose_no_compress ... ok
[INFO] [stdout] test compat_espeak::dictionary::transpose::tests::transpose_none_config ... ok
[INFO] [stdout] test compat_espeak::dictionary::transpose::tests::transpose_the ... ok
[INFO] [stdout] test compat_espeak::dictionary::rules::tests::alphabetic_classification_does_not_truncate_unicode_to_a_byte ... ok
[INFO] [stdout] test compat_espeak::phoneme::feature::tests::feature_alp_sets_palato_alveolar_and_palatal_flag ... ok
[INFO] [stdout] test compat_espeak::phoneme::feature::tests::feature_afr_treated_as_stp ... ok
[INFO] [stdout] test compat_espeak::dictionary::rules::tests::translate_rules_hello ... ok
[INFO] [stdout] test compat_espeak::phoneme::feature::tests::feature_alv_sets_alveolar ... ok
[INFO] [stdout] test compat_espeak::phoneme::feature::tests::display_roundtrips ... ok
[INFO] [stdout] test compat_espeak::dictionary::rules::tests::translate_rules_short_word ... ok
[INFO] [stdout] test compat_espeak::dictionary::stress::tests::hello_gets_stress_on_second_vowel ... ok
[INFO] [stdout] test compat_espeak::dictionary::transpose::tests::cyrillic_privet ... ok
[INFO] [stdout] test compat_espeak::dictionary::transpose::tests::hash_compressed_the ... ok
[INFO] [stdout] test compat_espeak::dictionary::transpose::tests::transpose_hello ... ok
[INFO] [stdout] test compat_espeak::dictionary::phonemes::tests::encode_unknown_gives_zero_and_bad ... ok
[INFO] [stdout] test compat_espeak::dictionary::transpose::tests::cyrillic_basic_mapping ... ok
[INFO] [stdout] test compat_espeak::dictionary::phonemes::tests::encode_decode_roundtrip_pause ... ok
[INFO] [stdout] test compat_espeak::phoneme::feature::tests::feature_blb_sets_bilabial ... ok
[INFO] [stdout] test compat_espeak::dictionary::rules::tests::vietnamese_unicode_vowels_match_both_vowel_groups ... ok
[INFO] [stdout] test compat_espeak::phoneme::feature::tests::feature_pzd_sets_palatal_flag ... ok
[INFO] [stdout] test compat_espeak::phoneme::feature::tests::feature_elg_sets_long ... ok
[INFO] [stdout] test compat_espeak::phoneme::feature::tests::feature_flp_sets_vstop ... ok
[INFO] [stdout] test compat_espeak::phoneme::feature::tests::feature_pal_sets_palatal_place_and_flag ... ok
[INFO] [stdout] test compat_espeak::phoneme::feature::tests::feature_vcd_sets_voiced ... ok
[INFO] [stdout] test compat_espeak::phoneme::feature::tests::feature_vls_sets_voiceless ... ok
[INFO] [stdout] test compat_espeak::phoneme::feature::tests::feature_stp_sets_type ... ok
[INFO] [stdout] test compat_espeak::phoneme::feature::tests::from_str_wrong_length ... ok
[INFO] [stdout] test compat_espeak::phoneme::feature::tests::feature_frc_sets_type ... ok
[INFO] [stdout] test compat_espeak::phoneme::feature::tests::unsupported_features_ok ... ok
[INFO] [stdout] test compat_espeak::phoneme::load::tests::base1_includes_base ... ok
[INFO] [stdout] test compat_espeak::phoneme::load::tests::base_table_phoneme_count ... ok
[INFO] [stdout] test compat_espeak::phoneme::load::tests::find_table_returns_index ... ok
[INFO] [stdout] test compat_espeak::phoneme::feature::tests::feature_nasal_sets_type ... ok
[INFO] [stdout] test compat_espeak::phoneme::feature::tests::feature_vwl_sets_type ... ok
[INFO] [stdout] test compat_espeak::phoneme::feature::tests::feature_nsy_sets_nonsyllabic ... ok
[INFO] [stdout] test compat_espeak::phoneme::feature::tests::from_str_valid ... ok
[INFO] [stdout] test compat_espeak::phoneme::load::tests::table_names_include_base ... ok
[INFO] [stdout] test compat_espeak::phoneme::feature::tests::place_overwrite_clears_previous ... ok
[INFO] [stdout] test compat_espeak::phoneme::load::tests::get_active_table_en ... ok
[INFO] [stdout] test compat_espeak::phoneme::load::tests::load_phdata_basic ... ok
[INFO] [stdout] test compat_espeak::phoneme::table::tests::parse_name_null_padded ... ok
[INFO] [stdout] test compat_espeak::phoneme::table::tests::parse_name_full ... ok
[INFO] [stdout] test compat_espeak::phoneme::load::tests::get_nonexistent_table_errors ... ok
[INFO] [stdout] test compat_espeak::phoneme::feature::tests::feature_trl_sets_trill_flag ... ok
[INFO] [stdout] test compat_espeak::translate::ipa_table::tests::encode_utf8_2byte ... ok
[INFO] [stdout] test compat_espeak::phoneme::load::tests::lookup_unknown_returns_zero ... ok
[INFO] [stdout] test compat_espeak::phoneme::feature::tests::unknown_feature_errors ... ok
[INFO] [stdout] test compat_espeak::phoneme::feature::tests::feature_sib_sets_sibilant_flag ... ok
[INFO] [stdout] test compat_espeak::phoneme::feature::tests::feature_lng_sets_long ... ok
[INFO] [stdout] test compat_espeak::phoneme::table::tests::from_bytes_roundtrip ... ok
[INFO] [stdout] test compat_espeak::phoneme::table::tests::mnemonic_roundtrip_ascii ... ok
[INFO] [stdout] test compat_espeak::translate::ipa_table::tests::ipa1_spot_checks ... ok
[INFO] [stdout] test compat_espeak::phoneme::program::tests::audio_operand_is_not_a_phoneme_change ... ok
[INFO] [stdout] test compat_espeak::translate::ipa_table::tests::override_oU ... ok
[INFO] [stdout] test compat_espeak::translate::ipa_table::tests::mnemonic_ipa_colon ... ok
[INFO] [stdout] test compat_espeak::translate::ipa_table::tests::encode_utf8_ascii ... ok
[INFO] [stdout] test compat_espeak::translate::tests::read_clauses_no_punctuation ... ok
[INFO] [stdout] test compat_espeak::translate::ipa_table::tests::mnemonic_ipa_digit_skipped ... ok
[INFO] [stdout] test compat_espeak::translate::ipa_table::tests::override_O2 ... ok
[INFO] [stdout] test compat_espeak::translate::tests::phonemes_to_ipa_the ... ok
[INFO] [stdout] test compat_espeak::phoneme::program::tests::ipa_payload_does_not_execute_as_a_change_instruction ... ok
[INFO] [stdout] test compat_espeak::translate::ipa_table::tests::mnemonic_ipa_simple ... ok
[INFO] [stdout] test compat_espeak::translate::tests::phonemes_to_ipa_be ... ok
[INFO] [stdout] test compat_espeak::translate::tests::read_clauses_basic ... ok
[INFO] [stdout] test compat_espeak::translate::tests::text_to_ipa_do ... ok
[INFO] [stdout] test compat_espeak::translate::tests::text_to_ipa_be ... ok
[INFO] [stdout] test compat_espeak::translate::tests::text_to_ipa_he ... ok
[INFO] [stdout] test compat_espeak::translate::ipa_table::tests::mnemonic_ipa_hash_vowel ... ok
[INFO] [stdout] test compat_espeak::translate::tests::clause_flags_fields_do_not_overlap ... ok
[INFO] [stdout] test compat_espeak::translate::tests::phonemes_to_ipa_with_stress ... ok
[INFO] [stdout] test compat_espeak::translate::tests::tokenize_apostrophe ... ok
[INFO] [stdout] test compat_espeak::translate::tests::text_to_ipa_the ... ok
[INFO] [stdout] test compat_espeak::phoneme::load::tests::lookup_pause_phoneme ... ok
[INFO] [stdout] test compat_espeak::phoneme::program::tests::truncated_program_and_procedure_recursion_are_bounded ... ok
[INFO] [stdout] test compat_espeak::phoneme::program::tests::stress_is_local_to_each_internal_word_and_previous_marker ... ok
[INFO] [stdout] test compat_espeak::translate::tests::tokenize_empty ... ok
[INFO] [stdout] test compat_espeak::translate::tests::tokenize_hello_world ... ok
[INFO] [stdout] test compat_espeak::translate::tests::tokenize_with_punctuation ... ok
[INFO] [stdout] test compat_espeak::translate::tests::translator_new_default_succeeds ... ok
[INFO] [stdout] test lang_detect::tests::case_current_gap_default_vi_capitalized_vietnamese_words_should_remain_vi ... ok
[INFO] [stdout] test lang_detect::tests::case_current_gap_default_vi_mark_carney_should_switch_to_en ... ok
[INFO] [stdout] test lang_detect::tests::case_current_gap_default_vi_china_should_switch_to_en ... ok
[INFO] [stdout] test expand_tasks::short_dict::tests::test_short_dict_expansion ... ok
[INFO] [stdout] test expand_tasks::rules::tests::test_rules_expand_task_kmh ... ok
[INFO] [stdout] test lang_detect::tests::case_current_gap_default_vi_paris_should_switch_to_en ... ok
[INFO] [stdout] test lang_detect::tests::case_current_gap_default_vi_java_should_switch_to_en ... ok
[INFO] [stdout] test lang_detect::tests::case_current_gap_default_vi_an_should_remain_vi ... ok
[INFO] [stdout] test lang_detect::tests::case_current_gap_default_vi_trung_should_remain_vi ... ok
[INFO] [stdout] test lang_detect::tests::case_current_gap_default_vi_firefox_should_switch_to_en ... ok
[INFO] [stdout] test lang_detect::tests::case_default_en_with_vietnamese_then_english_input ... ok
[INFO] [stdout] test lang_detect::tests::case_default_vi_detects_english_proper_noun_from_enabled_languages ... ok
[INFO] [stdout] test lang_detect::tests::case_en_sentence_with_single_embedded_vi_word ... ok
[INFO] [stdout] test lang_detect::tests::case_mark_does_not_affect_transition_timing ... ok
[INFO] [stdout] test lang_detect::tests::case_default_vi_with_english_then_vietnamese_input ... ok
[INFO] [stdout] test lang_detect::tests::case_en_to_vi_transition ... ok
[INFO] [stdout] test lang_detect::tests::case_number_inherits_vi ... ok
[INFO] [stdout] test lang_detect::tests::case_default_vi_mixed_vietnamese_with_israel_and_hezbollah ... ok
[INFO] [stdout] test lang_detect::tests::case_default_vi_with_english_only_input ... ok
[INFO] [stdout] test lang_detect::tests::case_default_vi_mixed_vietnamese_with_canada_and_alberta ... ok
[INFO] [stdout] test lang_detect::tests::case_current_gap_default_vi_nai_should_remain_vi ... ok
[INFO] [stdout] test lang_detect::tests::case_pure_english ... ok
[INFO] [stdout] test lang_detect::tests::case_number_tracks_language_through_en_to_vi_transition ... ok
[INFO] [stdout] test lang_detect::tests::case_current_gap_default_vi_nam_should_remain_vi ... ok
[INFO] [stdout] test lang_detect::tests::case_default_en_with_vietnamese_only_input ... ok
[INFO] [stdout] test lang_detect::tests::case_current_gap_default_vi_sentence_with_camera_should_switch_camera_to_en ... ok
[INFO] [stdout] test lang_detect::tests::case_current_gap_default_vi_zelensky_should_switch_to_en ... ok
[INFO] [stdout] test lang_detect::tests::detect_languages_empty_text_returns_zero_signal ... ok
[INFO] [stdout] test lang_detect::tests::case_current_gap_default_vi_sentence_with_tieng_anh_should_remain_vi ... ok
[INFO] [stdout] test lang_detect::tests::case_vi_to_en_transition ... ok
[INFO] [stdout] test lang_detect::tests::case_current_gap_default_vi_thanh_should_remain_vi ... ok
[INFO] [stdout] test lang_detect::tests::case_reset_vi_context_then_en ... ok
[INFO] [stdout] test lang_detect::tests::case_mark_inherits_en ... ok
[INFO] [stdout] test text_expand::tests::test_infinite_loop_prevention ... ok
[INFO] [stdout] test lang_detect::tests::case_number_in_vi_then_reset_to_en ... ok
[INFO] [stdout] test lang_detect::tests::case_vi_sentence_with_embedded_en_words ... ok
[INFO] [stdout] test lang_detect::tests::detect_languages_applies_vietnamese_overrides ... ok
[INFO] [stdout] test lang_detect::tests::detect_languages_returns_probabilities_in_requested_order ... ok
[INFO] [stdout] test text_expand::tests::test_text_expand_cases_en ... ok
[INFO] [stdout] test lang_detect::tests::case_mark_inherits_vi ... ok
[INFO] [stdout] test whichlang_model::tests::computes_probabilities_only_for_requested_languages ... ok
[INFO] [stdout] test whichlang_model::tests::detects_english_with_requested_language_probabilities ... ok
[INFO] [stdout] test lang_detect::tests::case_number_does_not_affect_transition_timing ... ok
[INFO] [stdout] test lang_detect::tests::case_number_inherits_en ... ok
[INFO] [stdout] test lang_detect::tests::case_pure_vietnamese ... ok
[INFO] [stdout] test text_expand::tests::test_trailing_abbreviation_at_stream_end ... ok
[INFO] [stdout] test sentence_upgrade::streaming::tests::emits_a_stable_prefix_before_finish ... ok
[INFO] [stdout] test sentence_upgrade::streaming::tests::unresolved_stress_commits_at_the_word_limit ... ok
[INFO] [stdout] test sentence_upgrade::streaming::tests::waits_for_the_following_vowel_before_emitting_linking_r ... ok
[INFO] [stderr]      Running tests/e2e.rs (/opt/rustwide/target/release/build/piper-phoneme-streaming/667d08b7642fbd99/out/e2e-667d08b7642fbd99)
[INFO] [stdout] test sentence_upgrade::streaming::tests::partial_multiword_entry_waits_until_it_can_be_decided ... ok
[INFO] [stdout] test text_expand::tests::test_text_expand_cases_vi ... ok
[INFO] [stdout] 
[INFO] [stdout] test result: ok. 151 passed; 0 failed; 0 ignored; 0 measured; 0 filtered out; finished in 0.10s
[INFO] [stdout] 
[INFO] [stdout] 
[INFO] [stdout] running 2 tests
[INFO] [stdout] test test_en_fixtures ... ok
[INFO] [stdout] test test_vi_fixtures ... ok
[INFO] [stdout] 
[INFO] [stdout] test result: ok. 2 passed; 0 failed; 0 ignored; 0 measured; 0 filtered out; finished in 0.07s
[INFO] [stdout] 
[INFO] [stderr]      Running tests/embedded_data.rs (/opt/rustwide/target/release/build/piper-phoneme-streaming/e243c645c59f5694/out/embedded_data-e243c645c59f5694)
[INFO] [stdout] 
[INFO] [stdout] running 1 test
[INFO] [stdout] test loads_embedded_resources_for_en_and_vi ... ok
[INFO] [stdout] 
[INFO] [stdout] test result: ok. 1 passed; 0 failed; 0 ignored; 0 measured; 0 filtered out; finished in 0.00s
[INFO] [stdout] 
[INFO] [stderr]      Running tests/feedback_rest.rs (/opt/rustwide/target/release/build/piper-phoneme-streaming/77c1fae31af0edd4/out/feedback_rest-77c1fae31af0edd4)
[INFO] [stdout] 
[INFO] [stdout] running 1 test
[INFO] [stderr] error: test failed, to rerun pass `--test feedback_rest`
[INFO] [stdout] test test_rest_feedback_endpoints ... FAILED
[INFO] [stdout] 
[INFO] [stdout] failures:
[INFO] [stdout] 
[INFO] [stdout] ---- test_rest_feedback_endpoints stdout ----
[INFO] [stdout] 
[INFO] [stdout] thread 'test_rest_feedback_endpoints' (1637) panicked at tests/feedback_rest.rs:228:55:
[INFO] [stdout] called `Result::unwrap()` on an `Err` value: Os { code: 30, kind: ReadOnlyFilesystem, message: "Read-only file system" }
[INFO] [stdout] stack backtrace:
[INFO] [stdout]    0:     0x5c140dc69241 - <<std[617be2ca0a6fd877]::sys::backtrace::BacktraceLock>::print::DisplayBacktrace as core[a373ad73a504971]::fmt::Display>::fmt
[INFO] [stdout]    1:     0x5c140dc7e6da - core[a373ad73a504971]::fmt::write
[INFO] [stdout]    2:     0x5c140dc6d6ac - <alloc[2e1b2a31b91974c5]::vec::Vec<u8> as core[a373ad73a504971]::io::write::Write>::write_fmt
[INFO] [stdout]    3:     0x5c140dc43fa6 - std[617be2ca0a6fd877]::panicking::default_hook::{closure#0}
[INFO] [stdout]    4:     0x5c140dc60e49 - std[617be2ca0a6fd877]::panicking::default_hook
[INFO] [stdout]    5:     0x5c140dbba980 - test[aada8e7e76ba119b]::test_main_inner::{closure#0}
[INFO] [stdout]    6:     0x5c140dc61172 - std[617be2ca0a6fd877]::panicking::panic_with_hook
[INFO] [stdout]    7:     0x5c140dc44052 - std[617be2ca0a6fd877]::panicking::panic_handler::{closure#0}
[INFO] [stdout]    8:     0x5c140dc3ca29 - std[617be2ca0a6fd877]::sys::backtrace::__rust_end_short_backtrace::<std[617be2ca0a6fd877]::panicking::panic_handler::{closure#0}, !>
[INFO] [stdout]    9:     0x5c140dc44d4d - __rustc[ea4f61d10b84890b]::rust_begin_unwind
[INFO] [stdout]   10:     0x5c140dc7ee3c - core[a373ad73a504971]::panicking::panic_fmt
[INFO] [stdout]   11:     0x5c140dc7ec12 - core[a373ad73a504971]::result::unwrap_failed
[INFO] [stdout]   12:     0x5c140db6c688 - feedback_rest[961be4a7bf2839fa]::test_rest_feedback_endpoints::{closure#0}
[INFO] [stdout]   13:     0x5c140dba54a3 - <tokio[f3a0897ed3f78b2d]::runtime::scheduler::current_thread::Context>::enter::<core[a373ad73a504971]::task::poll::Poll<()>, <tokio[f3a0897ed3f78b2d]::runtime::scheduler::current_thread::CoreGuard>::block_on<core[a373ad73a504971]::pin::Pin<&mut core[a373ad73a504971]::pin::Pin<&mut dyn core[a373ad73a504971]::future::future::Future<Output = ()>>>>::{closure#0}::{closure#0}>
[INFO] [stdout]   14:     0x5c140dba7d6c - <tokio[f3a0897ed3f78b2d]::runtime::context::scoped::Scoped<tokio[f3a0897ed3f78b2d]::runtime::scheduler::Context>>::set::<<tokio[f3a0897ed3f78b2d]::runtime::scheduler::current_thread::CoreGuard>::enter<<tokio[f3a0897ed3f78b2d]::runtime::scheduler::current_thread::CoreGuard>::block_on<core[a373ad73a504971]::pin::Pin<&mut core[a373ad73a504971]::pin::Pin<&mut dyn core[a373ad73a504971]::future::future::Future<Output = ()>>>>::{closure#0}, core[a373ad73a504971]::option::Option<()>>::{closure#0}, (alloc[2e1b2a31b91974c5]::boxed::Box<tokio[f3a0897ed3f78b2d]::runtime::scheduler::current_thread::Core>, core[a373ad73a504971]::option::Option<()>)>
[INFO] [stdout]   15:     0x5c140dba5bc7 - <tokio[f3a0897ed3f78b2d]::runtime::scheduler::current_thread::CoreGuard>::block_on::<core[a373ad73a504971]::pin::Pin<&mut core[a373ad73a504971]::pin::Pin<&mut dyn core[a373ad73a504971]::future::future::Future<Output = ()>>>>
[INFO] [stdout]   16:     0x5c140db8d477 - tokio[f3a0897ed3f78b2d]::runtime::context::runtime::enter_runtime::<<tokio[f3a0897ed3f78b2d]::runtime::scheduler::current_thread::CurrentThread>::block_on<core[a373ad73a504971]::pin::Pin<&mut dyn core[a373ad73a504971]::future::future::Future<Output = ()>>>::{closure#0}, ()>
[INFO] [stdout]   17:     0x5c140db8b15a - <tokio[f3a0897ed3f78b2d]::runtime::runtime::Runtime>::block_on::<core[a373ad73a504971]::pin::Pin<&mut dyn core[a373ad73a504971]::future::future::Future<Output = ()>>>
[INFO] [stdout]   18:     0x5c140db745ce - <feedback_rest[961be4a7bf2839fa]::test_rest_feedback_endpoints::{closure#0} as core[a373ad73a504971]::ops::function::FnOnce<()>>::call_once
[INFO] [stdout]   19:     0x5c140dbaddcb - test[aada8e7e76ba119b]::__rust_begin_short_backtrace::<core[a373ad73a504971]::result::Result<(), alloc[2e1b2a31b91974c5]::string::String>, fn() -> core[a373ad73a504971]::result::Result<(), alloc[2e1b2a31b91974c5]::string::String>>
[INFO] [stdout]   20:     0x5c140dbbafa5 - test[aada8e7e76ba119b]::run_test::{closure#0}
[INFO] [stdout]   21:     0x5c140dbb4894 - std[617be2ca0a6fd877]::sys::backtrace::__rust_begin_short_backtrace::<test[aada8e7e76ba119b]::run_test::{closure#1}, ()>
[INFO] [stdout]   22:     0x5c140dbbe032 - <std[617be2ca0a6fd877]::thread::lifecycle::spawn_unchecked<test[aada8e7e76ba119b]::run_test::{closure#1}, ()>::{closure#1} as core[a373ad73a504971]::ops::function::FnOnce<()>>::call_once::{shim:vtable#0}
[INFO] [stdout]   23:     0x5c140dc6851f - <std[617be2ca0a6fd877]::sys::thread::unix::Thread>::new::thread_start
[INFO] [stdout]   24:     0x74eed63e8dfa - <unknown>
[INFO] [stdout]   25:     0x74eed647c3d4 - clone
[INFO] [stdout]   26:                0x0 - <unknown>
[INFO] [stdout] 
[INFO] [stdout] 
[INFO] [stdout] failures:
[INFO] [stdout]     test_rest_feedback_endpoints
[INFO] [stdout] 
[INFO] [stdout] test result: FAILED. 0 passed; 1 failed; 0 ignored; 0 measured; 0 filtered out; finished in 0.07s
[INFO] [stdout] 
[INFO] running `Command { std: "docker" "inspect" "3ac2e158d24681d3683bac4a2f5a3d2804f8c219f986daac7fe9c8fdd4cdade7", kill_on_drop: false }`
[INFO] running `Command { std: "docker" "rm" "-f" "3ac2e158d24681d3683bac4a2f5a3d2804f8c219f986daac7fe9c8fdd4cdade7", kill_on_drop: false }`
[INFO] [stdout] 3ac2e158d24681d3683bac4a2f5a3d2804f8c219f986daac7fe9c8fdd4cdade7
