[INFO] fetching crate pipelight_git 0.2.10...
[INFO] testing pipelight_git-0.2.10 against 1.100.0-beta.1+cargoflags=--release for beta-release-1.100-2
[INFO] extracting crate pipelight_git 0.2.10 into /workspace/builds/worker-2-tc2/source
[INFO] started tweaking crates.io crate pipelight_git 0.2.10
[INFO] finished tweaking crates.io crate pipelight_git 0.2.10
[INFO] tweaked toml for crates.io crate pipelight_git 0.2.10 written to /workspace/builds/worker-2-tc2/source/Cargo.toml
[INFO] validating manifest of crates.io crate pipelight_git 0.2.10 on toolchain 1.100.0-beta.1
[INFO] running `Command { std: CARGO_HOME="/workspace/cargo-home" RUSTUP_HOME="/workspace/rustup-home" "/workspace/cargo-home/bin/cargo" "+1.100.0-beta.1" "metadata" "--manifest-path" "Cargo.toml" "--no-deps", kill_on_drop: false }`
[INFO] running `Command { std: CARGO_HOME="/workspace/cargo-home" RUSTUP_HOME="/workspace/rustup-home" "/workspace/cargo-home/bin/cargo" "+1.100.0-beta.1" "generate-lockfile" "--manifest-path" "Cargo.toml", kill_on_drop: false }`
[INFO] [stderr]     Updating crates.io index
[INFO] [stderr]     Blocking waiting for file lock on package cache
[INFO] [stderr]      Locking 286 packages to highest compatible versions
[INFO] [stderr]       Adding colored v2.2.0 (available: v3.1.1)
[INFO] [stderr]       Adding console v0.15.11 (available: v0.16.6)
[INFO] [stderr]       Adding convert_case v0.6.0 (available: v0.12.0)
[INFO] [stderr]       Adding gix v0.68.0 (available: v0.89.0)
[INFO] [stderr]       Adding hcl-rs v0.18.7 (available: v0.19.9)
[INFO] [stderr]       Adding itertools v0.13.0 (available: v0.15.0)
[INFO] [stderr]       Adding rustix v0.38.44 (available: v1.1.5)
[INFO] [stderr]       Adding signal-hook v0.3.18 (available: v0.4.5)
[INFO] [stderr]       Adding strum v0.26.3 (available: v0.28.0)
[INFO] [stderr]       Adding subprocess v0.2.15 (available: v1.2.1)
[INFO] [stderr]       Adding sysinfo v0.31.4 (available: v0.39.6)
[INFO] [stderr]       Adding thiserror v1.0.69 (available: v2.0.21)
[INFO] [stderr]       Adding toml v0.8.23 (available: v1.1.8+spec-1.1.0)
[INFO] running `Command { std: CARGO_HOME="/workspace/cargo-home" RUSTUP_HOME="/workspace/rustup-home" "/workspace/cargo-home/bin/cargo" "+1.100.0-beta.1" "fetch" "--manifest-path" "Cargo.toml", kill_on_drop: false }`
[INFO] [stderr]     Blocking waiting for file lock on package cache
[INFO] running `Command { std: "docker" "create" "-v" "/var/lib/crater-agent-workspace/builds/worker-2-tc2/source:/opt/rustwide/workdir:ro,Z" "-v" "/var/lib/crater-agent-workspace/builds/worker-2-tc2/target:/opt/rustwide/target:rw,Z" "-v" "/var/lib/crater-agent-workspace/cargo-home:/opt/rustwide/cargo-home:ro,Z" "-v" "/var/lib/crater-agent-workspace/rustup-home:/opt/rustwide/rustup-home:ro,Z" "-m" "1610612736" "--network" "none" "ghcr.io/rust-lang/crates-build-env/linux@sha256:77db811e55d90add9212f6832c23229e3de5f1c1f9905e8cb07319ea15df73ac" "sleep" "infinity", kill_on_drop: false }`
[INFO] [stdout] d1c497db8c8959a2387355e45c008bfae77e5988f726dcd21d54a80d871d7bd4
[INFO] running `Command { std: "docker" "start" "d1c497db8c8959a2387355e45c008bfae77e5988f726dcd21d54a80d871d7bd4", kill_on_drop: false }`
[INFO] running `Command { std: "docker" "inspect" "d1c497db8c8959a2387355e45c008bfae77e5988f726dcd21d54a80d871d7bd4", kill_on_drop: false }`
[INFO] running `Command { std: "docker" "exec" "-e" "SOURCE_DIR=/opt/rustwide/workdir" "-e" "CARGO_HOME=/opt/rustwide/cargo-home" "-e" "RUSTUP_HOME=/opt/rustwide/rustup-home" "-e" "CARGO_TARGET_DIR=/opt/rustwide/target" "-w" "/opt/rustwide/workdir" "--user" "0:0" "d1c497db8c8959a2387355e45c008bfae77e5988f726dcd21d54a80d871d7bd4" "/opt/rustwide/cargo-home/bin/cargo" "+1.100.0-beta.1" "metadata" "--no-deps" "--format-version=1", kill_on_drop: false }`
[INFO] running `Command { std: "docker" "inspect" "d1c497db8c8959a2387355e45c008bfae77e5988f726dcd21d54a80d871d7bd4", kill_on_drop: false }`
[INFO] running `Command { std: "docker" "exec" "-e" "SOURCE_DIR=/opt/rustwide/workdir" "-e" "CARGO_HOME=/opt/rustwide/cargo-home" "-e" "RUSTUP_HOME=/opt/rustwide/rustup-home" "-e" "CARGO_TARGET_DIR=/opt/rustwide/target" "-e" "CARGO_INCREMENTAL=0" "-e" "RUST_BACKTRACE=full" "-e" "RUSTFLAGS=--cap-lints=warn" "-e" "RUSTDOCFLAGS=--cap-lints=warn" "-w" "/opt/rustwide/workdir" "--user" "0:0" "d1c497db8c8959a2387355e45c008bfae77e5988f726dcd21d54a80d871d7bd4" "/opt/rustwide/cargo-home/bin/cargo" "+1.100.0-beta.1" "build" "--frozen" "--message-format=json" "--release", kill_on_drop: false }`
[INFO] [stderr]    Compiling smallvec v1.16.3
[INFO] [stderr]    Compiling syn v3.0.9
[INFO] [stderr]    Compiling unicode-normalization v0.1.26
[INFO] [stderr]    Compiling regex-automata v0.4.18
[INFO] [stderr]    Compiling adler2 v2.0.1
[INFO] [stderr]    Compiling simd-adler32 v0.3.10
[INFO] [stderr]    Compiling gix-trace v0.1.21
[INFO] [stderr]    Compiling jiff-core v0.1.1
[INFO] [stderr]    Compiling sha1_smol v1.0.1
[INFO] [stderr]    Compiling getrandom v0.4.3
[INFO] [stderr]    Compiling memmap2 v0.9.11
[INFO] [stderr]    Compiling winnow v0.6.26
[INFO] [stderr]    Compiling gix-trace v0.2.0
[INFO] [stderr]    Compiling hashbrown v0.17.1
[INFO] [stderr]    Compiling hashbrown v0.14.5
[INFO] [stderr]    Compiling syn v2.0.119
[INFO] [stderr]    Compiling faster-hex v0.10.1
[INFO] [stderr]    Compiling futures-sink v0.3.34
[INFO] [stderr]    Compiling miniz_oxide v0.9.1
[INFO] [stderr]    Compiling tempfile v3.27.0
[INFO] [stderr]    Compiling sha1dc v0.1.5
[INFO] [stderr]    Compiling futures-channel v0.3.34
[INFO] [stderr]    Compiling parking_lot_core v0.9.12
[INFO] [stderr]    Compiling winnow v1.0.4
[INFO] [stderr]    Compiling hashbrown v0.16.1
[INFO] [stderr]    Compiling parking_lot v0.12.5
[INFO] [stderr]    Compiling gix-utils v0.1.14
[INFO] [stderr]    Compiling unicode-bom v2.0.3
[INFO] [stderr]    Compiling gix-sec v0.10.12
[INFO] [stderr]    Compiling flate2 v1.1.10
[INFO] [stderr]    Compiling prodash v29.0.2
[INFO] [stderr]    Compiling prodash v31.0.1
[INFO] [stderr]    Compiling indexmap v2.14.2
[INFO] [stderr]    Compiling clru v0.6.3
[INFO] [stderr]    Compiling pratt v0.4.0
[INFO] [stderr]    Compiling signal-hook v0.3.18
[INFO] [stderr]    Compiling arc-swap v1.9.3
[INFO] [stderr]    Compiling jiff v0.2.38
[INFO] [stderr]    Compiling nibble_vec v0.1.0
[INFO] [stderr]    Compiling errno v0.3.14
[INFO] [stderr]    Compiling toml_datetime v0.7.5+spec-1.1.0
[INFO] [stderr]    Compiling gix-sec v0.15.0
[INFO] [stderr]    Compiling endian-type v0.2.0
[INFO] [stderr]    Compiling rustix v0.38.44
[INFO] [stderr]    Compiling radix_trie v0.3.0
[INFO] [stderr]    Compiling nom v7.1.3
[INFO] [stderr]    Compiling signal-hook-registry v1.4.8
[INFO] [stderr]    Compiling serde_json v1.0.154
[INFO] [stderr]    Compiling toml_parser v1.1.5+spec-1.1.0
[INFO] [stderr]    Compiling rayon v1.12.0
[INFO] [stderr]    Compiling dunce v1.0.5
[INFO] [stderr]    Compiling linux-raw-sys v0.4.15
[INFO] [stderr]    Compiling normalize-path v0.2.2
[INFO] [stderr]    Compiling colored v2.2.0
[INFO] [stderr]    Compiling console v0.15.11
[INFO] [stderr]    Compiling convert_case v0.6.0
[INFO] [stderr]    Compiling itertools v0.13.0
[INFO] [stderr]    Compiling toml v0.9.12+spec-1.1.0
[INFO] [stderr]    Compiling subprocess v0.2.15
[INFO] [stderr]    Compiling rev_buf_reader v0.3.0
[INFO] [stderr]    Compiling bstr v1.13.1
[INFO] [stderr]    Compiling miette-derive v7.6.0
[INFO] [stderr]    Compiling tracing-attributes v0.1.31
[INFO] [stderr]    Compiling strum_macros v0.26.4
[INFO] [stderr]    Compiling gix-error v0.4.0
[INFO] [stderr]    Compiling gix-utils v0.4.0
[INFO] [stderr]    Compiling globset v0.4.20
[INFO] [stderr]    Compiling thiserror-impl v1.0.69
[INFO] [stderr]    Compiling synstructure v0.14.0
[INFO] [stderr]    Compiling gix-validate v0.12.0
[INFO] [stderr]    Compiling ignore v0.4.33
[INFO] [stderr]    Compiling gix-path v0.13.0
[INFO] [stderr]    Compiling tracing v0.1.44
[INFO] [stderr]    Compiling sysinfo v0.31.4
[INFO] [stderr]    Compiling thiserror v1.0.69
[INFO] [stderr]    Compiling miette v7.6.0
[INFO] [stderr]    Compiling gix-features v0.50.0
[INFO] [stderr]    Compiling serde_derive v1.0.229
[INFO] [stderr]    Compiling thiserror-impl v2.0.21
[INFO] [stderr]    Compiling zerofrom-derive v0.1.8
[INFO] [stderr]    Compiling yoke-derive v0.8.4
[INFO] [stderr]    Compiling zerovec-derive v0.11.6
[INFO] [stderr]    Compiling displaydoc v0.2.7
[INFO] [stderr]    Compiling gix-fs v0.23.0
[INFO] [stderr]    Compiling gix-hash v0.27.0
[INFO] [stderr]    Compiling futures-macro v0.3.34
[INFO] [stderr]    Compiling zerofrom v0.1.8
[INFO] [stderr]    Compiling gix-date v0.17.0
[INFO] [stderr]    Compiling gix-hashtable v0.17.0
[INFO] [stderr]    Compiling gix-tempfile v25.0.0
[INFO] [stderr]    Compiling tokio-macros v2.7.2
[INFO] [stderr]    Compiling gix-glob v0.28.0
[INFO] [stderr]    Compiling gix-config-value v0.20.0
[INFO] [stderr]    Compiling yoke v0.8.3
[INFO] [stderr]    Compiling futures-util v0.3.34
[INFO] [stderr]    Compiling gix-actor v0.43.0
[INFO] [stderr]    Compiling zerotrie v0.2.5
[INFO] [stderr]    Compiling tokio v1.53.3
[INFO] [stderr]    Compiling zerovec v0.11.8
[INFO] [stderr]    Compiling gix-object v0.65.0
[INFO] [stderr]    Compiling gix-lock v25.0.0
[INFO] [stderr]    Compiling thiserror v2.0.21
[INFO] [stderr]    Compiling strum v0.26.3
[INFO] [stderr]    Compiling gix-validate v0.10.1
[INFO] [stderr]    Compiling gix-date v0.9.4
[INFO] [stderr]    Compiling gix-validate v0.9.4
[INFO] [stderr]    Compiling gix-chunk v0.4.12
[INFO] [stderr]    Compiling gix-quote v0.4.15
[INFO] [stderr]    Compiling gix-path v0.10.22
[INFO] [stderr]    Compiling gix-actor v0.33.2
[INFO] [stderr]    Compiling tinystr v0.8.4
[INFO] [stderr]    Compiling potential_utf v0.1.6
[INFO] [stderr]    Compiling icu_collections v2.3.0
[INFO] [stderr]    Compiling gix-config-value v0.14.12
[INFO] [stderr]    Compiling gix-ref v0.68.0
[INFO] [stderr]    Compiling icu_locale_core v2.3.0
[INFO] [stderr]    Compiling serde v1.0.229
[INFO] [stderr]    Compiling faster-hex v0.9.0
[INFO] [stderr]    Compiling vecmap-rs v0.2.5
[INFO] [stderr]    Compiling gix-hash v0.15.1
[INFO] [stderr]    Compiling hcl-primitives v0.1.12
[INFO] [stderr]    Compiling toml_datetime v0.6.11
[INFO] [stderr]    Compiling gix-features v0.39.1
[INFO] [stderr]    Compiling gix-hashtable v0.6.0
[INFO] [stderr]    Compiling icu_provider v2.3.1
[INFO] [stderr]    Compiling serde_spanned v0.6.9
[INFO] [stderr]    Compiling gix-config v0.61.0
[INFO] [stderr]    Compiling toml_edit v0.22.27
[INFO] [stderr]    Compiling hcl-edit v0.9.8
[INFO] [stderr]    Compiling hcl-edit v0.8.8
[INFO] [stderr]    Compiling serde_yaml v0.9.34+deprecated
[INFO] [stderr]    Compiling iso8601-duration v0.2.0
[INFO] [stderr]    Compiling serde_plain v1.0.2
[INFO] [stderr]    Compiling gix-object v0.46.1
[INFO] [stderr]    Compiling gix-fs v0.12.1
[INFO] [stderr]    Compiling icu_properties v2.3.0
[INFO] [stderr]    Compiling icu_normalizer v2.3.0
[INFO] [stderr]    Compiling gix-commitgraph v0.25.1
[INFO] [stderr]    Compiling tokio-stream v0.1.19
[INFO] [stderr]    Compiling gix-tempfile v15.0.0
[INFO] [stderr]    Compiling gix-lock v15.0.1
[INFO] [stderr]    Compiling gix-glob v0.17.1
[INFO] [stderr]    Compiling futures-executor v0.3.34
[INFO] [stderr]    Compiling futures v0.3.34
[INFO] [stderr]    Compiling project-origins v1.4.4
[INFO] [stderr]    Compiling ignore-files v3.0.8
[INFO] [stderr]    Compiling gix-revwalk v0.17.0
[INFO] [stderr]    Compiling gix-ref v0.49.1
[INFO] [stderr]    Compiling gix-pack v0.55.0
[INFO] [stderr]    Compiling gix-revision v0.31.1
[INFO] [stderr]    Compiling idna_adapter v1.2.2
[INFO] [stderr]    Compiling idna v1.1.0
[INFO] [stderr]    Compiling hcl-rs v0.19.9
[INFO] [stderr]    Compiling gix-refspec v0.27.0
[INFO] [stderr]    Compiling url v2.5.8
[INFO] [stderr]    Compiling gix-discover v0.37.0
[INFO] [stderr]    Compiling gix-odb v0.65.0
[INFO] [stderr]    Compiling gix-url v0.28.2
[INFO] [stderr]    Compiling gix-config v0.42.0
[INFO] [stderr]    Compiling gix-traverse v0.43.1
[INFO] [stderr]    Compiling gix-diff v0.48.0
[INFO] [stderr]    Compiling toml v0.8.23
[INFO] [stderr]    Compiling hcl-rs v0.18.7
[INFO] [stderr]    Compiling pipelight_error v0.2.14
[INFO] [stderr]    Compiling gix v0.68.0
[INFO] [stderr]    Compiling pipelight_git v0.2.10 (/opt/rustwide/workdir)
[INFO] [stderr] warning: unused dependency `colored`
[INFO] [stderr]  --> Cargo.toml:1:15
[INFO] [stderr]   |
[INFO] [stderr] 1 | [dependencies.colored]
[INFO] [stderr]   |               ^^^^^^^^
[INFO] [stderr]   |
[INFO] [stderr]   = note: `cargo::unused_dependencies` is set to `warn` by default
[INFO] [stderr] help: consider removing the dependency on `colored`
[INFO] [stderr] warning: unused dependency `console`
[INFO] [stderr]  --> Cargo.toml:4:15
[INFO] [stderr]   |
[INFO] [stderr] 4 | [dependencies.console]
[INFO] [stderr]   |               ^^^^^^^^
[INFO] [stderr]   |
[INFO] [stderr] help: consider removing the dependency on `console`
[INFO] [stderr] warning: unused dependency `hcl-rs`
[INFO] [stderr]   --> Cargo.toml:14:15
[INFO] [stderr]    |
[INFO] [stderr] 14 | [dependencies.hcl-rs]
[INFO] [stderr]    |               ^^^^^^^
[INFO] [stderr]    |
[INFO] [stderr] help: consider removing the dependency on `hcl-rs`
[INFO] [stderr] warning: unused dependency `ignore-files`
[INFO] [stderr]   --> Cargo.toml:17:15
[INFO] [stderr]    |
[INFO] [stderr] 17 | [dependencies.ignore-files]
[INFO] [stderr]    |               ^^^^^^^^^^^^^
[INFO] [stderr]    |
[INFO] [stderr] help: consider removing the dependency on `ignore-files`
[INFO] [stderr] warning: unused dependency `iso8601-duration`
[INFO] [stderr]   --> Cargo.toml:20:15
[INFO] [stderr]    |
[INFO] [stderr] 20 | [dependencies.iso8601-duration]
[INFO] [stderr]    |               ^^^^^^^^^^^^^^^^^
[INFO] [stderr]    |
[INFO] [stderr] help: consider removing the dependency on `iso8601-duration`
[INFO] [stderr] warning: unused dependency `itertools`
[INFO] [stderr]   --> Cargo.toml:24:15
[INFO] [stderr]    |
[INFO] [stderr] 24 | [dependencies.itertools]
[INFO] [stderr]    |               ^^^^^^^^^^
[INFO] [stderr]    |
[INFO] [stderr] help: consider removing the dependency on `itertools`
[INFO] [stderr] warning: unused dependency `pipelight_error`
[INFO] [stderr]   --> Cargo.toml:36:15
[INFO] [stderr]    |
[INFO] [stderr] 36 | [dependencies.pipelight_error]
[INFO] [stderr]    |               ^^^^^^^^^^^^^^^^
[INFO] [stderr]    |
[INFO] [stderr] help: consider removing the dependency on `pipelight_error`
[INFO] [stderr] warning: unused dependency `rev_buf_reader`
[INFO] [stderr]   --> Cargo.toml:42:15
[INFO] [stderr]    |
[INFO] [stderr] 42 | [dependencies.rev_buf_reader]
[INFO] [stderr]    |               ^^^^^^^^^^^^^^^
[INFO] [stderr]    |
[INFO] [stderr] help: consider removing the dependency on `rev_buf_reader`
[INFO] [stderr] warning: unused dependency `rustix`
[INFO] [stderr]   --> Cargo.toml:45:15
[INFO] [stderr]    |
[INFO] [stderr] 45 | [dependencies.rustix]
[INFO] [stderr]    |               ^^^^^^^
[INFO] [stderr]    |
[INFO] [stderr] help: consider removing the dependency on `rustix`
[INFO] [stderr] warning: unused dependency `signal-hook`
[INFO] [stderr]   --> Cargo.toml:62:15
[INFO] [stderr]    |
[INFO] [stderr] 62 | [dependencies.signal-hook]
[INFO] [stderr]    |               ^^^^^^^^^^^^
[INFO] [stderr]    |
[INFO] [stderr] help: consider removing the dependency on `signal-hook`
[INFO] [stderr] warning: unused dependency `subprocess`
[INFO] [stderr]   --> Cargo.toml:70:15
[INFO] [stderr]    |
[INFO] [stderr] 70 | [dependencies.subprocess]
[INFO] [stderr]    |               ^^^^^^^^^^^
[INFO] [stderr]    |
[INFO] [stderr] help: consider removing the dependency on `subprocess`
[INFO] [stderr] warning: unused dependency `sysinfo`
[INFO] [stderr]   --> Cargo.toml:73:15
[INFO] [stderr]    |
[INFO] [stderr] 73 | [dependencies.sysinfo]
[INFO] [stderr]    |               ^^^^^^^^
[INFO] [stderr]    |
[INFO] [stderr] help: consider removing the dependency on `sysinfo`
[INFO] [stderr] warning: unused dependency `thiserror`
[INFO] [stderr]   --> Cargo.toml:76:15
[INFO] [stderr]    |
[INFO] [stderr] 76 | [dependencies.thiserror]
[INFO] [stderr]    |               ^^^^^^^^^^
[INFO] [stderr]    |
[INFO] [stderr] help: consider removing the dependency on `thiserror`
[INFO] [stderr] warning: unused dependency `toml`
[INFO] [stderr]   --> Cargo.toml:79:15
[INFO] [stderr]    |
[INFO] [stderr] 79 | [dependencies.toml]
[INFO] [stderr]    |               ^^^^^
[INFO] [stderr]    |
[INFO] [stderr] help: consider removing the dependency on `toml`
[INFO] [stderr] warning: `pipelight_git` (manifest) generated 14 warnings
[INFO] [stderr]     Finished `release` profile [optimized] target(s) in 2m 39s
[INFO] running `Command { std: "docker" "inspect" "d1c497db8c8959a2387355e45c008bfae77e5988f726dcd21d54a80d871d7bd4", kill_on_drop: false }`
[INFO] running `Command { std: "docker" "exec" "-e" "SOURCE_DIR=/opt/rustwide/workdir" "-e" "CARGO_HOME=/opt/rustwide/cargo-home" "-e" "RUSTUP_HOME=/opt/rustwide/rustup-home" "-e" "CARGO_TARGET_DIR=/opt/rustwide/target" "-e" "CARGO_INCREMENTAL=0" "-e" "RUST_BACKTRACE=full" "-e" "RUSTFLAGS=--cap-lints=warn" "-e" "RUSTDOCFLAGS=--cap-lints=warn" "-w" "/opt/rustwide/workdir" "--user" "0:0" "d1c497db8c8959a2387355e45c008bfae77e5988f726dcd21d54a80d871d7bd4" "/opt/rustwide/cargo-home/bin/cargo" "+1.100.0-beta.1" "test" "--frozen" "--no-run" "--message-format=json" "--release", kill_on_drop: false }`
[INFO] [stderr]    Compiling pipelight_git v0.2.10 (/opt/rustwide/workdir)
[INFO] [stderr] warning: unused dependency `colored`
[INFO] [stderr]  --> Cargo.toml:1:15
[INFO] [stderr]   |
[INFO] [stderr] 1 | [dependencies.colored]
[INFO] [stderr]   |               ^^^^^^^^
[INFO] [stderr]   |
[INFO] [stderr]   = note: `cargo::unused_dependencies` is set to `warn` by default
[INFO] [stderr] help: consider removing the dependency on `colored`
[INFO] [stderr] warning: unused dependency `console`
[INFO] [stderr]  --> Cargo.toml:4:15
[INFO] [stderr]   |
[INFO] [stderr] 4 | [dependencies.console]
[INFO] [stderr]   |               ^^^^^^^^
[INFO] [stderr]   |
[INFO] [stderr] help: consider removing the dependency on `console`
[INFO] [stderr] warning: unused dependency `hcl-rs`
[INFO] [stderr]   --> Cargo.toml:14:15
[INFO] [stderr]    |
[INFO] [stderr] 14 | [dependencies.hcl-rs]
[INFO] [stderr]    |               ^^^^^^^
[INFO] [stderr]    |
[INFO] [stderr] help: consider removing the dependency on `hcl-rs`
[INFO] [stderr] warning: unused dependency `ignore-files`
[INFO] [stderr]   --> Cargo.toml:17:15
[INFO] [stderr]    |
[INFO] [stderr] 17 | [dependencies.ignore-files]
[INFO] [stderr]    |               ^^^^^^^^^^^^^
[INFO] [stderr]    |
[INFO] [stderr] help: consider removing the dependency on `ignore-files`
[INFO] [stderr] warning: unused dependency `iso8601-duration`
[INFO] [stderr]   --> Cargo.toml:20:15
[INFO] [stderr]    |
[INFO] [stderr] 20 | [dependencies.iso8601-duration]
[INFO] [stderr]    |               ^^^^^^^^^^^^^^^^^
[INFO] [stderr]    |
[INFO] [stderr] help: consider removing the dependency on `iso8601-duration`
[INFO] [stderr] warning: unused dependency `itertools`
[INFO] [stderr]   --> Cargo.toml:24:15
[INFO] [stderr]    |
[INFO] [stderr] 24 | [dependencies.itertools]
[INFO] [stderr]    |               ^^^^^^^^^^
[INFO] [stderr]    |
[INFO] [stderr] help: consider removing the dependency on `itertools`
[INFO] [stderr] warning: unused dependency `pipelight_error`
[INFO] [stderr]   --> Cargo.toml:36:15
[INFO] [stderr]    |
[INFO] [stderr] 36 | [dependencies.pipelight_error]
[INFO] [stderr]    |               ^^^^^^^^^^^^^^^^
[INFO] [stderr]    |
[INFO] [stderr] help: consider removing the dependency on `pipelight_error`
[INFO] [stderr] warning: unused dependency `rev_buf_reader`
[INFO] [stderr]   --> Cargo.toml:42:15
[INFO] [stderr]    |
[INFO] [stderr] 42 | [dependencies.rev_buf_reader]
[INFO] [stderr]    |               ^^^^^^^^^^^^^^^
[INFO] [stderr]    |
[INFO] [stderr] help: consider removing the dependency on `rev_buf_reader`
[INFO] [stderr] warning: unused dependency `rustix`
[INFO] [stderr]   --> Cargo.toml:45:15
[INFO] [stderr]    |
[INFO] [stderr] 45 | [dependencies.rustix]
[INFO] [stderr]    |               ^^^^^^^
[INFO] [stderr]    |
[INFO] [stderr] help: consider removing the dependency on `rustix`
[INFO] [stderr] warning: unused dependency `signal-hook`
[INFO] [stderr]   --> Cargo.toml:62:15
[INFO] [stderr]    |
[INFO] [stderr] 62 | [dependencies.signal-hook]
[INFO] [stderr]    |               ^^^^^^^^^^^^
[INFO] [stderr]    |
[INFO] [stderr] help: consider removing the dependency on `signal-hook`
[INFO] [stderr] warning: unused dependency `subprocess`
[INFO] [stderr]   --> Cargo.toml:70:15
[INFO] [stderr]    |
[INFO] [stderr] 70 | [dependencies.subprocess]
[INFO] [stderr]    |               ^^^^^^^^^^^
[INFO] [stderr]    |
[INFO] [stderr] help: consider removing the dependency on `subprocess`
[INFO] [stderr] warning: unused dependency `sysinfo`
[INFO] [stderr]   --> Cargo.toml:73:15
[INFO] [stderr]    |
[INFO] [stderr] 73 | [dependencies.sysinfo]
[INFO] [stderr]    |               ^^^^^^^^
[INFO] [stderr]    |
[INFO] [stderr] help: consider removing the dependency on `sysinfo`
[INFO] [stderr] warning: unused dependency `thiserror`
[INFO] [stderr]   --> Cargo.toml:76:15
[INFO] [stderr]    |
[INFO] [stderr] 76 | [dependencies.thiserror]
[INFO] [stderr]    |               ^^^^^^^^^^
[INFO] [stderr]    |
[INFO] [stderr] help: consider removing the dependency on `thiserror`
[INFO] [stderr] warning: unused dependency `toml`
[INFO] [stderr]   --> Cargo.toml:79:15
[INFO] [stderr]    |
[INFO] [stderr] 79 | [dependencies.toml]
[INFO] [stderr]    |               ^^^^^
[INFO] [stderr]    |
[INFO] [stderr] help: consider removing the dependency on `toml`
[INFO] [stderr] warning: `pipelight_git` (manifest) generated 14 warnings
[INFO] [stderr]     Finished `release` profile [optimized] target(s) in 2.18s
[INFO] running `Command { std: "docker" "inspect" "d1c497db8c8959a2387355e45c008bfae77e5988f726dcd21d54a80d871d7bd4", kill_on_drop: false }`
[INFO] running `Command { std: "docker" "exec" "-e" "SOURCE_DIR=/opt/rustwide/workdir" "-e" "CARGO_HOME=/opt/rustwide/cargo-home" "-e" "RUSTUP_HOME=/opt/rustwide/rustup-home" "-e" "CARGO_TARGET_DIR=/opt/rustwide/target" "-e" "CARGO_INCREMENTAL=0" "-e" "RUST_BACKTRACE=full" "-e" "RUSTFLAGS=--cap-lints=warn" "-e" "RUSTDOCFLAGS=--cap-lints=warn" "-w" "/opt/rustwide/workdir" "--user" "0:0" "d1c497db8c8959a2387355e45c008bfae77e5988f726dcd21d54a80d871d7bd4" "/opt/rustwide/cargo-home/bin/cargo" "+1.100.0-beta.1" "test" "--frozen" "--release", kill_on_drop: false }`
[INFO] [stderr] warning: unused dependency `colored`
[INFO] [stderr]  --> Cargo.toml:1:15
[INFO] [stderr]   |
[INFO] [stderr] 1 | [dependencies.colored]
[INFO] [stderr]   |               ^^^^^^^^
[INFO] [stderr]   |
[INFO] [stderr]   = note: `cargo::unused_dependencies` is set to `warn` by default
[INFO] [stderr] help: consider removing the dependency on `colored`
[INFO] [stderr] warning: unused dependency `console`
[INFO] [stderr]  --> Cargo.toml:4:15
[INFO] [stderr]   |
[INFO] [stderr] 4 | [dependencies.console]
[INFO] [stderr]   |               ^^^^^^^^
[INFO] [stderr]   |
[INFO] [stderr] help: consider removing the dependency on `console`
[INFO] [stderr] warning: unused dependency `hcl-rs`
[INFO] [stderr]   --> Cargo.toml:14:15
[INFO] [stderr]    |
[INFO] [stderr] 14 | [dependencies.hcl-rs]
[INFO] [stderr]    |               ^^^^^^^
[INFO] [stderr]    |
[INFO] [stderr] help: consider removing the dependency on `hcl-rs`
[INFO] [stderr] warning: unused dependency `ignore-files`
[INFO] [stderr]   --> Cargo.toml:17:15
[INFO] [stderr]    |
[INFO] [stderr] 17 | [dependencies.ignore-files]
[INFO] [stderr]    |               ^^^^^^^^^^^^^
[INFO] [stderr]    |
[INFO] [stderr] help: consider removing the dependency on `ignore-files`
[INFO] [stderr] warning: unused dependency `iso8601-duration`
[INFO] [stderr]   --> Cargo.toml:20:15
[INFO] [stderr]    |
[INFO] [stderr] 20 | [dependencies.iso8601-duration]
[INFO] [stderr]    |               ^^^^^^^^^^^^^^^^^
[INFO] [stderr]    |
[INFO] [stderr] help: consider removing the dependency on `iso8601-duration`
[INFO] [stderr] warning: unused dependency `itertools`
[INFO] [stderr]   --> Cargo.toml:24:15
[INFO] [stderr]    |
[INFO] [stderr] 24 | [dependencies.itertools]
[INFO] [stderr]    |               ^^^^^^^^^^
[INFO] [stderr]    |
[INFO] [stderr] help: consider removing the dependency on `itertools`
[INFO] [stderr] warning: unused dependency `pipelight_error`
[INFO] [stderr]   --> Cargo.toml:36:15
[INFO] [stderr]    |
[INFO] [stderr] 36 | [dependencies.pipelight_error]
[INFO] [stderr]    |               ^^^^^^^^^^^^^^^^
[INFO] [stderr]    |
[INFO] [stderr] help: consider removing the dependency on `pipelight_error`
[INFO] [stderr] warning: unused dependency `rev_buf_reader`
[INFO] [stderr]   --> Cargo.toml:42:15
[INFO] [stderr]    |
[INFO] [stderr] 42 | [dependencies.rev_buf_reader]
[INFO] [stderr]    |               ^^^^^^^^^^^^^^^
[INFO] [stderr]    |
[INFO] [stderr] help: consider removing the dependency on `rev_buf_reader`
[INFO] [stderr] warning: unused dependency `rustix`
[INFO] [stderr]   --> Cargo.toml:45:15
[INFO] [stderr]    |
[INFO] [stderr] 45 | [dependencies.rustix]
[INFO] [stderr]    |               ^^^^^^^
[INFO] [stderr]    |
[INFO] [stderr] help: consider removing the dependency on `rustix`
[INFO] [stderr] warning: unused dependency `signal-hook`
[INFO] [stderr]   --> Cargo.toml:62:15
[INFO] [stderr]    |
[INFO] [stderr] 62 | [dependencies.signal-hook]
[INFO] [stderr]    |               ^^^^^^^^^^^^
[INFO] [stderr]    |
[INFO] [stderr] help: consider removing the dependency on `signal-hook`
[INFO] [stderr] warning: unused dependency `subprocess`
[INFO] [stderr]   --> Cargo.toml:70:15
[INFO] [stderr]    |
[INFO] [stderr] 70 | [dependencies.subprocess]
[INFO] [stderr]    |               ^^^^^^^^^^^
[INFO] [stderr]    |
[INFO] [stderr] help: consider removing the dependency on `subprocess`
[INFO] [stderr] warning: unused dependency `sysinfo`
[INFO] [stderr]   --> Cargo.toml:73:15
[INFO] [stderr]    |
[INFO] [stderr] 73 | [dependencies.sysinfo]
[INFO] [stderr]    |               ^^^^^^^^
[INFO] [stderr]    |
[INFO] [stderr] help: consider removing the dependency on `sysinfo`
[INFO] [stderr] warning: unused dependency `thiserror`
[INFO] [stderr]   --> Cargo.toml:76:15
[INFO] [stderr]    |
[INFO] [stderr] 76 | [dependencies.thiserror]
[INFO] [stderr]    |               ^^^^^^^^^^
[INFO] [stderr]    |
[INFO] [stderr] help: consider removing the dependency on `thiserror`
[INFO] [stderr] warning: unused dependency `toml`
[INFO] [stderr]   --> Cargo.toml:79:15
[INFO] [stderr]    |
[INFO] [stderr] 79 | [dependencies.toml]
[INFO] [stderr]    |               ^^^^^
[INFO] [stderr]    |
[INFO] [stderr] help: consider removing the dependency on `toml`
[INFO] [stderr] warning: `pipelight_git` (manifest) generated 14 warnings
[INFO] [stderr]     Finished `release` profile [optimized] target(s) in 0.26s
[INFO] [stderr]      Running unittests src/lib.rs (/opt/rustwide/target/release/build/pipelight_git/62eb9d5de733f687/out/pipelight_git-62eb9d5de733f687)
[INFO] [stdout] 
[INFO] [stdout] running 6 tests
[INFO] [stdout] test traits::test::from_trait::special_to_string ... ok
[INFO] [stdout] test traits::test::from_trait::string_to_hook ... ok
[INFO] [stdout] test traits::test::from_trait::bad_string_to_flag - should panic ... ok
[INFO] [stdout] test git_query::test::get_repo_tag ... FAILED
[INFO] [stdout] test traits::test::from_trait::hook_to_string ... ok
[INFO] [stdout] test git_query::test::get_repo_branch ... FAILED
[INFO] [stdout] 
[INFO] [stdout] failures:
[INFO] [stdout] 
[INFO] [stdout] ---- git_query::test::get_repo_tag stdout ----
[INFO] [stdout] 
[INFO] [stdout] thread 'git_query::test::get_repo_tag' (3017) panicked at src/git_query.rs:30:39:
[INFO] [stdout] called `Option::unwrap()` on a `None` value
[INFO] [stdout] stack backtrace:
[INFO] [stdout]    0:     0x61b5870605a1 - <<std[617be2ca0a6fd877]::sys::backtrace::BacktraceLock>::print::DisplayBacktrace as core[a373ad73a504971]::fmt::Display>::fmt
[INFO] [stdout]    1:     0x61b587076a3a - core[a373ad73a504971]::fmt::write
[INFO] [stdout]    2:     0x61b587064aac - <alloc[2e1b2a31b91974c5]::vec::Vec<u8> as core[a373ad73a504971]::io::write::Write>::write_fmt
[INFO] [stdout]    3:     0x61b58703a916 - std[617be2ca0a6fd877]::panicking::default_hook::{closure#0}
[INFO] [stdout]    4:     0x61b5870583e9 - std[617be2ca0a6fd877]::panicking::default_hook
[INFO] [stdout]    5:     0x61b586f44f20 - test[aada8e7e76ba119b]::test_main_inner::{closure#0}
[INFO] [stdout]    6:     0x61b5870585a2 - std[617be2ca0a6fd877]::panicking::panic_with_hook
[INFO] [stdout]    7:     0x61b58703a9f4 - std[617be2ca0a6fd877]::panicking::panic_handler::{closure#0}
[INFO] [stdout]    8:     0x61b5870334a9 - std[617be2ca0a6fd877]::sys::backtrace::__rust_end_short_backtrace::<std[617be2ca0a6fd877]::panicking::panic_handler::{closure#0}, !>
[INFO] [stdout]    9:     0x61b58703b5cd - __rustc[ea4f61d10b84890b]::rust_begin_unwind
[INFO] [stdout]   10:     0x61b58707721c - core[a373ad73a504971]::panicking::panic_fmt
[INFO] [stdout]   11:     0x61b5870771e2 - core[a373ad73a504971]::panicking::panic
[INFO] [stdout]   12:     0x61b587076f99 - core[a373ad73a504971]::option::unwrap_failed
[INFO] [stdout]   13:     0x61b586f2be60 - <pipelight_git[faca06aba34dbc23]::types::Git>::get_tag
[INFO] [stdout]   14:     0x61b586f3419c - <pipelight_git[faca06aba34dbc23]::git_query::test::get_repo_tag::{closure#0} as core[a373ad73a504971]::ops::function::FnOnce<()>>::call_once
[INFO] [stdout]   15:     0x61b586f3836b - test[aada8e7e76ba119b]::__rust_begin_short_backtrace::<core[a373ad73a504971]::result::Result<(), alloc[2e1b2a31b91974c5]::string::String>, fn() -> core[a373ad73a504971]::result::Result<(), alloc[2e1b2a31b91974c5]::string::String>>
[INFO] [stdout]   16:     0x61b586f45545 - test[aada8e7e76ba119b]::run_test::{closure#0}
[INFO] [stdout]   17:     0x61b586f3ee34 - std[617be2ca0a6fd877]::sys::backtrace::__rust_begin_short_backtrace::<test[aada8e7e76ba119b]::run_test::{closure#1}, ()>
[INFO] [stdout]   18:     0x61b586f485d2 - <std[617be2ca0a6fd877]::thread::lifecycle::spawn_unchecked<test[aada8e7e76ba119b]::run_test::{closure#1}, ()>::{closure#1} as core[a373ad73a504971]::ops::function::FnOnce<()>>::call_once::{shim:vtable#0}
[INFO] [stdout]   19:     0x61b58705faef - <std[617be2ca0a6fd877]::sys::thread::unix::Thread>::new::thread_start
[INFO] [stdout]   20:     0x71a815b2fdfa - <unknown>
[INFO] [stdout]   21:     0x71a815bc33d4 - clone
[INFO] [stdout]   22:                0x0 - <unknown>
[INFO] [stdout] 
[INFO] [stdout] ---- git_query::test::get_repo_branch stdout ----
[INFO] [stdout] 
[INFO] [stdout] thread 'git_query::test::get_repo_branch' (3016) panicked at src/git_query.rs:19:39:
[INFO] [stdout] called `Option::unwrap()` on a `None` value
[INFO] [stdout] stack backtrace:
[INFO] [stdout]    0:     0x61b5870605a1 - <<std[617be2ca0a6fd877]::sys::backtrace::BacktraceLock>::print::DisplayBacktrace as core[a373ad73a504971]::fmt::Display>::fmt
[INFO] [stdout]    1:     0x61b587076a3a - core[a373ad73a504971]::fmt::write
[INFO] [stdout]    2:     0x61b587064aac - <alloc[2e1b2a31b91974c5]::vec::Vec<u8> as core[a373ad73a504971]::io::write::Write>::write_fmt
[INFO] [stdout]    3:     0x61b58703a916 - std[617be2ca0a6fd877]::panicking::default_hook::{closure#0}
[INFO] [stdout]    4:     0x61b5870583e9 - std[617be2ca0a6fd877]::panicking::default_hook
[INFO] [stdout]    5:     0x61b586f44f20 - test[aada8e7e76ba119b]::test_main_inner::{closure#0}
[INFO] [stdout]    6:     0x61b5870585a2 - std[617be2ca0a6fd877]::panicking::panic_with_hook
[INFO] [stdout]    7:     0x61b58703a9f4 - std[617be2ca0a6fd877]::panicking::panic_handler::{closure#0}
[INFO] [stdout]    8:     0x61b5870334a9 - std[617be2ca0a6fd877]::sys::backtrace::__rust_end_short_backtrace::<std[617be2ca0a6fd877]::panicking::panic_handler::{closure#0}, !>
[INFO] [stdout]    9:     0x61b58703b5cd - __rustc[ea4f61d10b84890b]::rust_begin_unwind
[INFO] [stdout]   10:     0x61b58707721c - core[a373ad73a504971]::panicking::panic_fmt
[INFO] [stdout]   11:     0x61b5870771e2 - core[a373ad73a504971]::panicking::panic
[INFO] [stdout]   12:     0x61b587076f99 - core[a373ad73a504971]::option::unwrap_failed
[INFO] [stdout]   13:     0x61b586f2b6e2 - <pipelight_git[faca06aba34dbc23]::types::Git>::get_branch
[INFO] [stdout]   14:     0x61b586f3431c - <pipelight_git[faca06aba34dbc23]::git_query::test::get_repo_branch::{closure#0} as core[a373ad73a504971]::ops::function::FnOnce<()>>::call_once
[INFO] [stdout]   15:     0x61b586f3836b - test[aada8e7e76ba119b]::__rust_begin_short_backtrace::<core[a373ad73a504971]::result::Result<(), alloc[2e1b2a31b91974c5]::string::String>, fn() -> core[a373ad73a504971]::result::Result<(), alloc[2e1b2a31b91974c5]::string::String>>
[INFO] [stdout]   16:     0x61b586f45545 - test[aada8e7e76ba119b]::run_test::{closure#0}
[INFO] [stdout]   17:     0x61b586f3ee34 - std[617be2ca0a6fd877]::sys::backtrace::__rust_begin_short_backtrace::<test[aada8e7e76ba119b]::run_test::{closure#1}, ()>
[INFO] [stdout]   18:     0x61b586f485d2 - <std[617be2ca0a6fd877]::thread::lifecycle::spawn_unchecked<test[aada8e7e76ba119b]::run_test::{closure#1}, ()>::{closure#1} as core[a373ad73a504971]::ops::function::FnOnce<()>>::call_once::{shim:vtable#0}
[INFO] [stdout]   19:     0x61b58705faef - <std[617be2ca0a6fd877]::sys::thread::unix::Thread>::new::thread_start
[INFO] [stdout]   20:     0x71a815b2fdfa - <unknown>
[INFO] [stdout]   21:     0x71a815bc33d4 - clone
[INFO] [stdout]   22:                0x0 - <unknown>
[INFO] [stdout] 
[INFO] [stdout] 
[INFO] [stdout] failures:
[INFO] [stdout]     git_query::test::get_repo_branch
[INFO] [stdout]     git_query::test::get_repo_tag
[INFO] [stdout] 
[INFO] [stdout] test result: FAILED. 4 passed; 2 failed; 0 ignored; 0 measured; 0 filtered out; finished in 0.00s
[INFO] [stdout] 
[INFO] [stderr] error: test failed, to rerun pass `--lib`
[INFO] running `Command { std: "docker" "inspect" "d1c497db8c8959a2387355e45c008bfae77e5988f726dcd21d54a80d871d7bd4", kill_on_drop: false }`
[INFO] running `Command { std: "docker" "rm" "-f" "d1c497db8c8959a2387355e45c008bfae77e5988f726dcd21d54a80d871d7bd4", kill_on_drop: false }`
[INFO] [stdout] d1c497db8c8959a2387355e45c008bfae77e5988f726dcd21d54a80d871d7bd4
