[INFO] fetching crate pingora-header-serde 0.9.0...
[INFO] testing pingora-header-serde-0.9.0 against 1.99.0-beta.8+cargoflags=--release for beta-release-1.100-2
[INFO] extracting crate pingora-header-serde 0.9.0 into /workspace/builds/worker-6-tc1/source
[INFO] started tweaking crates.io crate pingora-header-serde 0.9.0
[INFO] finished tweaking crates.io crate pingora-header-serde 0.9.0
[INFO] tweaked toml for crates.io crate pingora-header-serde 0.9.0 written to /workspace/builds/worker-6-tc1/source/Cargo.toml
[INFO] validating manifest of crates.io crate pingora-header-serde 0.9.0 on toolchain 1.99.0-beta.8
[INFO] running `Command { std: CARGO_HOME="/workspace/cargo-home" RUSTUP_HOME="/workspace/rustup-home" "/workspace/cargo-home/bin/cargo" "+1.99.0-beta.8" "metadata" "--manifest-path" "Cargo.toml" "--no-deps", kill_on_drop: false }`
[INFO] crate crates.io crate pingora-header-serde 0.9.0 already has a lockfile, it will not be regenerated
[INFO] running `Command { std: CARGO_HOME="/workspace/cargo-home" RUSTUP_HOME="/workspace/rustup-home" "/workspace/cargo-home/bin/cargo" "+1.99.0-beta.8" "fetch" "--manifest-path" "Cargo.toml", kill_on_drop: false }`
[INFO] [stderr]     Updating crates.io index
[INFO] [stderr]  Downloading crates ...
[INFO] [stderr]   Downloaded pingora-error v0.9.0
[INFO] [stderr]   Downloaded pingora-http v0.9.0
[INFO] running `Command { std: "docker" "create" "-v" "/var/lib/crater-agent-workspace/builds/worker-6-tc1/source:/opt/rustwide/workdir:ro,Z" "-v" "/var/lib/crater-agent-workspace/builds/worker-6-tc1/target:/opt/rustwide/target:rw,Z" "-v" "/var/lib/crater-agent-workspace/cargo-home:/opt/rustwide/cargo-home:ro,Z" "-v" "/var/lib/crater-agent-workspace/rustup-home:/opt/rustwide/rustup-home:ro,Z" "-m" "1610612736" "--network" "none" "ghcr.io/rust-lang/crates-build-env/linux@sha256:77db811e55d90add9212f6832c23229e3de5f1c1f9905e8cb07319ea15df73ac" "sleep" "infinity", kill_on_drop: false }`
[INFO] [stdout] 66091399b257d9ee3237aad5268d17b0159973350c695a2cc3ecd0b62cba0983
[INFO] running `Command { std: "docker" "start" "66091399b257d9ee3237aad5268d17b0159973350c695a2cc3ecd0b62cba0983", kill_on_drop: false }`
[INFO] running `Command { std: "docker" "inspect" "66091399b257d9ee3237aad5268d17b0159973350c695a2cc3ecd0b62cba0983", kill_on_drop: false }`
[INFO] running `Command { std: "docker" "exec" "-e" "SOURCE_DIR=/opt/rustwide/workdir" "-e" "CARGO_HOME=/opt/rustwide/cargo-home" "-e" "RUSTUP_HOME=/opt/rustwide/rustup-home" "-e" "CARGO_TARGET_DIR=/opt/rustwide/target" "-w" "/opt/rustwide/workdir" "--user" "0:0" "66091399b257d9ee3237aad5268d17b0159973350c695a2cc3ecd0b62cba0983" "/opt/rustwide/cargo-home/bin/cargo" "+1.99.0-beta.8" "metadata" "--no-deps" "--format-version=1", kill_on_drop: false }`
[INFO] running `Command { std: "docker" "inspect" "66091399b257d9ee3237aad5268d17b0159973350c695a2cc3ecd0b62cba0983", kill_on_drop: false }`
[INFO] running `Command { std: "docker" "exec" "-e" "SOURCE_DIR=/opt/rustwide/workdir" "-e" "CARGO_HOME=/opt/rustwide/cargo-home" "-e" "RUSTUP_HOME=/opt/rustwide/rustup-home" "-e" "CARGO_TARGET_DIR=/opt/rustwide/target" "-e" "CARGO_INCREMENTAL=0" "-e" "RUST_BACKTRACE=full" "-e" "RUSTFLAGS=--cap-lints=warn" "-e" "RUSTDOCFLAGS=--cap-lints=warn" "-w" "/opt/rustwide/workdir" "--user" "0:0" "66091399b257d9ee3237aad5268d17b0159973350c695a2cc3ecd0b62cba0983" "/opt/rustwide/cargo-home/bin/cargo" "+1.99.0-beta.8" "build" "--frozen" "--message-format=json" "--release", kill_on_drop: false }`
[INFO] [stderr]    Compiling zstd-safe v7.3.0
[INFO] [stderr]    Compiling pingora-error v0.9.0
[INFO] [stderr]    Compiling thread_local v1.1.10
[INFO] [stderr]    Compiling cc v1.4.5
[INFO] [stderr]    Compiling pingora-http v0.9.0
[INFO] [stderr]    Compiling zstd-sys v2.1.0+zstd.1.5.7
[INFO] [stderr]    Compiling zstd v0.13.3
[INFO] [stderr]    Compiling pingora-header-serde v0.9.0 (/opt/rustwide/workdir)
[INFO] [stderr]     Finished `release` profile [optimized] target(s) in 43.81s
[INFO] running `Command { std: "docker" "inspect" "66091399b257d9ee3237aad5268d17b0159973350c695a2cc3ecd0b62cba0983", kill_on_drop: false }`
[INFO] running `Command { std: "docker" "exec" "-e" "SOURCE_DIR=/opt/rustwide/workdir" "-e" "CARGO_HOME=/opt/rustwide/cargo-home" "-e" "RUSTUP_HOME=/opt/rustwide/rustup-home" "-e" "CARGO_TARGET_DIR=/opt/rustwide/target" "-e" "CARGO_INCREMENTAL=0" "-e" "RUST_BACKTRACE=full" "-e" "RUSTFLAGS=--cap-lints=warn" "-e" "RUSTDOCFLAGS=--cap-lints=warn" "-w" "/opt/rustwide/workdir" "--user" "0:0" "66091399b257d9ee3237aad5268d17b0159973350c695a2cc3ecd0b62cba0983" "/opt/rustwide/cargo-home/bin/cargo" "+1.99.0-beta.8" "test" "--frozen" "--no-run" "--message-format=json" "--release", kill_on_drop: false }`
[INFO] [stderr]    Compiling pingora-header-serde v0.9.0 (/opt/rustwide/workdir)
[INFO] [stderr]     Finished `release` profile [optimized] target(s) in 1.30s
[INFO] running `Command { std: "docker" "inspect" "66091399b257d9ee3237aad5268d17b0159973350c695a2cc3ecd0b62cba0983", kill_on_drop: false }`
[INFO] running `Command { std: "docker" "exec" "-e" "SOURCE_DIR=/opt/rustwide/workdir" "-e" "CARGO_HOME=/opt/rustwide/cargo-home" "-e" "RUSTUP_HOME=/opt/rustwide/rustup-home" "-e" "CARGO_TARGET_DIR=/opt/rustwide/target" "-e" "CARGO_INCREMENTAL=0" "-e" "RUST_BACKTRACE=full" "-e" "RUSTFLAGS=--cap-lints=warn" "-e" "RUSTDOCFLAGS=--cap-lints=warn" "-w" "/opt/rustwide/workdir" "--user" "0:0" "66091399b257d9ee3237aad5268d17b0159973350c695a2cc3ecd0b62cba0983" "/opt/rustwide/cargo-home/bin/cargo" "+1.99.0-beta.8" "test" "--frozen" "--release", kill_on_drop: false }`
[INFO] [stderr]     Finished `release` profile [optimized] target(s) in 0.03s
[INFO] [stderr]      Running unittests src/lib.rs (/opt/rustwide/target/release/deps/pingora_header_serde-5d097aae15685e4a)
[INFO] [stdout] 
[INFO] [stdout] running 9 tests
[INFO] [stdout] test dict::test::test_ser_de_with_dict ... FAILED
[INFO] [stdout] test tests::test_empty_header_wire_format ... ok
[INFO] [stdout] test dict::test::test_deserialize_with_dict ... FAILED
[INFO] [stdout] test dict::test::test_ser_with_dict ... FAILED
[INFO] [stdout] test tests::test_no_headers ... ok
[INFO] [stdout] test tests::test_parsing_multiline_header ... ok
[INFO] [stdout] test tests::test_serialize_deserialize_multiline_header ... ok
[INFO] [stdout] test tests::test_ser_wo_dict ... ok
[INFO] [stdout] test tests::test_ser_de_no_dict ... ok
[INFO] [stderr] error: test failed, to rerun pass `--lib`
[INFO] [stdout] 
[INFO] [stdout] failures:
[INFO] [stdout] 
[INFO] [stdout] ---- dict::test::test_ser_de_with_dict stdout ----
[INFO] [stdout] 
[INFO] [stdout] thread 'dict::test::test_ser_de_with_dict' (480) panicked at src/dict.rs:26:10:
[INFO] [stdout] called `Result::unwrap()` on an `Err` value: Os { code: 2, kind: NotFound, message: "No such file or directory" }
[INFO] [stdout] stack backtrace:
[INFO] [stdout]    0:     0x57785a01a451 - <<std[70759c8f55707aa4]::sys::backtrace::BacktraceLock>::print::DisplayBacktrace as core[df12db4294e9bfd3]::fmt::Display>::fmt
[INFO] [stdout]    1:     0x57785a02f7da - core[df12db4294e9bfd3]::fmt::write
[INFO] [stdout]    2:     0x57785a01ebbc - <alloc[2182bb758b4b3781]::vec::Vec<u8> as core[df12db4294e9bfd3]::io::write::Write>::write_fmt
[INFO] [stdout]    3:     0x577859ff65e6 - std[70759c8f55707aa4]::panicking::default_hook::{closure#0}
[INFO] [stdout]    4:     0x57785a0129a9 - std[70759c8f55707aa4]::panicking::default_hook
[INFO] [stdout]    5:     0x577859ed78f0 - test[9d35eded1c95d3be]::test_main_inner::<test[9d35eded1c95d3be]::test_main_static::{closure#0}>::{closure#0}
[INFO] [stdout]    6:     0x57785a012b62 - std[70759c8f55707aa4]::panicking::panic_with_hook
[INFO] [stdout]    7:     0x577859ff6692 - std[70759c8f55707aa4]::panicking::panic_handler::{closure#0}
[INFO] [stdout]    8:     0x577859fef379 - std[70759c8f55707aa4]::sys::backtrace::__rust_end_short_backtrace::<std[70759c8f55707aa4]::panicking::panic_handler::{closure#0}, !>
[INFO] [stdout]    9:     0x577859ff728d - __rustc[8fa7c3cbc660c2b3]::rust_begin_unwind
[INFO] [stdout]   10:     0x57785a02ff0c - core[df12db4294e9bfd3]::panicking::panic_fmt
[INFO] [stdout]   11:     0x57785a02fce2 - core[df12db4294e9bfd3]::result::unwrap_failed
[INFO] [stdout]   12:     0x577859ebba3e - pingora_header_serde[42d9f28331e28946]::dict::train::<std[70759c8f55707aa4]::path::PathBuf>
[INFO] [stdout]   13:     0x577859ec5b4a - pingora_header_serde[42d9f28331e28946]::dict::test::gen_test_dict
[INFO] [stdout]   14:     0x577859ec68fc - pingora_header_serde[42d9f28331e28946]::dict::test::test_ser_de_with_dict
[INFO] [stdout]   15:     0x577859ec25a9 - <pingora_header_serde[42d9f28331e28946]::dict::test::test_ser_de_with_dict::{closure#0} as core[df12db4294e9bfd3]::ops::function::FnOnce<()>>::call_once
[INFO] [stdout]   16:     0x577859ecabdb - test[9d35eded1c95d3be]::__rust_begin_short_backtrace::<core[df12db4294e9bfd3]::result::Result<(), alloc[2182bb758b4b3781]::string::String>, fn() -> core[df12db4294e9bfd3]::result::Result<(), alloc[2182bb758b4b3781]::string::String>>
[INFO] [stdout]   17:     0x577859ed8245 - test[9d35eded1c95d3be]::run_test::{closure#0}
[INFO] [stdout]   18:     0x577859ed1b04 - std[70759c8f55707aa4]::sys::backtrace::__rust_begin_short_backtrace::<test[9d35eded1c95d3be]::run_test::{closure#1}, ()>
[INFO] [stdout]   19:     0x577859edb3a2 - <std[70759c8f55707aa4]::thread::lifecycle::spawn_unchecked<test[9d35eded1c95d3be]::run_test::{closure#1}, ()>::{closure#1} as core[df12db4294e9bfd3]::ops::function::FnOnce<()>>::call_once::{shim:vtable#0}
[INFO] [stdout]   20:     0x57785a019d29 - <std[70759c8f55707aa4]::sys::thread::unix::Thread>::new::thread_start
[INFO] [stdout]   21:     0x753aa1777dfa - <unknown>
[INFO] [stdout]   22:     0x753aa180b3d4 - clone
[INFO] [stdout]   23:                0x0 - <unknown>
[INFO] [stdout] 
[INFO] [stdout] ---- dict::test::test_deserialize_with_dict stdout ----
[INFO] [stdout] 
[INFO] [stdout] thread 'dict::test::test_deserialize_with_dict' (479) panicked at src/dict.rs:26:10:
[INFO] [stdout] called `Result::unwrap()` on an `Err` value: Os { code: 2, kind: NotFound, message: "No such file or directory" }
[INFO] [stdout] stack backtrace:
[INFO] [stdout]    0:     0x57785a01a451 - <<std[70759c8f55707aa4]::sys::backtrace::BacktraceLock>::print::DisplayBacktrace as core[df12db4294e9bfd3]::fmt::Display>::fmt
[INFO] [stdout]    1:     0x57785a02f7da - core[df12db4294e9bfd3]::fmt::write
[INFO] [stdout]    2:     0x57785a01ebbc - <alloc[2182bb758b4b3781]::vec::Vec<u8> as core[df12db4294e9bfd3]::io::write::Write>::write_fmt
[INFO] [stdout]    3:     0x577859ff65e6 - std[70759c8f55707aa4]::panicking::default_hook::{closure#0}
[INFO] [stdout]    4:     0x57785a0129a9 - std[70759c8f55707aa4]::panicking::default_hook
[INFO] [stdout]    5:     0x577859ed78f0 - test[9d35eded1c95d3be]::test_main_inner::<test[9d35eded1c95d3be]::test_main_static::{closure#0}>::{closure#0}
[INFO] [stdout]    6:     0x57785a012b62 - std[70759c8f55707aa4]::panicking::panic_with_hook
[INFO] [stdout]    7:     0x577859ff6692 - std[70759c8f55707aa4]::panicking::panic_handler::{closure#0}
[INFO] [stdout]    8:     0x577859fef379 - std[70759c8f55707aa4]::sys::backtrace::__rust_end_short_backtrace::<std[70759c8f55707aa4]::panicking::panic_handler::{closure#0}, !>
[INFO] [stdout]    9:     0x577859ff728d - __rustc[8fa7c3cbc660c2b3]::rust_begin_unwind
[INFO] [stdout]   10:     0x57785a02ff0c - core[df12db4294e9bfd3]::panicking::panic_fmt
[INFO] [stdout]   11:     0x57785a02fce2 - core[df12db4294e9bfd3]::result::unwrap_failed
[INFO] [stdout]   12:     0x577859ebba3e - pingora_header_serde[42d9f28331e28946]::dict::train::<std[70759c8f55707aa4]::path::PathBuf>
[INFO] [stdout]   13:     0x577859ec5b4a - pingora_header_serde[42d9f28331e28946]::dict::test::gen_test_dict
[INFO] [stdout]   14:     0x577859ec6b41 - pingora_header_serde[42d9f28331e28946]::dict::test::test_deserialize_with_dict
[INFO] [stdout]   15:     0x577859ec25c9 - <pingora_header_serde[42d9f28331e28946]::dict::test::test_deserialize_with_dict::{closure#0} as core[df12db4294e9bfd3]::ops::function::FnOnce<()>>::call_once
[INFO] [stdout]   16:     0x577859ecabdb - test[9d35eded1c95d3be]::__rust_begin_short_backtrace::<core[df12db4294e9bfd3]::result::Result<(), alloc[2182bb758b4b3781]::string::String>, fn() -> core[df12db4294e9bfd3]::result::Result<(), alloc[2182bb758b4b3781]::string::String>>
[INFO] [stdout]   17:     0x577859ed8245 - test[9d35eded1c95d3be]::run_test::{closure#0}
[INFO] [stdout]   18:     0x577859ed1b04 - std[70759c8f55707aa4]::sys::backtrace::__rust_begin_short_backtrace::<test[9d35eded1c95d3be]::run_test::{closure#1}, ()>
[INFO] [stdout]   19:     0x577859edb3a2 - <std[70759c8f55707aa4]::thread::lifecycle::spawn_unchecked<test[9d35eded1c95d3be]::run_test::{closure#1}, ()>::{closure#1} as core[df12db4294e9bfd3]::ops::function::FnOnce<()>>::call_once::{shim:vtable#0}
[INFO] [stdout]   20:     0x57785a019d29 - <std[70759c8f55707aa4]::sys::thread::unix::Thread>::new::thread_start
[INFO] [stdout]   21:     0x753aa1777dfa - <unknown>
[INFO] [stdout]   22:     0x753aa180b3d4 - clone
[INFO] [stdout]   23:                0x0 - <unknown>
[INFO] [stdout] 
[INFO] [stdout] ---- dict::test::test_ser_with_dict stdout ----
[INFO] [stdout] 
[INFO] [stdout] thread 'dict::test::test_ser_with_dict' (481) panicked at src/dict.rs:26:10:
[INFO] [stdout] called `Result::unwrap()` on an `Err` value: Os { code: 2, kind: NotFound, message: "No such file or directory" }
[INFO] [stdout] stack backtrace:
[INFO] [stdout]    0:     0x57785a01a451 - <<std[70759c8f55707aa4]::sys::backtrace::BacktraceLock>::print::DisplayBacktrace as core[df12db4294e9bfd3]::fmt::Display>::fmt
[INFO] [stdout]    1:     0x57785a02f7da - core[df12db4294e9bfd3]::fmt::write
[INFO] [stdout]    2:     0x57785a01ebbc - <alloc[2182bb758b4b3781]::vec::Vec<u8> as core[df12db4294e9bfd3]::io::write::Write>::write_fmt
[INFO] [stdout]    3:     0x577859ff65e6 - std[70759c8f55707aa4]::panicking::default_hook::{closure#0}
[INFO] [stdout]    4:     0x57785a0129a9 - std[70759c8f55707aa4]::panicking::default_hook
[INFO] [stdout]    5:     0x577859ed78f0 - test[9d35eded1c95d3be]::test_main_inner::<test[9d35eded1c95d3be]::test_main_static::{closure#0}>::{closure#0}
[INFO] [stdout]    6:     0x57785a012b62 - std[70759c8f55707aa4]::panicking::panic_with_hook
[INFO] [stdout]    7:     0x577859ff6692 - std[70759c8f55707aa4]::panicking::panic_handler::{closure#0}
[INFO] [stdout]    8:     0x577859fef379 - std[70759c8f55707aa4]::sys::backtrace::__rust_end_short_backtrace::<std[70759c8f55707aa4]::panicking::panic_handler::{closure#0}, !>
[INFO] [stdout]    9:     0x577859ff728d - __rustc[8fa7c3cbc660c2b3]::rust_begin_unwind
[INFO] [stdout]   10:     0x57785a02ff0c - core[df12db4294e9bfd3]::panicking::panic_fmt
[INFO] [stdout]   11:     0x57785a02fce2 - core[df12db4294e9bfd3]::result::unwrap_failed
[INFO] [stdout]   12:     0x577859ebba3e - pingora_header_serde[42d9f28331e28946]::dict::train::<std[70759c8f55707aa4]::path::PathBuf>
[INFO] [stdout]   13:     0x577859ec5b4a - pingora_header_serde[42d9f28331e28946]::dict::test::gen_test_dict
[INFO] [stdout]   14:     0x577859ec5fc1 - pingora_header_serde[42d9f28331e28946]::dict::test::test_ser_with_dict
[INFO] [stdout]   15:     0x577859ec2589 - <pingora_header_serde[42d9f28331e28946]::dict::test::test_ser_with_dict::{closure#0} as core[df12db4294e9bfd3]::ops::function::FnOnce<()>>::call_once
[INFO] [stdout]   16:     0x577859ecabdb - test[9d35eded1c95d3be]::__rust_begin_short_backtrace::<core[df12db4294e9bfd3]::result::Result<(), alloc[2182bb758b4b3781]::string::String>, fn() -> core[df12db4294e9bfd3]::result::Result<(), alloc[2182bb758b4b3781]::string::String>>
[INFO] [stdout]   17:     0x577859ed8245 - test[9d35eded1c95d3be]::run_test::{closure#0}
[INFO] [stdout]   18:     0x577859ed1b04 - std[70759c8f55707aa4]::sys::backtrace::__rust_begin_short_backtrace::<test[9d35eded1c95d3be]::run_test::{closure#1}, ()>
[INFO] [stdout]   19:     0x577859edb3a2 - <std[70759c8f55707aa4]::thread::lifecycle::spawn_unchecked<test[9d35eded1c95d3be]::run_test::{closure#1}, ()>::{closure#1} as core[df12db4294e9bfd3]::ops::function::FnOnce<()>>::call_once::{shim:vtable#0}
[INFO] [stdout]   20:     0x57785a019d29 - <std[70759c8f55707aa4]::sys::thread::unix::Thread>::new::thread_start
[INFO] [stdout]   21:     0x753aa1777dfa - <unknown>
[INFO] [stdout]   22:     0x753aa180b3d4 - clone
[INFO] [stdout]   23:                0x0 - <unknown>
[INFO] [stdout] 
[INFO] [stdout] 
[INFO] [stdout] failures:
[INFO] [stdout]     dict::test::test_deserialize_with_dict
[INFO] [stdout]     dict::test::test_ser_de_with_dict
[INFO] [stdout]     dict::test::test_ser_with_dict
[INFO] [stdout] 
[INFO] [stdout] test result: FAILED. 6 passed; 3 failed; 0 ignored; 0 measured; 0 filtered out; finished in 0.01s
[INFO] [stdout] 
[INFO] running `Command { std: "docker" "inspect" "66091399b257d9ee3237aad5268d17b0159973350c695a2cc3ecd0b62cba0983", kill_on_drop: false }`
[INFO] running `Command { std: "docker" "rm" "-f" "66091399b257d9ee3237aad5268d17b0159973350c695a2cc3ecd0b62cba0983", kill_on_drop: false }`
[INFO] [stdout] 66091399b257d9ee3237aad5268d17b0159973350c695a2cc3ecd0b62cba0983
