[INFO] fetching crate ping-fox 0.1.0...
[INFO] testing ping-fox-0.1.0 against 1.99.0-beta.8+cargoflags=--release for beta-release-1.100-2
[INFO] extracting crate ping-fox 0.1.0 into /workspace/builds/worker-5-tc1/source
[INFO] started tweaking crates.io crate ping-fox 0.1.0
[INFO] finished tweaking crates.io crate ping-fox 0.1.0
[INFO] tweaked toml for crates.io crate ping-fox 0.1.0 written to /workspace/builds/worker-5-tc1/source/Cargo.toml
[INFO] validating manifest of crates.io crate ping-fox 0.1.0 on toolchain 1.99.0-beta.8
[INFO] running `Command { std: CARGO_HOME="/workspace/cargo-home" RUSTUP_HOME="/workspace/rustup-home" "/workspace/cargo-home/bin/cargo" "+1.99.0-beta.8" "metadata" "--manifest-path" "Cargo.toml" "--no-deps", kill_on_drop: false }`
[INFO] crate crates.io crate ping-fox 0.1.0 already has a lockfile, it will not be regenerated
[INFO] running `Command { std: CARGO_HOME="/workspace/cargo-home" RUSTUP_HOME="/workspace/rustup-home" "/workspace/cargo-home/bin/cargo" "+1.99.0-beta.8" "fetch" "--manifest-path" "Cargo.toml", kill_on_drop: false }`
[INFO] [stderr]  Downloading crates ...
[INFO] [stderr]   Downloaded pnet_base v0.31.0
[INFO] [stderr]   Downloaded pnet_macros_support v0.31.0
[INFO] [stderr]   Downloaded proc-macro2 v1.0.44
[INFO] [stderr]   Downloaded argh_shared v0.1.10
[INFO] [stderr]   Downloaded more-asserts v0.3.1
[INFO] [stderr]   Downloaded argh v0.1.10
[INFO] [stderr]   Downloaded pnet_macros v0.31.0
[INFO] [stderr]   Downloaded argh_derive v0.1.10
[INFO] [stderr]   Downloaded pnet_packet v0.31.0
[INFO] [stderr]   Downloaded syn v1.0.100
[INFO] [stderr]   Downloaded nom v7.1.2
[INFO] [stderr]   Downloaded bindgen v0.63.0
[INFO] running `Command { std: "docker" "create" "-v" "/var/lib/crater-agent-workspace/builds/worker-5-tc1/source:/opt/rustwide/workdir:ro,Z" "-v" "/var/lib/crater-agent-workspace/builds/worker-5-tc1/target:/opt/rustwide/target:rw,Z" "-v" "/var/lib/crater-agent-workspace/cargo-home:/opt/rustwide/cargo-home:ro,Z" "-v" "/var/lib/crater-agent-workspace/rustup-home:/opt/rustwide/rustup-home:ro,Z" "-m" "1610612736" "--network" "none" "ghcr.io/rust-lang/crates-build-env/linux@sha256:77db811e55d90add9212f6832c23229e3de5f1c1f9905e8cb07319ea15df73ac" "sleep" "infinity", kill_on_drop: false }`
[INFO] [stdout] ebd797a19b71e70eb79ef79ac0b43cfd6f773af31b3255d8dfed6558bcc0dd24
[INFO] running `Command { std: "docker" "start" "ebd797a19b71e70eb79ef79ac0b43cfd6f773af31b3255d8dfed6558bcc0dd24", kill_on_drop: false }`
[INFO] running `Command { std: "docker" "inspect" "ebd797a19b71e70eb79ef79ac0b43cfd6f773af31b3255d8dfed6558bcc0dd24", kill_on_drop: false }`
[INFO] running `Command { std: "docker" "exec" "-e" "SOURCE_DIR=/opt/rustwide/workdir" "-e" "CARGO_HOME=/opt/rustwide/cargo-home" "-e" "RUSTUP_HOME=/opt/rustwide/rustup-home" "-e" "CARGO_TARGET_DIR=/opt/rustwide/target" "-w" "/opt/rustwide/workdir" "--user" "0:0" "ebd797a19b71e70eb79ef79ac0b43cfd6f773af31b3255d8dfed6558bcc0dd24" "/opt/rustwide/cargo-home/bin/cargo" "+1.99.0-beta.8" "metadata" "--no-deps" "--format-version=1", kill_on_drop: false }`
[INFO] running `Command { std: "docker" "inspect" "ebd797a19b71e70eb79ef79ac0b43cfd6f773af31b3255d8dfed6558bcc0dd24", kill_on_drop: false }`
[INFO] running `Command { std: "docker" "exec" "-e" "SOURCE_DIR=/opt/rustwide/workdir" "-e" "CARGO_HOME=/opt/rustwide/cargo-home" "-e" "RUSTUP_HOME=/opt/rustwide/rustup-home" "-e" "CARGO_TARGET_DIR=/opt/rustwide/target" "-e" "CARGO_INCREMENTAL=0" "-e" "RUST_BACKTRACE=full" "-e" "RUSTFLAGS=--cap-lints=warn" "-e" "RUSTDOCFLAGS=--cap-lints=warn" "-w" "/opt/rustwide/workdir" "--user" "0:0" "ebd797a19b71e70eb79ef79ac0b43cfd6f773af31b3255d8dfed6558bcc0dd24" "/opt/rustwide/cargo-home/bin/cargo" "+1.99.0-beta.8" "build" "--frozen" "--message-format=json" "--release", kill_on_drop: false }`
[INFO] [stderr]    Compiling libc v0.2.133
[INFO] [stderr]    Compiling proc-macro2 v1.0.44
[INFO] [stderr]    Compiling unicode-ident v1.0.4
[INFO] [stderr]    Compiling syn v1.0.100
[INFO] [stderr]    Compiling regex-syntax v0.6.27
[INFO] [stderr]    Compiling bindgen v0.63.0
[INFO] [stderr]    Compiling clang-sys v1.4.0
[INFO] [stderr]    Compiling libloading v0.7.4
[INFO] [stderr]    Compiling aho-corasick v0.7.19
[INFO] [stderr]    Compiling nom v7.1.2
[INFO] [stderr]    Compiling shlex v1.1.0
[INFO] [stderr]    Compiling pnet_base v0.31.0
[INFO] [stderr]    Compiling cc v1.0.77
[INFO] [stderr]    Compiling cargo-emit v0.2.1
[INFO] [stderr]    Compiling tracing-log v0.1.3
[INFO] [stderr]    Compiling thread_local v1.1.4
[INFO] [stderr]    Compiling pnet_macros_support v0.31.0
[INFO] [stderr]    Compiling tracing-subscriber v0.3.16
[INFO] [stderr]    Compiling quote v1.0.21
[INFO] [stderr]    Compiling which v4.3.0
[INFO] [stderr]    Compiling getrandom v0.2.7
[INFO] [stderr]    Compiling socket2 v0.4.4
[INFO] [stderr]    Compiling rand_core v0.6.4
[INFO] [stderr]    Compiling rand_chacha v0.3.1
[INFO] [stderr]    Compiling rand v0.8.5
[INFO] [stderr]    Compiling regex v1.6.0
[INFO] [stderr]    Compiling cexpr v0.6.0
[INFO] [stderr]    Compiling tracing-attributes v0.1.23
[INFO] [stderr]    Compiling pnet_macros v0.31.0
[INFO] [stderr]    Compiling pnet_packet v0.31.0
[INFO] [stderr]    Compiling tracing v0.1.37
[INFO] [stderr]    Compiling ping-fox v0.1.0 (/opt/rustwide/workdir)
[INFO] [stdout] warning: use of deprecated associated function `core::num::<impl u16>::max_value`: replaced by the `MAX` associated constant on this type
[INFO] [stdout]   --> src/details/icmp/v4/sequence_number.rs:16:34
[INFO] [stdout]    |
[INFO] [stdout] 16 |         SequenceNumberInnerType::max_value()
[INFO] [stdout]    |                                  ^^^^^^^^^
[INFO] [stdout]    |
[INFO] [stdout]    = note: `#[warn(deprecated)]` on by default
[INFO] [stdout] 
[INFO] [stdout] 
[INFO] [stderr]     Finished `release` profile [optimized] target(s) in 25.26s
[INFO] running `Command { std: "docker" "inspect" "ebd797a19b71e70eb79ef79ac0b43cfd6f773af31b3255d8dfed6558bcc0dd24", kill_on_drop: false }`
[INFO] running `Command { std: "docker" "exec" "-e" "SOURCE_DIR=/opt/rustwide/workdir" "-e" "CARGO_HOME=/opt/rustwide/cargo-home" "-e" "RUSTUP_HOME=/opt/rustwide/rustup-home" "-e" "CARGO_TARGET_DIR=/opt/rustwide/target" "-e" "CARGO_INCREMENTAL=0" "-e" "RUST_BACKTRACE=full" "-e" "RUSTFLAGS=--cap-lints=warn" "-e" "RUSTDOCFLAGS=--cap-lints=warn" "-w" "/opt/rustwide/workdir" "--user" "0:0" "ebd797a19b71e70eb79ef79ac0b43cfd6f773af31b3255d8dfed6558bcc0dd24" "/opt/rustwide/cargo-home/bin/cargo" "+1.99.0-beta.8" "test" "--frozen" "--no-run" "--message-format=json" "--release", kill_on_drop: false }`
[INFO] [stderr]    Compiling argh_shared v0.1.10
[INFO] [stderr]    Compiling more-asserts v0.3.1
[INFO] [stdout] warning: use of deprecated associated function `core::num::<impl u16>::max_value`: replaced by the `MAX` associated constant on this type
[INFO] [stdout]   --> src/details/icmp/v4/sequence_number.rs:16:34
[INFO] [stdout]    |
[INFO] [stdout] 16 |         SequenceNumberInnerType::max_value()
[INFO] [stdout]    |                                  ^^^^^^^^^
[INFO] [stdout]    |
[INFO] [stdout]    = note: `#[warn(deprecated)]` on by default
[INFO] [stdout] 
[INFO] [stdout] 
[INFO] [stderr]    Compiling argh_derive v0.1.10
[INFO] [stderr]    Compiling argh v0.1.10
[INFO] [stderr]    Compiling ping-fox v0.1.0 (/opt/rustwide/workdir)
[INFO] [stdout] warning: use of deprecated constant `std::u16::MAX`: replaced by the `MAX` associated constant on this type
[INFO] [stdout]   --> examples/cli/main.rs:64:43
[INFO] [stdout]    |
[INFO] [stdout] 64 |     #[argh(option, short = 'c', default = "std::u16::MAX")]
[INFO] [stdout]    |                                           ^^^^^^^^^^^^^^^
[INFO] [stdout]    |
[INFO] [stdout]    = note: `#[warn(deprecated)]` on by default
[INFO] [stdout] 
[INFO] [stdout] 
[INFO] [stdout] warning: struct `Error` is never constructed
[INFO] [stdout]  --> examples/cli/main.rs:9:8
[INFO] [stdout]   |
[INFO] [stdout] 9 | struct Error {
[INFO] [stdout]   |        ^^^^^
[INFO] [stdout]   |
[INFO] [stdout]   = note: `#[warn(dead_code)]` (part of `#[warn(unused)]`) on by default
[INFO] [stdout] 
[INFO] [stdout] 
[INFO] [stdout] warning: struct `Error` is never constructed
[INFO] [stdout]  --> examples/send-one-ping/main.rs:8:8
[INFO] [stdout]   |
[INFO] [stdout] 8 | struct Error {
[INFO] [stdout]   |        ^^^^^
[INFO] [stdout]   |
[INFO] [stdout]   = note: `#[warn(dead_code)]` (part of `#[warn(unused)]`) on by default
[INFO] [stdout] 
[INFO] [stdout] 
[INFO] [stdout] warning: use of deprecated associated function `core::num::<impl u16>::max_value`: replaced by the `MAX` associated constant on this type
[INFO] [stdout]   --> src/details/icmp/v4/sequence_number.rs:16:34
[INFO] [stdout]    |
[INFO] [stdout] 16 |         SequenceNumberInnerType::max_value()
[INFO] [stdout]    |                                  ^^^^^^^^^
[INFO] [stdout]    |
[INFO] [stdout]    = note: `#[warn(deprecated)]` on by default
[INFO] [stdout] 
[INFO] [stdout] 
[INFO] [stdout] warning: use of deprecated associated function `core::num::<impl usize>::max_value`: replaced by the `MAX` associated constant on this type
[INFO] [stdout]    --> src/details/icmp/v4/socket/mod.rs:104:78
[INFO] [stdout]     |
[INFO] [stdout] 104 |             Self::new(OnSend::ReturnDefault, OnReceive::ReturnDefault(usize::max_value()))
[INFO] [stdout]     |                                                                              ^^^^^^^^^
[INFO] [stdout] 
[INFO] [stdout] 
[INFO] [stderr]     Finished `release` profile [optimized] target(s) in 4.95s
[INFO] running `Command { std: "docker" "inspect" "ebd797a19b71e70eb79ef79ac0b43cfd6f773af31b3255d8dfed6558bcc0dd24", kill_on_drop: false }`
[INFO] running `Command { std: "docker" "exec" "-e" "SOURCE_DIR=/opt/rustwide/workdir" "-e" "CARGO_HOME=/opt/rustwide/cargo-home" "-e" "RUSTUP_HOME=/opt/rustwide/rustup-home" "-e" "CARGO_TARGET_DIR=/opt/rustwide/target" "-e" "CARGO_INCREMENTAL=0" "-e" "RUST_BACKTRACE=full" "-e" "RUSTFLAGS=--cap-lints=warn" "-e" "RUSTDOCFLAGS=--cap-lints=warn" "-w" "/opt/rustwide/workdir" "--user" "0:0" "ebd797a19b71e70eb79ef79ac0b43cfd6f773af31b3255d8dfed6558bcc0dd24" "/opt/rustwide/cargo-home/bin/cargo" "+1.99.0-beta.8" "test" "--frozen" "--release", kill_on_drop: false }`
[INFO] [stderr] warning: use of deprecated associated function `core::num::<impl u16>::max_value`: replaced by the `MAX` associated constant on this type
[INFO] [stdout] 
[INFO] [stderr]   --> src/details/icmp/v4/sequence_number.rs:16:34
[INFO] [stdout] running 60 tests
[INFO] [stderr]    |
[INFO] [stderr] 16 |         SequenceNumberInnerType::max_value()
[INFO] [stderr]    |                                  ^^^^^^^^^
[INFO] [stderr]    |
[INFO] [stderr]    = note: `#[warn(deprecated)]` on by default
[INFO] [stderr] 
[INFO] [stderr] warning: use of deprecated associated function `core::num::<impl usize>::max_value`: replaced by the `MAX` associated constant on this type
[INFO] [stderr]    --> src/details/icmp/v4/socket/mod.rs:104:78
[INFO] [stderr]     |
[INFO] [stderr] 104 |             Self::new(OnSend::ReturnDefault, OnReceive::ReturnDefault(usize::max_value()))
[INFO] [stderr]     |                                                                              ^^^^^^^^^
[INFO] [stderr] 
[INFO] [stderr] warning: `ping-fox` (lib) generated 1 warning
[INFO] [stderr] warning: `ping-fox` (lib test) generated 2 warnings (1 duplicate)
[INFO] [stderr] warning: struct `Error` is never constructed
[INFO] [stderr]  --> examples/send-one-ping/main.rs:8:8
[INFO] [stderr]   |
[INFO] [stderr] 8 | struct Error {
[INFO] [stderr]   |        ^^^^^
[INFO] [stderr]   |
[INFO] [stderr]   = note: `#[warn(dead_code)]` (part of `#[warn(unused)]`) on by default
[INFO] [stderr] 
[INFO] [stderr] warning: use of deprecated constant `std::u16::MAX`: replaced by the `MAX` associated constant on this type
[INFO] [stderr]   --> examples/cli/main.rs:64:43
[INFO] [stderr]    |
[INFO] [stderr] 64 |     #[argh(option, short = 'c', default = "std::u16::MAX")]
[INFO] [stderr]    |                                           ^^^^^^^^^^^^^^^
[INFO] [stderr]    |
[INFO] [stderr]    = note: `#[warn(deprecated)]` on by default
[INFO] [stderr] 
[INFO] [stderr] warning: struct `Error` is never constructed
[INFO] [stderr]  --> examples/cli/main.rs:9:8
[INFO] [stderr]   |
[INFO] [stderr] 9 | struct Error {
[INFO] [stderr]   |        ^^^^^
[INFO] [stderr]   |
[INFO] [stderr]   = note: `#[warn(dead_code)]` (part of `#[warn(unused)]`) on by default
[INFO] [stderr] 
[INFO] [stderr] warning: `ping-fox` (example "send-one-ping") generated 1 warning
[INFO] [stderr] warning: `ping-fox` (example "cli") generated 2 warnings
[INFO] [stderr]     Finished `release` profile [optimized] target(s) in 0.15s
[INFO] [stderr]      Running unittests src/lib.rs (/opt/rustwide/target/release/deps/ping_fox-4975cb504166333e)
[INFO] [stdout] test details::icmp::v4::socket::dgram_socket::c_icmp_dgram::bindgen_test_layout_IcmpData ... ok
[INFO] [stdout] test details::icmp::v4::socket::dgram_socket::c_icmp_dgram::bindgen_test_layout___fsid_t ... ok
[INFO] [stdout] test details::icmp::v4::socket::dgram_socket::c_icmp_dgram::bindgen_test_layout___kernel_fd_set ... ok
[INFO] [stdout] test details::icmp::v4::socket::dgram_socket::c_icmp_dgram::bindgen_test_layout___atomic_wide_counter ... ok
[INFO] [stdout] test details::icmp::v4::socket::dgram_socket::c_icmp_dgram::bindgen_test_layout___once_flag ... ok
[INFO] [stdout] test details::icmp::v4::socket::dgram_socket::c_icmp_dgram::bindgen_test_layout___atomic_wide_counter__bindgen_ty_1 ... ok
[INFO] [stdout] test details::icmp::v4::socket::dgram_socket::c_icmp_dgram::bindgen_test_layout___pthread_internal_slist ... ok
[INFO] [stdout] test details::icmp::v4::icmpv4::tests::test_send_one_ping ... ok
[INFO] [stdout] test details::icmp::v4::socket::dgram_socket::c_icmp_dgram::bindgen_test_layout_cmsghdr ... ok
[INFO] [stdout] test details::icmp::v4::socket::dgram_socket::c_icmp_dgram::bindgen_test_layout___pthread_cond_s ... ok
[INFO] [stdout] test details::icmp::v4::icmpv4::tests::test_try_receive ... ok
[INFO] [stdout] test details::icmp::v4::socket::dgram_socket::c_icmp_dgram::bindgen_test_layout_in6_addr ... ok
[INFO] [stdout] test details::icmp::v4::socket::dgram_socket::c_icmp_dgram::bindgen_test_layout___pthread_internal_list ... ok
[INFO] [stdout] test details::icmp::v4::socket::dgram_socket::c_icmp_dgram::bindgen_test_layout___pthread_rwlock_arch_t ... ok
[INFO] [stdout] test details::icmp::v4::socket::dgram_socket::c_icmp_dgram::bindgen_test_layout___pthread_mutex_s ... ok
[INFO] [stdout] test details::icmp::v4::socket::dgram_socket::c_icmp_dgram::bindgen_test_layout_in6_addr__bindgen_ty_1 ... ok
[INFO] [stdout] test details::icmp::v4::socket::dgram_socket::c_icmp_dgram::bindgen_test_layout_group_source_req ... ok
[INFO] [stdout] test details::icmp::v4::socket::dgram_socket::c_icmp_dgram::bindgen_test_layout_ip_mreq_source ... ok
[INFO] [stdout] test details::icmp::v4::socket::dgram_socket::c_icmp_dgram::bindgen_test_layout___sigset_t ... ok
[INFO] [stdout] test details::icmp::v4::socket::dgram_socket::c_icmp_dgram::bindgen_test_layout___kernel_fsid_t ... ok
[INFO] [stdout] test details::icmp::v4::socket::dgram_socket::c_icmp_dgram::bindgen_test_layout_in_addr ... ok
[INFO] [stdout] test details::icmp::v4::socket::dgram_socket::c_icmp_dgram::bindgen_test_layout_ipv6_mreq ... ok
[INFO] [stdout] test details::icmp::v4::socket::dgram_socket::c_icmp_dgram::bindgen_test_layout_linger ... ok
[INFO] [stdout] test details::icmp::v4::socket::dgram_socket::c_icmp_dgram::bindgen_test_layout_max_align_t ... ok
[INFO] [stdout] test details::icmp::v4::socket::dgram_socket::c_icmp_dgram::bindgen_test_layout_msghdr ... ok
[INFO] [stdout] test details::icmp::v4::socket::dgram_socket::c_icmp_dgram::bindgen_test_layout_osockaddr ... ok
[INFO] [stdout] test details::icmp::v4::socket::dgram_socket::c_icmp_dgram::bindgen_test_layout_ip_mreqn ... ok
[INFO] [stdout] test details::icmp::v4::socket::dgram_socket::c_icmp_dgram::bindgen_test_layout_fd_set ... ok
[INFO] [stdout] test details::icmp::v4::socket::dgram_socket::c_icmp_dgram::bindgen_test_layout_group_filter ... ok
[INFO] [stdout] test details::icmp::v4::socket::dgram_socket::c_icmp_dgram::bindgen_test_layout_in_pktinfo ... ok
[INFO] [stdout] test details::icmp::v4::socket::dgram_socket::c_icmp_dgram::bindgen_test_layout_group_req ... ok
[INFO] [stdout] test details::icmp::v4::socket::dgram_socket::c_icmp_dgram::bindgen_test_layout_pthread_attr_t ... ok
[INFO] [stderr]      Running tests/tests_with_dgram_socket.rs (/opt/rustwide/target/release/deps/tests_with_dgram_socket-26482ab984e10ce4)
[INFO] [stdout] test details::icmp::v4::socket::dgram_socket::c_icmp_dgram::bindgen_test_layout_pthread_barrier_t ... ok
[INFO] [stderr] error: test failed, to rerun pass `--test tests_with_dgram_socket`
[INFO] [stdout] test details::icmp::v4::socket::dgram_socket::c_icmp_dgram::bindgen_test_layout_pthread_barrierattr_t ... ok
[INFO] [stdout] test details::icmp::v4::socket::dgram_socket::c_icmp_dgram::bindgen_test_layout_pthread_cond_t ... ok
[INFO] [stdout] test details::icmp::v4::socket::dgram_socket::c_icmp_dgram::bindgen_test_layout_pthread_condattr_t ... ok
[INFO] [stdout] test details::icmp::v4::socket::dgram_socket::c_icmp_dgram::bindgen_test_layout_pthread_rwlock_t ... ok
[INFO] [stdout] test details::icmp::v4::socket::dgram_socket::c_icmp_dgram::bindgen_test_layout_iovec ... ok
[INFO] [stdout] test details::icmp::v4::socket::dgram_socket::c_icmp_dgram::bindgen_test_layout_ip_mreq ... ok
[INFO] [stdout] test details::icmp::v4::socket::dgram_socket::c_icmp_dgram::bindgen_test_layout_ip_opts ... ok
[INFO] [stdout] test details::icmp::v4::socket::dgram_socket::c_icmp_dgram::bindgen_test_layout_pthread_rwlockattr_t ... ok
[INFO] [stdout] test details::icmp::v4::socket::dgram_socket::c_icmp_dgram::bindgen_test_layout_sockaddr ... ok
[INFO] [stdout] test details::icmp::v4::socket::dgram_socket::c_icmp_dgram::bindgen_test_layout_sockaddr_in6 ... ok
[INFO] [stdout] test details::icmp::v4::socket::dgram_socket::c_icmp_dgram::bindgen_test_layout_pthread_mutex_t ... ok
[INFO] [stdout] test details::icmp::v4::socket::dgram_socket::c_icmp_dgram::bindgen_test_layout_pthread_mutexattr_t ... ok
[INFO] [stdout] test details::icmp::v4::socket::dgram_socket::c_icmp_dgram::bindgen_test_layout_ip_msfilter ... ok
[INFO] [stdout] test details::icmp::v4::socket::dgram_socket::c_icmp_dgram::bindgen_test_layout_sockaddr_in ... ok
[INFO] [stdout] test details::icmp::v4::socket::dgram_socket::c_icmp_dgram::bindgen_test_layout_sockaddr_storage ... ok
[INFO] [stdout] test details::ping_error::tests::fmt_without_message ... ok
[INFO] [stdout] test details::ping_error::tests::ping_error_from_std_io_error ... ok
[INFO] [stdout] test details::ping_error::tests::source ... ok
[INFO] [stdout] test details::icmp::v4::socket::dgram_socket::c_icmp_dgram::bindgen_test_layout_timespec ... ok
[INFO] [stdout] test details::icmp::v4::socket::dgram_socket::c_icmp_dgram::bindgen_test_layout_timeval ... ok
[INFO] [stdout] test details::ping_receiver::tests::receive_ping_packages_success ... ok
[INFO] [stdout] test details::ping_sender::tests::send_ping_packages_success ... ok
[INFO] [stdout] test details::ping_sender::tests::when_socket_fails_then_ping_sender_fails ... ok
[INFO] [stdout] test ping_fox::tests::ping_localhost_succeeds ... ok
[INFO] [stdout] test details::icmp::v4::ttl::tests::fmt ... ok
[INFO] [stdout] test details::ping_receiver::tests::when_socket_fails_then_ping_receiver_returns_timeout ... ok
[INFO] [stdout] test details::ping_error::tests::fmt_with_message ... ok
[INFO] [stdout] 
[INFO] [stdout] test result: ok. 60 passed; 0 failed; 0 ignored; 0 measured; 0 filtered out; finished in 0.01s
[INFO] [stdout] 
[INFO] [stdout] 
[INFO] [stdout] running 2 tests
[INFO] [stdout] test test_ping_to_localhost_with_dgram_socket ... ok
[INFO] [stdout] test test_ping_to_multiple_addresses_on_network_with_dgram_socket ... FAILED
[INFO] [stdout] 
[INFO] [stdout] failures:
[INFO] [stdout] 
[INFO] [stdout] ---- test_ping_to_multiple_addresses_on_network_with_dgram_socket stdout ----
[INFO] [stdout] 
[INFO] [stdout] thread 'test_ping_to_multiple_addresses_on_network_with_dgram_socket' (1250) panicked at tests/tests_with_dgram_socket.rs:52:54:
[INFO] [stdout] called `Result::unwrap()` on an `Err` value: PingError { message: "Network is unreachable (os error 101)" }
[INFO] [stdout] stack backtrace:
[INFO] [stdout]    0:     0x5d22666c0ce1 - <<std[70759c8f55707aa4]::sys::backtrace::BacktraceLock>::print::DisplayBacktrace as core[df12db4294e9bfd3]::fmt::Display>::fmt
[INFO] [stdout]    1:     0x5d22666d68fa - core[df12db4294e9bfd3]::fmt::write
[INFO] [stdout]    2:     0x5d22666c522c - <alloc[2182bb758b4b3781]::vec::Vec<u8> as core[df12db4294e9bfd3]::io::write::Write>::write_fmt
[INFO] [stdout]    3:     0x5d226669d066 - std[70759c8f55707aa4]::panicking::default_hook::{closure#0}
[INFO] [stdout]    4:     0x5d22666b9219 - std[70759c8f55707aa4]::panicking::default_hook
[INFO] [stdout]    5:     0x5d226663cbe0 - test[9d35eded1c95d3be]::test_main_inner::<test[9d35eded1c95d3be]::test_main_static::{closure#0}>::{closure#0}
[INFO] [stdout]    6:     0x5d22666b93d2 - std[70759c8f55707aa4]::panicking::panic_with_hook
[INFO] [stdout]    7:     0x5d226669d112 - std[70759c8f55707aa4]::panicking::panic_handler::{closure#0}
[INFO] [stdout]    8:     0x5d2266695e69 - std[70759c8f55707aa4]::sys::backtrace::__rust_end_short_backtrace::<std[70759c8f55707aa4]::panicking::panic_handler::{closure#0}, !>
[INFO] [stdout]    9:     0x5d226669dd0d - __rustc[8fa7c3cbc660c2b3]::rust_begin_unwind
[INFO] [stdout]   10:     0x5d22666d705c - core[df12db4294e9bfd3]::panicking::panic_fmt
[INFO] [stdout]   11:     0x5d22666d6e32 - core[df12db4294e9bfd3]::result::unwrap_failed
[INFO] [stdout]   12:     0x5d226662cba1 - <tests_with_dgram_socket[cd31a940f82f08d8]::test_ping_to_multiple_addresses_on_network_with_dgram_socket::{closure#0} as core[df12db4294e9bfd3]::ops::function::FnOnce<()>>::call_once
[INFO] [stdout]   13:     0x5d226662fecb - test[9d35eded1c95d3be]::__rust_begin_short_backtrace::<core[df12db4294e9bfd3]::result::Result<(), alloc[2182bb758b4b3781]::string::String>, fn() -> core[df12db4294e9bfd3]::result::Result<(), alloc[2182bb758b4b3781]::string::String>>
[INFO] [stdout]   14:     0x5d226663d535 - test[9d35eded1c95d3be]::run_test::{closure#0}
[INFO] [stdout]   15:     0x5d2266636df4 - std[70759c8f55707aa4]::sys::backtrace::__rust_begin_short_backtrace::<test[9d35eded1c95d3be]::run_test::{closure#1}, ()>
[INFO] [stdout]   16:     0x5d2266640692 - <std[70759c8f55707aa4]::thread::lifecycle::spawn_unchecked<test[9d35eded1c95d3be]::run_test::{closure#1}, ()>::{closure#1} as core[df12db4294e9bfd3]::ops::function::FnOnce<()>>::call_once::{shim:vtable#0}
[INFO] [stdout]   17:     0x5d22666c0589 - <std[70759c8f55707aa4]::sys::thread::unix::Thread>::new::thread_start
[INFO] [stdout]   18:     0x71cd54804dfa - <unknown>
[INFO] [stdout]   19:     0x71cd548983d4 - clone
[INFO] [stdout]   20:                0x0 - <unknown>
[INFO] [stdout] 
[INFO] [stdout] 
[INFO] [stdout] failures:
[INFO] [stdout]     test_ping_to_multiple_addresses_on_network_with_dgram_socket
[INFO] [stdout] 
[INFO] [stdout] test result: FAILED. 1 passed; 1 failed; 0 ignored; 0 measured; 0 filtered out; finished in 0.00s
[INFO] [stdout] 
[INFO] running `Command { std: "docker" "inspect" "ebd797a19b71e70eb79ef79ac0b43cfd6f773af31b3255d8dfed6558bcc0dd24", kill_on_drop: false }`
[INFO] running `Command { std: "docker" "rm" "-f" "ebd797a19b71e70eb79ef79ac0b43cfd6f773af31b3255d8dfed6558bcc0dd24", kill_on_drop: false }`
[INFO] [stdout] ebd797a19b71e70eb79ef79ac0b43cfd6f773af31b3255d8dfed6558bcc0dd24
