[INFO] fetching crate pinecone-sdk 0.1.2...
[INFO] testing pinecone-sdk-0.1.2 against 1.99.0-beta.8+cargoflags=--release for beta-release-1.100-2
[INFO] extracting crate pinecone-sdk 0.1.2 into /workspace/builds/worker-4-tc1/source
[INFO] started tweaking crates.io crate pinecone-sdk 0.1.2
[INFO] finished tweaking crates.io crate pinecone-sdk 0.1.2
[INFO] tweaked toml for crates.io crate pinecone-sdk 0.1.2 written to /workspace/builds/worker-4-tc1/source/Cargo.toml
[INFO] validating manifest of crates.io crate pinecone-sdk 0.1.2 on toolchain 1.99.0-beta.8
[INFO] running `Command { std: CARGO_HOME="/workspace/cargo-home" RUSTUP_HOME="/workspace/rustup-home" "/workspace/cargo-home/bin/cargo" "+1.99.0-beta.8" "metadata" "--manifest-path" "Cargo.toml" "--no-deps", kill_on_drop: false }`
[INFO] running `Command { std: CARGO_HOME="/workspace/cargo-home" RUSTUP_HOME="/workspace/rustup-home" "/workspace/cargo-home/bin/cargo" "+1.99.0-beta.8" "generate-lockfile" "--manifest-path" "Cargo.toml", kill_on_drop: false }`
[INFO] [stderr]     Updating crates.io index
[INFO] [stderr]      Locking 291 packages to highest compatible versions
[INFO] [stderr]       Adding httpmock v0.7.0 (available: v0.8.3)
[INFO] [stderr]       Adding prost v0.12.6 (available: v0.14.4)
[INFO] [stderr]       Adding prost-types v0.12.6 (available: v0.14.4)
[INFO] [stderr]       Adding rand v0.8.8 (available: v0.10.3)
[INFO] [stderr]       Adding reqwest v0.12.28 (available: v0.13.5)
[INFO] [stderr]       Adding serial_test v3.5.0 (available: v4.0.1)
[INFO] [stderr]       Adding snafu v0.8.9 (available: v0.9.2)
[INFO] [stderr]       Adding thiserror v1.0.69 (available: v2.0.21)
[INFO] [stderr]       Adding tonic v0.11.0 (available: v0.14.6)
[INFO] [stderr]       Adding tonic-build v0.11.0 (available: v0.14.6)
[INFO] running `Command { std: CARGO_HOME="/workspace/cargo-home" RUSTUP_HOME="/workspace/rustup-home" "/workspace/cargo-home/bin/cargo" "+1.99.0-beta.8" "fetch" "--manifest-path" "Cargo.toml", kill_on_drop: false }`
[INFO] [stderr]  Downloading crates ...
[INFO] [stderr]   Downloaded prost-types v0.12.6
[INFO] [stderr]   Downloaded prost-build v0.12.6
[INFO] [stderr]   Downloaded tonic-build v0.11.0
[INFO] [stderr]   Downloaded serial_test v3.5.0
[INFO] [stderr]   Downloaded serial_test_derive v3.5.0
[INFO] running `Command { std: "docker" "create" "-v" "/var/lib/crater-agent-workspace/builds/worker-4-tc1/source:/opt/rustwide/workdir:ro,Z" "-v" "/var/lib/crater-agent-workspace/builds/worker-4-tc1/target:/opt/rustwide/target:rw,Z" "-v" "/var/lib/crater-agent-workspace/cargo-home:/opt/rustwide/cargo-home:ro,Z" "-v" "/var/lib/crater-agent-workspace/rustup-home:/opt/rustwide/rustup-home:ro,Z" "-m" "1610612736" "--network" "none" "ghcr.io/rust-lang/crates-build-env/linux@sha256:77db811e55d90add9212f6832c23229e3de5f1c1f9905e8cb07319ea15df73ac" "sleep" "infinity", kill_on_drop: false }`
[INFO] [stdout] fd5a4645842c117ded23263a0120ccea050486ff29557f469d9ea0a20d3603ee
[INFO] running `Command { std: "docker" "start" "fd5a4645842c117ded23263a0120ccea050486ff29557f469d9ea0a20d3603ee", kill_on_drop: false }`
[INFO] running `Command { std: "docker" "inspect" "fd5a4645842c117ded23263a0120ccea050486ff29557f469d9ea0a20d3603ee", kill_on_drop: false }`
[INFO] running `Command { std: "docker" "exec" "-e" "SOURCE_DIR=/opt/rustwide/workdir" "-e" "CARGO_HOME=/opt/rustwide/cargo-home" "-e" "RUSTUP_HOME=/opt/rustwide/rustup-home" "-e" "CARGO_TARGET_DIR=/opt/rustwide/target" "-w" "/opt/rustwide/workdir" "--user" "0:0" "fd5a4645842c117ded23263a0120ccea050486ff29557f469d9ea0a20d3603ee" "/opt/rustwide/cargo-home/bin/cargo" "+1.99.0-beta.8" "metadata" "--no-deps" "--format-version=1", kill_on_drop: false }`
[INFO] running `Command { std: "docker" "inspect" "fd5a4645842c117ded23263a0120ccea050486ff29557f469d9ea0a20d3603ee", kill_on_drop: false }`
[INFO] running `Command { std: "docker" "exec" "-e" "SOURCE_DIR=/opt/rustwide/workdir" "-e" "CARGO_HOME=/opt/rustwide/cargo-home" "-e" "RUSTUP_HOME=/opt/rustwide/rustup-home" "-e" "CARGO_TARGET_DIR=/opt/rustwide/target" "-e" "CARGO_INCREMENTAL=0" "-e" "RUST_BACKTRACE=full" "-e" "RUSTFLAGS=--cap-lints=warn" "-e" "RUSTDOCFLAGS=--cap-lints=warn" "-w" "/opt/rustwide/workdir" "--user" "0:0" "fd5a4645842c117ded23263a0120ccea050486ff29557f469d9ea0a20d3603ee" "/opt/rustwide/cargo-home/bin/cargo" "+1.99.0-beta.8" "build" "--frozen" "--message-format=json" "--release", kill_on_drop: false }`
[INFO] [stderr]    Compiling futures-task v0.3.34
[INFO] [stderr]    Compiling errno v0.3.14
[INFO] [stderr]    Compiling parking_lot_core v0.9.12
[INFO] [stderr]    Compiling zeroize v1.9.1
[INFO] [stderr]    Compiling tokio-macros v2.7.2
[INFO] [stderr]    Compiling synstructure v0.14.0
[INFO] [stderr]    Compiling zerovec-derive v0.11.6
[INFO] [stderr]    Compiling displaydoc v0.2.7
[INFO] [stderr]    Compiling ring v0.17.14
[INFO] [stderr]    Compiling serde_derive v1.0.229
[INFO] [stderr]    Compiling either v1.19.0
[INFO] [stderr]    Compiling openssl v0.10.81
[INFO] [stderr]    Compiling axum-core v0.3.4
[INFO] [stderr]    Compiling rustls v0.22.4
[INFO] [stderr]    Compiling mime_guess v2.0.5
[INFO] [stderr]    Compiling rand v0.8.8
[INFO] [stderr]    Compiling axum v0.6.20
[INFO] [stderr]    Compiling signal-hook-registry v1.4.8
[INFO] [stderr]    Compiling futures-util v0.3.34
[INFO] [stderr]    Compiling itertools v0.12.1
[INFO] [stderr]    Compiling async-trait v0.1.92
[INFO] [stderr]    Compiling ipnet v2.12.2
[INFO] [stderr]    Compiling rustls-pki-types v1.15.1
[INFO] [stderr]    Compiling async-stream-impl v0.3.6
[INFO] [stderr]    Compiling parking_lot v0.12.5
[INFO] [stderr]    Compiling matchit v0.7.3
[INFO] [stderr]    Compiling snafu-derive v0.8.9
[INFO] [stderr]    Compiling zerofrom-derive v0.1.8
[INFO] [stderr]    Compiling tokio v1.53.3
[INFO] [stderr]    Compiling yoke-derive v0.8.4
[INFO] [stderr]    Compiling rustls-pemfile v2.2.0
[INFO] [stderr]    Compiling async-stream v0.3.6
[INFO] [stderr]    Compiling rustls-native-certs v0.7.3
[INFO] [stderr]    Compiling thiserror-impl v1.0.69
[INFO] [stderr]    Compiling uuid v1.28.0
[INFO] [stderr]    Compiling zerofrom v0.1.8
[INFO] [stderr]    Compiling yoke v0.8.3
[INFO] [stderr]    Compiling prost-derive v0.12.6
[INFO] [stderr]    Compiling zerovec v0.11.8
[INFO] [stderr]    Compiling zerotrie v0.2.5
[INFO] [stderr]    Compiling thiserror v1.0.69
[INFO] [stderr]    Compiling snafu v0.8.9
[INFO] [stderr]    Compiling tinystr v0.8.4
[INFO] [stderr]    Compiling potential_utf v0.1.6
[INFO] [stderr]    Compiling icu_collections v2.3.0
[INFO] [stderr]    Compiling icu_locale_core v2.3.0
[INFO] [stderr]    Compiling serde v1.0.229
[INFO] [stderr]    Compiling prost v0.12.6
[INFO] [stderr]    Compiling prost-types v0.12.6
[INFO] [stderr]    Compiling serde_urlencoded v0.7.1
[INFO] [stderr]    Compiling icu_provider v2.3.1
[INFO] [stderr]    Compiling native-tls v0.2.18
[INFO] [stderr]    Compiling icu_normalizer v2.3.0
[INFO] [stderr]    Compiling icu_properties v2.3.0
[INFO] [stderr]    Compiling tokio-util v0.7.20
[INFO] [stderr]    Compiling tokio-native-tls v0.3.1
[INFO] [stderr]    Compiling tower v0.5.3
[INFO] [stderr]    Compiling tokio-io-timeout v1.2.1
[INFO] [stderr]    Compiling tokio-stream v0.1.19
[INFO] [stderr]    Compiling idna_adapter v1.2.2
[INFO] [stderr]    Compiling idna v1.1.0
[INFO] [stderr]    Compiling h2 v0.4.20
[INFO] [stderr]    Compiling h2 v0.3.27
[INFO] [stderr]    Compiling tower v0.4.13
[INFO] [stderr]    Compiling url v2.5.8
[INFO] [stderr]    Compiling tower-http v0.6.11
[INFO] [stderr]    Compiling hyper v0.14.32
[INFO] [stderr]    Compiling hyper v1.12.0
[INFO] [stderr]    Compiling rustls-webpki v0.102.8
[INFO] [stderr]    Compiling hyper-util v0.1.21
[INFO] [stderr]    Compiling hyper-tls v0.6.0
[INFO] [stderr]    Compiling reqwest v0.12.28
[INFO] [stderr]    Compiling hyper-timeout v0.4.1
[INFO] [stderr]    Compiling tokio-rustls v0.25.0
[INFO] [stderr]    Compiling tonic v0.11.0
[INFO] [stderr]    Compiling pinecone-sdk v0.1.2 (/opt/rustwide/workdir)
[INFO] [stdout] warning: use of deprecated field `protos::QueryRequest::queries`
[INFO] [stdout]    --> src/pinecone/data.rs:308:13
[INFO] [stdout]     |
[INFO] [stdout] 308 |             queries: vec![],
[INFO] [stdout]     |             ^^^^^^^^^^^^^^^
[INFO] [stdout]     |
[INFO] [stdout]     = note: `#[warn(deprecated)]` on by default
[INFO] [stdout] 
[INFO] [stdout] 
[INFO] [stdout] warning: use of deprecated field `protos::QueryRequest::queries`
[INFO] [stdout]    --> src/pinecone/data.rs:365:13
[INFO] [stdout]     |
[INFO] [stdout] 365 |             queries: vec![],
[INFO] [stdout]     |             ^^^^^^^^^^^^^^^
[INFO] [stdout] 
[INFO] [stdout] 
[INFO] [stdout] warning: fields `controller_url`, `additional_headers`, `source_tag`, and `user_agent` are never read
[INFO] [stdout]    --> src/pinecone/mod.rs:158:5
[INFO] [stdout]     |
[INFO] [stdout] 154 | pub struct PineconeClient {
[INFO] [stdout]     |            -------------- fields in this struct
[INFO] [stdout] ...
[INFO] [stdout] 158 |     controller_url: String,
[INFO] [stdout]     |     ^^^^^^^^^^^^^^
[INFO] [stdout] 159 |     /// Additional headers to be included in all requests
[INFO] [stdout] 160 |     additional_headers: HashMap<String, String>,
[INFO] [stdout]     |     ^^^^^^^^^^^^^^^^^^
[INFO] [stdout] 161 |     /// The source tag
[INFO] [stdout] 162 |     source_tag: Option<String>,
[INFO] [stdout]     |     ^^^^^^^^^^
[INFO] [stdout] 163 |     /// The user agent
[INFO] [stdout] 164 |     user_agent: Option<String>,
[INFO] [stdout]     |     ^^^^^^^^^^
[INFO] [stdout]     |
[INFO] [stdout]     = note: `PineconeClient` has derived impls for the traits `Clone` and `Debug`, but these are intentionally ignored during dead code analysis
[INFO] [stdout]     = note: `#[warn(dead_code)]` (part of `#[warn(unused)]`) on by default
[INFO] [stdout] 
[INFO] [stdout] 
[INFO] [stdout] warning: field `host` is never read
[INFO] [stdout]   --> src/pinecone/data.rs:38:5
[INFO] [stdout]    |
[INFO] [stdout] 36 | pub struct Index {
[INFO] [stdout]    |            ----- field in this struct
[INFO] [stdout] 37 |     /// The name of the index.
[INFO] [stdout] 38 |     host: String,
[INFO] [stdout]    |     ^^^^
[INFO] [stdout]    |
[INFO] [stdout]    = note: `Index` has a derived impl for the trait `Debug`, but this is intentionally ignored during dead code analysis
[INFO] [stdout] 
[INFO] [stdout] 
[INFO] [stderr]     Finished `release` profile [optimized] target(s) in 1m 41s
[INFO] running `Command { std: "docker" "inspect" "fd5a4645842c117ded23263a0120ccea050486ff29557f469d9ea0a20d3603ee", kill_on_drop: false }`
[INFO] running `Command { std: "docker" "exec" "-e" "SOURCE_DIR=/opt/rustwide/workdir" "-e" "CARGO_HOME=/opt/rustwide/cargo-home" "-e" "RUSTUP_HOME=/opt/rustwide/rustup-home" "-e" "CARGO_TARGET_DIR=/opt/rustwide/target" "-e" "CARGO_INCREMENTAL=0" "-e" "RUST_BACKTRACE=full" "-e" "RUSTFLAGS=--cap-lints=warn" "-e" "RUSTDOCFLAGS=--cap-lints=warn" "-w" "/opt/rustwide/workdir" "--user" "0:0" "fd5a4645842c117ded23263a0120ccea050486ff29557f469d9ea0a20d3603ee" "/opt/rustwide/cargo-home/bin/cargo" "+1.99.0-beta.8" "test" "--frozen" "--no-run" "--message-format=json" "--release", kill_on_drop: false }`
[INFO] [stderr]    Compiling futures-macro v0.3.34
[INFO] [stderr]    Compiling log v0.4.34
[INFO] [stderr]    Compiling either v1.19.0
[INFO] [stderr]    Compiling rustix v1.1.5
[INFO] [stderr]    Compiling futures-lite v2.6.1
[INFO] [stderr]    Compiling linux-raw-sys v0.12.1
[INFO] [stderr]    Compiling aho-corasick v1.1.5
[INFO] [stderr]    Compiling dirs-sys-next v0.1.2
[INFO] [stderr]    Compiling async-io v2.6.0
[INFO] [stderr]    Compiling smallvec v1.16.3
[INFO] [stderr]    Compiling regex-syntax v0.8.11
[INFO] [stderr]    Compiling async-task v4.7.1
[INFO] [stderr]    Compiling tiny-keccak v2.0.2
[INFO] [stderr]    Compiling siphasher v1.0.4
[INFO] [stderr]    Compiling async-channel v2.5.0
[INFO] [stderr]    Compiling fixedbitset v0.4.2
[INFO] [stderr]    Compiling new_debug_unreachable v1.0.6
[INFO] [stderr]    Compiling precomputed-hash v0.1.1
[INFO] [stderr]    Compiling dirs-next v2.0.0
[INFO] [stderr]    Compiling same-file v1.0.6
[INFO] [stderr]    Compiling term v0.7.0
[INFO] [stderr]    Compiling bit-vec v0.6.3
[INFO] [stderr]    Compiling phf_shared v0.11.3
[INFO] [stderr]    Compiling walkdir v2.5.0
[INFO] [stderr]    Compiling petgraph v0.6.5
[INFO] [stderr]    Compiling ena v0.14.4
[INFO] [stderr]    Compiling piper v0.2.5
[INFO] [stderr]    Compiling itertools v0.12.1
[INFO] [stderr]    Compiling parking_lot_core v0.9.12
[INFO] [stderr]    Compiling bit-set v0.5.3
[INFO] [stderr]    Compiling ascii-canvas v3.0.0
[INFO] [stderr]    Compiling itertools v0.11.0
[INFO] [stderr]    Compiling unicode-xid v0.2.6
[INFO] [stderr]    Compiling pico-args v0.5.0
[INFO] [stderr]    Compiling native-tls v0.2.18
[INFO] [stderr]    Compiling syn v1.0.109
[INFO] [stderr]    Compiling event-listener v2.5.3
[INFO] [stderr]    Compiling rustls v0.22.4
[INFO] [stderr]    Compiling parking_lot v0.12.5
[INFO] [stderr]    Compiling kv-log-macro v1.0.7
[INFO] [stderr]    Compiling pin-utils v0.1.1
[INFO] [stderr]    Compiling lalrpop-util v0.20.2
[INFO] [stderr]    Compiling serde_regex v1.2.0
[INFO] [stderr]    Compiling futures-util v0.3.34
[INFO] [stderr]    Compiling async-channel v1.9.0
[INFO] [stderr]    Compiling assert-json-diff v2.0.2
[INFO] [stderr]    Compiling serial_test_derive v3.5.0
[INFO] [stderr]    Compiling levenshtein v1.0.5
[INFO] [stderr]    Compiling tokio-native-tls v0.3.1
[INFO] [stderr]    Compiling string_cache v0.8.9
[INFO] [stderr]    Compiling temp-env v0.3.6
[INFO] [stderr]    Compiling async-executor v1.14.0
[INFO] [stderr]    Compiling blocking v1.7.0
[INFO] [stderr]    Compiling prost-derive v0.12.6
[INFO] [stderr]    Compiling regex-automata v0.4.18
[INFO] [stderr]    Compiling h2 v0.3.27
[INFO] [stderr]    Compiling hyper-util v0.1.21
[INFO] [stderr]    Compiling tower v0.4.13
[INFO] [stderr]    Compiling tower v0.5.3
[INFO] [stderr]    Compiling axum-core v0.3.4
[INFO] [stderr]    Compiling futures-executor v0.3.34
[INFO] [stderr]    Compiling serial_test v3.5.0
[INFO] [stderr]    Compiling prost v0.12.6
[INFO] [stderr]    Compiling prost-types v0.12.6
[INFO] [stderr]    Compiling tower-http v0.6.11
[INFO] [stderr]    Compiling tokio-rustls v0.25.0
[INFO] [stderr]    Compiling async-attributes v1.1.2
[INFO] [stderr]    Compiling regex v1.13.1
[INFO] [stderr]    Compiling hyper-tls v0.6.0
[INFO] [stderr]    Compiling reqwest v0.12.28
[INFO] [stderr]    Compiling lalrpop v0.20.2
[INFO] [stderr]    Compiling hyper v0.14.32
[INFO] [stderr]    Compiling polling v3.11.0
[INFO] [stderr]    Compiling async-signal v0.2.14
[INFO] [stderr]    Compiling async-global-executor v2.4.1
[INFO] [stderr]    Compiling async-process v2.5.0
[INFO] [stderr]    Compiling async-std v1.13.2
[INFO] [stderr]    Compiling async-object-pool v0.1.5
[INFO] [stderr]    Compiling hyper-timeout v0.4.1
[INFO] [stderr]    Compiling axum v0.6.20
[INFO] [stderr]    Compiling basic-cookies v0.1.5
[INFO] [stderr]    Compiling httpmock v0.7.0
[INFO] [stderr]    Compiling tonic v0.11.0
[INFO] [stderr]    Compiling pinecone-sdk v0.1.2 (/opt/rustwide/workdir)
[INFO] [stdout] warning: use of deprecated field `protos::QueryRequest::queries`
[INFO] [stdout]    --> src/pinecone/data.rs:308:13
[INFO] [stdout]     |
[INFO] [stdout] 308 |             queries: vec![],
[INFO] [stdout]     |             ^^^^^^^^^^^^^^^
[INFO] [stdout]     |
[INFO] [stdout]     = note: `#[warn(deprecated)]` on by default
[INFO] [stdout] 
[INFO] [stdout] 
[INFO] [stdout] warning: use of deprecated field `protos::QueryRequest::queries`
[INFO] [stdout]    --> src/pinecone/data.rs:365:13
[INFO] [stdout]     |
[INFO] [stdout] 365 |             queries: vec![],
[INFO] [stdout]     |             ^^^^^^^^^^^^^^^
[INFO] [stdout] 
[INFO] [stdout] 
[INFO] [stdout] warning: fields `controller_url`, `additional_headers`, `source_tag`, and `user_agent` are never read
[INFO] [stdout]    --> src/pinecone/mod.rs:158:5
[INFO] [stdout]     |
[INFO] [stdout] 154 | pub struct PineconeClient {
[INFO] [stdout]     |            -------------- fields in this struct
[INFO] [stdout] ...
[INFO] [stdout] 158 |     controller_url: String,
[INFO] [stdout]     |     ^^^^^^^^^^^^^^
[INFO] [stdout] 159 |     /// Additional headers to be included in all requests
[INFO] [stdout] 160 |     additional_headers: HashMap<String, String>,
[INFO] [stdout]     |     ^^^^^^^^^^^^^^^^^^
[INFO] [stdout] 161 |     /// The source tag
[INFO] [stdout] 162 |     source_tag: Option<String>,
[INFO] [stdout]     |     ^^^^^^^^^^
[INFO] [stdout] 163 |     /// The user agent
[INFO] [stdout] 164 |     user_agent: Option<String>,
[INFO] [stdout]     |     ^^^^^^^^^^
[INFO] [stdout]     |
[INFO] [stdout]     = note: `PineconeClient` has derived impls for the traits `Clone` and `Debug`, but these are intentionally ignored during dead code analysis
[INFO] [stdout]     = note: `#[warn(dead_code)]` (part of `#[warn(unused)]`) on by default
[INFO] [stdout] 
[INFO] [stdout] 
[INFO] [stdout] warning: field `host` is never read
[INFO] [stdout]   --> src/pinecone/data.rs:38:5
[INFO] [stdout]    |
[INFO] [stdout] 36 | pub struct Index {
[INFO] [stdout]    |            ----- field in this struct
[INFO] [stdout] 37 |     /// The name of the index.
[INFO] [stdout] 38 |     host: String,
[INFO] [stdout]    |     ^^^^
[INFO] [stdout]    |
[INFO] [stdout]    = note: `Index` has a derived impl for the trait `Debug`, but this is intentionally ignored during dead code analysis
[INFO] [stdout] 
[INFO] [stdout] 
[INFO] [stdout] warning: unused import: `super::*`
[INFO] [stdout]    --> src/pinecone/data.rs:657:9
[INFO] [stdout]     |
[INFO] [stdout] 657 |     use super::*;
[INFO] [stdout]     |         ^^^^^^^^
[INFO] [stdout]     |
[INFO] [stdout]     = note: `#[warn(unused_imports)]` (part of `#[warn(unused)]`) on by default
[INFO] [stdout] 
[INFO] [stdout] 
[INFO] [stdout] warning: use of deprecated field `protos::QueryRequest::queries`
[INFO] [stdout]    --> src/pinecone/data.rs:308:13
[INFO] [stdout]     |
[INFO] [stdout] 308 |             queries: vec![],
[INFO] [stdout]     |             ^^^^^^^^^^^^^^^
[INFO] [stdout]     |
[INFO] [stdout]     = note: `#[warn(deprecated)]` on by default
[INFO] [stdout] 
[INFO] [stdout] 
[INFO] [stdout] warning: use of deprecated field `protos::QueryRequest::queries`
[INFO] [stdout]    --> src/pinecone/data.rs:365:13
[INFO] [stdout]     |
[INFO] [stdout] 365 |             queries: vec![],
[INFO] [stdout]     |             ^^^^^^^^^^^^^^^
[INFO] [stdout] 
[INFO] [stdout] 
[INFO] [stderr]     Finished `release` profile [optimized] target(s) in 1m 52s
[INFO] running `Command { std: "docker" "inspect" "fd5a4645842c117ded23263a0120ccea050486ff29557f469d9ea0a20d3603ee", kill_on_drop: false }`
[INFO] running `Command { std: "docker" "exec" "-e" "SOURCE_DIR=/opt/rustwide/workdir" "-e" "CARGO_HOME=/opt/rustwide/cargo-home" "-e" "RUSTUP_HOME=/opt/rustwide/rustup-home" "-e" "CARGO_TARGET_DIR=/opt/rustwide/target" "-e" "CARGO_INCREMENTAL=0" "-e" "RUST_BACKTRACE=full" "-e" "RUSTFLAGS=--cap-lints=warn" "-e" "RUSTDOCFLAGS=--cap-lints=warn" "-w" "/opt/rustwide/workdir" "--user" "0:0" "fd5a4645842c117ded23263a0120ccea050486ff29557f469d9ea0a20d3603ee" "/opt/rustwide/cargo-home/bin/cargo" "+1.99.0-beta.8" "test" "--frozen" "--release", kill_on_drop: false }`
[INFO] [stderr] warning: use of deprecated field `protos::QueryRequest::queries`
[INFO] [stderr]    --> src/pinecone/data.rs:308:13
[INFO] [stderr]     |
[INFO] [stderr] 308 |             queries: vec![],
[INFO] [stderr]     |             ^^^^^^^^^^^^^^^
[INFO] [stderr]     |
[INFO] [stderr]     = note: `#[warn(deprecated)]` on by default
[INFO] [stderr] 
[INFO] [stderr] warning: use of deprecated field `protos::QueryRequest::queries`
[INFO] [stderr]    --> src/pinecone/data.rs:365:13
[INFO] [stderr]     |
[INFO] [stderr] 365 |             queries: vec![],
[INFO] [stderr]     |             ^^^^^^^^^^^^^^^
[INFO] [stderr] 
[INFO] [stderr] warning: fields `controller_url`, `additional_headers`, `source_tag`, and `user_agent` are never read
[INFO] [stderr]    --> src/pinecone/mod.rs:158:5
[INFO] [stderr]     |
[INFO] [stderr] 154 | pub struct PineconeClient {
[INFO] [stderr]     |            -------------- fields in this struct
[INFO] [stderr] ...
[INFO] [stderr] 158 |     controller_url: String,
[INFO] [stderr]     |     ^^^^^^^^^^^^^^
[INFO] [stderr] 159 |     /// Additional headers to be included in all requests
[INFO] [stderr] 160 |     additional_headers: HashMap<String, String>,
[INFO] [stderr]     |     ^^^^^^^^^^^^^^^^^^
[INFO] [stderr] 161 |     /// The source tag
[INFO] [stderr] 162 |     source_tag: Option<String>,
[INFO] [stderr]     |     ^^^^^^^^^^
[INFO] [stderr] 163 |     /// The user agent
[INFO] [stderr] 164 |     user_agent: Option<String>,
[INFO] [stderr]     |     ^^^^^^^^^^
[INFO] [stderr]     |
[INFO] [stderr]     = note: `PineconeClient` has derived impls for the traits `Clone` and `Debug`, but these are intentionally ignored during dead code analysis
[INFO] [stderr]     = note: `#[warn(dead_code)]` (part of `#[warn(unused)]`) on by default
[INFO] [stderr] 
[INFO] [stderr] warning: field `host` is never read
[INFO] [stderr]   --> src/pinecone/data.rs:38:5
[INFO] [stderr]    |
[INFO] [stderr] 36 | pub struct Index {
[INFO] [stderr]    |            ----- field in this struct
[INFO] [stderr] 37 |     /// The name of the index.
[INFO] [stderr] 38 |     host: String,
[INFO] [stderr]    |     ^^^^
[INFO] [stderr]    |
[INFO] [stderr]    = note: `Index` has a derived impl for the trait `Debug`, but this is intentionally ignored during dead code analysis
[INFO] [stderr] 
[INFO] [stderr] warning: `pinecone-sdk` (lib) generated 4 warnings
[INFO] [stderr] warning: unused import: `super::*`
[INFO] [stderr]    --> src/pinecone/data.rs:657:9
[INFO] [stderr]     |
[INFO] [stderr] 657 |     use super::*;
[INFO] [stderr]     |         ^^^^^^^^
[INFO] [stderr]     |
[INFO] [stderr]     = note: `#[warn(unused_imports)]` (part of `#[warn(unused)]`) on by default
[INFO] [stderr] 
[INFO] [stderr] warning: `pinecone-sdk` (lib test) generated 3 warnings (2 duplicates) (run `cargo fix --lib -p pinecone-sdk --tests` to apply 1 suggestion)
[INFO] [stderr]     Finished `release` profile [optimized] target(s) in 0.34s
[INFO] [stderr]      Running unittests src/lib.rs (/opt/rustwide/target/release/deps/pinecone_sdk-a8328b5c0c83bc01)
[INFO] [stdout] 
[INFO] [stdout] running 66 tests
[INFO] [stdout] test pinecone::control::tests::test_create_pod_index_invalid_environment ... ok
[INFO] [stdout] test pinecone::control::tests::test_create_collection ... ok
[INFO] [stdout] test pinecone::control::tests::test_create_pod_index_with_defaults ... ok
[INFO] [stdout] test pinecone::control::tests::test_configure_index_unprocessable_entity ... ok
[INFO] [stdout] test pinecone::control::tests::test_create_pod_index_quota_exceeded ... ok
[INFO] [stdout] test pinecone::control::tests::test_create_pod_index ... ok
[INFO] [stdout] test pinecone::control::tests::test_create_pod_index_invalid_pod_type ... ok
[INFO] [stdout] test pinecone::control::tests::test_configure_index_internal_error ... ok
[INFO] [stdout] test pinecone::control::tests::test_create_serverless_index_invalid_region ... ok
[INFO] [stdout] test pinecone::control::tests::test_configure_index_no_config ... ok
[INFO] [stdout] test pinecone::control::tests::test_configure_index_quota_exceeded ... ok
[INFO] [stdout] test pinecone::control::tests::test_create_collection_server_error ... ok
[INFO] [stdout] test pinecone::control::tests::test_configure_deletion_protection ... ok
[INFO] [stdout] test pinecone::control::tests::test_configure_index ... ok
[INFO] [stdout] test pinecone::control::tests::test_create_collection_quota_exceeded ... ok
[INFO] [stdout] test pinecone::control::tests::test_configure_index_not_found ... ok
[INFO] [stdout] test pinecone::control::tests::test_create_collection_invalid_name ... ok
[INFO] [stdout] test pinecone::control::tests::test_delete_collection ... ok
[INFO] [stdout] test pinecone::control::tests::test_create_serverless_index_index_exists ... ok
[INFO] [stdout] test pinecone::control::tests::test_create_serverless_index ... ok
[INFO] [stdout] test pinecone::control::tests::test_create_serverless_index_unprocessable_entity ... ok
[INFO] [stdout] test pinecone::control::tests::test_describe_collection_invalid_name ... ok
[INFO] [stdout] test pinecone::control::tests::test_describe_collection_server_error ... ok
[INFO] [stdout] test pinecone::control::tests::test_delete_collection_internal_error ... ok
[INFO] [stdout] test pinecone::control::tests::test_delete_collection_not_found ... ok
[INFO] [stdout] test pinecone::control::tests::test_create_serverless_index_internal_error ... ok
[INFO] [stdout] test pinecone::control::tests::test_delete_index_pending_collection ... ok
[INFO] [stdout] test pinecone::data::tests::test_index_full_endpoint ... FAILED
[INFO] [stdout] test pinecone::control::tests::test_describe_collection ... ok
[INFO] [stdout] test pinecone::data::tests::test_index_no_port ... FAILED
[INFO] [stdout] test pinecone::data::tests::test_index_no_scheme_no_port ... FAILED
[INFO] [stdout] test pinecone::control::tests::test_describe_index_server_error ... ok
[INFO] [stdout] test pinecone::data::tests::test_index_no_scheme ... FAILED
[INFO] [stdout] test pinecone::inference::tests::test_embed ... FAILED
[INFO] [stdout] test pinecone::inference::tests::test_embed_invalid_arguments ... FAILED
[INFO] [stdout] test pinecone::control::tests::test_delete_index_invalid_name ... ok
[INFO] [stdout] test pinecone::control::tests::test_delete_index ... ok
[INFO] [stdout] test pinecone::control::tests::test_describe_serverless_index ... ok
[INFO] [stdout] test pinecone::control::tests::test_list_collections_error ... ok
[INFO] [stdout] test pinecone::control::tests::test_create_serverless_index_defaults ... ok
[INFO] [stdout] test pinecone::tests::test_arg_headers ... ok
[INFO] [stdout] test pinecone::control::tests::test_describe_index_invalid_name ... ok
[INFO] [stdout] test pinecone::control::tests::test_list_indexes ... ok
[INFO] [stdout] test pinecone::control::tests::test_list_collections ... ok
[INFO] [stdout] test pinecone::tests::test_arg_overrides_env ... ok
[INFO] [stdout] test pinecone::tests::test_arg_api_key ... ok
[INFO] [stdout] test utils::errors::tests::test_pinecone_error_is_send_sync ... ok
[INFO] [stdout] test utils::user_agent::tests::test_build_source_tag ... ok
[INFO] [stdout] test utils::user_agent::tests::test_build_source_tag_special_chars ... ok
[INFO] [stdout] test utils::user_agent::tests::test_no_source_tag ... ok
[INFO] [stdout] test utils::user_agent::tests::test_with_source_tag ... ok
[INFO] [stdout] test pinecone::control::tests::test_handle_polling_index_ok ... ok
[INFO] [stdout] test pinecone::tests::test_default_headers ... ok
[INFO] [stdout] test pinecone::control::tests::test_list_indexes_server_error ... ok
[INFO] [stdout] test pinecone::tests::test_arg_host ... ok
[INFO] [stdout] test pinecone::control::tests::test_delete_index_server_error ... ok
[INFO] [stdout] test pinecone::tests::test_default_host ... ok
[INFO] [stdout] test pinecone::tests::test_env_headers ... ok
[INFO] [stdout] test pinecone::tests::test_env_host ... ok
[INFO] [stdout] test pinecone::tests::test_headers_api_version ... ok
[INFO] [stdout] test pinecone::tests::test_env_api_key ... ok
[INFO] [stdout] test pinecone::tests::test_headers_api_version_different_casing ... ok
[INFO] [stdout] test pinecone::tests::test_headers_no_api_version ... ok
[INFO] [stdout] test pinecone::tests::test_invalid_env_headers ... ok
[INFO] [stdout] test pinecone::tests::test_no_api_key ... ok
[INFO] [stdout] test pinecone::control::tests::test_handle_polling_index_err ... ok
[INFO] [stdout] 
[INFO] [stdout] failures:
[INFO] [stdout] 
[INFO] [stdout] ---- pinecone::data::tests::test_index_full_endpoint stdout ----
[INFO] [stdout] 
[INFO] [stdout] thread 'pinecone::data::tests::test_index_full_endpoint' (3179) panicked at src/pinecone/data.rs:670:41:
[INFO] [stdout] Failed to create Pinecone instance: APIKeyMissingError { message: "API key is not provided as an argument nor as an environment variable" }
[INFO] [stdout] stack backtrace:
[INFO] [stdout]    0:     0x55fec5da4851 - <<std[70759c8f55707aa4]::sys::backtrace::BacktraceLock>::print::DisplayBacktrace as core[df12db4294e9bfd3]::fmt::Display>::fmt
[INFO] [stdout]    1:     0x55fec5dbd95a - core[df12db4294e9bfd3]::fmt::write
[INFO] [stdout]    2:     0x55fec5da9f5c - <alloc[2182bb758b4b3781]::vec::Vec<u8> as core[df12db4294e9bfd3]::io::write::Write>::write_fmt
[INFO] [stdout]    3:     0x55fec5d7e7a6 - std[70759c8f55707aa4]::panicking::default_hook::{closure#0}
[INFO] [stdout]    4:     0x55fec5d9c0c9 - std[70759c8f55707aa4]::panicking::default_hook
[INFO] [stdout]    5:     0x55fec5907d00 - test[9d35eded1c95d3be]::test_main_inner::<test[9d35eded1c95d3be]::test_main_static::{closure#0}>::{closure#0}
[INFO] [stdout]    6:     0x55fec5d9c3f2 - std[70759c8f55707aa4]::panicking::panic_with_hook
[INFO] [stdout]    7:     0x55fec5d7e852 - std[70759c8f55707aa4]::panicking::panic_handler::{closure#0}
[INFO] [stdout]    8:     0x55fec5d76c89 - std[70759c8f55707aa4]::sys::backtrace::__rust_end_short_backtrace::<std[70759c8f55707aa4]::panicking::panic_handler::{closure#0}, !>
[INFO] [stdout]    9:     0x55fec5d7f96d - __rustc[8fa7c3cbc660c2b3]::rust_begin_unwind
[INFO] [stdout]   10:     0x55fec5dbe13c - core[df12db4294e9bfd3]::panicking::panic_fmt
[INFO] [stdout]   11:     0x55fec5dbdf12 - core[df12db4294e9bfd3]::result::unwrap_failed
[INFO] [stdout]   12:     0x55fec58586bd - pinecone_sdk[2a113df19a25b838]::pinecone::data::tests::test_index_full_endpoint::{closure#0}
[INFO] [stdout]   13:     0x55fec58ded0a - <tokio[1ba95fa653e78c6d]::runtime::context::scoped::Scoped<tokio[1ba95fa653e78c6d]::runtime::scheduler::Context>>::set::<<tokio[1ba95fa653e78c6d]::runtime::scheduler::current_thread::CoreGuard>::enter<<tokio[1ba95fa653e78c6d]::runtime::scheduler::current_thread::CoreGuard>::block_on<core[df12db4294e9bfd3]::pin::Pin<&mut core[df12db4294e9bfd3]::pin::Pin<&mut dyn core[df12db4294e9bfd3]::future::future::Future<Output = ()>>>>::{closure#0}, core[df12db4294e9bfd3]::option::Option<()>>::{closure#0}, (alloc[2182bb758b4b3781]::boxed::Box<tokio[1ba95fa653e78c6d]::runtime::scheduler::current_thread::Core>, core[df12db4294e9bfd3]::option::Option<()>)>
[INFO] [stdout]   14:     0x55fec58e0b4d - <tokio[1ba95fa653e78c6d]::runtime::scheduler::current_thread::CoreGuard>::block_on::<core[df12db4294e9bfd3]::pin::Pin<&mut core[df12db4294e9bfd3]::pin::Pin<&mut dyn core[df12db4294e9bfd3]::future::future::Future<Output = ()>>>>
[INFO] [stdout]   15:     0x55fec589158b - tokio[1ba95fa653e78c6d]::runtime::context::runtime::enter_runtime::<<tokio[1ba95fa653e78c6d]::runtime::scheduler::current_thread::CurrentThread>::block_on<core[df12db4294e9bfd3]::pin::Pin<&mut dyn core[df12db4294e9bfd3]::future::future::Future<Output = ()>>>::{closure#0}, ()>
[INFO] [stdout]   16:     0x55fec588987b - <tokio[1ba95fa653e78c6d]::runtime::runtime::Runtime>::block_on::<core[df12db4294e9bfd3]::pin::Pin<&mut dyn core[df12db4294e9bfd3]::future::future::Future<Output = ()>>>
[INFO] [stdout]   17:     0x55fec5859abb - pinecone_sdk[2a113df19a25b838]::pinecone::data::tests::test_index_full_endpoint
[INFO] [stdout]   18:     0x55fec58b45d9 - <pinecone_sdk[2a113df19a25b838]::pinecone::data::tests::test_index_full_endpoint::{closure#0} as core[df12db4294e9bfd3]::ops::function::FnOnce<()>>::call_once
[INFO] [stdout]   19:     0x55fec58fafeb - test[9d35eded1c95d3be]::__rust_begin_short_backtrace::<core[df12db4294e9bfd3]::result::Result<(), alloc[2182bb758b4b3781]::string::String>, fn() -> core[df12db4294e9bfd3]::result::Result<(), alloc[2182bb758b4b3781]::string::String>>
[INFO] [stdout]   20:     0x55fec5908655 - test[9d35eded1c95d3be]::run_test::{closure#0}
[INFO] [stdout]   21:     0x55fec5901f14 - std[70759c8f55707aa4]::sys::backtrace::__rust_begin_short_backtrace::<test[9d35eded1c95d3be]::run_test::{closure#1}, ()>
[INFO] [stdout]   22:     0x55fec590b7b2 - <std[70759c8f55707aa4]::thread::lifecycle::spawn_unchecked<test[9d35eded1c95d3be]::run_test::{closure#1}, ()>::{closure#1} as core[df12db4294e9bfd3]::ops::function::FnOnce<()>>::call_once::{shim:vtable#0}
[INFO] [stdout]   23:     0x55fec5da3b29 - <std[70759c8f55707aa4]::sys::thread::unix::Thread>::new::thread_start
[INFO] [stdout]   24:     0x73514ecd4dfa - <unknown>
[INFO] [stdout]   25:     0x73514ed683d4 - clone
[INFO] [stdout]   26:                0x0 - <unknown>
[INFO] [stdout] 
[INFO] [stdout] ---- pinecone::data::tests::test_index_no_port stdout ----
[INFO] [stdout] 
[INFO] [stdout] thread 'pinecone::data::tests::test_index_no_port' (3180) panicked at src/pinecone/data.rs:705:41:
[INFO] [stdout] Failed to create Pinecone instance: APIKeyMissingError { message: "API key is not provided as an argument nor as an environment variable" }
[INFO] [stdout] stack backtrace:
[INFO] [stdout]    0:     0x55fec5da4851 - <<std[70759c8f55707aa4]::sys::backtrace::BacktraceLock>::print::DisplayBacktrace as core[df12db4294e9bfd3]::fmt::Display>::fmt
[INFO] [stdout]    1:     0x55fec5dbd95a - core[df12db4294e9bfd3]::fmt::write
[INFO] [stdout]    2:     0x55fec5da9f5c - <alloc[2182bb758b4b3781]::vec::Vec<u8> as core[df12db4294e9bfd3]::io::write::Write>::write_fmt
[INFO] [stdout]    3:     0x55fec5d7e7a6 - std[70759c8f55707aa4]::panicking::default_hook::{closure#0}
[INFO] [stdout]    4:     0x55fec5d9c0c9 - std[70759c8f55707aa4]::panicking::default_hook
[INFO] [stdout]    5:     0x55fec5907d00 - test[9d35eded1c95d3be]::test_main_inner::<test[9d35eded1c95d3be]::test_main_static::{closure#0}>::{closure#0}
[INFO] [stdout]    6:     0x55fec5d9c3f2 - std[70759c8f55707aa4]::panicking::panic_with_hook
[INFO] [stdout]    7:     0x55fec5d7e852 - std[70759c8f55707aa4]::panicking::panic_handler::{closure#0}
[INFO] [stdout]    8:     0x55fec5d76c89 - std[70759c8f55707aa4]::sys::backtrace::__rust_end_short_backtrace::<std[70759c8f55707aa4]::panicking::panic_handler::{closure#0}, !>
[INFO] [stdout]    9:     0x55fec5d7f96d - __rustc[8fa7c3cbc660c2b3]::rust_begin_unwind
[INFO] [stdout]   10:     0x55fec5dbe13c - core[df12db4294e9bfd3]::panicking::panic_fmt
[INFO] [stdout]   11:     0x55fec5dbdf12 - core[df12db4294e9bfd3]::result::unwrap_failed
[INFO] [stdout]   12:     0x55fec5857ebe - pinecone_sdk[2a113df19a25b838]::pinecone::data::tests::test_index_no_port::{closure#0}
[INFO] [stdout]   13:     0x55fec58ded0a - <tokio[1ba95fa653e78c6d]::runtime::context::scoped::Scoped<tokio[1ba95fa653e78c6d]::runtime::scheduler::Context>>::set::<<tokio[1ba95fa653e78c6d]::runtime::scheduler::current_thread::CoreGuard>::enter<<tokio[1ba95fa653e78c6d]::runtime::scheduler::current_thread::CoreGuard>::block_on<core[df12db4294e9bfd3]::pin::Pin<&mut core[df12db4294e9bfd3]::pin::Pin<&mut dyn core[df12db4294e9bfd3]::future::future::Future<Output = ()>>>>::{closure#0}, core[df12db4294e9bfd3]::option::Option<()>>::{closure#0}, (alloc[2182bb758b4b3781]::boxed::Box<tokio[1ba95fa653e78c6d]::runtime::scheduler::current_thread::Core>, core[df12db4294e9bfd3]::option::Option<()>)>
[INFO] [stdout]   14:     0x55fec58e0b4d - <tokio[1ba95fa653e78c6d]::runtime::scheduler::current_thread::CoreGuard>::block_on::<core[df12db4294e9bfd3]::pin::Pin<&mut core[df12db4294e9bfd3]::pin::Pin<&mut dyn core[df12db4294e9bfd3]::future::future::Future<Output = ()>>>>
[INFO] [stdout]   15:     0x55fec589158b - tokio[1ba95fa653e78c6d]::runtime::context::runtime::enter_runtime::<<tokio[1ba95fa653e78c6d]::runtime::scheduler::current_thread::CurrentThread>::block_on<core[df12db4294e9bfd3]::pin::Pin<&mut dyn core[df12db4294e9bfd3]::future::future::Future<Output = ()>>>::{closure#0}, ()>
[INFO] [stdout]   16:     0x55fec588987b - <tokio[1ba95fa653e78c6d]::runtime::runtime::Runtime>::block_on::<core[df12db4294e9bfd3]::pin::Pin<&mut dyn core[df12db4294e9bfd3]::future::future::Future<Output = ()>>>
[INFO] [stdout]   17:     0x55fec585981b - pinecone_sdk[2a113df19a25b838]::pinecone::data::tests::test_index_no_port
[INFO] [stdout]   18:     0x55fec58b4599 - <pinecone_sdk[2a113df19a25b838]::pinecone::data::tests::test_index_no_port::{closure#0} as core[df12db4294e9bfd3]::ops::function::FnOnce<()>>::call_once
[INFO] [stdout]   19:     0x55fec58fafeb - test[9d35eded1c95d3be]::__rust_begin_short_backtrace::<core[df12db4294e9bfd3]::result::Result<(), alloc[2182bb758b4b3781]::string::String>, fn() -> core[df12db4294e9bfd3]::result::Result<(), alloc[2182bb758b4b3781]::string::String>>
[INFO] [stdout]   20:     0x55fec5908655 - test[9d35eded1c95d3be]::run_test::{closure#0}
[INFO] [stdout]   21:     0x55fec5901f14 - std[70759c8f55707aa4]::sys::backtrace::__rust_begin_short_backtrace::<test[9d35eded1c95d3be]::run_test::{closure#1}, ()>
[INFO] [stdout]   22:     0x55fec590b7b2 - <std[70759c8f55707aa4]::thread::lifecycle::spawn_unchecked<test[9d35eded1c95d3be]::run_test::{closure#1}, ()>::{closure#1} as core[df12db4294e9bfd3]::ops::function::FnOnce<()>>::call_once::{shim:vtable#0}
[INFO] [stdout]   23:     0x55fec5da3b29 - <std[70759c8f55707aa4]::sys::thread::unix::Thread>::new::thread_start
[INFO] [stdout]   24:     0x73514ecd4dfa - <unknown>
[INFO] [stdout]   25:     0x73514ed683d4 - clone
[INFO] [stdout]   26:                0x0 - <unknown>
[INFO] [stdout] 
[INFO] [stdout] ---- pinecone::data::tests::test_index_no_scheme_no_port stdout ----
[INFO] [stdout] 
[INFO] [stdout] thread 'pinecone::data::tests::test_index_no_scheme_no_port' (3182) panicked at src/pinecone/data.rs:724:41:
[INFO] [stdout] Failed to create Pinecone instance: APIKeyMissingError { message: "API key is not provided as an argument nor as an environment variable" }
[INFO] [stdout] stack backtrace:
[INFO] [stdout]    0:     0x55fec5da4851 - <<std[70759c8f55707aa4]::sys::backtrace::BacktraceLock>::print::DisplayBacktrace as core[df12db4294e9bfd3]::fmt::Display>::fmt
[INFO] [stdout]    1:     0x55fec5dbd95a - core[df12db4294e9bfd3]::fmt::write
[INFO] [stdout]    2:     0x55fec5da9f5c - <alloc[2182bb758b4b3781]::vec::Vec<u8> as core[df12db4294e9bfd3]::io::write::Write>::write_fmt
[INFO] [stdout]    3:     0x55fec5d7e7a6 - std[70759c8f55707aa4]::panicking::default_hook::{closure#0}
[INFO] [stdout]    4:     0x55fec5d9c0c9 - std[70759c8f55707aa4]::panicking::default_hook
[INFO] [stdout]    5:     0x55fec5907d00 - test[9d35eded1c95d3be]::test_main_inner::<test[9d35eded1c95d3be]::test_main_static::{closure#0}>::{closure#0}
[INFO] [stdout]    6:     0x55fec5d9c3f2 - std[70759c8f55707aa4]::panicking::panic_with_hook
[INFO] [stdout]    7:     0x55fec5d7e852 - std[70759c8f55707aa4]::panicking::panic_handler::{closure#0}
[INFO] [stdout]    8:     0x55fec5d76c89 - std[70759c8f55707aa4]::sys::backtrace::__rust_end_short_backtrace::<std[70759c8f55707aa4]::panicking::panic_handler::{closure#0}, !>
[INFO] [stdout]    9:     0x55fec5d7f96d - __rustc[8fa7c3cbc660c2b3]::rust_begin_unwind
[INFO] [stdout]   10:     0x55fec5dbe13c - core[df12db4294e9bfd3]::panicking::panic_fmt
[INFO] [stdout]   11:     0x55fec5dbdf12 - core[df12db4294e9bfd3]::result::unwrap_failed
[INFO] [stdout]   12:     0x55fec5858a3d - pinecone_sdk[2a113df19a25b838]::pinecone::data::tests::test_index_no_scheme_no_port::{closure#0}
[INFO] [stdout]   13:     0x55fec58ded0a - <tokio[1ba95fa653e78c6d]::runtime::context::scoped::Scoped<tokio[1ba95fa653e78c6d]::runtime::scheduler::Context>>::set::<<tokio[1ba95fa653e78c6d]::runtime::scheduler::current_thread::CoreGuard>::enter<<tokio[1ba95fa653e78c6d]::runtime::scheduler::current_thread::CoreGuard>::block_on<core[df12db4294e9bfd3]::pin::Pin<&mut core[df12db4294e9bfd3]::pin::Pin<&mut dyn core[df12db4294e9bfd3]::future::future::Future<Output = ()>>>>::{closure#0}, core[df12db4294e9bfd3]::option::Option<()>>::{closure#0}, (alloc[2182bb758b4b3781]::boxed::Box<tokio[1ba95fa653e78c6d]::runtime::scheduler::current_thread::Core>, core[df12db4294e9bfd3]::option::Option<()>)>
[INFO] [stdout]   14:     0x55fec58e0b4d - <tokio[1ba95fa653e78c6d]::runtime::scheduler::current_thread::CoreGuard>::block_on::<core[df12db4294e9bfd3]::pin::Pin<&mut core[df12db4294e9bfd3]::pin::Pin<&mut dyn core[df12db4294e9bfd3]::future::future::Future<Output = ()>>>>
[INFO] [stdout]   15:     0x55fec589158b - tokio[1ba95fa653e78c6d]::runtime::context::runtime::enter_runtime::<<tokio[1ba95fa653e78c6d]::runtime::scheduler::current_thread::CurrentThread>::block_on<core[df12db4294e9bfd3]::pin::Pin<&mut dyn core[df12db4294e9bfd3]::future::future::Future<Output = ()>>>::{closure#0}, ()>
[INFO] [stdout]   16:     0x55fec588987b - <tokio[1ba95fa653e78c6d]::runtime::runtime::Runtime>::block_on::<core[df12db4294e9bfd3]::pin::Pin<&mut dyn core[df12db4294e9bfd3]::future::future::Future<Output = ()>>>
[INFO] [stdout]   17:     0x55fec5859c0b - pinecone_sdk[2a113df19a25b838]::pinecone::data::tests::test_index_no_scheme_no_port
[INFO] [stdout]   18:     0x55fec58b45f9 - <pinecone_sdk[2a113df19a25b838]::pinecone::data::tests::test_index_no_scheme_no_port::{closure#0} as core[df12db4294e9bfd3]::ops::function::FnOnce<()>>::call_once
[INFO] [stdout]   19:     0x55fec58fafeb - test[9d35eded1c95d3be]::__rust_begin_short_backtrace::<core[df12db4294e9bfd3]::result::Result<(), alloc[2182bb758b4b3781]::string::String>, fn() -> core[df12db4294e9bfd3]::result::Result<(), alloc[2182bb758b4b3781]::string::String>>
[INFO] [stdout]   20:     0x55fec5908655 - test[9d35eded1c95d3be]::run_test::{closure#0}
[INFO] [stdout]   21:     0x55fec5901f14 - std[70759c8f55707aa4]::sys::backtrace::__rust_begin_short_backtrace::<test[9d35eded1c95d3be]::run_test::{closure#1}, ()>
[INFO] [stdout]   22:     0x55fec590b7b2 - <std[70759c8f55707aa4]::thread::lifecycle::spawn_unchecked<test[9d35eded1c95d3be]::run_test::{closure#1}, ()>::{closure#1} as core[df12db4294e9bfd3]::ops::function::FnOnce<()>>::call_once::{shim:vtable#0}
[INFO] [stdout]   23:     0x55fec5da3b29 - <std[70759c8f55707aa4]::sys::thread::unix::Thread>::new::thread_start
[INFO] [stdout]   24:     0x73514ecd4dfa - <unknown>
[INFO] [stdout]   25:     0x73514ed683d4 - clone
[INFO] [stdout]   26:                0x0 - <unknown>
[INFO] [stdout] 
[INFO] [stdout] ---- pinecone::data::tests::test_index_no_scheme stdout ----
[INFO] [stdout] 
[INFO] [stdout] thread 'pinecone::data::tests::test_index_no_scheme' (3181) panicked at src/pinecone/data.rs:686:41:
[INFO] [stdout] Failed to create Pinecone instance: APIKeyMissingError { message: "API key is not provided as an argument nor as an environment variable" }
[INFO] [stdout] stack backtrace:
[INFO] [stdout]    0:     0x55fec5da4851 - <<std[70759c8f55707aa4]::sys::backtrace::BacktraceLock>::print::DisplayBacktrace as core[df12db4294e9bfd3]::fmt::Display>::fmt
[INFO] [stdout]    1:     0x55fec5dbd95a - core[df12db4294e9bfd3]::fmt::write
[INFO] [stdout]    2:     0x55fec5da9f5c - <alloc[2182bb758b4b3781]::vec::Vec<u8> as core[df12db4294e9bfd3]::io::write::Write>::write_fmt
[INFO] [stdout]    3:     0x55fec5d7e7a6 - std[70759c8f55707aa4]::panicking::default_hook::{closure#0}
[INFO] [stdout]    4:     0x55fec5d9c0c9 - std[70759c8f55707aa4]::panicking::default_hook
[INFO] [stdout]    5:     0x55fec5907d00 - test[9d35eded1c95d3be]::test_main_inner::<test[9d35eded1c95d3be]::test_main_static::{closure#0}>::{closure#0}
[INFO] [stdout]    6:     0x55fec5d9c3f2 - std[70759c8f55707aa4]::panicking::panic_with_hook
[INFO] [stdout]    7:     0x55fec5d7e852 - std[70759c8f55707aa4]::panicking::panic_handler::{closure#0}
[INFO] [stdout]    8:     0x55fec5d76c89 - std[70759c8f55707aa4]::sys::backtrace::__rust_end_short_backtrace::<std[70759c8f55707aa4]::panicking::panic_handler::{closure#0}, !>
[INFO] [stdout]    9:     0x55fec5d7f96d - __rustc[8fa7c3cbc660c2b3]::rust_begin_unwind
[INFO] [stdout]   10:     0x55fec5dbe13c - core[df12db4294e9bfd3]::panicking::panic_fmt
[INFO] [stdout]   11:     0x55fec5dbdf12 - core[df12db4294e9bfd3]::result::unwrap_failed
[INFO] [stdout]   12:     0x55fec5858296 - pinecone_sdk[2a113df19a25b838]::pinecone::data::tests::test_index_no_scheme::{closure#0}
[INFO] [stdout]   13:     0x55fec58ded0a - <tokio[1ba95fa653e78c6d]::runtime::context::scoped::Scoped<tokio[1ba95fa653e78c6d]::runtime::scheduler::Context>>::set::<<tokio[1ba95fa653e78c6d]::runtime::scheduler::current_thread::CoreGuard>::enter<<tokio[1ba95fa653e78c6d]::runtime::scheduler::current_thread::CoreGuard>::block_on<core[df12db4294e9bfd3]::pin::Pin<&mut core[df12db4294e9bfd3]::pin::Pin<&mut dyn core[df12db4294e9bfd3]::future::future::Future<Output = ()>>>>::{closure#0}, core[df12db4294e9bfd3]::option::Option<()>>::{closure#0}, (alloc[2182bb758b4b3781]::boxed::Box<tokio[1ba95fa653e78c6d]::runtime::scheduler::current_thread::Core>, core[df12db4294e9bfd3]::option::Option<()>)>
[INFO] [stdout]   14:     0x55fec58e0b4d - <tokio[1ba95fa653e78c6d]::runtime::scheduler::current_thread::CoreGuard>::block_on::<core[df12db4294e9bfd3]::pin::Pin<&mut core[df12db4294e9bfd3]::pin::Pin<&mut dyn core[df12db4294e9bfd3]::future::future::Future<Output = ()>>>>
[INFO] [stdout]   15:     0x55fec589158b - tokio[1ba95fa653e78c6d]::runtime::context::runtime::enter_runtime::<<tokio[1ba95fa653e78c6d]::runtime::scheduler::current_thread::CurrentThread>::block_on<core[df12db4294e9bfd3]::pin::Pin<&mut dyn core[df12db4294e9bfd3]::future::future::Future<Output = ()>>>::{closure#0}, ()>
[INFO] [stdout]   16:     0x55fec588987b - <tokio[1ba95fa653e78c6d]::runtime::runtime::Runtime>::block_on::<core[df12db4294e9bfd3]::pin::Pin<&mut dyn core[df12db4294e9bfd3]::future::future::Future<Output = ()>>>
[INFO] [stdout]   17:     0x55fec585996b - pinecone_sdk[2a113df19a25b838]::pinecone::data::tests::test_index_no_scheme
[INFO] [stdout]   18:     0x55fec58b45b9 - <pinecone_sdk[2a113df19a25b838]::pinecone::data::tests::test_index_no_scheme::{closure#0} as core[df12db4294e9bfd3]::ops::function::FnOnce<()>>::call_once
[INFO] [stdout]   19:     0x55fec58fafeb - test[9d35eded1c95d3be]::__rust_begin_short_backtrace::<core[df12db4294e9bfd3]::result::Result<(), alloc[2182bb758b4b3781]::string::String>, fn() -> core[df12db4294e9bfd3]::result::Result<(), alloc[2182bb758b4b3781]::string::String>>
[INFO] [stdout]   20:     0x55fec5908655 - test[9d35eded1c95d3be]::run_test::{closure#0}
[INFO] [stdout]   21:     0x55fec5901f14 - std[70759c8f55707aa4]::sys::backtrace::__rust_begin_short_backtrace::<test[9d35eded1c95d3be]::run_test::{closure#1}, ()>
[INFO] [stdout]   22:     0x55fec590b7b2 - <std[70759c8f55707aa4]::thread::lifecycle::spawn_unchecked<test[9d35eded1c95d3be]::run_test::{closure#1}, ()>::{closure#1} as core[df12db4294e9bfd3]::ops::function::FnOnce<()>>::call_once::{shim:vtable#0}
[INFO] [stdout]   23:     0x55fec5da3b29 - <std[70759c8f55707aa4]::sys::thread::unix::Thread>::new::thread_start
[INFO] [stdout]   24:     0x73514ecd4dfa - <unknown>
[INFO] [stdout]   25:     0x73514ed683d4 - clone
[INFO] [stdout]   26:                0x0 - <unknown>
[INFO] [stdout] 
[INFO] [stdout] ---- pinecone::inference::tests::test_embed stdout ----
[INFO] [stdout] 
[INFO] [stdout] thread 'pinecone::inference::tests::test_embed' (3183) panicked at src/pinecone/inference.rs:88:40:
[INFO] [stdout] Failed to create Pinecone instance: APIKeyMissingError { message: "API key is not provided as an argument nor as an environment variable" }
[INFO] [stdout] stack backtrace:
[INFO] [stdout]    0:     0x55fec5da4851 - <<std[70759c8f55707aa4]::sys::backtrace::BacktraceLock>::print::DisplayBacktrace as core[df12db4294e9bfd3]::fmt::Display>::fmt
[INFO] [stdout]    1:     0x55fec5dbd95a - core[df12db4294e9bfd3]::fmt::write
[INFO] [stdout]    2:     0x55fec5da9f5c - <alloc[2182bb758b4b3781]::vec::Vec<u8> as core[df12db4294e9bfd3]::io::write::Write>::write_fmt
[INFO] [stdout]    3:     0x55fec5d7e7a6 - std[70759c8f55707aa4]::panicking::default_hook::{closure#0}
[INFO] [stdout]    4:     0x55fec5d9c0c9 - std[70759c8f55707aa4]::panicking::default_hook
[INFO] [stdout]    5:     0x55fec5907d00 - test[9d35eded1c95d3be]::test_main_inner::<test[9d35eded1c95d3be]::test_main_static::{closure#0}>::{closure#0}
[INFO] [stdout]    6:     0x55fec5d9c3f2 - std[70759c8f55707aa4]::panicking::panic_with_hook
[INFO] [stdout]    7:     0x55fec5d7e852 - std[70759c8f55707aa4]::panicking::panic_handler::{closure#0}
[INFO] [stdout]    8:     0x55fec5d76c89 - std[70759c8f55707aa4]::sys::backtrace::__rust_end_short_backtrace::<std[70759c8f55707aa4]::panicking::panic_handler::{closure#0}, !>
[INFO] [stdout]    9:     0x55fec5d7f96d - __rustc[8fa7c3cbc660c2b3]::rust_begin_unwind
[INFO] [stdout]   10:     0x55fec5dbe13c - core[df12db4294e9bfd3]::panicking::panic_fmt
[INFO] [stdout]   11:     0x55fec5dbdf12 - core[df12db4294e9bfd3]::result::unwrap_failed
[INFO] [stdout]   12:     0x55fec58a1a7d - pinecone_sdk[2a113df19a25b838]::pinecone::inference::tests::test_embed::{closure#0}
[INFO] [stdout]   13:     0x55fec58de960 - <tokio[1ba95fa653e78c6d]::runtime::context::scoped::Scoped<tokio[1ba95fa653e78c6d]::runtime::scheduler::Context>>::set::<<tokio[1ba95fa653e78c6d]::runtime::scheduler::current_thread::CoreGuard>::enter<<tokio[1ba95fa653e78c6d]::runtime::scheduler::current_thread::CoreGuard>::block_on<core[df12db4294e9bfd3]::pin::Pin<&mut core[df12db4294e9bfd3]::pin::Pin<&mut dyn core[df12db4294e9bfd3]::future::future::Future<Output = core[df12db4294e9bfd3]::result::Result<(), pinecone_sdk[2a113df19a25b838]::utils::errors::PineconeError>>>>>::{closure#0}, core[df12db4294e9bfd3]::option::Option<core[df12db4294e9bfd3]::result::Result<(), pinecone_sdk[2a113df19a25b838]::utils::errors::PineconeError>>>::{closure#0}, (alloc[2182bb758b4b3781]::boxed::Box<tokio[1ba95fa653e78c6d]::runtime::scheduler::current_thread::Core>, core[df12db4294e9bfd3]::option::Option<core[df12db4294e9bfd3]::result::Result<(), pinecone_sdk[2a113df19a25b838]::utils::errors::PineconeError>>)>
[INFO] [stdout]   14:     0x55fec58e08ce - <tokio[1ba95fa653e78c6d]::runtime::scheduler::current_thread::CoreGuard>::block_on::<core[df12db4294e9bfd3]::pin::Pin<&mut core[df12db4294e9bfd3]::pin::Pin<&mut dyn core[df12db4294e9bfd3]::future::future::Future<Output = core[df12db4294e9bfd3]::result::Result<(), pinecone_sdk[2a113df19a25b838]::utils::errors::PineconeError>>>>>
[INFO] [stdout]   15:     0x55fec58910d7 - tokio[1ba95fa653e78c6d]::runtime::context::runtime::enter_runtime::<<tokio[1ba95fa653e78c6d]::runtime::scheduler::current_thread::CurrentThread>::block_on<core[df12db4294e9bfd3]::pin::Pin<&mut dyn core[df12db4294e9bfd3]::future::future::Future<Output = core[df12db4294e9bfd3]::result::Result<(), pinecone_sdk[2a113df19a25b838]::utils::errors::PineconeError>>>>::{closure#0}, core[df12db4294e9bfd3]::result::Result<(), pinecone_sdk[2a113df19a25b838]::utils::errors::PineconeError>>
[INFO] [stdout]   16:     0x55fec588958b - <tokio[1ba95fa653e78c6d]::runtime::runtime::Runtime>::block_on::<core[df12db4294e9bfd3]::pin::Pin<&mut dyn core[df12db4294e9bfd3]::future::future::Future<Output = core[df12db4294e9bfd3]::result::Result<(), pinecone_sdk[2a113df19a25b838]::utils::errors::PineconeError>>>>
[INFO] [stdout]   17:     0x55fec58a6001 - pinecone_sdk[2a113df19a25b838]::pinecone::inference::tests::test_embed
[INFO] [stdout]   18:     0x55fec58b677a - <pinecone_sdk[2a113df19a25b838]::pinecone::inference::tests::test_embed::{closure#0} as core[df12db4294e9bfd3]::ops::function::FnOnce<()>>::call_once
[INFO] [stdout]   19:     0x55fec58fafeb - test[9d35eded1c95d3be]::__rust_begin_short_backtrace::<core[df12db4294e9bfd3]::result::Result<(), alloc[2182bb758b4b3781]::string::String>, fn() -> core[df12db4294e9bfd3]::result::Result<(), alloc[2182bb758b4b3781]::string::String>>
[INFO] [stdout]   20:     0x55fec5908655 - test[9d35eded1c95d3be]::run_test::{closure#0}
[INFO] [stdout]   21:     0x55fec5901f14 - std[70759c8f55707aa4]::sys::backtrace::__rust_begin_short_backtrace::<test[9d35eded1c95d3be]::run_test::{closure#1}, ()>
[INFO] [stdout]   22:     0x55fec590b7b2 - <std[70759c8f55707aa4]::thread::lifecycle::spawn_unchecked<test[9d35eded1c95d3be]::run_test::{closure#1}, ()>::{closure#1} as core[df12db4294e9bfd3]::ops::function::FnOnce<()>>::call_once::{shim:vtable#0}
[INFO] [stdout]   23:     0x55fec5da3b29 - <std[70759c8f55707aa4]::sys::thread::unix::Thread>::new::thread_start
[INFO] [stdout]   24:     0x73514ecd4dfa - <unknown>
[INFO] [stdout]   25:     0x73514ed683d4 - clone
[INFO] [stdout]   26:                0x0 - <unknown>
[INFO] [stdout] 
[INFO] [stdout] ---- pinecone::inference::tests::test_embed_invalid_arguments stdout ----
[INFO] [stdout] 
[INFO] [stdout] thread 'pinecone::inference::tests::test_embed_invalid_arguments' (3184) panicked at src/pinecone/inference.rs:129:40:
[INFO] [stdout] Failed to create Pinecone instance: APIKeyMissingError { message: "API key is not provided as an argument nor as an environment variable" }
[INFO] [stdout] stack backtrace:
[INFO] [stdout]    0:     0x55fec5da4851 - <<std[70759c8f55707aa4]::sys::backtrace::BacktraceLock>::print::DisplayBacktrace as core[df12db4294e9bfd3]::fmt::Display>::fmt
[INFO] [stdout]    1:     0x55fec5dbd95a - core[df12db4294e9bfd3]::fmt::write
[INFO] [stdout]    2:     0x55fec5da9f5c - <alloc[2182bb758b4b3781]::vec::Vec<u8> as core[df12db4294e9bfd3]::io::write::Write>::write_fmt
[INFO] [stdout]    3:     0x55fec5d7e7a6 - std[70759c8f55707aa4]::panicking::default_hook::{closure#0}
[INFO] [stdout]    4:     0x55fec5d9c0c9 - std[70759c8f55707aa4]::panicking::default_hook
[INFO] [stdout]    5:     0x55fec5907d00 - test[9d35eded1c95d3be]::test_main_inner::<test[9d35eded1c95d3be]::test_main_static::{closure#0}>::{closure#0}
[INFO] [stdout]    6:     0x55fec5d9c3f2 - std[70759c8f55707aa4]::panicking::panic_with_hook
[INFO] [stdout]    7:     0x55fec5d7e852 - std[70759c8f55707aa4]::panicking::panic_handler::{closure#0}
[INFO] [stdout]    8:     0x55fec5d76c89 - std[70759c8f55707aa4]::sys::backtrace::__rust_end_short_backtrace::<std[70759c8f55707aa4]::panicking::panic_handler::{closure#0}, !>
[INFO] [stdout]    9:     0x55fec5d7f96d - __rustc[8fa7c3cbc660c2b3]::rust_begin_unwind
[INFO] [stdout]   10:     0x55fec5dbe13c - core[df12db4294e9bfd3]::panicking::panic_fmt
[INFO] [stdout]   11:     0x55fec5dbdf12 - core[df12db4294e9bfd3]::result::unwrap_failed
[INFO] [stdout]   12:     0x55fec58a22a2 - pinecone_sdk[2a113df19a25b838]::pinecone::inference::tests::test_embed_invalid_arguments::{closure#0}
[INFO] [stdout]   13:     0x55fec58de960 - <tokio[1ba95fa653e78c6d]::runtime::context::scoped::Scoped<tokio[1ba95fa653e78c6d]::runtime::scheduler::Context>>::set::<<tokio[1ba95fa653e78c6d]::runtime::scheduler::current_thread::CoreGuard>::enter<<tokio[1ba95fa653e78c6d]::runtime::scheduler::current_thread::CoreGuard>::block_on<core[df12db4294e9bfd3]::pin::Pin<&mut core[df12db4294e9bfd3]::pin::Pin<&mut dyn core[df12db4294e9bfd3]::future::future::Future<Output = core[df12db4294e9bfd3]::result::Result<(), pinecone_sdk[2a113df19a25b838]::utils::errors::PineconeError>>>>>::{closure#0}, core[df12db4294e9bfd3]::option::Option<core[df12db4294e9bfd3]::result::Result<(), pinecone_sdk[2a113df19a25b838]::utils::errors::PineconeError>>>::{closure#0}, (alloc[2182bb758b4b3781]::boxed::Box<tokio[1ba95fa653e78c6d]::runtime::scheduler::current_thread::Core>, core[df12db4294e9bfd3]::option::Option<core[df12db4294e9bfd3]::result::Result<(), pinecone_sdk[2a113df19a25b838]::utils::errors::PineconeError>>)>
[INFO] [stdout]   14:     0x55fec58e08ce - <tokio[1ba95fa653e78c6d]::runtime::scheduler::current_thread::CoreGuard>::block_on::<core[df12db4294e9bfd3]::pin::Pin<&mut core[df12db4294e9bfd3]::pin::Pin<&mut dyn core[df12db4294e9bfd3]::future::future::Future<Output = core[df12db4294e9bfd3]::result::Result<(), pinecone_sdk[2a113df19a25b838]::utils::errors::PineconeError>>>>>
[INFO] [stdout]   15:     0x55fec58910d7 - tokio[1ba95fa653e78c6d]::runtime::context::runtime::enter_runtime::<<tokio[1ba95fa653e78c6d]::runtime::scheduler::current_thread::CurrentThread>::block_on<core[df12db4294e9bfd3]::pin::Pin<&mut dyn core[df12db4294e9bfd3]::future::future::Future<Output = core[df12db4294e9bfd3]::result::Result<(), pinecone_sdk[2a113df19a25b838]::utils::errors::PineconeError>>>>::{closure#0}, core[df12db4294e9bfd3]::result::Result<(), pinecone_sdk[2a113df19a25b838]::utils::errors::PineconeError>>
[INFO] [stdout]   16:     0x55fec588958b - <tokio[1ba95fa653e78c6d]::runtime::runtime::Runtime>::block_on::<core[df12db4294e9bfd3]::pin::Pin<&mut dyn core[df12db4294e9bfd3]::future::future::Future<Output = core[df12db4294e9bfd3]::result::Result<(), pinecone_sdk[2a113df19a25b838]::utils::errors::PineconeError>>>>
[INFO] [stdout]   17:     0x55fec58a6151 - pinecone_sdk[2a113df19a25b838]::pinecone::inference::tests::test_embed_invalid_arguments
[INFO] [stdout]   18:     0x55fec58b684a - <pinecone_sdk[2a113df19a25b838]::pinecone::inference::tests::test_embed_invalid_arguments::{closure#0} as core[df12db4294e9bfd3]::ops::function::FnOnce<()>>::call_once
[INFO] [stdout]   19:     0x55fec58fafeb - test[9d35eded1c95d3be]::__rust_begin_short_backtrace::<core[df12db4294e9bfd3]::result::Result<(), alloc[2182bb758b4b3781]::string::String>, fn() -> core[df12db4294e9bfd3]::result::Result<(), alloc[2182bb758b4b3781]::string::String>>
[INFO] [stdout]   20:     0x55fec5908655 - test[9d35eded1c95d3be]::run_test::{closure#0}
[INFO] [stdout]   21:     0x55fec5901f14 - std[70759c8f55707aa4]::sys::backtrace::__rust_begin_short_backtrace::<test[9d35eded1c95d3be]::run_test::{closure#1}, ()>
[INFO] [stdout]   22:     0x55fec590b7b2 - <std[70759c8f55707aa4]::thread::lifecycle::spawn_unchecked<test[9d35eded1c95d3be]::run_test::{closure#1}, ()>::{closure#1} as core[df12db4294e9bfd3]::ops::function::FnOnce<()>>::call_once::{shim:vtable#0}
[INFO] [stdout]   23:     0x55fec5da3b29 - <std[70759c8f55707aa4]::sys::thread::unix::Thread>::new::thread_start
[INFO] [stdout]   24:     0x73514ecd4dfa - <unknown>
[INFO] [stdout]   25:     0x73514ed683d4 - clone
[INFO] [stdout]   26:                0x0 - <unknown>
[INFO] [stdout] 
[INFO] [stdout] 
[INFO] [stdout] failures:
[INFO] [stdout]     pinecone::data::tests::test_index_full_endpoint
[INFO] [stdout]     pinecone::data::tests::test_index_no_port
[INFO] [stdout]     pinecone::data::tests::test_index_no_scheme
[INFO] [stdout]     pinecone::data::tests::test_index_no_scheme_no_port
[INFO] [stdout]     pinecone::inference::tests::test_embed
[INFO] [stdout]     pinecone::inference::tests::test_embed_invalid_arguments
[INFO] [stdout] 
[INFO] [stdout] test result: FAILED. 60 passed; 6 failed; 0 ignored; 0 measured; 0 filtered out; finished in 7.60s
[INFO] [stdout] 
[INFO] [stderr] error: test failed, to rerun pass `--lib`
[INFO] running `Command { std: "docker" "inspect" "fd5a4645842c117ded23263a0120ccea050486ff29557f469d9ea0a20d3603ee", kill_on_drop: false }`
[INFO] running `Command { std: "docker" "rm" "-f" "fd5a4645842c117ded23263a0120ccea050486ff29557f469d9ea0a20d3603ee", kill_on_drop: false }`
[INFO] [stdout] fd5a4645842c117ded23263a0120ccea050486ff29557f469d9ea0a20d3603ee
