[INFO] fetching crate pinch 0.1.0...
[INFO] testing pinch-0.1.0 against 1.100.0-beta.1+cargoflags=--release for beta-release-1.100-2
[INFO] extracting crate pinch 0.1.0 into /workspace/builds/worker-0-tc2/source
[INFO] started tweaking crates.io crate pinch 0.1.0
[INFO] finished tweaking crates.io crate pinch 0.1.0
[INFO] tweaked toml for crates.io crate pinch 0.1.0 written to /workspace/builds/worker-0-tc2/source/Cargo.toml
[INFO] validating manifest of crates.io crate pinch 0.1.0 on toolchain 1.100.0-beta.1
[INFO] running `Command { std: CARGO_HOME="/workspace/cargo-home" RUSTUP_HOME="/workspace/rustup-home" "/workspace/cargo-home/bin/cargo" "+1.100.0-beta.1" "metadata" "--manifest-path" "Cargo.toml" "--no-deps", kill_on_drop: false }`
[INFO] running `Command { std: CARGO_HOME="/workspace/cargo-home" RUSTUP_HOME="/workspace/rustup-home" "/workspace/cargo-home/bin/cargo" "+1.100.0-beta.1" "generate-lockfile" "--manifest-path" "Cargo.toml", kill_on_drop: false }`
[INFO] [stderr]     Updating crates.io index
[INFO] [stderr]      Locking 39 packages to highest compatible versions
[INFO] [stderr]       Adding handlebars v4.5.0 (available: v6.4.4)
[INFO] [stderr]       Adding psm v0.1.24 (available: v0.1.32)
[INFO] [stderr]       Adding pulldown-cmark v0.8.0 (available: v0.13.4)
[INFO] [stderr]       Adding toml v0.4.10 (available: v1.1.8+spec-1.1.0)
[INFO] running `Command { std: CARGO_HOME="/workspace/cargo-home" RUSTUP_HOME="/workspace/rustup-home" "/workspace/cargo-home/bin/cargo" "+1.100.0-beta.1" "fetch" "--manifest-path" "Cargo.toml", kill_on_drop: false }`
[INFO] running `Command { std: "docker" "create" "-v" "/var/lib/crater-agent-workspace/builds/worker-0-tc2/source:/opt/rustwide/workdir:ro,Z" "-v" "/var/lib/crater-agent-workspace/builds/worker-0-tc2/target:/opt/rustwide/target:rw,Z" "-v" "/var/lib/crater-agent-workspace/cargo-home:/opt/rustwide/cargo-home:ro,Z" "-v" "/var/lib/crater-agent-workspace/rustup-home:/opt/rustwide/rustup-home:ro,Z" "-m" "1610612736" "--network" "none" "ghcr.io/rust-lang/crates-build-env/linux@sha256:77db811e55d90add9212f6832c23229e3de5f1c1f9905e8cb07319ea15df73ac" "sleep" "infinity", kill_on_drop: false }`
[INFO] [stdout] 4b4074287987b26a040351fa4527f2d8bf607baca7b5f6cc86d66746b066a2a7
[INFO] running `Command { std: "docker" "start" "4b4074287987b26a040351fa4527f2d8bf607baca7b5f6cc86d66746b066a2a7", kill_on_drop: false }`
[INFO] running `Command { std: "docker" "inspect" "4b4074287987b26a040351fa4527f2d8bf607baca7b5f6cc86d66746b066a2a7", kill_on_drop: false }`
[INFO] running `Command { std: "docker" "exec" "-e" "SOURCE_DIR=/opt/rustwide/workdir" "-e" "CARGO_HOME=/opt/rustwide/cargo-home" "-e" "RUSTUP_HOME=/opt/rustwide/rustup-home" "-e" "CARGO_TARGET_DIR=/opt/rustwide/target" "-w" "/opt/rustwide/workdir" "--user" "0:0" "4b4074287987b26a040351fa4527f2d8bf607baca7b5f6cc86d66746b066a2a7" "/opt/rustwide/cargo-home/bin/cargo" "+1.100.0-beta.1" "metadata" "--no-deps" "--format-version=1", kill_on_drop: false }`
[INFO] running `Command { std: "docker" "inspect" "4b4074287987b26a040351fa4527f2d8bf607baca7b5f6cc86d66746b066a2a7", kill_on_drop: false }`
[INFO] running `Command { std: "docker" "exec" "-e" "SOURCE_DIR=/opt/rustwide/workdir" "-e" "CARGO_HOME=/opt/rustwide/cargo-home" "-e" "RUSTUP_HOME=/opt/rustwide/rustup-home" "-e" "CARGO_TARGET_DIR=/opt/rustwide/target" "-e" "CARGO_INCREMENTAL=0" "-e" "RUST_BACKTRACE=full" "-e" "RUSTFLAGS=--cap-lints=warn" "-e" "RUSTDOCFLAGS=--cap-lints=warn" "-w" "/opt/rustwide/workdir" "--user" "0:0" "4b4074287987b26a040351fa4527f2d8bf607baca7b5f6cc86d66746b066a2a7" "/opt/rustwide/cargo-home/bin/cargo" "+1.100.0-beta.1" "build" "--frozen" "--message-format=json" "--release", kill_on_drop: false }`
[INFO] [stderr]    Compiling psm v0.1.24
[INFO] [stderr]    Compiling stacker v0.1.25
[INFO] [stderr]    Compiling pulldown-cmark v0.8.0
[INFO] [stderr]    Compiling getopts v0.2.24
[INFO] [stderr]    Compiling toml v0.4.10
[INFO] [stderr]    Compiling pest v2.9.4
[INFO] [stderr]    Compiling pest_meta v2.9.4
[INFO] [stderr]    Compiling pest_generator v2.9.4
[INFO] [stderr]    Compiling pest_derive v2.9.4
[INFO] [stderr]    Compiling handlebars v4.5.0
[INFO] [stderr]    Compiling pinch v0.1.0 (/opt/rustwide/workdir)
[INFO] [stderr]     Finished `release` profile [optimized] target(s) in 16.38s
[INFO] running `Command { std: "docker" "inspect" "4b4074287987b26a040351fa4527f2d8bf607baca7b5f6cc86d66746b066a2a7", kill_on_drop: false }`
[INFO] running `Command { std: "docker" "exec" "-e" "SOURCE_DIR=/opt/rustwide/workdir" "-e" "CARGO_HOME=/opt/rustwide/cargo-home" "-e" "RUSTUP_HOME=/opt/rustwide/rustup-home" "-e" "CARGO_TARGET_DIR=/opt/rustwide/target" "-e" "CARGO_INCREMENTAL=0" "-e" "RUST_BACKTRACE=full" "-e" "RUSTFLAGS=--cap-lints=warn" "-e" "RUSTDOCFLAGS=--cap-lints=warn" "-w" "/opt/rustwide/workdir" "--user" "0:0" "4b4074287987b26a040351fa4527f2d8bf607baca7b5f6cc86d66746b066a2a7" "/opt/rustwide/cargo-home/bin/cargo" "+1.100.0-beta.1" "test" "--frozen" "--no-run" "--message-format=json" "--release", kill_on_drop: false }`
[INFO] [stderr]    Compiling pinch v0.1.0 (/opt/rustwide/workdir)
[INFO] [stderr]     Finished `release` profile [optimized] target(s) in 3.07s
[INFO] running `Command { std: "docker" "inspect" "4b4074287987b26a040351fa4527f2d8bf607baca7b5f6cc86d66746b066a2a7", kill_on_drop: false }`
[INFO] running `Command { std: "docker" "exec" "-e" "SOURCE_DIR=/opt/rustwide/workdir" "-e" "CARGO_HOME=/opt/rustwide/cargo-home" "-e" "RUSTUP_HOME=/opt/rustwide/rustup-home" "-e" "CARGO_TARGET_DIR=/opt/rustwide/target" "-e" "CARGO_INCREMENTAL=0" "-e" "RUST_BACKTRACE=full" "-e" "RUSTFLAGS=--cap-lints=warn" "-e" "RUSTDOCFLAGS=--cap-lints=warn" "-w" "/opt/rustwide/workdir" "--user" "0:0" "4b4074287987b26a040351fa4527f2d8bf607baca7b5f6cc86d66746b066a2a7" "/opt/rustwide/cargo-home/bin/cargo" "+1.100.0-beta.1" "test" "--frozen" "--release", kill_on_drop: false }`
[INFO] [stderr]     Finished `release` profile [optimized] target(s) in 0.08s
[INFO] [stderr]      Running unittests src/lib.rs (/opt/rustwide/target/release/build/pinch/cb85e10f7bfbf992/out/pinch-cb85e10f7bfbf992)
[INFO] [stdout] 
[INFO] [stdout] running 3 tests
[INFO] [stdout] test test::build_basic_site ... FAILED
[INFO] [stdout] test test::read_options_from_file ... FAILED
[INFO] [stdout] test test::build_complex_site ... FAILED
[INFO] [stdout] 
[INFO] [stdout] failures:
[INFO] [stdout] 
[INFO] [stdout] ---- test::build_basic_site stdout ----
[INFO] [stdout] 
[INFO] [stdout] thread 'test::build_basic_site' (506) panicked at src/utils.rs:34:10:
[INFO] [stdout] Something went wrong opening file: example_apps/basic/inapinch.toml: Os { code: 2, kind: NotFound, message: "No such file or directory" }
[INFO] [stdout] stack backtrace:
[INFO] [stdout]    0:     0x58b2a89fdb71 - <<std[617be2ca0a6fd877]::sys::backtrace::BacktraceLock>::print::DisplayBacktrace as core[a373ad73a504971]::fmt::Display>::fmt
[INFO] [stdout]    1:     0x58b2a8a13a5a - core[a373ad73a504971]::fmt::write
[INFO] [stdout]    2:     0x58b2a8a0210c - <alloc[2e1b2a31b91974c5]::vec::Vec<u8> as core[a373ad73a504971]::io::write::Write>::write_fmt
[INFO] [stdout]    3:     0x58b2a89d79e6 - std[617be2ca0a6fd877]::panicking::default_hook::{closure#0}
[INFO] [stdout]    4:     0x58b2a89f4b89 - std[617be2ca0a6fd877]::panicking::default_hook
[INFO] [stdout]    5:     0x58b2a8902220 - test[aada8e7e76ba119b]::test_main_inner::{closure#0}
[INFO] [stdout]    6:     0x58b2a89f4d42 - std[617be2ca0a6fd877]::panicking::panic_with_hook
[INFO] [stdout]    7:     0x58b2a89d7a92 - std[617be2ca0a6fd877]::panicking::panic_handler::{closure#0}
[INFO] [stdout]    8:     0x58b2a89d0429 - std[617be2ca0a6fd877]::sys::backtrace::__rust_end_short_backtrace::<std[617be2ca0a6fd877]::panicking::panic_handler::{closure#0}, !>
[INFO] [stdout]    9:     0x58b2a89d869d - __rustc[ea4f61d10b84890b]::rust_begin_unwind
[INFO] [stdout]   10:     0x58b2a8a1418c - core[a373ad73a504971]::panicking::panic_fmt
[INFO] [stdout]   11:     0x58b2a8a13f62 - core[a373ad73a504971]::result::unwrap_failed
[INFO] [stdout]   12:     0x58b2a88ec7be - pinch[f9a7627ff02a3ec3]::utils::read_file
[INFO] [stdout]   13:     0x58b2a88dbf66 - <pinch[f9a7627ff02a3ec3]::Config>::from_file
[INFO] [stdout]   14:     0x58b2a88dbaeb - <pinch[f9a7627ff02a3ec3]::Pinch>::from_file
[INFO] [stdout]   15:     0x58b2a88f1566 - <pinch[f9a7627ff02a3ec3]::test::build_basic_site::{closure#0} as core[a373ad73a504971]::ops::function::FnOnce<()>>::call_once
[INFO] [stdout]   16:     0x58b2a88f566b - test[aada8e7e76ba119b]::__rust_begin_short_backtrace::<core[a373ad73a504971]::result::Result<(), alloc[2e1b2a31b91974c5]::string::String>, fn() -> core[a373ad73a504971]::result::Result<(), alloc[2e1b2a31b91974c5]::string::String>>
[INFO] [stdout]   17:     0x58b2a8902845 - test[aada8e7e76ba119b]::run_test::{closure#0}
[INFO] [stdout]   18:     0x58b2a88fc134 - std[617be2ca0a6fd877]::sys::backtrace::__rust_begin_short_backtrace::<test[aada8e7e76ba119b]::run_test::{closure#1}, ()>
[INFO] [stdout]   19:     0x58b2a89058d2 - <std[617be2ca0a6fd877]::thread::lifecycle::spawn_unchecked<test[aada8e7e76ba119b]::run_test::{closure#1}, ()>::{closure#1} as core[a373ad73a504971]::ops::function::FnOnce<()>>::call_once::{shim:vtable#0}
[INFO] [stdout]   20:     0x58b2a89fcdcf - <std[617be2ca0a6fd877]::sys::thread::unix::Thread>::new::thread_start
[INFO] [stdout]   21:     0x700ab5c8cdfa - <unknown>
[INFO] [stdout]   22:     0x700ab5d203d4 - clone
[INFO] [stdout]   23:                0x0 - <unknown>
[INFO] [stdout] 
[INFO] [stdout] ---- test::read_options_from_file stdout ----
[INFO] [stdout] 
[INFO] [stdout] thread 'test::read_options_from_file' (508) panicked at src/utils.rs:34:10:
[INFO] [stdout] Something went wrong opening file: example_apps/basic/inapinch.toml: Os { code: 2, kind: NotFound, message: "No such file or directory" }
[INFO] [stdout] stack backtrace:
[INFO] [stdout]    0:     0x58b2a89fdb71 - <<std[617be2ca0a6fd877]::sys::backtrace::BacktraceLock>::print::DisplayBacktrace as core[a373ad73a504971]::fmt::Display>::fmt
[INFO] [stdout]    1:     0x58b2a8a13a5a - core[a373ad73a504971]::fmt::write
[INFO] [stdout]    2:     0x58b2a8a0210c - <alloc[2e1b2a31b91974c5]::vec::Vec<u8> as core[a373ad73a504971]::io::write::Write>::write_fmt
[INFO] [stdout]    3:     0x58b2a89d79e6 - std[617be2ca0a6fd877]::panicking::default_hook::{closure#0}
[INFO] [stdout]    4:     0x58b2a89f4b89 - std[617be2ca0a6fd877]::panicking::default_hook
[INFO] [stdout]    5:     0x58b2a8902220 - test[aada8e7e76ba119b]::test_main_inner::{closure#0}
[INFO] [stdout]    6:     0x58b2a89f4d42 - std[617be2ca0a6fd877]::panicking::panic_with_hook
[INFO] [stdout]    7:     0x58b2a89d7a92 - std[617be2ca0a6fd877]::panicking::panic_handler::{closure#0}
[INFO] [stdout]    8:     0x58b2a89d0429 - std[617be2ca0a6fd877]::sys::backtrace::__rust_end_short_backtrace::<std[617be2ca0a6fd877]::panicking::panic_handler::{closure#0}, !>
[INFO] [stdout]    9:     0x58b2a89d869d - __rustc[ea4f61d10b84890b]::rust_begin_unwind
[INFO] [stdout]   10:     0x58b2a8a1418c - core[a373ad73a504971]::panicking::panic_fmt
[INFO] [stdout]   11:     0x58b2a8a13f62 - core[a373ad73a504971]::result::unwrap_failed
[INFO] [stdout]   12:     0x58b2a88ec7be - pinch[f9a7627ff02a3ec3]::utils::read_file
[INFO] [stdout]   13:     0x58b2a88dbf66 - <pinch[f9a7627ff02a3ec3]::Config>::from_file
[INFO] [stdout]   14:     0x58b2a88f188a - <pinch[f9a7627ff02a3ec3]::test::read_options_from_file::{closure#0} as core[a373ad73a504971]::ops::function::FnOnce<()>>::call_once
[INFO] [stdout]   15:     0x58b2a88f566b - test[aada8e7e76ba119b]::__rust_begin_short_backtrace::<core[a373ad73a504971]::result::Result<(), alloc[2e1b2a31b91974c5]::string::String>, fn() -> core[a373ad73a504971]::result::Result<(), alloc[2e1b2a31b91974c5]::string::String>>
[INFO] [stdout]   16:     0x58b2a8902845 - test[aada8e7e76ba119b]::run_test::{closure#0}
[INFO] [stdout]   17:     0x58b2a88fc134 - std[617be2ca0a6fd877]::sys::backtrace::__rust_begin_short_backtrace::<test[aada8e7e76ba119b]::run_test::{closure#1}, ()>
[INFO] [stdout]   18:     0x58b2a89058d2 - <std[617be2ca0a6fd877]::thread::lifecycle::spawn_unchecked<test[aada8e7e76ba119b]::run_test::{closure#1}, ()>::{closure#1} as core[a373ad73a504971]::ops::function::FnOnce<()>>::call_once::{shim:vtable#0}
[INFO] [stdout]   19:     0x58b2a89fcdcf - <std[617be2ca0a6fd877]::sys::thread::unix::Thread>::new::thread_start
[INFO] [stdout]   20:     0x700ab5c8cdfa - <unknown>
[INFO] [stdout]   21:     0x700ab5d203d4 - clone
[INFO] [stdout]   22:                0x0 - <unknown>
[INFO] [stdout] 
[INFO] [stdout] ---- test::build_complex_site stdout ----
[INFO] [stdout] 
[INFO] [stdout] thread 'test::build_complex_site' (507) panicked at src/utils.rs:34:10:
[INFO] [stdout] Something went wrong opening file: example_apps/complex/inapinch.toml: Os { code: 2, kind: NotFound, message: "No such file or directory" }
[INFO] [stdout] stack backtrace:
[INFO] [stdout]    0:     0x58b2a89fdb71 - <<std[617be2ca0a6fd877]::sys::backtrace::BacktraceLock>::print::DisplayBacktrace as core[a373ad73a504971]::fmt::Display>::fmt
[INFO] [stdout]    1:     0x58b2a8a13a5a - core[a373ad73a504971]::fmt::write
[INFO] [stdout]    2:     0x58b2a8a0210c - <alloc[2e1b2a31b91974c5]::vec::Vec<u8> as core[a373ad73a504971]::io::write::Write>::write_fmt
[INFO] [stdout]    3:     0x58b2a89d79e6 - std[617be2ca0a6fd877]::panicking::default_hook::{closure#0}
[INFO] [stdout]    4:     0x58b2a89f4b89 - std[617be2ca0a6fd877]::panicking::default_hook
[INFO] [stdout]    5:     0x58b2a8902220 - test[aada8e7e76ba119b]::test_main_inner::{closure#0}
[INFO] [stdout]    6:     0x58b2a89f4d42 - std[617be2ca0a6fd877]::panicking::panic_with_hook
[INFO] [stdout]    7:     0x58b2a89d7a92 - std[617be2ca0a6fd877]::panicking::panic_handler::{closure#0}
[INFO] [stdout]    8:     0x58b2a89d0429 - std[617be2ca0a6fd877]::sys::backtrace::__rust_end_short_backtrace::<std[617be2ca0a6fd877]::panicking::panic_handler::{closure#0}, !>
[INFO] [stdout]    9:     0x58b2a89d869d - __rustc[ea4f61d10b84890b]::rust_begin_unwind
[INFO] [stdout]   10:     0x58b2a8a1418c - core[a373ad73a504971]::panicking::panic_fmt
[INFO] [stdout]   11:     0x58b2a8a13f62 - core[a373ad73a504971]::result::unwrap_failed
[INFO] [stdout]   12:     0x58b2a88ec7be - pinch[f9a7627ff02a3ec3]::utils::read_file
[INFO] [stdout]   13:     0x58b2a88dbf66 - <pinch[f9a7627ff02a3ec3]::Config>::from_file
[INFO] [stdout]   14:     0x58b2a88dbaeb - <pinch[f9a7627ff02a3ec3]::Pinch>::from_file
[INFO] [stdout]   15:     0x58b2a88f1716 - <pinch[f9a7627ff02a3ec3]::test::build_complex_site::{closure#0} as core[a373ad73a504971]::ops::function::FnOnce<()>>::call_once
[INFO] [stdout]   16:     0x58b2a88f566b - test[aada8e7e76ba119b]::__rust_begin_short_backtrace::<core[a373ad73a504971]::result::Result<(), alloc[2e1b2a31b91974c5]::string::String>, fn() -> core[a373ad73a504971]::result::Result<(), alloc[2e1b2a31b91974c5]::string::String>>
[INFO] [stdout]   17:     0x58b2a8902845 - test[aada8e7e76ba119b]::run_test::{closure#0}
[INFO] [stdout]   18:     0x58b2a88fc134 - std[617be2ca0a6fd877]::sys::backtrace::__rust_begin_short_backtrace::<test[aada8e7e76ba119b]::run_test::{closure#1}, ()>
[INFO] [stdout]   19:     0x58b2a89058d2 - <std[617be2ca0a6fd877]::thread::lifecycle::spawn_unchecked<test[aada8e7e76ba119b]::run_test::{closure#1}, ()>::{closure#1} as core[a373ad73a504971]::ops::function::FnOnce<()>>::call_once::{shim:vtable#0}
[INFO] [stdout]   20:     0x58b2a89fcdcf - <std[617be2ca0a6fd877]::sys::thread::unix::Thread>::new::thread_start
[INFO] [stdout]   21:     0x700ab5c8cdfa - <unknown>
[INFO] [stdout]   22:     0x700ab5d203d4 - clone
[INFO] [stdout]   23:                0x0 - <unknown>
[INFO] [stdout] 
[INFO] [stdout] 
[INFO] [stdout] failures:
[INFO] [stdout]     test::build_basic_site
[INFO] [stdout]     test::build_complex_site
[INFO] [stdout]     test::read_options_from_file
[INFO] [stdout] 
[INFO] [stdout] test result: FAILED. 0 passed; 3 failed; 0 ignored; 0 measured; 0 filtered out; finished in 0.01s
[INFO] [stdout] 
[INFO] [stderr] error: test failed, to rerun pass `--lib`
[INFO] running `Command { std: "docker" "inspect" "4b4074287987b26a040351fa4527f2d8bf607baca7b5f6cc86d66746b066a2a7", kill_on_drop: false }`
[INFO] running `Command { std: "docker" "rm" "-f" "4b4074287987b26a040351fa4527f2d8bf607baca7b5f6cc86d66746b066a2a7", kill_on_drop: false }`
[INFO] [stdout] 4b4074287987b26a040351fa4527f2d8bf607baca7b5f6cc86d66746b066a2a7
